[INFO] cloning repository https://github.com/scrogson/phoronix-reader
[INFO] running `Command { std: "git" "-c" "credential.helper=" "-c" "credential.helper=/workspace/cargo-home/bin/git-credential-null" "clone" "--bare" "https://github.com/scrogson/phoronix-reader" "/workspace/cache/git-repos/https%3A%2F%2Fgithub.com%2Fscrogson%2Fphoronix-reader", kill_on_drop: false }`
[INFO] [stderr] Cloning into bare repository '/workspace/cache/git-repos/https%3A%2F%2Fgithub.com%2Fscrogson%2Fphoronix-reader'...
[INFO] running `Command { std: "git" "rev-parse" "HEAD", kill_on_drop: false }`
[INFO] [stdout] d249567e059cebe4802d0d2d5c249c2c4c4a7ea1
[INFO] checking scrogson/phoronix-reader against beta-2020-07-24 for pr-75494-beta
[INFO] running `Command { std: "git" "clone" "/workspace/cache/git-repos/https%3A%2F%2Fgithub.com%2Fscrogson%2Fphoronix-reader" "/workspace/builds/worker-13/source", kill_on_drop: false }`
[INFO] [stderr] Cloning into '/workspace/builds/worker-13/source'...
[INFO] [stderr] done.
[INFO] validating manifest of git repo https://github.com/scrogson/phoronix-reader on toolchain beta-2020-07-24
[INFO] running `Command { std: "/workspace/cargo-home/bin/cargo" "+beta-2020-07-24" "read-manifest" "--manifest-path" "Cargo.toml", kill_on_drop: false }`
[INFO] started tweaking git repo https://github.com/scrogson/phoronix-reader
[INFO] finished tweaking git repo https://github.com/scrogson/phoronix-reader
[INFO] tweaked toml for git repo https://github.com/scrogson/phoronix-reader written to /workspace/builds/worker-13/source/Cargo.toml
[INFO] crate git repo https://github.com/scrogson/phoronix-reader already has a lockfile, it will not be regenerated
[INFO] running `Command { std: "/workspace/cargo-home/bin/cargo" "+beta-2020-07-24" "fetch" "--locked" "--manifest-path" "Cargo.toml", kill_on_drop: false }`
[INFO] [stderr]     Blocking waiting for file lock on package cache
[INFO] [stderr] error: the lock file /workspace/builds/worker-13/source/Cargo.lock needs to be updated but --locked was passed to prevent this
[INFO] [stderr] If you want to try to generate the lock file without accessing the network, use the --offline flag.
[INFO] the lockfile is outdated, regenerating it
[INFO] running `Command { std: "/workspace/cargo-home/bin/cargo" "+beta-2020-07-24" "generate-lockfile" "--manifest-path" "Cargo.toml" "-Zno-index-update", kill_on_drop: false }`
[INFO] [stderr]     Blocking waiting for file lock on package cache
[INFO] [stderr]     Updating git repository `https://github.com/gtk-rs/gdk`
[INFO] [stderr]     Updating git repository `https://github.com/gtk-rs/gtk`
[INFO] [stderr]     Updating git repository `https://github.com/gtk-rs/pango`
[INFO] [stderr]     Updating git repository `https://github.com/gtk-rs/cairo`
[INFO] [stderr]     Updating git repository `https://github.com/gtk-rs/gdk-pixbuf`
[INFO] [stderr]     Updating git repository `https://github.com/gtk-rs/sys`
[INFO] [stderr]     Updating git repository `https://github.com/gtk-rs/gio`
[INFO] [stderr]     Updating git repository `https://github.com/gtk-rs/glib`
[INFO] [stderr]     Updating git repository `https://github.com/gtk-rs/atk`
[INFO] running `Command { std: "/workspace/cargo-home/bin/cargo" "+beta-2020-07-24" "fetch" "--locked" "--manifest-path" "Cargo.toml", kill_on_drop: false }`
[INFO] [stderr]     Blocking waiting for file lock on package cache
[INFO] [stderr]     Blocking waiting for file lock on package cache
[INFO] running `Command { std: "docker" "create" "-v" "/var/lib/crater-agent-workspace/builds/worker-13/target:/opt/rustwide/target:rw,Z" "-v" "/var/lib/crater-agent-workspace/builds/worker-13/source:/opt/rustwide/workdir:ro,Z" "-v" "/var/lib/crater-agent-workspace/cargo-home:/opt/rustwide/cargo-home:ro,Z" "-v" "/var/lib/crater-agent-workspace/rustup-home:/opt/rustwide/rustup-home:ro,Z" "-e" "SOURCE_DIR=/opt/rustwide/workdir" "-e" "CARGO_TARGET_DIR=/opt/rustwide/target" "-e" "CARGO_HOME=/opt/rustwide/cargo-home" "-e" "RUSTUP_HOME=/opt/rustwide/rustup-home" "-w" "/opt/rustwide/workdir" "-m" "1610612736" "--user" "0:0" "--network" "none" "rustops/crates-build-env@sha256:a636fd89d022f18117e1dc8fb37a0a009933cdbbe082814857f0e2024962d47c" "/opt/rustwide/cargo-home/bin/cargo" "+beta-2020-07-24" "metadata" "--no-deps" "--format-version=1", kill_on_drop: false }`
[INFO] [stdout] a5a215a5f43b4b11f4a3e4ea80544c3ba92316e658800c61900190987efd9912
[INFO] [stderr] WARNING: Your kernel does not support swap limit capabilities or the cgroup is not mounted. Memory limited without swap.
[INFO] running `Command { std: "docker" "start" "-a" "a5a215a5f43b4b11f4a3e4ea80544c3ba92316e658800c61900190987efd9912", kill_on_drop: false }`
[INFO] running `Command { std: "docker" "inspect" "a5a215a5f43b4b11f4a3e4ea80544c3ba92316e658800c61900190987efd9912", kill_on_drop: false }`
[INFO] running `Command { std: "docker" "rm" "-f" "a5a215a5f43b4b11f4a3e4ea80544c3ba92316e658800c61900190987efd9912", kill_on_drop: false }`
[INFO] [stdout] a5a215a5f43b4b11f4a3e4ea80544c3ba92316e658800c61900190987efd9912
[INFO] running `Command { std: "docker" "create" "-v" "/var/lib/crater-agent-workspace/builds/worker-13/target:/opt/rustwide/target:rw,Z" "-v" "/var/lib/crater-agent-workspace/builds/worker-13/source:/opt/rustwide/workdir:ro,Z" "-v" "/var/lib/crater-agent-workspace/cargo-home:/opt/rustwide/cargo-home:ro,Z" "-v" "/var/lib/crater-agent-workspace/rustup-home:/opt/rustwide/rustup-home:ro,Z" "-e" "SOURCE_DIR=/opt/rustwide/workdir" "-e" "CARGO_TARGET_DIR=/opt/rustwide/target" "-e" "CARGO_INCREMENTAL=0" "-e" "RUST_BACKTRACE=full" "-e" "RUSTFLAGS=--cap-lints=forbid" "-e" "CARGO_HOME=/opt/rustwide/cargo-home" "-e" "RUSTUP_HOME=/opt/rustwide/rustup-home" "-w" "/opt/rustwide/workdir" "-m" "1610612736" "--user" "0:0" "--network" "none" "rustops/crates-build-env@sha256:a636fd89d022f18117e1dc8fb37a0a009933cdbbe082814857f0e2024962d47c" "/opt/rustwide/cargo-home/bin/cargo" "+beta-2020-07-24" "check" "--frozen" "--all" "--all-targets" "--message-format=json", kill_on_drop: false }`
[INFO] [stderr] WARNING: Your kernel does not support swap limit capabilities or the cgroup is not mounted. Memory limited without swap.
[INFO] [stdout] d104d0f0dd5ef6637a3eb34a9cbc9f908b1b77e66597bc2c55d0e4a51b91d3a0
[INFO] running `Command { std: "docker" "start" "-a" "d104d0f0dd5ef6637a3eb34a9cbc9f908b1b77e66597bc2c55d0e4a51b91d3a0", kill_on_drop: false }`
[INFO] [stderr]    Compiling unicode-xid v0.2.1
[INFO] [stderr]    Compiling serde v1.0.115
[INFO] [stderr]    Compiling libc v0.2.76
[INFO] [stderr]    Compiling strum v0.18.0
[INFO] [stderr]    Compiling version-compare v0.0.10
[INFO] [stderr]    Compiling memchr v2.3.3
[INFO] [stderr]    Compiling getrandom v0.1.14
[INFO] [stderr]    Compiling cfg-if v0.1.10
[INFO] [stderr]    Compiling siphasher v0.3.3
[INFO] [stderr]    Compiling anyhow v1.0.32
[INFO] [stderr]    Compiling itoa v0.4.6
[INFO] [stderr]    Compiling autocfg v1.0.1
[INFO] [stderr]     Checking fnv v1.0.7
[INFO] [stderr]    Compiling gio v0.9.0 (https://github.com/gtk-rs/gio#c7e6b523)
[INFO] [stderr]    Compiling pango v0.9.0 (https://github.com/gtk-rs/pango#b98784c9)
[INFO] [stderr]    Compiling cairo-rs v0.9.0 (https://github.com/gtk-rs/cairo#2d5a1cb0)
[INFO] [stderr]    Compiling gdk-pixbuf v0.9.0 (https://github.com/gtk-rs/gdk-pixbuf#2502779e)
[INFO] [stderr]    Compiling atk v0.9.0 (https://github.com/gtk-rs/atk#9e3eb263)
[INFO] [stderr]    Compiling gdk v0.13.0 (https://github.com/gtk-rs/gdk#44fc03e8)
[INFO] [stderr]    Compiling gtk v0.9.0 (https://github.com/gtk-rs/gtk#9b9cf0f6)
[INFO] [stderr]     Checking futures-task v0.3.5
[INFO] [stderr]    Compiling proc-macro-error-attr v1.0.4
[INFO] [stderr]    Compiling proc-macro-error v1.0.4
[INFO] [stderr]     Checking tracing-core v0.1.15
[INFO] [stderr]     Checking http v0.2.1
[INFO] [stderr]    Compiling phf_shared v0.8.0
[INFO] [stderr]     Checking getopts v0.2.21
[INFO] [stderr]    Compiling proc-macro2 v1.0.19
[INFO] [stderr]     Checking log v0.4.11
[INFO] [stderr]    Compiling ryu v1.0.5
[INFO] [stderr]     Checking tendril v0.4.1
[INFO] [stderr]     Checking phf v0.8.0
[INFO] [stderr]     Checking tracing v0.1.19
[INFO] [stderr]     Checking want v0.3.0
[INFO] [stderr]    Compiling hashbrown v0.8.2
[INFO] [stderr]    Compiling indexmap v1.5.1
[INFO] [stderr]    Compiling quote v1.0.7
[INFO] [stderr]    Compiling rand_core v0.5.1
[INFO] [stderr]    Compiling syn v1.0.39
[INFO] [stderr]    Compiling rand_pcg v0.2.1
[INFO] [stderr]    Compiling rand_chacha v0.2.2
[INFO] [stderr]     Checking iovec v0.1.4
[INFO] [stderr]     Checking net2 v0.2.34
[INFO] [stderr]     Checking time v0.1.43
[INFO] [stderr]     Checking dirs-sys v0.3.5
[INFO] [stderr]     Checking socket2 v0.3.12
[INFO] [stderr]     Checking dirs v2.0.2
[INFO] [stderr]     Checking term v0.6.1
[INFO] [stderr]    Compiling rand v0.7.3
[INFO] [stderr]     Checking mio v0.6.22
[INFO] [stderr]     Checking http-body v0.3.1
[INFO] [stderr]     Checking tokio v0.2.22
[INFO] [stderr]    Compiling phf_generator v0.8.0
[INFO] [stderr]    Compiling phf_codegen v0.8.0
[INFO] [stderr]    Compiling string_cache_codegen v0.5.1
[INFO] [stderr]    Compiling toml v0.5.6
[INFO] [stderr]    Compiling serde_json v1.0.57
[INFO] [stderr]     Checking string_cache v0.8.0
[INFO] [stderr]     Checking tokio-util v0.3.1
[INFO] [stderr]    Compiling proc-macro-crate v0.1.5
[INFO] [stderr]    Compiling thiserror-impl v1.0.20
[INFO] [stderr]    Compiling strum_macros v0.18.0
[INFO] [stderr]    Compiling pin-project-internal v0.4.23
[INFO] [stderr]    Compiling futures-macro v0.3.5
[INFO] [stderr]    Compiling glib-macros v0.10.0 (https://github.com/gtk-rs/glib#200d34ea)
[INFO] [stderr]    Compiling serde_derive v1.0.115
[INFO] [stderr]    Compiling html5ever v0.25.1
[INFO] [stderr]    Compiling thiserror v1.0.20
[INFO] [stderr]    Compiling system-deps v1.3.2
[INFO] [stderr]     Checking pin-project v0.4.23
[INFO] [stderr]     Checking futures-util v0.3.5
[INFO] [stderr]    Compiling glib-sys v0.10.0 (https://github.com/gtk-rs/sys#56e03c02)
[INFO] [stderr]    Compiling gobject-sys v0.10.0 (https://github.com/gtk-rs/sys#56e03c02)
[INFO] [stderr]    Compiling gio-sys v0.10.0 (https://github.com/gtk-rs/sys#56e03c02)
[INFO] [stderr]    Compiling pango-sys v0.10.0 (https://github.com/gtk-rs/sys#56e03c02)
[INFO] [stderr]    Compiling gdk-pixbuf-sys v0.10.0 (https://github.com/gtk-rs/sys#56e03c02)
[INFO] [stderr]    Compiling cairo-sys-rs v0.10.0 (https://github.com/gtk-rs/cairo#2d5a1cb0)
[INFO] [stderr]    Compiling gdk-sys v0.10.0 (https://github.com/gtk-rs/sys#56e03c02)
[INFO] [stderr]    Compiling atk-sys v0.10.0 (https://github.com/gtk-rs/sys#56e03c02)
[INFO] [stderr]    Compiling gtk-sys v0.10.0 (https://github.com/gtk-rs/sys#56e03c02)
[INFO] [stderr]    Compiling markup5ever v0.10.0
[INFO] [stderr]     Checking futures-executor v0.3.5
[INFO] [stderr]     Checking h2 v0.2.6
[INFO] [stderr]     Checking glib v0.10.0 (https://github.com/gtk-rs/glib#200d34ea)
[INFO] [stderr]     Checking futures v0.3.5
[INFO] [stderr]     Checking xml5ever v0.16.1
[INFO] [stderr]     Checking markup5ever_rcdom v0.1.0
[INFO] [stderr]     Checking select v0.5.0
[INFO] [stderr]     Checking hyper v0.13.7
[INFO] [stderr]     Checking phoronix-reader v0.1.0 (/opt/rustwide/workdir)
[INFO] [stdout] error[E0432]: unresolved import `gdk::ffi`
[INFO] [stdout]  --> src/phoronix/gui.rs:5:10
[INFO] [stdout]   |
[INFO] [stdout] 5 | use gdk::ffi::GdkRGBA;
[INFO] [stdout]   |          ^^^ could not find `ffi` in `gdk`
[INFO] [stdout] 
[INFO] [stdout] 
[INFO] [stdout] error[E0432]: unresolved import `hyper::header::Connection`
[INFO] [stdout]  --> src/phoronix/homepage.rs:2:5
[INFO] [stdout]   |
[INFO] [stdout] 2 | use hyper::header::Connection;
[INFO] [stdout]   |     ^^^^^^^^^^^^^^^^^^^^^^^^^ no `Connection` in `header`
[INFO] [stdout] 
[INFO] [stdout] 
[INFO] [stdout] error[E0603]: module `signal` is private
[INFO] [stdout]    --> src/phoronix/gui.rs:44:14
[INFO] [stdout]     |
[INFO] [stdout] 44  |         gtk::signal::Inhibit(true)
[INFO] [stdout]     |              ^^^^^^ private module
[INFO] [stdout]     |
[INFO] [stdout] note: the module `signal` is defined here
[INFO] [stdout]    --> /opt/rustwide/cargo-home/git/checkouts/gtk-b89af3a825b1a0bb/9b9cf0f/src/lib.rs:251:1
[INFO] [stdout]     |
[INFO] [stdout] 251 | mod signal;
[INFO] [stdout]     | ^^^^^^^^^^^
[INFO] [stdout] 
[INFO] [stdout] 
[INFO] [stdout] error[E0603]: module `signal` is private
[INFO] [stdout]    --> src/phoronix/gui.rs:52:14
[INFO] [stdout]     |
[INFO] [stdout] 52  |         gtk::signal::Inhibit(false)
[INFO] [stdout]     |              ^^^^^^ private module
[INFO] [stdout]     |
[INFO] [stdout] note: the module `signal` is defined here
[INFO] [stdout]    --> /opt/rustwide/cargo-home/git/checkouts/gtk-b89af3a825b1a0bb/9b9cf0f/src/lib.rs:251:1
[INFO] [stdout]     |
[INFO] [stdout] 251 | mod signal;
[INFO] [stdout]     | ^^^^^^^^^^^
[INFO] [stdout] 
[INFO] [stdout] 
[INFO] [stdout] error[E0432]: unresolved import `gdk::ffi`
[INFO] [stdout]  --> src/phoronix/gui.rs:5:10
[INFO] [stdout]   |
[INFO] [stdout] 5 | use gdk::ffi::GdkRGBA;
[INFO] [stdout]   |          ^^^ could not find `ffi` in `gdk`
[INFO] [stdout] 
[INFO] [stdout] 
[INFO] [stdout] error[E0432]: unresolved import `hyper::header::Connection`
[INFO] [stdout]  --> src/phoronix/homepage.rs:2:5
[INFO] [stdout]   |
[INFO] [stdout] 2 | use hyper::header::Connection;
[INFO] [stdout]   |     ^^^^^^^^^^^^^^^^^^^^^^^^^ no `Connection` in `header`
[INFO] [stdout] 
[INFO] [stdout] 
[INFO] [stdout] error[E0603]: module `signal` is private
[INFO] [stdout]    --> src/phoronix/gui.rs:44:14
[INFO] [stdout]     |
[INFO] [stdout] 44  |         gtk::signal::Inhibit(true)
[INFO] [stdout]     |              ^^^^^^ private module
[INFO] [stdout]     |
[INFO] [stdout] note: the module `signal` is defined here
[INFO] [stdout]    --> /opt/rustwide/cargo-home/git/checkouts/gtk-b89af3a825b1a0bb/9b9cf0f/src/lib.rs:251:1
[INFO] [stdout]     |
[INFO] [stdout] 251 | mod signal;
[INFO] [stdout]     | ^^^^^^^^^^^
[INFO] [stdout] 
[INFO] [stdout] 
[INFO] [stdout] error[E0603]: module `signal` is private
[INFO] [stdout]    --> src/phoronix/gui.rs:52:14
[INFO] [stdout]     |
[INFO] [stdout] 52  |         gtk::signal::Inhibit(false)
[INFO] [stdout]     |              ^^^^^^ private module
[INFO] [stdout]     |
[INFO] [stdout] note: the module `signal` is defined here
[INFO] [stdout]    --> /opt/rustwide/cargo-home/git/checkouts/gtk-b89af3a825b1a0bb/9b9cf0f/src/lib.rs:251:1
[INFO] [stdout]     |
[INFO] [stdout] 251 | mod signal;
[INFO] [stdout]     | ^^^^^^^^^^^
[INFO] [stdout] 
[INFO] [stdout] 
[INFO] [stdout] error[E0599]: no function or associated item named `from_str` found for struct `select::document::Document` in the current scope
[INFO] [stdout]   --> src/phoronix/article.rs:14:19
[INFO] [stdout]    |
[INFO] [stdout] 14 |         Document::from_str(html)
[INFO] [stdout]    |                   ^^^^^^^^ function or associated item not found in `select::document::Document`
[INFO] [stdout] 
[INFO] [stdout] 
[INFO] [stdout] error[E0599]: no function or associated item named `from_str` found for struct `select::document::Document` in the current scope
[INFO] [stdout]   --> src/phoronix/article.rs:14:19
[INFO] [stdout]    |
[INFO] [stdout] 14 |         Document::from_str(html)
[INFO] [stdout]    |                   ^^^^^^^^ function or associated item not found in `select::document::Document`
[INFO] [stdout] 
[INFO] [stdout] 
[INFO] [stdout] error[E0599]: no method named `first` found for struct `select::node::Find<'_, select::predicate::Name<&str>>` in the current scope
[INFO] [stdout]   --> src/phoronix/article.rs:21:43
[INFO] [stdout]    |
[INFO] [stdout] 21 |         let header = node.find(Name("a")).first().unwrap();
[INFO] [stdout]    |                                           ^^^^^ method not found in `select::node::Find<'_, select::predicate::Name<&str>>`
[INFO] [stdout] 
[INFO] [stdout] 
[INFO] [stdout] error[E0599]: no method named `first` found for struct `select::node::Find<'_, select::predicate::Name<&str>>` in the current scope
[INFO] [stdout]   --> src/phoronix/article.rs:21:43
[INFO] [stdout]    |
[INFO] [stdout] 21 |         let header = node.find(Name("a")).first().unwrap();
[INFO] [stdout]    |                                           ^^^^^ method not found in `select::node::Find<'_, select::predicate::Name<&str>>`
[INFO] [stdout] 
[INFO] [stdout] 
[INFO] [stdout] error[E0599]: no method named `first` found for struct `select::node::Find<'_, select::predicate::Class<&str>>` in the current scope
[INFO] [stdout]   --> src/phoronix/article.rs:24:55
[INFO] [stdout]    |
[INFO] [stdout] 24 |         let mut details = node.find(Class("details")).first().unwrap().text();
[INFO] [stdout]    |                                                       ^^^^^ method not found in `select::node::Find<'_, select::predicate::Class<&str>>`
[INFO] [stdout] 
[INFO] [stdout] 
[INFO] [stdout] error[E0599]: no method named `first` found for struct `select::node::Find<'_, select::predicate::Name<&str>>` in the current scope
[INFO] [stdout]   --> src/phoronix/article.rs:28:44
[INFO] [stdout]    |
[INFO] [stdout] 28 |         let summary = node.find(Name("p")).first().unwrap().text();
[INFO] [stdout]    |                                            ^^^^^ method not found in `select::node::Find<'_, select::predicate::Name<&str>>`
[INFO] [stdout] 
[INFO] [stdout] 
[INFO] [stdout] error[E0599]: no method named `first` found for struct `select::node::Find<'_, select::predicate::Class<&str>>` in the current scope
[INFO] [stdout]   --> src/phoronix/article.rs:24:55
[INFO] [stdout]    |
[INFO] [stdout] 24 |         let mut details = node.find(Class("details")).first().unwrap().text();
[INFO] [stdout]    |                                                       ^^^^^ method not found in `select::node::Find<'_, select::predicate::Class<&str>>`
[INFO] [stdout] 
[INFO] [stdout] 
[INFO] [stdout] error[E0599]: no method named `first` found for struct `select::node::Find<'_, select::predicate::Name<&str>>` in the current scope
[INFO] [stdout]   --> src/phoronix/article.rs:28:44
[INFO] [stdout]    |
[INFO] [stdout] 28 |         let summary = node.find(Name("p")).first().unwrap().text();
[INFO] [stdout]    |                                            ^^^^^ method not found in `select::node::Find<'_, select::predicate::Name<&str>>`
[INFO] [stdout] 
[INFO] [stdout] 
[INFO] [stdout] error[E0599]: no method named `unwrap` found for struct `gtk::Window` in the current scope
[INFO] [stdout]   --> src/phoronix/gui.rs:17:62
[INFO] [stdout]    |
[INFO] [stdout] 17 |     let window = gtk::Window::new(gtk::WindowType::Toplevel).unwrap();
[INFO] [stdout]    |                                                              ^^^^^^ method not found in `gtk::Window`
[INFO] [stdout] 
[INFO] [stdout] 
[INFO] [stdout] error[E0599]: no method named `unwrap` found for struct `gtk::ScrolledWindow` in the current scope
[INFO] [stdout]   --> src/phoronix/gui.rs:18:64
[INFO] [stdout]    |
[INFO] [stdout] 18 |     let scrolled_window = gtk::ScrolledWindow::new(None, None).unwrap();
[INFO] [stdout]    |                                                                ^^^^^^ method not found in `gtk::ScrolledWindow`
[INFO] [stdout] 
[INFO] [stdout] 
[INFO] [stdout] error[E0599]: no method named `unwrap` found for struct `gtk::Box` in the current scope
[INFO] [stdout]   --> src/phoronix/gui.rs:19:66
[INFO] [stdout]    |
[INFO] [stdout] 19 |     let container = gtk::Box::new(gtk::Orientation::Vertical, 0).unwrap();
[INFO] [stdout]    |                                                                  ^^^^^^ method not found in `gtk::Box`
[INFO] [stdout] 
[INFO] [stdout] 
[INFO] [stdout] error[E0609]: no field `keyval` on type `&gdk::EventKey`
[INFO] [stdout]   --> src/phoronix/gui.rs:48:19
[INFO] [stdout]    |
[INFO] [stdout] 48 |         match key.keyval as i32 {
[INFO] [stdout]    |                   ^^^^^^ unknown field
[INFO] [stdout] 
[INFO] [stdout] 
[INFO] [stdout] error[E0599]: no function or associated item named `new_with_label` found for struct `gtk::LinkButton` in the current scope
[INFO] [stdout]   --> src/phoronix/gui.rs:59:46
[INFO] [stdout]    |
[INFO] [stdout] 59 |         let title_and_url = gtk::LinkButton::new_with_label(&url, &article.title).unwrap();
[INFO] [stdout]    |                                              ^^^^^^^^^^^^^^
[INFO] [stdout]    |                                              |
[INFO] [stdout]    |                                              function or associated item not found in `gtk::LinkButton`
[INFO] [stdout]    |                                              help: there is an associated function with a similar name: `with_label`
[INFO] [stdout] 
[INFO] [stdout] 
[INFO] [stdout] error[E0599]: no method named `unwrap` found for struct `gtk::Window` in the current scope
[INFO] [stdout]   --> src/phoronix/gui.rs:17:62
[INFO] [stdout]    |
[INFO] [stdout] 17 |     let window = gtk::Window::new(gtk::WindowType::Toplevel).unwrap();
[INFO] [stdout]    |                                                              ^^^^^^ method not found in `gtk::Window`
[INFO] [stdout] 
[INFO] [stdout] 
[INFO] [stdout] error[E0599]: no method named `unwrap` found for struct `gtk::TextView` in the current scope
[INFO] [stdout]   --> src/phoronix/gui.rs:60:44
[INFO] [stdout]    |
[INFO] [stdout] 60 |         let details = gtk::TextView::new().unwrap();
[INFO] [stdout]    |                                            ^^^^^^ method not found in `gtk::TextView`
[INFO] [stdout] 
[INFO] [stdout] 
[INFO] [stdout] error[E0599]: no method named `unwrap` found for struct `gtk::TextView` in the current scope
[INFO] [stdout]   --> src/phoronix/gui.rs:61:44
[INFO] [stdout]    |
[INFO] [stdout] 61 |         let summary = gtk::TextView::new().unwrap();
[INFO] [stdout]    |                                            ^^^^^^ method not found in `gtk::TextView`
[INFO] [stdout] 
[INFO] [stdout] 
[INFO] [stdout] error[E0599]: no method named `unwrap` found for struct `gtk::ScrolledWindow` in the current scope
[INFO] [stdout]   --> src/phoronix/gui.rs:18:64
[INFO] [stdout]    |
[INFO] [stdout] 18 |     let scrolled_window = gtk::ScrolledWindow::new(None, None).unwrap();
[INFO] [stdout]    |                                                                ^^^^^^ method not found in `gtk::ScrolledWindow`
[INFO] [stdout] 
[INFO] [stdout] 
[INFO] [stdout] error[E0599]: no method named `unwrap` found for struct `gtk::Box` in the current scope
[INFO] [stdout]   --> src/phoronix/gui.rs:19:66
[INFO] [stdout]    |
[INFO] [stdout] 19 |     let container = gtk::Box::new(gtk::Orientation::Vertical, 0).unwrap();
[INFO] [stdout]    |                                                                  ^^^^^^ method not found in `gtk::Box`
[INFO] [stdout] 
[INFO] [stdout] 
[INFO] [stdout] error[E0599]: no method named `unwrap` found for struct `gtk::Separator` in the current scope
[INFO] [stdout]   --> src/phoronix/gui.rs:94:74
[INFO] [stdout]    |
[INFO] [stdout] 94 |         container.add(&gtk::Separator::new(gtk::Orientation::Horizontal).unwrap());
[INFO] [stdout]    |                                                                          ^^^^^^ method not found in `gtk::Separator`
[INFO] [stdout] 
[INFO] [stdout] 
[INFO] [stdout] error[E0609]: no field `keyval` on type `&gdk::EventKey`
[INFO] [stdout]   --> src/phoronix/gui.rs:48:19
[INFO] [stdout]    |
[INFO] [stdout] 48 |         match key.keyval as i32 {
[INFO] [stdout]    |                   ^^^^^^ unknown field
[INFO] [stdout] 
[INFO] [stdout] 
[INFO] [stdout] error[E0599]: no function or associated item named `new_with_label` found for struct `gtk::LinkButton` in the current scope
[INFO] [stdout]   --> src/phoronix/gui.rs:59:46
[INFO] [stdout]    |
[INFO] [stdout] 59 |         let title_and_url = gtk::LinkButton::new_with_label(&url, &article.title).unwrap();
[INFO] [stdout]    |                                              ^^^^^^^^^^^^^^
[INFO] [stdout]    |                                              |
[INFO] [stdout]    |                                              function or associated item not found in `gtk::LinkButton`
[INFO] [stdout]    |                                              help: there is an associated function with a similar name: `with_label`
[INFO] [stdout] 
[INFO] [stdout] 
[INFO] [stdout] error[E0599]: no method named `unwrap` found for struct `gtk::TextView` in the current scope
[INFO] [stdout]   --> src/phoronix/gui.rs:60:44
[INFO] [stdout]    |
[INFO] [stdout] 60 |         let details = gtk::TextView::new().unwrap();
[INFO] [stdout]    |                                            ^^^^^^ method not found in `gtk::TextView`
[INFO] [stdout] 
[INFO] [stdout] 
[INFO] [stdout] error[E0599]: no method named `unwrap` found for struct `gtk::TextView` in the current scope
[INFO] [stdout]   --> src/phoronix/gui.rs:61:44
[INFO] [stdout]    |
[INFO] [stdout] 61 |         let summary = gtk::TextView::new().unwrap();
[INFO] [stdout]    |                                            ^^^^^^ method not found in `gtk::TextView`
[INFO] [stdout] 
[INFO] [stdout] 
[INFO] [stdout] error[E0599]: no method named `unwrap` found for struct `gtk::Separator` in the current scope
[INFO] [stdout]   --> src/phoronix/gui.rs:94:74
[INFO] [stdout]    |
[INFO] [stdout] 94 |         container.add(&gtk::Separator::new(gtk::Orientation::Horizontal).unwrap());
[INFO] [stdout]    |                                                                          ^^^^^^ method not found in `gtk::Separator`
[INFO] [stdout] 
[INFO] [stdout] 
[INFO] [stdout] error[E0308]: mismatched types
[INFO] [stdout]  --> src/phoronix/homepage.rs:8:35
[INFO] [stdout]   |
[INFO] [stdout] 8 |     let mut response = client.get("https://www.phoronix.com/")
[INFO] [stdout]   |                                   ^^^^^^^^^^^^^^^^^^^^^^^^^^^ expected struct `hyper::Uri`, found `&str`
[INFO] [stdout] 
[INFO] [stdout] 
[INFO] [stdout] error[E0599]: no method named `header` found for struct `hyper::client::ResponseFuture` in the current scope
[INFO] [stdout]  --> src/phoronix/homepage.rs:9:31
[INFO] [stdout]   |
[INFO] [stdout] 9 | ...                   .header(Connection::close()).send().unwrap();
[INFO] [stdout]   |                        ^^^^^^ method not found in `hyper::client::ResponseFuture`
[INFO] [stdout] 
[INFO] [stdout] 
[INFO] [stdout] warning: unused import: `std::io::Read`
[INFO] [stdout]  --> src/phoronix/homepage.rs:3:5
[INFO] [stdout]   |
[INFO] [stdout] 3 | use std::io::Read;
[INFO] [stdout]   |     ^^^^^^^^^^^^^
[INFO] [stdout]   |
[INFO] [stdout]   = note: `#[warn(unused_imports)]` on by default
[INFO] [stdout] 
[INFO] [stdout] 
[INFO] [stdout] error: aborting due to 18 previous errors; 1 warning emitted
[INFO] [stdout] 
[INFO] [stdout] 
[INFO] [stdout] Some errors have detailed explanations: E0308, E0432, E0599, E0603, E0609.
[INFO] [stdout] 
[INFO] [stdout] For more information about an error, try `rustc --explain E0308`.
[INFO] [stdout] 
[INFO] [stderr] error: could not compile `phoronix-reader`.
[INFO] [stderr] 
[INFO] [stderr] To learn more, run the command again with --verbose.
[INFO] [stderr] warning: build failed, waiting for other jobs to finish...
[INFO] [stdout] error[E0308]: mismatched types
[INFO] [stdout]  --> src/phoronix/homepage.rs:8:35
[INFO] [stdout]   |
[INFO] [stdout] 8 |     let mut response = client.get("https://www.phoronix.com/")
[INFO] [stdout]   |                                   ^^^^^^^^^^^^^^^^^^^^^^^^^^^ expected struct `hyper::Uri`, found `&str`
[INFO] [stdout] 
[INFO] [stdout] 
[INFO] [stdout] error[E0599]: no method named `header` found for struct `hyper::client::ResponseFuture` in the current scope
[INFO] [stdout]  --> src/phoronix/homepage.rs:9:31
[INFO] [stdout]   |
[INFO] [stdout] 9 | ...                   .header(Connection::close()).send().unwrap();
[INFO] [stdout]   |                        ^^^^^^ method not found in `hyper::client::ResponseFuture`
[INFO] [stdout] 
[INFO] [stdout] 
[INFO] [stdout] warning: unused import: `std::io::Read`
[INFO] [stdout]  --> src/phoronix/homepage.rs:3:5
[INFO] [stdout]   |
[INFO] [stdout] 3 | use std::io::Read;
[INFO] [stdout]   |     ^^^^^^^^^^^^^
[INFO] [stdout]   |
[INFO] [stdout]   = note: `#[warn(unused_imports)]` on by default
[INFO] [stdout] 
[INFO] [stdout] 
[INFO] [stdout] error: aborting due to 18 previous errors; 1 warning emitted
[INFO] [stdout] 
[INFO] [stdout] 
[INFO] [stdout] Some errors have detailed explanations: E0308, E0432, E0599, E0603, E0609.
[INFO] [stdout] 
[INFO] [stdout] For more information about an error, try `rustc --explain E0308`.
[INFO] [stdout] 
[INFO] [stderr] error: build failed
[INFO] running `Command { std: "docker" "inspect" "d104d0f0dd5ef6637a3eb34a9cbc9f908b1b77e66597bc2c55d0e4a51b91d3a0", kill_on_drop: false }`
[INFO] running `Command { std: "docker" "rm" "-f" "d104d0f0dd5ef6637a3eb34a9cbc9f908b1b77e66597bc2c55d0e4a51b91d3a0", kill_on_drop: false }`
[INFO] [stdout] d104d0f0dd5ef6637a3eb34a9cbc9f908b1b77e66597bc2c55d0e4a51b91d3a0
