[INFO] cloning repository https://github.com/sbh123/wnlokv
[INFO] running `Command { std: "git" "-c" "credential.helper=" "-c" "credential.helper=/workspace/cargo-home/bin/git-credential-null" "clone" "--bare" "https://github.com/sbh123/wnlokv" "/workspace/cache/git-repos/https%3A%2F%2Fgithub.com%2Fsbh123%2Fwnlokv", kill_on_drop: false }`
[INFO] [stderr] Cloning into bare repository '/workspace/cache/git-repos/https%3A%2F%2Fgithub.com%2Fsbh123%2Fwnlokv'...
[INFO] running `Command { std: "git" "rev-parse" "HEAD", kill_on_drop: false }`
[INFO] [stdout] 5aeb878812e7a57107f5a7140addd9f54b36caf4
[INFO] checking sbh123/wnlokv against beta-2020-07-24 for pr-75494-beta
[INFO] running `Command { std: "git" "clone" "/workspace/cache/git-repos/https%3A%2F%2Fgithub.com%2Fsbh123%2Fwnlokv" "/workspace/builds/worker-3/source", kill_on_drop: false }`
[INFO] [stderr] Cloning into '/workspace/builds/worker-3/source'...
[INFO] [stderr] done.
[INFO] validating manifest of git repo https://github.com/sbh123/wnlokv on toolchain beta-2020-07-24
[INFO] running `Command { std: "/workspace/cargo-home/bin/cargo" "+beta-2020-07-24" "read-manifest" "--manifest-path" "Cargo.toml", kill_on_drop: false }`
[INFO] started tweaking git repo https://github.com/sbh123/wnlokv
[INFO] finished tweaking git repo https://github.com/sbh123/wnlokv
[INFO] tweaked toml for git repo https://github.com/sbh123/wnlokv written to /workspace/builds/worker-3/source/Cargo.toml
[INFO] crate git repo https://github.com/sbh123/wnlokv already has a lockfile, it will not be regenerated
[INFO] running `Command { std: "/workspace/cargo-home/bin/cargo" "+beta-2020-07-24" "fetch" "--locked" "--manifest-path" "Cargo.toml", kill_on_drop: false }`
[INFO] [stderr]     Blocking waiting for file lock on package cache
[INFO] [stderr]     Blocking waiting for file lock on package cache
[INFO] running `Command { std: "docker" "create" "-v" "/var/lib/crater-agent-workspace/builds/worker-3/target:/opt/rustwide/target:rw,Z" "-v" "/var/lib/crater-agent-workspace/builds/worker-3/source:/opt/rustwide/workdir:ro,Z" "-v" "/var/lib/crater-agent-workspace/cargo-home:/opt/rustwide/cargo-home:ro,Z" "-v" "/var/lib/crater-agent-workspace/rustup-home:/opt/rustwide/rustup-home:ro,Z" "-e" "SOURCE_DIR=/opt/rustwide/workdir" "-e" "CARGO_TARGET_DIR=/opt/rustwide/target" "-e" "CARGO_HOME=/opt/rustwide/cargo-home" "-e" "RUSTUP_HOME=/opt/rustwide/rustup-home" "-w" "/opt/rustwide/workdir" "-m" "1610612736" "--user" "0:0" "--network" "none" "rustops/crates-build-env@sha256:a636fd89d022f18117e1dc8fb37a0a009933cdbbe082814857f0e2024962d47c" "/opt/rustwide/cargo-home/bin/cargo" "+beta-2020-07-24" "metadata" "--no-deps" "--format-version=1", kill_on_drop: false }`
[INFO] [stdout] 9d27d4f4eafdeed4dab38da38086ed3e966fa61df04e6a8d9962c1f3330210ac
[INFO] [stderr] WARNING: Your kernel does not support swap limit capabilities or the cgroup is not mounted. Memory limited without swap.
[INFO] running `Command { std: "docker" "start" "-a" "9d27d4f4eafdeed4dab38da38086ed3e966fa61df04e6a8d9962c1f3330210ac", kill_on_drop: false }`
[INFO] running `Command { std: "docker" "inspect" "9d27d4f4eafdeed4dab38da38086ed3e966fa61df04e6a8d9962c1f3330210ac", kill_on_drop: false }`
[INFO] running `Command { std: "docker" "rm" "-f" "9d27d4f4eafdeed4dab38da38086ed3e966fa61df04e6a8d9962c1f3330210ac", kill_on_drop: false }`
[INFO] [stdout] 9d27d4f4eafdeed4dab38da38086ed3e966fa61df04e6a8d9962c1f3330210ac
[INFO] running `Command { std: "docker" "create" "-v" "/var/lib/crater-agent-workspace/builds/worker-3/target:/opt/rustwide/target:rw,Z" "-v" "/var/lib/crater-agent-workspace/builds/worker-3/source:/opt/rustwide/workdir:ro,Z" "-v" "/var/lib/crater-agent-workspace/cargo-home:/opt/rustwide/cargo-home:ro,Z" "-v" "/var/lib/crater-agent-workspace/rustup-home:/opt/rustwide/rustup-home:ro,Z" "-e" "SOURCE_DIR=/opt/rustwide/workdir" "-e" "CARGO_TARGET_DIR=/opt/rustwide/target" "-e" "CARGO_INCREMENTAL=0" "-e" "RUST_BACKTRACE=full" "-e" "RUSTFLAGS=--cap-lints=forbid" "-e" "CARGO_HOME=/opt/rustwide/cargo-home" "-e" "RUSTUP_HOME=/opt/rustwide/rustup-home" "-w" "/opt/rustwide/workdir" "-m" "1610612736" "--user" "0:0" "--network" "none" "rustops/crates-build-env@sha256:a636fd89d022f18117e1dc8fb37a0a009933cdbbe082814857f0e2024962d47c" "/opt/rustwide/cargo-home/bin/cargo" "+beta-2020-07-24" "check" "--frozen" "--all" "--all-targets" "--message-format=json", kill_on_drop: false }`
[INFO] [stdout] b061403fb3d915c81cd777b3763e9057d613658f5bc4e11b771f33f03eeece52
[INFO] [stderr] WARNING: Your kernel does not support swap limit capabilities or the cgroup is not mounted. Memory limited without swap.
[INFO] running `Command { std: "docker" "start" "-a" "b061403fb3d915c81cd777b3763e9057d613658f5bc4e11b771f33f03eeece52", kill_on_drop: false }`
[INFO] [stderr]     Blocking waiting for file lock on package cache
[INFO] [stderr]    Compiling nodrop v0.1.13
[INFO] [stderr]    Compiling memoffset v0.2.1
[INFO] [stderr]    Compiling scopeguard v0.3.3
[INFO] [stderr]    Compiling lazy_static v1.2.0
[INFO] [stderr]    Compiling either v1.5.0
[INFO] [stderr]     Checking rand_core v0.3.0
[INFO] [stderr]    Compiling protobuf v2.0.5
[INFO] [stderr]    Compiling proc-macro2 v0.4.24
[INFO] [stderr]    Compiling byteorder v1.2.7
[INFO] [stderr]     Checking lazycell v1.2.1
[INFO] [stderr]    Compiling glob v0.2.11
[INFO] [stderr]    Compiling failure_derive v0.1.3
[INFO] [stderr]    Compiling rustc-demangle v0.1.9
[INFO] [stderr]    Compiling rand_isaac v0.1.1
[INFO] [stderr]    Compiling rand_xorshift v0.1.0
[INFO] [stderr]    Compiling rand_hc v0.1.0
[INFO] [stderr]     Checking log v0.4.6
[INFO] [stderr]     Checking crossbeam-utils v0.6.1
[INFO] [stderr]    Compiling crossbeam-utils v0.2.2
[INFO] [stderr]     Checking tokio-executor v0.1.5
[INFO] [stderr]     Checking fxhash v0.2.1
[INFO] [stderr]    Compiling libc v0.2.44
[INFO] [stderr]     Checking arrayvec v0.4.8
[INFO] [stderr]    Compiling base64 v0.5.2
[INFO] [stderr]     Checking smallvec v0.6.7
[INFO] [stderr]     Checking rand_core v0.2.2
[INFO] [stderr]     Checking iovec v0.1.2
[INFO] [stderr]     Checking net2 v0.2.33
[INFO] [stderr]     Checking num_cpus v1.8.0
[INFO] [stderr]    Compiling rand_chacha v0.1.0
[INFO] [stderr]    Compiling rand v0.6.1
[INFO] [stderr]     Checking tokio-current-thread v0.1.4
[INFO] [stderr]    Compiling protoc v2.2.0
[INFO] [stderr]     Checking tokio-timer v0.2.8
[INFO] [stderr]    Compiling blob v0.2.0
[INFO] [stderr]     Checking rand v0.5.5
[INFO] [stderr]     Checking bytes v0.4.11
[INFO] [stderr]    Compiling rand_pcg v0.1.1
[INFO] [stderr]    Compiling crossbeam-epoch v0.3.1
[INFO] [stderr]     Checking crossbeam-epoch v0.6.1
[INFO] [stderr]     Checking mio v0.6.16
[INFO] [stderr]     Checking tokio-io v0.1.10
[INFO] [stderr]     Checking crossbeam-deque v0.6.2
[INFO] [stderr]    Compiling crossbeam-deque v0.2.0
[INFO] [stderr]    Compiling rayon-core v1.4.1
[INFO] [stderr]    Compiling quote v0.6.10
[INFO] [stderr]     Checking tokio-codec v0.1.1
[INFO] [stderr]    Compiling syn v0.15.22
[INFO] [stderr]     Checking mio-uds v0.6.7
[INFO] [stderr]    Compiling rayon v1.0.3
[INFO] [stderr]     Checking parking_lot_core v0.3.1
[INFO] [stderr]     Checking parking_lot v0.6.4
[INFO] [stderr]    Compiling tempfile v3.0.5
[INFO] [stderr]     Checking tokio-threadpool v0.1.9
[INFO] [stderr]     Checking tokio-reactor v0.1.7
[INFO] [stderr]     Checking tokio-fs v0.1.4
[INFO] [stderr]     Checking tokio-tcp v0.1.2
[INFO] [stderr]     Checking tokio-uds v0.2.4
[INFO] [stderr]     Checking tokio-udp v0.1.3
[INFO] [stderr]     Checking tokio v0.1.13
[INFO] [stderr]    Compiling cc v1.0.25
[INFO] [stderr]    Compiling cmake v0.1.35
[INFO] [stderr]     Checking raft v0.4.0 (https://github.com/pingcap/raft-rs.git#40157d82)
[INFO] [stderr]    Compiling backtrace-sys v0.1.24
[INFO] [stderr]    Compiling zstd-sys v1.4.6+zstd.1.3.7 (https://github.com/gyscos/zstd-rs.git#15c10cc9)
[INFO] [stderr]    Compiling snappy-sys v0.1.0 (https://github.com/busyjay/rust-snappy.git?branch=static-link#be021783)
[INFO] [stderr]    Compiling lz4-sys v1.8.0 (https://github.com/busyjay/lz4-rs.git?branch=adjust-build#41509fea)
[INFO] [stderr]    Compiling bzip2-sys v0.1.7 (https://github.com/alexcrichton/bzip2-rs.git#34265a55)
[INFO] [stderr]    Compiling libz-sys v1.0.25
[INFO] [stderr]    Compiling librocksdb_sys v0.1.0 (https://github.com/pingcap/rust-rocksdb.git#05aaf93f)
[INFO] [stderr]    Compiling grpcio-sys v0.4.1
[INFO] [stderr]    Compiling synstructure v0.10.1
[INFO] [stderr]    Compiling protobuf-codegen v2.0.5
[INFO] [stderr]    Compiling backtrace v0.3.9
[INFO] [stderr]    Compiling grpcio-compiler v0.4.1
[INFO] [stderr]    Compiling failure v0.1.3
[INFO] [stderr]    Compiling protoc-grpcio v0.3.1 (https://github.com/mtp401/protoc-grpcio#c31fd1dd)
[INFO] [stderr]    Compiling testrpc v0.1.0 (/opt/rustwide/workdir)
[INFO] [stderr] error: failed to run custom build command for `testrpc v0.1.0 (/opt/rustwide/workdir)`
[INFO] [stderr] 
[INFO] [stderr] Caused by:
[INFO] [stderr]   process didn't exit successfully: `/opt/rustwide/target/debug/build/testrpc-30542396ec7cd268/build-script-build` (exit code: 101)
[INFO] [stderr]   --- stderr
[INFO] [stderr]   thread 'main' panicked at 'Fail to compile gRpc: Os { code: 30, kind: Other, message: "Read-only file system" }
[INFO] [stderr] 
[INFO] [stderr]   stack backtrace:
[INFO] [stderr]      0:     0x55f9e73145c3 - backtrace::backtrace::libunwind::trace::h368cbd55344fee13
[INFO] [stderr]                           at /opt/rustwide/cargo-home/registry/src/github.com-1ecc6299db9ec823/backtrace-0.3.9/src/backtrace/libunwind.rs:53
[INFO] [stderr]                            - backtrace::backtrace::trace::h8f22b6edc7b68f90
[INFO] [stderr]                           at /opt/rustwide/cargo-home/registry/src/github.com-1ecc6299db9ec823/backtrace-0.3.9/src/backtrace/mod.rs:42
[INFO] [stderr]      1:     0x55f9e730ea33 - backtrace::capture::Backtrace::new_unresolved::h415409744551020d
[INFO] [stderr]                           at /opt/rustwide/cargo-home/registry/src/github.com-1ecc6299db9ec823/backtrace-0.3.9/src/capture.rs:88
[INFO] [stderr]      2:     0x55f9e730da75 - failure::backtrace::internal::InternalBacktrace::new::h43c5a2e97613b83e
[INFO] [stderr]                           at /opt/rustwide/cargo-home/registry/src/github.com-1ecc6299db9ec823/failure-0.1.3/src/backtrace/internal.rs:44
[INFO] [stderr]      3:     0x55f9e730c4ec - failure::backtrace::Backtrace::new::hffb0e51400494231
[INFO] [stderr]                           at /opt/rustwide/cargo-home/registry/src/github.com-1ecc6299db9ec823/failure-0.1.3/src/backtrace/mod.rs:111
[INFO] [stderr]      4:     0x55f9e72c3deb - <failure::error::error_impl::ErrorImpl as core::convert::From<F>>::from::h9073adf739c79085
[INFO] [stderr]                           at /opt/rustwide/cargo-home/registry/src/github.com-1ecc6299db9ec823/failure-0.1.3/src/error/error_impl.rs:19
[INFO] [stderr]      5:     0x55f9e72c623e - <failure::error::Error as core::convert::From<F>>::from::h86ee296ddc603eb9
[INFO] [stderr]                           at /opt/rustwide/cargo-home/registry/src/github.com-1ecc6299db9ec823/failure-0.1.3/src/error/mod.rs:36
[INFO] [stderr]      6:     0x55f9e72c556e - <T as core::convert::Into<U>>::into::hd99f4fbf80cd03ec
[INFO] [stderr]                           at /rustc/6f959902b3103c49ca981fbc01871589c3498489/src/libcore/convert/mod.rs:560
[INFO] [stderr]      7:     0x55f9e72bc4bd - failure::context::Context<D>::with_err::h360454dc4b79d681
[INFO] [stderr]                           at /opt/rustwide/cargo-home/registry/src/github.com-1ecc6299db9ec823/failure-0.1.3/src/context.rs:105
[INFO] [stderr]      8:     0x55f9e72c57b5 - failure::Fail::context::h51371d6f716bfb10
[INFO] [stderr]                           at /opt/rustwide/cargo-home/registry/src/github.com-1ecc6299db9ec823/failure-0.1.3/src/lib.rs:153
[INFO] [stderr]      9:     0x55f9e72c68a5 - <core::result::Result<T,E> as failure::result_ext::ResultExt<T,E>>::context::{{closure}}::h45478c85a1b780e6
[INFO] [stderr]                           at /opt/rustwide/cargo-home/registry/src/github.com-1ecc6299db9ec823/failure-0.1.3/src/result_ext.rs:164
[INFO] [stderr]     10:     0x55f9e72c1be1 - core::result::Result<T,E>::map_err::h4692775be0720812
[INFO] [stderr]                           at /rustc/6f959902b3103c49ca981fbc01871589c3498489/src/libcore/result.rs:612
[INFO] [stderr]     11:     0x55f9e72c299d - <core::result::Result<T,E> as failure::result_ext::ResultExt<T,E>>::context::h7b38664927351dd7
[INFO] [stderr]                           at /opt/rustwide/cargo-home/registry/src/github.com-1ecc6299db9ec823/failure-0.1.3/src/result_ext.rs:164
[INFO] [stderr]     12:     0x55f9e72b8c57 - protoc_grpcio::write_out_generated_files::h990501c955bf1a40
[INFO] [stderr]                           at /opt/rustwide/cargo-home/git/checkouts/protoc-grpcio-6130ca0c3a6416fd/c31fd1d/src/lib.rs:91
[INFO] [stderr]     13:     0x55f9e72b81e7 - protoc_grpcio::compile_grpc_protos::hcc9de220ad022337
[INFO] [stderr]                           at /opt/rustwide/cargo-home/git/checkouts/protoc-grpcio-6130ca0c3a6416fd/c31fd1d/src/lib.rs:257
[INFO] [stderr]     14:     0x55f9e72be562 - build_script_build::main::h95ee7e25f25e10d9
[INFO] [stderr]                           at /opt/rustwide/workdir/build.rs:6
[INFO] [stderr]     15:     0x55f9e72c597a - std::rt::lang_start::{{closure}}::hc659feb7414fb0eb
[INFO] [stderr]                           at /rustc/6f959902b3103c49ca981fbc01871589c3498489/src/libstd/rt.rs:67
[INFO] [stderr]     16:     0x55f9e7568d92 - std::rt::lang_start_internal::{{closure}}::h84a998219831fa70
[INFO] [stderr]                           at src/libstd/rt.rs:52
[INFO] [stderr]                            - std::panicking::try::do_call::he8e1d689a3e26def
[INFO] [stderr]                           at src/libstd/panicking.rs:348
[INFO] [stderr]                            - std::panicking::try::h264b6eebc2fa7bbf
[INFO] [stderr]                           at src/libstd/panicking.rs:325
[INFO] [stderr]                            - std::panic::catch_unwind::hbf28fafa723b2128
[INFO] [stderr]                           at src/libstd/panic.rs:394
[INFO] [stderr]                            - std::rt::lang_start_internal::he959aa59bc3ec202
[INFO] [stderr]                           at src/libstd/rt.rs:51
[INFO] [stderr]     17:     0x55f9e72c5956 - std::rt::lang_start::hae85ae476455990d
[INFO] [stderr]                           at /rustc/6f959902b3103c49ca981fbc01871589c3498489/src/libstd/rt.rs:67
[INFO] [stderr]     18:     0x55f9e72be5d9 - main
[INFO] [stderr]     19:     0x7f6583c2a0b2 - __libc_start_main
[INFO] [stderr]     20:     0x55f9e72b31bd - _start
[INFO] [stderr]     21:                0x0 - <unknown>
[INFO] [stderr] 
[INFO] [stderr]   failed to create "protos/raftpb_grpc.rs"
[INFO] [stderr] 
[INFO] [stderr]   failed to write generated grpc definitions', build.rs:9:22
[INFO] [stderr]   stack backtrace:
[INFO] [stderr]      0:     0x55f9e7565f15 - backtrace::backtrace::libunwind::trace::h5e2646fa3eddf2ea
[INFO] [stderr]                                  at /cargo/registry/src/github.com-1ecc6299db9ec823/backtrace-0.3.46/src/backtrace/libunwind.rs:86
[INFO] [stderr]      1:     0x55f9e7565f15 - backtrace::backtrace::trace_unsynchronized::hb95dd7f77ce47877
[INFO] [stderr]                                  at /cargo/registry/src/github.com-1ecc6299db9ec823/backtrace-0.3.46/src/backtrace/mod.rs:66
[INFO] [stderr]      2:     0x55f9e7565f15 - std::sys_common::backtrace::_print_fmt::h5e71b67af43fd70d
[INFO] [stderr]                                  at src/libstd/sys_common/backtrace.rs:78
[INFO] [stderr]      3:     0x55f9e7565f15 - <std::sys_common::backtrace::_print::DisplayBacktrace as core::fmt::Display>::fmt::hdb4a83d2b61107e5
[INFO] [stderr]                                  at src/libstd/sys_common/backtrace.rs:59
[INFO] [stderr]      4:     0x55f9e758f57c - core::fmt::write::ha20e7262fa3e8a7a
[INFO] [stderr]                                  at src/libcore/fmt/mod.rs:1076
[INFO] [stderr]      5:     0x55f9e7563502 - std::io::Write::write_fmt::h1aebfe8a5a79e36d
[INFO] [stderr]                                  at src/libstd/io/mod.rs:1537
[INFO] [stderr]      6:     0x55f9e7568380 - std::sys_common::backtrace::_print::h9c07314cc66ba539
[INFO] [stderr]                                  at src/libstd/sys_common/backtrace.rs:62
[INFO] [stderr]      7:     0x55f9e7568380 - std::sys_common::backtrace::print::hd1fd65f49a2d8544
[INFO] [stderr]                                  at src/libstd/sys_common/backtrace.rs:49
[INFO] [stderr]      8:     0x55f9e7568380 - std::panicking::default_hook::{{closure}}::h222da46485ab36fc
[INFO] [stderr]                                  at src/libstd/panicking.rs:198
[INFO] [stderr]      9:     0x55f9e75680cc - std::panicking::default_hook::hc5868949d129ed00
[INFO] [stderr]                                  at src/libstd/panicking.rs:217
[INFO] [stderr]     10:     0x55f9e75689c3 - std::panicking::rust_panic_with_hook::h26a6ab8b0993c0c8
[INFO] [stderr]                                  at src/libstd/panicking.rs:526
[INFO] [stderr]     11:     0x55f9e75685bb - rust_begin_unwind
[INFO] [stderr]                                  at src/libstd/panicking.rs:437
[INFO] [stderr]     12:     0x55f9e758d4e1 - core::panicking::panic_fmt::h17139c2000299725
[INFO] [stderr]                                  at src/libcore/panicking.rs:85
[INFO] [stderr]     13:     0x55f9e758d303 - core::option::expect_none_failed::h972f96abb4ec8952
[INFO] [stderr]                                  at src/libcore/option.rs:1269
[INFO] [stderr]     14:     0x55f9e72c1ad6 - core::result::Result<T,E>::expect::h85c012df0c62c621
[INFO] [stderr]                                  at /rustc/6f959902b3103c49ca981fbc01871589c3498489/src/libcore/result.rs:963
[INFO] [stderr]     15:     0x55f9e72be59d - build_script_build::main::h95ee7e25f25e10d9
[INFO] [stderr]                                  at /opt/rustwide/workdir/build.rs:6
[INFO] [stderr]     16:     0x55f9e72c597b - std::rt::lang_start::{{closure}}::hc659feb7414fb0eb
[INFO] [stderr]                                  at /rustc/6f959902b3103c49ca981fbc01871589c3498489/src/libstd/rt.rs:67
[INFO] [stderr]     17:     0x55f9e7568d93 - std::rt::lang_start_internal::{{closure}}::h84a998219831fa70
[INFO] [stderr]                                  at src/libstd/rt.rs:52
[INFO] [stderr]     18:     0x55f9e7568d93 - std::panicking::try::do_call::he8e1d689a3e26def
[INFO] [stderr]                                  at src/libstd/panicking.rs:348
[INFO] [stderr]     19:     0x55f9e7568d93 - std::panicking::try::h264b6eebc2fa7bbf
[INFO] [stderr]                                  at src/libstd/panicking.rs:325
[INFO] [stderr]     20:     0x55f9e7568d93 - std::panic::catch_unwind::hbf28fafa723b2128
[INFO] [stderr]                                  at src/libstd/panic.rs:394
[INFO] [stderr]     21:     0x55f9e7568d93 - std::rt::lang_start_internal::he959aa59bc3ec202
[INFO] [stderr]                                  at src/libstd/rt.rs:51
[INFO] [stderr]     22:     0x55f9e72c5957 - std::rt::lang_start::hae85ae476455990d
[INFO] [stderr]                                  at /rustc/6f959902b3103c49ca981fbc01871589c3498489/src/libstd/rt.rs:67
[INFO] [stderr]     23:     0x55f9e72be5da - main
[INFO] [stderr]     24:     0x7f6583c2a0b3 - __libc_start_main
[INFO] [stderr]     25:     0x55f9e72b31be - _start
[INFO] [stderr]     26:                0x0 - <unknown>
[INFO] [stderr] warning: build failed, waiting for other jobs to finish...
[INFO] [stderr] error: build failed
[INFO] running `Command { std: "docker" "inspect" "b061403fb3d915c81cd777b3763e9057d613658f5bc4e11b771f33f03eeece52", kill_on_drop: false }`
[INFO] running `Command { std: "docker" "rm" "-f" "b061403fb3d915c81cd777b3763e9057d613658f5bc4e11b771f33f03eeece52", kill_on_drop: false }`
[INFO] [stdout] b061403fb3d915c81cd777b3763e9057d613658f5bc4e11b771f33f03eeece52
