[INFO] cloning repository https://github.com/saidaspen/rustcred
[INFO] running `Command { std: "git" "-c" "credential.helper=" "-c" "credential.helper=/workspace/cargo-home/bin/git-credential-null" "clone" "--bare" "https://github.com/saidaspen/rustcred" "/workspace/cache/git-repos/https%3A%2F%2Fgithub.com%2Fsaidaspen%2Frustcred", kill_on_drop: false }`
[INFO] [stderr] Cloning into bare repository '/workspace/cache/git-repos/https%3A%2F%2Fgithub.com%2Fsaidaspen%2Frustcred'...
[INFO] running `Command { std: "git" "rev-parse" "HEAD", kill_on_drop: false }`
[INFO] [stdout] 9b2a7acbd8439ab38788c84a6b210abee64a7548
[INFO] checking saidaspen/rustcred against beta-2020-07-24 for pr-75494-beta
[INFO] running `Command { std: "git" "clone" "/workspace/cache/git-repos/https%3A%2F%2Fgithub.com%2Fsaidaspen%2Frustcred" "/workspace/builds/worker-6/source", kill_on_drop: false }`
[INFO] [stderr] Cloning into '/workspace/builds/worker-6/source'...
[INFO] [stderr] done.
[INFO] validating manifest of git repo https://github.com/saidaspen/rustcred on toolchain beta-2020-07-24
[INFO] running `Command { std: "/workspace/cargo-home/bin/cargo" "+beta-2020-07-24" "read-manifest" "--manifest-path" "Cargo.toml", kill_on_drop: false }`
[INFO] started tweaking git repo https://github.com/saidaspen/rustcred
[INFO] finished tweaking git repo https://github.com/saidaspen/rustcred
[INFO] tweaked toml for git repo https://github.com/saidaspen/rustcred written to /workspace/builds/worker-6/source/Cargo.toml
[INFO] crate git repo https://github.com/saidaspen/rustcred already has a lockfile, it will not be regenerated
[INFO] running `Command { std: "/workspace/cargo-home/bin/cargo" "+beta-2020-07-24" "fetch" "--locked" "--manifest-path" "Cargo.toml", kill_on_drop: false }`
[INFO] [stderr]     Blocking waiting for file lock on package cache
[INFO] [stderr]     Blocking waiting for file lock on package cache
[INFO] running `Command { std: "docker" "create" "-v" "/var/lib/crater-agent-workspace/builds/worker-6/target:/opt/rustwide/target:rw,Z" "-v" "/var/lib/crater-agent-workspace/builds/worker-6/source:/opt/rustwide/workdir:ro,Z" "-v" "/var/lib/crater-agent-workspace/cargo-home:/opt/rustwide/cargo-home:ro,Z" "-v" "/var/lib/crater-agent-workspace/rustup-home:/opt/rustwide/rustup-home:ro,Z" "-e" "SOURCE_DIR=/opt/rustwide/workdir" "-e" "CARGO_TARGET_DIR=/opt/rustwide/target" "-e" "CARGO_HOME=/opt/rustwide/cargo-home" "-e" "RUSTUP_HOME=/opt/rustwide/rustup-home" "-w" "/opt/rustwide/workdir" "-m" "1610612736" "--user" "0:0" "--network" "none" "rustops/crates-build-env@sha256:a636fd89d022f18117e1dc8fb37a0a009933cdbbe082814857f0e2024962d47c" "/opt/rustwide/cargo-home/bin/cargo" "+beta-2020-07-24" "metadata" "--no-deps" "--format-version=1", kill_on_drop: false }`
[INFO] [stdout] fa55f21f8d4bbfa49fd2cd76f518ba32963e248d091c28e2fe421ff587954ddf
[INFO] [stderr] WARNING: Your kernel does not support swap limit capabilities or the cgroup is not mounted. Memory limited without swap.
[INFO] running `Command { std: "docker" "start" "-a" "fa55f21f8d4bbfa49fd2cd76f518ba32963e248d091c28e2fe421ff587954ddf", kill_on_drop: false }`
[INFO] running `Command { std: "docker" "inspect" "fa55f21f8d4bbfa49fd2cd76f518ba32963e248d091c28e2fe421ff587954ddf", kill_on_drop: false }`
[INFO] running `Command { std: "docker" "rm" "-f" "fa55f21f8d4bbfa49fd2cd76f518ba32963e248d091c28e2fe421ff587954ddf", kill_on_drop: false }`
[INFO] [stdout] fa55f21f8d4bbfa49fd2cd76f518ba32963e248d091c28e2fe421ff587954ddf
[INFO] running `Command { std: "docker" "create" "-v" "/var/lib/crater-agent-workspace/builds/worker-6/target:/opt/rustwide/target:rw,Z" "-v" "/var/lib/crater-agent-workspace/builds/worker-6/source:/opt/rustwide/workdir:ro,Z" "-v" "/var/lib/crater-agent-workspace/cargo-home:/opt/rustwide/cargo-home:ro,Z" "-v" "/var/lib/crater-agent-workspace/rustup-home:/opt/rustwide/rustup-home:ro,Z" "-e" "SOURCE_DIR=/opt/rustwide/workdir" "-e" "CARGO_TARGET_DIR=/opt/rustwide/target" "-e" "CARGO_INCREMENTAL=0" "-e" "RUST_BACKTRACE=full" "-e" "RUSTFLAGS=--cap-lints=forbid" "-e" "CARGO_HOME=/opt/rustwide/cargo-home" "-e" "RUSTUP_HOME=/opt/rustwide/rustup-home" "-w" "/opt/rustwide/workdir" "-m" "1610612736" "--user" "0:0" "--network" "none" "rustops/crates-build-env@sha256:a636fd89d022f18117e1dc8fb37a0a009933cdbbe082814857f0e2024962d47c" "/opt/rustwide/cargo-home/bin/cargo" "+beta-2020-07-24" "check" "--frozen" "--all" "--all-targets" "--message-format=json", kill_on_drop: false }`
[INFO] [stdout] 24680f8cda74f7d9c6cd21eab52e1d5205c4c1320bc0a8c66827a38c340ad5aa
[INFO] [stderr] WARNING: Your kernel does not support swap limit capabilities or the cgroup is not mounted. Memory limited without swap.
[INFO] running `Command { std: "docker" "start" "-a" "24680f8cda74f7d9c6cd21eab52e1d5205c4c1320bc0a8c66827a38c340ad5aa", kill_on_drop: false }`
[INFO] [stderr]    Compiling proc-macro2 v1.0.10
[INFO] [stderr]    Compiling syn v1.0.17
[INFO] [stderr]    Compiling memchr v2.3.3
[INFO] [stderr]     Checking futures-core v0.3.4
[INFO] [stderr]     Checking regex-syntax v0.6.17
[INFO] [stderr]     Checking pin-project-lite v0.1.4
[INFO] [stderr]    Compiling ryu v1.0.3
[INFO] [stderr]     Checking foreign-types-shared v0.1.1
[INFO] [stderr]     Checking smallvec v1.3.0
[INFO] [stderr]     Checking futures-task v0.3.4
[INFO] [stderr]     Checking pin-utils v0.1.0-alpha.4
[INFO] [stderr]     Checking futures-io v0.3.4
[INFO] [stderr]     Checking futures-sink v0.3.4
[INFO] [stderr]    Compiling native-tls v0.2.4
[INFO] [stderr]    Compiling getrandom v0.1.14
[INFO] [stderr]     Checking percent-encoding v2.1.0
[INFO] [stderr]     Checking unicode-width v0.1.7
[INFO] [stderr]     Checking openssl-probe v0.1.2
[INFO] [stderr]    Compiling encoding_rs v0.8.22
[INFO] [stderr]     Checking tower-service v0.3.0
[INFO] [stderr]     Checking mime v0.3.16
[INFO] [stderr]     Checking ppv-lite86 v0.2.6
[INFO] [stderr]     Checking dtoa v0.4.5
[INFO] [stderr]     Checking bitflags v0.9.1
[INFO] [stderr]     Checking number_prefix v0.3.0
[INFO] [stderr]     Checking ansi_term v0.9.0
[INFO] [stderr]     Checking base64 v0.11.0
[INFO] [stderr]     Checking difference v2.0.0
[INFO] [stderr]     Checking thread_local v1.0.1
[INFO] [stderr]    Compiling openssl-sys v0.9.55
[INFO] [stderr]    Compiling crossbeam-utils v0.7.2
[INFO] [stderr]     Checking http v0.2.1
[INFO] [stderr]    Compiling proc-macro-error-attr v0.4.12
[INFO] [stderr]    Compiling proc-macro-error v0.4.12
[INFO] [stderr]     Checking foreign-types v0.3.2
[INFO] [stderr]     Checking futures-channel v0.3.4
[INFO] [stderr]     Checking textwrap v0.9.0
[INFO] [stderr]     Checking unicode-normalization v0.1.12
[INFO] [stderr]     Checking log v0.4.8
[INFO] [stderr]     Checking iovec v0.1.4
[INFO] [stderr]     Checking net2 v0.2.33
[INFO] [stderr]     Checking num_cpus v1.13.0
[INFO] [stderr]     Checking time v0.1.43
[INFO] [stderr]     Checking atty v0.2.14
[INFO] [stderr]     Checking terminal_size v0.1.12
[INFO] [stderr]     Checking termios v0.3.2
[INFO] [stderr]    Compiling unicase v2.6.0
[INFO] [stderr]     Checking indexmap v1.3.2
[INFO] [stderr]     Checking clap v2.27.1
[INFO] [stderr]     Checking colored v1.9.3
[INFO] [stderr]     Checking want v0.3.0
[INFO] [stderr]     Checking mio v0.6.21
[INFO] [stderr]     Checking rand_core v0.5.1
[INFO] [stderr]     Checking chrono v0.4.11
[INFO] [stderr]    Compiling mime_guess v2.0.3
[INFO] [stderr]     Checking aho-corasick v0.7.10
[INFO] [stderr]     Checking futures-util v0.3.4
[INFO] [stderr]     Checking bstr v0.2.12
[INFO] [stderr]     Checking rand_chacha v0.2.2
[INFO] [stderr]     Checking crossbeam-channel v0.4.2
[INFO] [stderr]     Checking tokio v0.2.18
[INFO] [stderr]     Checking rand v0.7.3
[INFO] [stderr]    Compiling openssl v0.10.29
[INFO] [stderr]    Compiling quote v1.0.3
[INFO] [stderr]     Checking idna v0.2.0
[INFO] [stderr]     Checking http-body v0.3.1
[INFO] [stderr]     Checking regex v1.3.7
[INFO] [stderr]     Checking url v2.1.1
[INFO] [stderr]     Checking globset v0.4.5
[INFO] [stderr]     Checking console v0.11.2
[INFO] [stderr]     Checking tokio-util v0.3.1
[INFO] [stderr]     Checking indicatif v0.14.0
[INFO] [stderr]     Checking ignore v0.4.14
[INFO] [stderr]     Checking h2 v0.2.4
[INFO] [stderr]     Checking globwalk v0.8.0
[INFO] [stderr]     Checking tokio-tls v0.3.0
[INFO] [stderr]    Compiling syn-mid v0.5.0
[INFO] [stderr]    Compiling pest_generator v2.1.3
[INFO] [stderr]    Compiling serde_derive v1.0.106
[INFO] [stderr]    Compiling pin-project-internal v0.4.9
[INFO] [stderr]    Compiling pest_derive v2.1.0
[INFO] [stderr]    Compiling extend v0.1.1
[INFO] [stderr]     Checking pin-project v0.4.9
[INFO] [stderr]     Checking hyper v0.13.5
[INFO] [stderr]     Checking hyper-tls v0.4.1
[INFO] [stderr]     Checking serde v1.0.106
[INFO] [stderr]     Checking serde_json v1.0.51
[INFO] [stderr]     Checking serde_urlencoded v0.6.1
[INFO] [stderr]     Checking assert-json-diff v1.0.3
[INFO] [stderr]     Checking tera v1.2.0
[INFO] [stderr]     Checking reqwest v0.10.4
[INFO] [stderr]     Checking mockito v0.25.1
[INFO] [stderr]     Checking rustcred v0.1.0 (/opt/rustwide/workdir)
[INFO] [stdout] error[E0061]: this function takes 3 arguments but 2 arguments were supplied
[INFO] [stdout]    --> src/github.rs:143:20
[INFO] [stdout]     |
[INFO] [stdout] 43  |     pub fn new(token: String, github_user: String, repo: String) -> GitHubConn {
[INFO] [stdout]     |     -------------------------------------------------------------------------- defined here
[INFO] [stdout] ...
[INFO] [stdout] 143 |         let conn = GitHubConn::new("test".to_string(), "saidaspen/rustcred".to_string());
[INFO] [stdout]     |                    ^^^^^^^^^^^^^^^ ------------------  -------------------------------- supplied 2 arguments
[INFO] [stdout]     |                    |
[INFO] [stdout]     |                    expected 3 arguments
[INFO] [stdout] 
[INFO] [stdout] 
[INFO] [stdout] error[E0061]: this function takes 3 arguments but 2 arguments were supplied
[INFO] [stdout]    --> src/github.rs:157:20
[INFO] [stdout]     |
[INFO] [stdout] 43  |     pub fn new(token: String, github_user: String, repo: String) -> GitHubConn {
[INFO] [stdout]     |     -------------------------------------------------------------------------- defined here
[INFO] [stdout] ...
[INFO] [stdout] 157 |         let conn = GitHubConn::new("test".to_string(), "saidaspen/rustcred".to_string());
[INFO] [stdout]     |                    ^^^^^^^^^^^^^^^ ------------------  -------------------------------- supplied 2 arguments
[INFO] [stdout]     |                    |
[INFO] [stdout]     |                    expected 3 arguments
[INFO] [stdout] 
[INFO] [stdout] 
[INFO] [stdout] error[E0061]: this function takes 3 arguments but 2 arguments were supplied
[INFO] [stdout]    --> src/github.rs:176:20
[INFO] [stdout]     |
[INFO] [stdout] 43  |     pub fn new(token: String, github_user: String, repo: String) -> GitHubConn {
[INFO] [stdout]     |     -------------------------------------------------------------------------- defined here
[INFO] [stdout] ...
[INFO] [stdout] 176 |         let conn = GitHubConn::new("test".to_string(), "saidaspen/rustcred".to_string());
[INFO] [stdout]     |                    ^^^^^^^^^^^^^^^ ------------------  -------------------------------- supplied 2 arguments
[INFO] [stdout]     |                    |
[INFO] [stdout]     |                    expected 3 arguments
[INFO] [stdout] 
[INFO] [stdout] 
[INFO] [stdout] error[E0061]: this function takes 3 arguments but 2 arguments were supplied
[INFO] [stdout]    --> src/github.rs:224:20
[INFO] [stdout]     |
[INFO] [stdout] 43  |     pub fn new(token: String, github_user: String, repo: String) -> GitHubConn {
[INFO] [stdout]     |     -------------------------------------------------------------------------- defined here
[INFO] [stdout] ...
[INFO] [stdout] 224 |         let conn = GitHubConn::new("test".to_string(), "saidaspen/rustcred".to_string());
[INFO] [stdout]     |                    ^^^^^^^^^^^^^^^ ------------------  -------------------------------- supplied 2 arguments
[INFO] [stdout]     |                    |
[INFO] [stdout]     |                    expected 3 arguments
[INFO] [stdout] 
[INFO] [stdout] 
[INFO] [stdout] error: aborting due to 4 previous errors
[INFO] [stdout] 
[INFO] [stdout] 
[INFO] [stdout] For more information about this error, try `rustc --explain E0061`.
[INFO] [stdout] 
[INFO] [stderr] error: could not compile `rustcred`.
[INFO] [stderr] 
[INFO] [stderr] To learn more, run the command again with --verbose.
[INFO] running `Command { std: "docker" "inspect" "24680f8cda74f7d9c6cd21eab52e1d5205c4c1320bc0a8c66827a38c340ad5aa", kill_on_drop: false }`
[INFO] running `Command { std: "docker" "rm" "-f" "24680f8cda74f7d9c6cd21eab52e1d5205c4c1320bc0a8c66827a38c340ad5aa", kill_on_drop: false }`
[INFO] [stdout] 24680f8cda74f7d9c6cd21eab52e1d5205c4c1320bc0a8c66827a38c340ad5aa
