[INFO] cloning repository https://github.com/rustyhorde/repomonc
[INFO] running `Command { std: "git" "-c" "credential.helper=" "-c" "credential.helper=/workspace/cargo-home/bin/git-credential-null" "clone" "--bare" "https://github.com/rustyhorde/repomonc" "/workspace/cache/git-repos/https%3A%2F%2Fgithub.com%2Frustyhorde%2Frepomonc", kill_on_drop: false }`
[INFO] [stderr] Cloning into bare repository '/workspace/cache/git-repos/https%3A%2F%2Fgithub.com%2Frustyhorde%2Frepomonc'...
[INFO] running `Command { std: "git" "rev-parse" "HEAD", kill_on_drop: false }`
[INFO] [stdout] 1a1275468b8318af0a3937ccf8ed640ad592b194
[INFO] checking rustyhorde/repomonc against beta-2020-07-24 for pr-75494-beta
[INFO] running `Command { std: "git" "clone" "/workspace/cache/git-repos/https%3A%2F%2Fgithub.com%2Frustyhorde%2Frepomonc" "/workspace/builds/worker-2/source", kill_on_drop: false }`
[INFO] [stderr] Cloning into '/workspace/builds/worker-2/source'...
[INFO] [stderr] done.
[INFO] validating manifest of git repo https://github.com/rustyhorde/repomonc on toolchain beta-2020-07-24
[INFO] running `Command { std: "/workspace/cargo-home/bin/cargo" "+beta-2020-07-24" "read-manifest" "--manifest-path" "Cargo.toml", kill_on_drop: false }`
[INFO] started tweaking git repo https://github.com/rustyhorde/repomonc
[INFO] finished tweaking git repo https://github.com/rustyhorde/repomonc
[INFO] tweaked toml for git repo https://github.com/rustyhorde/repomonc written to /workspace/builds/worker-2/source/Cargo.toml
[INFO] crate git repo https://github.com/rustyhorde/repomonc already has a lockfile, it will not be regenerated
[INFO] running `Command { std: "/workspace/cargo-home/bin/cargo" "+beta-2020-07-24" "fetch" "--locked" "--manifest-path" "Cargo.toml", kill_on_drop: false }`
[INFO] [stderr]     Blocking waiting for file lock on package cache
[INFO] running `Command { std: "docker" "create" "-v" "/var/lib/crater-agent-workspace/builds/worker-2/target:/opt/rustwide/target:rw,Z" "-v" "/var/lib/crater-agent-workspace/builds/worker-2/source:/opt/rustwide/workdir:ro,Z" "-v" "/var/lib/crater-agent-workspace/cargo-home:/opt/rustwide/cargo-home:ro,Z" "-v" "/var/lib/crater-agent-workspace/rustup-home:/opt/rustwide/rustup-home:ro,Z" "-e" "SOURCE_DIR=/opt/rustwide/workdir" "-e" "CARGO_TARGET_DIR=/opt/rustwide/target" "-e" "CARGO_HOME=/opt/rustwide/cargo-home" "-e" "RUSTUP_HOME=/opt/rustwide/rustup-home" "-w" "/opt/rustwide/workdir" "-m" "1610612736" "--user" "0:0" "--network" "none" "rustops/crates-build-env@sha256:a636fd89d022f18117e1dc8fb37a0a009933cdbbe082814857f0e2024962d47c" "/opt/rustwide/cargo-home/bin/cargo" "+beta-2020-07-24" "metadata" "--no-deps" "--format-version=1", kill_on_drop: false }`
[INFO] [stdout] 540cf00dd5ff9ba49a16ec4e0621582af576c7f9942fd0ee4e7e5c1599d20838
[INFO] [stderr] WARNING: Your kernel does not support swap limit capabilities or the cgroup is not mounted. Memory limited without swap.
[INFO] running `Command { std: "docker" "start" "-a" "540cf00dd5ff9ba49a16ec4e0621582af576c7f9942fd0ee4e7e5c1599d20838", kill_on_drop: false }`
[INFO] running `Command { std: "docker" "inspect" "540cf00dd5ff9ba49a16ec4e0621582af576c7f9942fd0ee4e7e5c1599d20838", kill_on_drop: false }`
[INFO] running `Command { std: "docker" "rm" "-f" "540cf00dd5ff9ba49a16ec4e0621582af576c7f9942fd0ee4e7e5c1599d20838", kill_on_drop: false }`
[INFO] [stdout] 540cf00dd5ff9ba49a16ec4e0621582af576c7f9942fd0ee4e7e5c1599d20838
[INFO] running `Command { std: "docker" "create" "-v" "/var/lib/crater-agent-workspace/builds/worker-2/target:/opt/rustwide/target:rw,Z" "-v" "/var/lib/crater-agent-workspace/builds/worker-2/source:/opt/rustwide/workdir:ro,Z" "-v" "/var/lib/crater-agent-workspace/cargo-home:/opt/rustwide/cargo-home:ro,Z" "-v" "/var/lib/crater-agent-workspace/rustup-home:/opt/rustwide/rustup-home:ro,Z" "-e" "SOURCE_DIR=/opt/rustwide/workdir" "-e" "CARGO_TARGET_DIR=/opt/rustwide/target" "-e" "CARGO_INCREMENTAL=0" "-e" "RUST_BACKTRACE=full" "-e" "RUSTFLAGS=--cap-lints=forbid" "-e" "CARGO_HOME=/opt/rustwide/cargo-home" "-e" "RUSTUP_HOME=/opt/rustwide/rustup-home" "-w" "/opt/rustwide/workdir" "-m" "1610612736" "--user" "0:0" "--network" "none" "rustops/crates-build-env@sha256:a636fd89d022f18117e1dc8fb37a0a009933cdbbe082814857f0e2024962d47c" "/opt/rustwide/cargo-home/bin/cargo" "+beta-2020-07-24" "check" "--frozen" "--all" "--all-targets" "--message-format=json", kill_on_drop: false }`
[INFO] [stderr] WARNING: Your kernel does not support swap limit capabilities or the cgroup is not mounted. Memory limited without swap.
[INFO] [stdout] a54ea1e0e2ff5e3776783f9379ca3a4e8d35fcfc0ceb8e09b45c191b84438a7e
[INFO] running `Command { std: "docker" "start" "-a" "a54ea1e0e2ff5e3776783f9379ca3a4e8d35fcfc0ceb8e09b45c191b84438a7e", kill_on_drop: false }`
[INFO] [stderr]     Blocking waiting for file lock on package cache
[INFO] [stderr]    Compiling autocfg v1.0.0
[INFO] [stderr]    Compiling byteorder v1.3.4
[INFO] [stderr]     Checking fnv v1.0.7
[INFO] [stderr]    Compiling syn v1.0.38
[INFO] [stderr]    Compiling serde v1.0.115
[INFO] [stderr]    Compiling slog v2.5.2
[INFO] [stderr]     Checking matches v0.1.8
[INFO] [stderr]     Checking gimli v0.22.0
[INFO] [stderr]     Checking adler v0.2.3
[INFO] [stderr]     Checking object v0.20.0
[INFO] [stderr]    Compiling serde_derive v1.0.115
[INFO] [stderr]    Compiling regex v0.2.11
[INFO] [stderr]     Checking ucd-util v0.1.8
[INFO] [stderr]    Compiling bitflags v1.2.1
[INFO] [stderr]     Checking utf8-ranges v1.0.4
[INFO] [stderr]     Checking unicode-width v0.1.8
[INFO] [stderr]     Checking vec_map v0.8.2
[INFO] [stderr]     Checking scoped-tls v0.1.2
[INFO] [stderr]     Checking take_mut v0.2.2
[INFO] [stderr]     Checking ansi_term v0.11.0
[INFO] [stderr]     Checking strsim v0.8.0
[INFO] [stderr]    Compiling proc-macro-error-attr v1.0.4
[INFO] [stderr]    Compiling proc-macro-error v1.0.4
[INFO] [stderr]    Compiling error-chain v0.12.4
[INFO] [stderr]     Checking thread_local v0.3.6
[INFO] [stderr]     Checking unicode-bidi v0.3.4
[INFO] [stderr]     Checking tokio-sync v0.1.8
[INFO] [stderr]     Checking textwrap v0.11.0
[INFO] [stderr]     Checking miniz_oxide v0.4.0
[INFO] [stderr]     Checking log v0.4.11
[INFO] [stderr]     Checking regex-syntax v0.5.6
[INFO] [stderr]     Checking iovec v0.1.4
[INFO] [stderr]     Checking num_cpus v1.13.0
[INFO] [stderr]     Checking net2 v0.2.34
[INFO] [stderr]     Checking dirs-sys v0.3.5
[INFO] [stderr]     Checking rand v0.4.6
[INFO] [stderr]     Checking atty v0.2.14
[INFO] [stderr]     Checking time v0.1.43
[INFO] [stderr]     Checking aho-corasick v0.6.10
[INFO] [stderr]     Checking idna v0.1.5
[INFO] [stderr]     Checking parking_lot_core v0.6.2
[INFO] [stderr]     Checking dirs v2.0.2
[INFO] [stderr]    Compiling crossbeam-utils v0.7.2
[INFO] [stderr]    Compiling memoffset v0.5.5
[INFO] [stderr]    Compiling crossbeam-epoch v0.8.2
[INFO] [stderr]    Compiling num-traits v0.2.12
[INFO] [stderr]    Compiling num-integer v0.1.43
[INFO] [stderr]     Checking clap v2.33.3
[INFO] [stderr]     Checking term v0.6.1
[INFO] [stderr]     Checking mio v0.6.22
[INFO] [stderr]     Checking parking_lot v0.9.0
[INFO] [stderr]     Checking slog-try v0.2.0
[INFO] [stderr]     Checking bytes v0.4.12
[INFO] [stderr]     Checking url v1.7.2
[INFO] [stderr]     Checking tokio-executor v0.1.10
[INFO] [stderr]     Checking crossbeam-queue v0.2.3
[INFO] [stderr]     Checking crossbeam-channel v0.4.3
[INFO] [stderr]     Checking mio-uds v0.6.8
[INFO] [stderr]     Checking tokio-timer v0.2.13
[INFO] [stderr]     Checking tokio-current-thread v0.1.7
[INFO] [stderr]     Checking tokio-io v0.1.13
[INFO] [stderr]     Checking crossbeam-deque v0.7.3
[INFO] [stderr]     Checking tokio-threadpool v0.1.18
[INFO] [stderr]     Checking slog-async v2.5.0
[INFO] [stderr]     Checking tokio-reactor v0.1.12
[INFO] [stderr]     Checking tokio-codec v0.1.2
[INFO] [stderr]     Checking tokio-udp v0.1.6
[INFO] [stderr]     Checking tokio-uds v0.2.7
[INFO] [stderr]     Checking tokio-tcp v0.1.4
[INFO] [stderr]     Checking chrono v0.4.15
[INFO] [stderr]     Checking tokio-fs v0.1.7
[INFO] [stderr]     Checking tokio v0.1.22
[INFO] [stderr]     Checking tokio-core v0.1.17
[INFO] [stderr]     Checking addr2line v0.13.0
[INFO] [stderr]     Checking backtrace v0.3.50
[INFO] [stderr]     Checking slog-term v2.6.0
[INFO] [stderr]    Compiling getset v0.1.1
[INFO] [stderr]     Checking toml v0.5.6
[INFO] [stderr]     Checking uuid v0.6.5
[INFO] [stderr]     Checking bincode v0.9.2
[INFO] [stderr]     Checking repomon v0.1.1
[INFO] [stderr]     Checking repomonc v0.1.0 (/opt/rustwide/workdir)
[INFO] [stdout] warning: trait objects without an explicit `dyn` are deprecated
[INFO] [stdout]   --> src/tcp.rs:28:16
[INFO] [stdout]    |
[INFO] [stdout] 28 |     stdin: Box<Stream<Item = Message, Error = io::Error>>,
[INFO] [stdout]    |                ^^^^^^^^^^^^^^^^^^^^^^^^^^^^^^^^^^^^^^^^^ help: use `dyn`: `dyn Stream<Item = Message, Error = io::Error>`
[INFO] [stdout]    |
[INFO] [stdout]    = note: `#[warn(bare_trait_objects)]` on by default
[INFO] [stdout] 
[INFO] [stdout] 
[INFO] [stdout] warning: trait objects without an explicit `dyn` are deprecated
[INFO] [stdout]   --> src/tcp.rs:29:10
[INFO] [stdout]    |
[INFO] [stdout] 29 | ) -> Box<Stream<Item = Message, Error = io::Error>> {
[INFO] [stdout]    |          ^^^^^^^^^^^^^^^^^^^^^^^^^^^^^^^^^^^^^^^^^ help: use `dyn`: `dyn Stream<Item = Message, Error = io::Error>`
[INFO] [stdout] 
[INFO] [stdout] 
[INFO] [stdout] warning: trait objects without an explicit `dyn` are deprecated
[INFO] [stdout]   --> src/udp.rs:23:16
[INFO] [stdout]    |
[INFO] [stdout] 23 |     stdin: Box<Stream<Item = Message, Error = io::Error>>,
[INFO] [stdout]    |                ^^^^^^^^^^^^^^^^^^^^^^^^^^^^^^^^^^^^^^^^^ help: use `dyn`: `dyn Stream<Item = Message, Error = io::Error>`
[INFO] [stdout] 
[INFO] [stdout] 
[INFO] [stdout] warning: trait objects without an explicit `dyn` are deprecated
[INFO] [stdout]   --> src/udp.rs:24:10
[INFO] [stdout]    |
[INFO] [stdout] 24 | ) -> Box<Stream<Item = Message, Error = io::Error>> {
[INFO] [stdout]    |          ^^^^^^^^^^^^^^^^^^^^^^^^^^^^^^^^^^^^^^^^^ help: use `dyn`: `dyn Stream<Item = Message, Error = io::Error>`
[INFO] [stdout] 
[INFO] [stdout] 
[INFO] [stdout] warning: trait objects without an explicit `dyn` are deprecated
[INFO] [stdout]   --> src/tcp.rs:28:16
[INFO] [stdout]    |
[INFO] [stdout] 28 |     stdin: Box<Stream<Item = Message, Error = io::Error>>,
[INFO] [stdout]    |                ^^^^^^^^^^^^^^^^^^^^^^^^^^^^^^^^^^^^^^^^^ help: use `dyn`: `dyn Stream<Item = Message, Error = io::Error>`
[INFO] [stdout]    |
[INFO] [stdout]    = note: `#[warn(bare_trait_objects)]` on by default
[INFO] [stdout] 
[INFO] [stdout] 
[INFO] [stdout] warning: trait objects without an explicit `dyn` are deprecated
[INFO] [stdout]   --> src/tcp.rs:29:10
[INFO] [stdout]    |
[INFO] [stdout] 29 | ) -> Box<Stream<Item = Message, Error = io::Error>> {
[INFO] [stdout]    |          ^^^^^^^^^^^^^^^^^^^^^^^^^^^^^^^^^^^^^^^^^ help: use `dyn`: `dyn Stream<Item = Message, Error = io::Error>`
[INFO] [stdout] 
[INFO] [stdout] 
[INFO] [stdout] warning: trait objects without an explicit `dyn` are deprecated
[INFO] [stdout]   --> src/udp.rs:23:16
[INFO] [stdout]    |
[INFO] [stdout] 23 |     stdin: Box<Stream<Item = Message, Error = io::Error>>,
[INFO] [stdout]    |                ^^^^^^^^^^^^^^^^^^^^^^^^^^^^^^^^^^^^^^^^^ help: use `dyn`: `dyn Stream<Item = Message, Error = io::Error>`
[INFO] [stdout] 
[INFO] [stdout] 
[INFO] [stdout] warning: trait objects without an explicit `dyn` are deprecated
[INFO] [stdout]   --> src/udp.rs:24:10
[INFO] [stdout]    |
[INFO] [stdout] 24 | ) -> Box<Stream<Item = Message, Error = io::Error>> {
[INFO] [stdout]    |          ^^^^^^^^^^^^^^^^^^^^^^^^^^^^^^^^^^^^^^^^^ help: use `dyn`: `dyn Stream<Item = Message, Error = io::Error>`
[INFO] [stdout] 
[INFO] [stdout] 
[INFO] [stdout] error[E0053]: method `decode` has an incompatible type for trait
[INFO] [stdout]   --> src/tcp.rs:78:5
[INFO] [stdout]    |
[INFO] [stdout] 78 |     fn decode(&mut self, buf: &mut BytesMut) -> io::Result<Option<Message>> {
[INFO] [stdout]    |     ^^^^^^^^^^^^^^^^^^^^^^^^^^^^^^^^^^^^^^^^^^^^^^^^^^^^^^^^^^^^^^^^^^^^^^^ expected struct `bytes::bytes::BytesMut`, found struct `bytes::BytesMut`
[INFO] [stdout]    |
[INFO] [stdout]    = note: expected fn pointer `fn(&mut tcp::Bytes, &mut bytes::bytes::BytesMut) -> std::result::Result<_, _>`
[INFO] [stdout]               found fn pointer `fn(&mut tcp::Bytes, &mut bytes::BytesMut) -> std::result::Result<_, _>`
[INFO] [stdout] 
[INFO] [stdout] 
[INFO] [stdout] error[E0053]: method `decode_eof` has an incompatible type for trait
[INFO] [stdout]   --> src/tcp.rs:92:5
[INFO] [stdout]    |
[INFO] [stdout] 92 |     fn decode_eof(&mut self, buf: &mut BytesMut) -> io::Result<Option<Message>> {
[INFO] [stdout]    |     ^^^^^^^^^^^^^^^^^^^^^^^^^^^^^^^^^^^^^^^^^^^^^^^^^^^^^^^^^^^^^^^^^^^^^^^^^^^ expected struct `bytes::bytes::BytesMut`, found struct `bytes::BytesMut`
[INFO] [stdout]    |
[INFO] [stdout]    = note: expected fn pointer `fn(&mut tcp::Bytes, &mut bytes::bytes::BytesMut) -> std::result::Result<_, _>`
[INFO] [stdout]               found fn pointer `fn(&mut tcp::Bytes, &mut bytes::BytesMut) -> std::result::Result<_, _>`
[INFO] [stdout] 
[INFO] [stdout] 
[INFO] [stdout] error[E0053]: method `encode` has an incompatible type for trait
[INFO] [stdout]    --> src/tcp.rs:101:5
[INFO] [stdout]     |
[INFO] [stdout] 101 |     fn encode(&mut self, data: Message, buf: &mut BytesMut) -> io::Result<()> {
[INFO] [stdout]     |     ^^^^^^^^^^^^^^^^^^^^^^^^^^^^^^^^^^^^^^^^^^^^^^^^^^^^^^^^^^^^^^^^^^^^^^^^^ expected struct `bytes::bytes::BytesMut`, found struct `bytes::BytesMut`
[INFO] [stdout]     |
[INFO] [stdout]     = note: expected fn pointer `fn(&mut tcp::Bytes, repomon::Message, &mut bytes::bytes::BytesMut) -> std::result::Result<_, _>`
[INFO] [stdout]                found fn pointer `fn(&mut tcp::Bytes, repomon::Message, &mut bytes::BytesMut) -> std::result::Result<_, _>`
[INFO] [stdout] 
[INFO] [stdout] 
[INFO] [stdout] warning: use of deprecated item 'tokio_io::AsyncRead::framed': Use tokio_codec::Decoder::framed instead
[INFO] [stdout]   --> src/tcp.rs:51:41
[INFO] [stdout]    |
[INFO] [stdout] 51 |             let (sink, stream) = stream.framed(Bytes).split();
[INFO] [stdout]    |                                         ^^^^^^
[INFO] [stdout]    |
[INFO] [stdout]    = note: `#[warn(deprecated)]` on by default
[INFO] [stdout] 
[INFO] [stdout] 
[INFO] [stdout] error[E0053]: method `decode` has an incompatible type for trait
[INFO] [stdout]   --> src/tcp.rs:78:5
[INFO] [stdout]    |
[INFO] [stdout] 78 |     fn decode(&mut self, buf: &mut BytesMut) -> io::Result<Option<Message>> {
[INFO] [stdout]    |     ^^^^^^^^^^^^^^^^^^^^^^^^^^^^^^^^^^^^^^^^^^^^^^^^^^^^^^^^^^^^^^^^^^^^^^^ expected struct `bytes::bytes::BytesMut`, found struct `bytes::BytesMut`
[INFO] [stdout]    |
[INFO] [stdout]    = note: expected fn pointer `fn(&mut tcp::Bytes, &mut bytes::bytes::BytesMut) -> std::result::Result<_, _>`
[INFO] [stdout]               found fn pointer `fn(&mut tcp::Bytes, &mut bytes::BytesMut) -> std::result::Result<_, _>`
[INFO] [stdout] 
[INFO] [stdout] 
[INFO] [stdout] error[E0053]: method `decode_eof` has an incompatible type for trait
[INFO] [stdout]   --> src/tcp.rs:92:5
[INFO] [stdout]    |
[INFO] [stdout] 92 |     fn decode_eof(&mut self, buf: &mut BytesMut) -> io::Result<Option<Message>> {
[INFO] [stdout]    |     ^^^^^^^^^^^^^^^^^^^^^^^^^^^^^^^^^^^^^^^^^^^^^^^^^^^^^^^^^^^^^^^^^^^^^^^^^^^ expected struct `bytes::bytes::BytesMut`, found struct `bytes::BytesMut`
[INFO] [stdout]    |
[INFO] [stdout]    = note: expected fn pointer `fn(&mut tcp::Bytes, &mut bytes::bytes::BytesMut) -> std::result::Result<_, _>`
[INFO] [stdout]               found fn pointer `fn(&mut tcp::Bytes, &mut bytes::BytesMut) -> std::result::Result<_, _>`
[INFO] [stdout] 
[INFO] [stdout] 
[INFO] [stdout] error[E0053]: method `encode` has an incompatible type for trait
[INFO] [stdout]    --> src/tcp.rs:101:5
[INFO] [stdout]     |
[INFO] [stdout] 101 |     fn encode(&mut self, data: Message, buf: &mut BytesMut) -> io::Result<()> {
[INFO] [stdout]     |     ^^^^^^^^^^^^^^^^^^^^^^^^^^^^^^^^^^^^^^^^^^^^^^^^^^^^^^^^^^^^^^^^^^^^^^^^^ expected struct `bytes::bytes::BytesMut`, found struct `bytes::BytesMut`
[INFO] [stdout]     |
[INFO] [stdout]     = note: expected fn pointer `fn(&mut tcp::Bytes, repomon::Message, &mut bytes::bytes::BytesMut) -> std::result::Result<_, _>`
[INFO] [stdout]                found fn pointer `fn(&mut tcp::Bytes, repomon::Message, &mut bytes::BytesMut) -> std::result::Result<_, _>`
[INFO] [stdout] 
[INFO] [stdout] 
[INFO] [stdout] warning: use of deprecated item 'tokio_io::AsyncRead::framed': Use tokio_codec::Decoder::framed instead
[INFO] [stdout]   --> src/tcp.rs:51:41
[INFO] [stdout]    |
[INFO] [stdout] 51 |             let (sink, stream) = stream.framed(Bytes).split();
[INFO] [stdout]    |                                         ^^^^^^
[INFO] [stdout]    |
[INFO] [stdout]    = note: `#[warn(deprecated)]` on by default
[INFO] [stdout] 
[INFO] [stdout] 
[INFO] [stdout] error[E0308]: mismatched types
[INFO] [stdout]   --> src/tcp.rs:93:21
[INFO] [stdout]    |
[INFO] [stdout] 93 |         self.decode(buf)
[INFO] [stdout]    |                     ^^^ expected struct `bytes::bytes::BytesMut`, found struct `bytes::BytesMut`
[INFO] [stdout]    |
[INFO] [stdout]    = note: expected mutable reference `&mut bytes::bytes::BytesMut`
[INFO] [stdout]               found mutable reference `&mut bytes::BytesMut`
[INFO] [stdout] 
[INFO] [stdout] 
[INFO] [stdout] error: aborting due to 4 previous errors; 5 warnings emitted
[INFO] [stdout] 
[INFO] [stdout] 
[INFO] [stdout] error[E0308]: mismatched types
[INFO] [stdout]   --> src/tcp.rs:93:21
[INFO] [stdout]    |
[INFO] [stdout] 93 |         self.decode(buf)
[INFO] [stdout]    |                     ^^^ expected struct `bytes::bytes::BytesMut`, found struct `bytes::BytesMut`
[INFO] [stdout]    |
[INFO] [stdout]    = note: expected mutable reference `&mut bytes::bytes::BytesMut`
[INFO] [stdout]               found mutable reference `&mut bytes::BytesMut`
[INFO] [stdout] 
[INFO] [stdout] 
[INFO] [stdout] Some errors have detailed explanations: E0053, E0308.
[INFO] [stdout] 
[INFO] [stdout] For more information about an error, try `rustc --explain E0053`.
[INFO] [stdout] 
[INFO] [stderr] error: could not compile `repomonc`.
[INFO] [stderr] 
[INFO] [stderr] To learn more, run the command again with --verbose.
[INFO] [stderr] warning: build failed, waiting for other jobs to finish...
[INFO] [stdout] error: aborting due to 4 previous errors; 5 warnings emitted
[INFO] [stdout] 
[INFO] [stdout] 
[INFO] [stdout] Some errors have detailed explanations: E0053, E0308.
[INFO] [stdout] 
[INFO] [stdout] For more information about an error, try `rustc --explain E0053`.
[INFO] [stdout] 
[INFO] [stderr] error: build failed
[INFO] running `Command { std: "docker" "inspect" "a54ea1e0e2ff5e3776783f9379ca3a4e8d35fcfc0ceb8e09b45c191b84438a7e", kill_on_drop: false }`
[INFO] running `Command { std: "docker" "rm" "-f" "a54ea1e0e2ff5e3776783f9379ca3a4e8d35fcfc0ceb8e09b45c191b84438a7e", kill_on_drop: false }`
[INFO] [stdout] a54ea1e0e2ff5e3776783f9379ca3a4e8d35fcfc0ceb8e09b45c191b84438a7e
