[INFO] cloning repository https://github.com/rschwalk/dht11pi_terminal
[INFO] running `Command { std: "git" "-c" "credential.helper=" "-c" "credential.helper=/workspace/cargo-home/bin/git-credential-null" "clone" "--bare" "https://github.com/rschwalk/dht11pi_terminal" "/workspace/cache/git-repos/https%3A%2F%2Fgithub.com%2Frschwalk%2Fdht11pi_terminal", kill_on_drop: false }`
[INFO] [stderr] Cloning into bare repository '/workspace/cache/git-repos/https%3A%2F%2Fgithub.com%2Frschwalk%2Fdht11pi_terminal'...
[INFO] running `Command { std: "git" "rev-parse" "HEAD", kill_on_drop: false }`
[INFO] [stdout] 7ca5b78467df96bcdaac632ba0d4e596b8f48039
[INFO] checking rschwalk/dht11pi_terminal against beta-2020-07-24 for pr-75494-beta
[INFO] running `Command { std: "git" "clone" "/workspace/cache/git-repos/https%3A%2F%2Fgithub.com%2Frschwalk%2Fdht11pi_terminal" "/workspace/builds/worker-7/source", kill_on_drop: false }`
[INFO] [stderr] Cloning into '/workspace/builds/worker-7/source'...
[INFO] [stderr] done.
[INFO] validating manifest of git repo https://github.com/rschwalk/dht11pi_terminal on toolchain beta-2020-07-24
[INFO] running `Command { std: "/workspace/cargo-home/bin/cargo" "+beta-2020-07-24" "read-manifest" "--manifest-path" "Cargo.toml", kill_on_drop: false }`
[INFO] started tweaking git repo https://github.com/rschwalk/dht11pi_terminal
[INFO] finished tweaking git repo https://github.com/rschwalk/dht11pi_terminal
[INFO] tweaked toml for git repo https://github.com/rschwalk/dht11pi_terminal written to /workspace/builds/worker-7/source/Cargo.toml
[INFO] crate git repo https://github.com/rschwalk/dht11pi_terminal already has a lockfile, it will not be regenerated
[INFO] running `Command { std: "/workspace/cargo-home/bin/cargo" "+beta-2020-07-24" "fetch" "--locked" "--manifest-path" "Cargo.toml", kill_on_drop: false }`
[INFO] [stderr]     Blocking waiting for file lock on package cache
[INFO] running `Command { std: "docker" "create" "-v" "/var/lib/crater-agent-workspace/builds/worker-7/target:/opt/rustwide/target:rw,Z" "-v" "/var/lib/crater-agent-workspace/builds/worker-7/source:/opt/rustwide/workdir:ro,Z" "-v" "/var/lib/crater-agent-workspace/cargo-home:/opt/rustwide/cargo-home:ro,Z" "-v" "/var/lib/crater-agent-workspace/rustup-home:/opt/rustwide/rustup-home:ro,Z" "-e" "SOURCE_DIR=/opt/rustwide/workdir" "-e" "CARGO_TARGET_DIR=/opt/rustwide/target" "-e" "CARGO_HOME=/opt/rustwide/cargo-home" "-e" "RUSTUP_HOME=/opt/rustwide/rustup-home" "-w" "/opt/rustwide/workdir" "-m" "1610612736" "--user" "0:0" "--network" "none" "rustops/crates-build-env@sha256:a636fd89d022f18117e1dc8fb37a0a009933cdbbe082814857f0e2024962d47c" "/opt/rustwide/cargo-home/bin/cargo" "+beta-2020-07-24" "metadata" "--no-deps" "--format-version=1", kill_on_drop: false }`
[INFO] [stdout] 88e1b4a773a2b279f4bed8b85e811f1dfe4c7ab5a30b40d030329521df94b682
[INFO] [stderr] WARNING: Your kernel does not support swap limit capabilities or the cgroup is not mounted. Memory limited without swap.
[INFO] running `Command { std: "docker" "start" "-a" "88e1b4a773a2b279f4bed8b85e811f1dfe4c7ab5a30b40d030329521df94b682", kill_on_drop: false }`
[INFO] running `Command { std: "docker" "inspect" "88e1b4a773a2b279f4bed8b85e811f1dfe4c7ab5a30b40d030329521df94b682", kill_on_drop: false }`
[INFO] running `Command { std: "docker" "rm" "-f" "88e1b4a773a2b279f4bed8b85e811f1dfe4c7ab5a30b40d030329521df94b682", kill_on_drop: false }`
[INFO] [stdout] 88e1b4a773a2b279f4bed8b85e811f1dfe4c7ab5a30b40d030329521df94b682
[INFO] running `Command { std: "docker" "create" "-v" "/var/lib/crater-agent-workspace/builds/worker-7/target:/opt/rustwide/target:rw,Z" "-v" "/var/lib/crater-agent-workspace/builds/worker-7/source:/opt/rustwide/workdir:ro,Z" "-v" "/var/lib/crater-agent-workspace/cargo-home:/opt/rustwide/cargo-home:ro,Z" "-v" "/var/lib/crater-agent-workspace/rustup-home:/opt/rustwide/rustup-home:ro,Z" "-e" "SOURCE_DIR=/opt/rustwide/workdir" "-e" "CARGO_TARGET_DIR=/opt/rustwide/target" "-e" "CARGO_INCREMENTAL=0" "-e" "RUST_BACKTRACE=full" "-e" "RUSTFLAGS=--cap-lints=forbid" "-e" "CARGO_HOME=/opt/rustwide/cargo-home" "-e" "RUSTUP_HOME=/opt/rustwide/rustup-home" "-w" "/opt/rustwide/workdir" "-m" "1610612736" "--user" "0:0" "--network" "none" "rustops/crates-build-env@sha256:a636fd89d022f18117e1dc8fb37a0a009933cdbbe082814857f0e2024962d47c" "/opt/rustwide/cargo-home/bin/cargo" "+beta-2020-07-24" "check" "--frozen" "--all" "--all-targets" "--message-format=json", kill_on_drop: false }`
[INFO] [stdout] de0aa1eaa688376095c1e13cbb97593055363eb8e8dc4835cfbd31feb64b7ead
[INFO] [stderr] WARNING: Your kernel does not support swap limit capabilities or the cgroup is not mounted. Memory limited without swap.
[INFO] running `Command { std: "docker" "start" "-a" "de0aa1eaa688376095c1e13cbb97593055363eb8e8dc4835cfbd31feb64b7ead", kill_on_drop: false }`
[INFO] [stderr]    Compiling cc v1.0.29
[INFO] [stderr]     Checking cty v0.2.0
[INFO] [stderr]    Compiling dht11pi_terminal v0.1.0 (/opt/rustwide/workdir)
[INFO] [stderr] The following warnings were emitted during compilation:
[INFO] [stderr] 
[INFO] [stderr] warning: src/common_dht_read.c:21:10: fatal error: errno.h: No such file or directory
[INFO] [stderr] warning:    21 | #include <errno.h>
[INFO] [stderr] warning:       |          ^~~~~~~~~
[INFO] [stderr] warning: compilation terminated.
[INFO] [stderr] 
[INFO] [stderr] error: failed to run custom build command for `dht11pi_terminal v0.1.0 (/opt/rustwide/workdir)`
[INFO] [stderr] 
[INFO] [stderr] Caused by:
[INFO] [stderr]   process didn't exit successfully: `/opt/rustwide/target/debug/build/dht11pi_terminal-0fdd98112a290f7e/build-script-build` (exit code: 101)
[INFO] [stderr]   --- stdout
[INFO] [stderr]   TARGET = Some("x86_64-unknown-linux-gnu")
[INFO] [stderr]   OPT_LEVEL = Some("0")
[INFO] [stderr]   HOST = Some("x86_64-unknown-linux-gnu")
[INFO] [stderr]   CC_x86_64-unknown-linux-gnu = None
[INFO] [stderr]   CC_x86_64_unknown_linux_gnu = None
[INFO] [stderr]   HOST_CC = None
[INFO] [stderr]   CC = None
[INFO] [stderr]   CFLAGS_x86_64-unknown-linux-gnu = None
[INFO] [stderr]   CFLAGS_x86_64_unknown_linux_gnu = None
[INFO] [stderr]   HOST_CFLAGS = None
[INFO] [stderr]   CFLAGS = None
[INFO] [stderr]   DEBUG = Some("true")
[INFO] [stderr]   running: "cc" "-O0" "-ffunction-sections" "-fdata-sections" "-fPIC" "-g" "-fno-omit-frame-pointer" "-m64" "-I" "src" "-Wall" "-Wextra" "--sysroot=/home/rschwalk/raspi/sysroot" "-std=gnu99" "-o" "/opt/rustwide/target/debug/build/dht11pi_terminal-d579053e84a2d343/out/src/common_dht_read.o" "-c" "src/common_dht_read.c"
[INFO] [stderr]   cargo:warning=src/common_dht_read.c:21:10: fatal error: errno.h: No such file or directory
[INFO] [stderr]   cargo:warning=   21 | #include <errno.h>
[INFO] [stderr]   cargo:warning=      |          ^~~~~~~~~
[INFO] [stderr]   cargo:warning=compilation terminated.
[INFO] [stderr]   exit code: 1
[INFO] [stderr] 
[INFO] [stderr]   --- stderr
[INFO] [stderr]   thread 'main' panicked at '
[INFO] [stderr] 
[INFO] [stderr]   Internal error occurred: Command "cc" "-O0" "-ffunction-sections" "-fdata-sections" "-fPIC" "-g" "-fno-omit-frame-pointer" "-m64" "-I" "src" "-Wall" "-Wextra" "--sysroot=/home/rschwalk/raspi/sysroot" "-std=gnu99" "-o" "/opt/rustwide/target/debug/build/dht11pi_terminal-d579053e84a2d343/out/src/common_dht_read.o" "-c" "src/common_dht_read.c" with args "cc" did not execute successfully (status code exit code: 1).
[INFO] [stderr] 
[INFO] [stderr]   ', /opt/rustwide/cargo-home/registry/src/github.com-1ecc6299db9ec823/cc-1.0.29/src/lib.rs:2314:5
[INFO] [stderr]   stack backtrace:
[INFO] [stderr]      0:     0x55707a3b2de5 - backtrace::backtrace::libunwind::trace::h5e2646fa3eddf2ea
[INFO] [stderr]                                  at /cargo/registry/src/github.com-1ecc6299db9ec823/backtrace-0.3.46/src/backtrace/libunwind.rs:86
[INFO] [stderr]      1:     0x55707a3b2de5 - backtrace::backtrace::trace_unsynchronized::hb95dd7f77ce47877
[INFO] [stderr]                                  at /cargo/registry/src/github.com-1ecc6299db9ec823/backtrace-0.3.46/src/backtrace/mod.rs:66
[INFO] [stderr]      2:     0x55707a3b2de5 - std::sys_common::backtrace::_print_fmt::h5e71b67af43fd70d
[INFO] [stderr]                                  at src/libstd/sys_common/backtrace.rs:78
[INFO] [stderr]      3:     0x55707a3b2de5 - <std::sys_common::backtrace::_print::DisplayBacktrace as core::fmt::Display>::fmt::hdb4a83d2b61107e5
[INFO] [stderr]                                  at src/libstd/sys_common/backtrace.rs:59
[INFO] [stderr]      4:     0x55707a3d781c - core::fmt::write::ha20e7262fa3e8a7a
[INFO] [stderr]                                  at src/libcore/fmt/mod.rs:1076
[INFO] [stderr]      5:     0x55707a3af032 - std::io::Write::write_fmt::h1aebfe8a5a79e36d
[INFO] [stderr]                                  at src/libstd/io/mod.rs:1537
[INFO] [stderr]      6:     0x55707a3b55a0 - std::sys_common::backtrace::_print::h9c07314cc66ba539
[INFO] [stderr]                                  at src/libstd/sys_common/backtrace.rs:62
[INFO] [stderr]      7:     0x55707a3b55a0 - std::sys_common::backtrace::print::hd1fd65f49a2d8544
[INFO] [stderr]                                  at src/libstd/sys_common/backtrace.rs:49
[INFO] [stderr]      8:     0x55707a3b55a0 - std::panicking::default_hook::{{closure}}::h222da46485ab36fc
[INFO] [stderr]                                  at src/libstd/panicking.rs:198
[INFO] [stderr]      9:     0x55707a3b52ec - std::panicking::default_hook::hc5868949d129ed00
[INFO] [stderr]                                  at src/libstd/panicking.rs:217
[INFO] [stderr]     10:     0x55707a3b5be3 - std::panicking::rust_panic_with_hook::h26a6ab8b0993c0c8
[INFO] [stderr]                                  at src/libstd/panicking.rs:526
[INFO] [stderr]     11:     0x55707a3b57db - rust_begin_unwind
[INFO] [stderr]                                  at src/libstd/panicking.rs:437
[INFO] [stderr]     12:     0x55707a3b574b - std::panicking::begin_panic_fmt::h2ff295231415d4a6
[INFO] [stderr]                                  at src/libstd/panicking.rs:391
[INFO] [stderr]     13:     0x55707a363347 - cc::fail::h113d7743716827fb
[INFO] [stderr]                                  at /opt/rustwide/cargo-home/registry/src/github.com-1ecc6299db9ec823/cc-1.0.29/src/lib.rs:2314
[INFO] [stderr]     14:     0x55707a3503ee - cc::Build::compile::hc6cba983fcbc2cf9
[INFO] [stderr]                                  at /opt/rustwide/cargo-home/registry/src/github.com-1ecc6299db9ec823/cc-1.0.29/src/lib.rs:951
[INFO] [stderr]     15:     0x55707a34b610 - build_script_build::main::h8b939cf1fbb96034
[INFO] [stderr]                                  at /opt/rustwide/workdir/build.rs:4
[INFO] [stderr]     16:     0x55707a34b4fb - std::rt::lang_start::{{closure}}::hb118f78fa9003c18
[INFO] [stderr]                                  at /rustc/6f959902b3103c49ca981fbc01871589c3498489/src/libstd/rt.rs:67
[INFO] [stderr]     17:     0x55707a3b5fb3 - std::rt::lang_start_internal::{{closure}}::h84a998219831fa70
[INFO] [stderr]                                  at src/libstd/rt.rs:52
[INFO] [stderr]     18:     0x55707a3b5fb3 - std::panicking::try::do_call::he8e1d689a3e26def
[INFO] [stderr]                                  at src/libstd/panicking.rs:348
[INFO] [stderr]     19:     0x55707a3b5fb3 - std::panicking::try::h264b6eebc2fa7bbf
[INFO] [stderr]                                  at src/libstd/panicking.rs:325
[INFO] [stderr]     20:     0x55707a3b5fb3 - std::panic::catch_unwind::hbf28fafa723b2128
[INFO] [stderr]                                  at src/libstd/panic.rs:394
[INFO] [stderr]     21:     0x55707a3b5fb3 - std::rt::lang_start_internal::he959aa59bc3ec202
[INFO] [stderr]                                  at src/libstd/rt.rs:51
[INFO] [stderr]     22:     0x55707a34b4d7 - std::rt::lang_start::hfbcc01b7617c7bbb
[INFO] [stderr]                                  at /rustc/6f959902b3103c49ca981fbc01871589c3498489/src/libstd/rt.rs:67
[INFO] [stderr]     23:     0x55707a34b66a - main
[INFO] [stderr]     24:     0x7f88ed2800b3 - __libc_start_main
[INFO] [stderr]     25:     0x55707a34b19e - _start
[INFO] [stderr]     26:                0x0 - <unknown>
[INFO] running `Command { std: "docker" "inspect" "de0aa1eaa688376095c1e13cbb97593055363eb8e8dc4835cfbd31feb64b7ead", kill_on_drop: false }`
[INFO] running `Command { std: "docker" "rm" "-f" "de0aa1eaa688376095c1e13cbb97593055363eb8e8dc4835cfbd31feb64b7ead", kill_on_drop: false }`
[INFO] [stdout] de0aa1eaa688376095c1e13cbb97593055363eb8e8dc4835cfbd31feb64b7ead
