[INFO] cloning repository https://github.com/rsb007/usereventsourcing
[INFO] running `Command { std: "git" "-c" "credential.helper=" "-c" "credential.helper=/workspace/cargo-home/bin/git-credential-null" "clone" "--bare" "https://github.com/rsb007/usereventsourcing" "/workspace/cache/git-repos/https%3A%2F%2Fgithub.com%2Frsb007%2Fusereventsourcing", kill_on_drop: false }`
[INFO] [stderr] Cloning into bare repository '/workspace/cache/git-repos/https%3A%2F%2Fgithub.com%2Frsb007%2Fusereventsourcing'...
[INFO] running `Command { std: "git" "rev-parse" "HEAD", kill_on_drop: false }`
[INFO] [stdout] 6625e7568a08f79825d546851cc1672707384724
[INFO] checking rsb007/usereventsourcing against beta-2020-07-24 for pr-75494-beta
[INFO] running `Command { std: "git" "clone" "/workspace/cache/git-repos/https%3A%2F%2Fgithub.com%2Frsb007%2Fusereventsourcing" "/workspace/builds/worker-4/source", kill_on_drop: false }`
[INFO] [stderr] Cloning into '/workspace/builds/worker-4/source'...
[INFO] [stderr] done.
[INFO] validating manifest of git repo https://github.com/rsb007/usereventsourcing on toolchain beta-2020-07-24
[INFO] running `Command { std: "/workspace/cargo-home/bin/cargo" "+beta-2020-07-24" "read-manifest" "--manifest-path" "Cargo.toml", kill_on_drop: false }`
[INFO] started tweaking git repo https://github.com/rsb007/usereventsourcing
[INFO] finished tweaking git repo https://github.com/rsb007/usereventsourcing
[INFO] tweaked toml for git repo https://github.com/rsb007/usereventsourcing written to /workspace/builds/worker-4/source/Cargo.toml
[INFO] crate git repo https://github.com/rsb007/usereventsourcing already has a lockfile, it will not be regenerated
[INFO] running `Command { std: "/workspace/cargo-home/bin/cargo" "+beta-2020-07-24" "fetch" "--locked" "--manifest-path" "Cargo.toml", kill_on_drop: false }`
[INFO] [stderr]     Blocking waiting for file lock on package cache
[INFO] running `Command { std: "docker" "create" "-v" "/var/lib/crater-agent-workspace/builds/worker-4/target:/opt/rustwide/target:rw,Z" "-v" "/var/lib/crater-agent-workspace/builds/worker-4/source:/opt/rustwide/workdir:ro,Z" "-v" "/var/lib/crater-agent-workspace/cargo-home:/opt/rustwide/cargo-home:ro,Z" "-v" "/var/lib/crater-agent-workspace/rustup-home:/opt/rustwide/rustup-home:ro,Z" "-e" "SOURCE_DIR=/opt/rustwide/workdir" "-e" "CARGO_TARGET_DIR=/opt/rustwide/target" "-e" "CARGO_HOME=/opt/rustwide/cargo-home" "-e" "RUSTUP_HOME=/opt/rustwide/rustup-home" "-w" "/opt/rustwide/workdir" "-m" "1610612736" "--user" "0:0" "--network" "none" "rustops/crates-build-env@sha256:a636fd89d022f18117e1dc8fb37a0a009933cdbbe082814857f0e2024962d47c" "/opt/rustwide/cargo-home/bin/cargo" "+beta-2020-07-24" "metadata" "--no-deps" "--format-version=1", kill_on_drop: false }`
[INFO] [stdout] 225ba02a64d2c2e5389184daa67dd8f149089ebe98ab714b7f29d01602d5a1d8
[INFO] [stderr] WARNING: Your kernel does not support swap limit capabilities or the cgroup is not mounted. Memory limited without swap.
[INFO] running `Command { std: "docker" "start" "-a" "225ba02a64d2c2e5389184daa67dd8f149089ebe98ab714b7f29d01602d5a1d8", kill_on_drop: false }`
[INFO] running `Command { std: "docker" "inspect" "225ba02a64d2c2e5389184daa67dd8f149089ebe98ab714b7f29d01602d5a1d8", kill_on_drop: false }`
[INFO] running `Command { std: "docker" "rm" "-f" "225ba02a64d2c2e5389184daa67dd8f149089ebe98ab714b7f29d01602d5a1d8", kill_on_drop: false }`
[INFO] [stdout] 225ba02a64d2c2e5389184daa67dd8f149089ebe98ab714b7f29d01602d5a1d8
[INFO] running `Command { std: "docker" "create" "-v" "/var/lib/crater-agent-workspace/builds/worker-4/target:/opt/rustwide/target:rw,Z" "-v" "/var/lib/crater-agent-workspace/builds/worker-4/source:/opt/rustwide/workdir:ro,Z" "-v" "/var/lib/crater-agent-workspace/cargo-home:/opt/rustwide/cargo-home:ro,Z" "-v" "/var/lib/crater-agent-workspace/rustup-home:/opt/rustwide/rustup-home:ro,Z" "-e" "SOURCE_DIR=/opt/rustwide/workdir" "-e" "CARGO_TARGET_DIR=/opt/rustwide/target" "-e" "CARGO_INCREMENTAL=0" "-e" "RUST_BACKTRACE=full" "-e" "RUSTFLAGS=--cap-lints=forbid" "-e" "CARGO_HOME=/opt/rustwide/cargo-home" "-e" "RUSTUP_HOME=/opt/rustwide/rustup-home" "-w" "/opt/rustwide/workdir" "-m" "1610612736" "--user" "0:0" "--network" "none" "rustops/crates-build-env@sha256:a636fd89d022f18117e1dc8fb37a0a009933cdbbe082814857f0e2024962d47c" "/opt/rustwide/cargo-home/bin/cargo" "+beta-2020-07-24" "check" "--frozen" "--all" "--all-targets" "--message-format=json", kill_on_drop: false }`
[INFO] [stdout] 5cf0fcaff9675de186d55c27acc49b4ae8c308af8084ca27f337a55337272664
[INFO] [stderr] WARNING: Your kernel does not support swap limit capabilities or the cgroup is not mounted. Memory limited without swap.
[INFO] running `Command { std: "docker" "start" "-a" "5cf0fcaff9675de186d55c27acc49b4ae8c308af8084ca27f337a55337272664", kill_on_drop: false }`
[INFO] [stderr]     Checking antidote v1.0.0
[INFO] [stderr]     Checking byteorder v0.5.3
[INFO] [stderr]     Checking serde v0.9.15
[INFO] [stderr]     Checking json v0.11.13
[INFO] [stderr]     Checking snap v0.2.5
[INFO] [stderr]     Checking uuid v0.6.5
[INFO] [stderr]     Checking rand v0.4.3
[INFO] [stderr]     Checking time v0.1.40
[INFO] [stderr]     Checking scheduled-thread-pool v0.2.0
[INFO] [stderr]     Checking lz4-compress v0.1.0
[INFO] [stderr]     Checking r2d2 v0.8.3
[INFO] [stderr]     Checking rand v0.3.22
[INFO] [stderr]     Checking cdrs v2.0.0-beta.3
[INFO] [stderr]     Checking uuid v0.4.0
[INFO] [stderr]     Checking usereventsourcing v0.1.0 (/opt/rustwide/workdir)
[INFO] [stdout] error[E0425]: cannot find value `amita` in this scope
[INFO] [stdout]    --> src/main.rs:110:48
[INFO] [stdout]     |
[INFO] [stdout] 110 |     println!("Hello, world! {}",a.create_user(&amita));
[INFO] [stdout]     |                                                ^^^^^ not found in this scope
[INFO] [stdout] 
[INFO] [stdout] 
[INFO] [stdout] error[E0425]: cannot find value `amita` in this scope
[INFO] [stdout]    --> src/main.rs:110:48
[INFO] [stdout]     |
[INFO] [stdout] 110 |     println!("Hello, world! {}",a.create_user(&amita));
[INFO] [stdout]     |                                                ^^^^^ not found in this scope
[INFO] [stdout] 
[INFO] [stdout] 
[INFO] [stdout] error[E0277]: `std::result::Result<std::vec::Vec<UserEvent>, std::string::String>` doesn't implement `std::fmt::Display`
[INFO] [stdout]    --> src/main.rs:110:33
[INFO] [stdout]     |
[INFO] [stdout] 110 |     println!("Hello, world! {}",a.create_user(&amita));
[INFO] [stdout]     |                                 ^^^^^^^^^^^^^^^^^^^^^ `std::result::Result<std::vec::Vec<UserEvent>, std::string::String>` cannot be formatted with the default formatter
[INFO] [stdout]     |
[INFO] [stdout]     = help: the trait `std::fmt::Display` is not implemented for `std::result::Result<std::vec::Vec<UserEvent>, std::string::String>`
[INFO] [stdout]     = note: in format strings you may be able to use `{:?}` (or {:#?} for pretty-print) instead
[INFO] [stdout]     = note: required by `std::fmt::Display::fmt`
[INFO] [stdout]     = note: this error originates in a macro (in Nightly builds, run with -Z macro-backtrace for more info)
[INFO] [stdout] 
[INFO] [stdout] 
[INFO] [stdout] error: aborting due to 2 previous errors
[INFO] [stdout] 
[INFO] [stdout] 
[INFO] [stdout] Some errors have detailed explanations: E0277, E0425.
[INFO] [stdout] 
[INFO] [stdout] For more information about an error, try `rustc --explain E0277`.
[INFO] [stdout] 
[INFO] [stdout] error[E0277]: `std::result::Result<std::vec::Vec<UserEvent>, std::string::String>` doesn't implement `std::fmt::Display`
[INFO] [stdout]    --> src/main.rs:110:33
[INFO] [stdout]     |
[INFO] [stdout] 110 |     println!("Hello, world! {}",a.create_user(&amita));
[INFO] [stdout]     |                                 ^^^^^^^^^^^^^^^^^^^^^ `std::result::Result<std::vec::Vec<UserEvent>, std::string::String>` cannot be formatted with the default formatter
[INFO] [stdout]     |
[INFO] [stdout]     = help: the trait `std::fmt::Display` is not implemented for `std::result::Result<std::vec::Vec<UserEvent>, std::string::String>`
[INFO] [stdout]     = note: in format strings you may be able to use `{:?}` (or {:#?} for pretty-print) instead
[INFO] [stdout]     = note: required by `std::fmt::Display::fmt`
[INFO] [stdout]     = note: this error originates in a macro (in Nightly builds, run with -Z macro-backtrace for more info)
[INFO] [stdout] 
[INFO] [stdout] 
[INFO] [stderr] error: could not compile `usereventsourcing`.
[INFO] [stderr] 
[INFO] [stderr] To learn more, run the command again with --verbose.
[INFO] [stderr] warning: build failed, waiting for other jobs to finish...
[INFO] [stderr] error: build failed
[INFO] [stdout] error: aborting due to 2 previous errors
[INFO] [stdout] 
[INFO] [stdout] 
[INFO] [stdout] Some errors have detailed explanations: E0277, E0425.
[INFO] [stdout] 
[INFO] [stdout] For more information about an error, try `rustc --explain E0277`.
[INFO] [stdout] 
[INFO] running `Command { std: "docker" "inspect" "5cf0fcaff9675de186d55c27acc49b4ae8c308af8084ca27f337a55337272664", kill_on_drop: false }`
[INFO] running `Command { std: "docker" "rm" "-f" "5cf0fcaff9675de186d55c27acc49b4ae8c308af8084ca27f337a55337272664", kill_on_drop: false }`
[INFO] [stdout] 5cf0fcaff9675de186d55c27acc49b4ae8c308af8084ca27f337a55337272664
