[INFO] cloning repository https://github.com/romanz/trezor-sq
[INFO] running `Command { std: "git" "-c" "credential.helper=" "-c" "credential.helper=/workspace/cargo-home/bin/git-credential-null" "clone" "--bare" "https://github.com/romanz/trezor-sq" "/workspace/cache/git-repos/https%3A%2F%2Fgithub.com%2Fromanz%2Ftrezor-sq", kill_on_drop: false }`
[INFO] [stderr] Cloning into bare repository '/workspace/cache/git-repos/https%3A%2F%2Fgithub.com%2Fromanz%2Ftrezor-sq'...
[INFO] running `Command { std: "git" "rev-parse" "HEAD", kill_on_drop: false }`
[INFO] [stdout] 77b426a0ac54b348556fb0ed6baa2d493e8e693c
[INFO] checking romanz/trezor-sq against beta-2020-07-24 for pr-75494-beta
[INFO] running `Command { std: "git" "clone" "/workspace/cache/git-repos/https%3A%2F%2Fgithub.com%2Fromanz%2Ftrezor-sq" "/workspace/builds/worker-9/source", kill_on_drop: false }`
[INFO] [stderr] Cloning into '/workspace/builds/worker-9/source'...
[INFO] [stderr] done.
[INFO] validating manifest of git repo https://github.com/romanz/trezor-sq on toolchain beta-2020-07-24
[INFO] running `Command { std: "/workspace/cargo-home/bin/cargo" "+beta-2020-07-24" "read-manifest" "--manifest-path" "Cargo.toml", kill_on_drop: false }`
[INFO] started tweaking git repo https://github.com/romanz/trezor-sq
[INFO] finished tweaking git repo https://github.com/romanz/trezor-sq
[INFO] tweaked toml for git repo https://github.com/romanz/trezor-sq written to /workspace/builds/worker-9/source/Cargo.toml
[INFO] crate git repo https://github.com/romanz/trezor-sq already has a lockfile, it will not be regenerated
[INFO] running `Command { std: "/workspace/cargo-home/bin/cargo" "+beta-2020-07-24" "fetch" "--locked" "--manifest-path" "Cargo.toml", kill_on_drop: false }`
[INFO] [stderr]     Blocking waiting for file lock on package cache
[INFO] [stderr]     Blocking waiting for file lock on package cache
[INFO] running `Command { std: "docker" "create" "-v" "/var/lib/crater-agent-workspace/builds/worker-9/target:/opt/rustwide/target:rw,Z" "-v" "/var/lib/crater-agent-workspace/builds/worker-9/source:/opt/rustwide/workdir:ro,Z" "-v" "/var/lib/crater-agent-workspace/cargo-home:/opt/rustwide/cargo-home:ro,Z" "-v" "/var/lib/crater-agent-workspace/rustup-home:/opt/rustwide/rustup-home:ro,Z" "-e" "SOURCE_DIR=/opt/rustwide/workdir" "-e" "CARGO_TARGET_DIR=/opt/rustwide/target" "-e" "CARGO_HOME=/opt/rustwide/cargo-home" "-e" "RUSTUP_HOME=/opt/rustwide/rustup-home" "-w" "/opt/rustwide/workdir" "-m" "1610612736" "--user" "0:0" "--network" "none" "rustops/crates-build-env@sha256:a636fd89d022f18117e1dc8fb37a0a009933cdbbe082814857f0e2024962d47c" "/opt/rustwide/cargo-home/bin/cargo" "+beta-2020-07-24" "metadata" "--no-deps" "--format-version=1", kill_on_drop: false }`
[INFO] [stderr] WARNING: Your kernel does not support swap limit capabilities or the cgroup is not mounted. Memory limited without swap.
[INFO] [stdout] f5c3ae984b37020c11ba7ae1a1aa926fd50a81f0e0912f0d804ab34e86e818c8
[INFO] running `Command { std: "docker" "start" "-a" "f5c3ae984b37020c11ba7ae1a1aa926fd50a81f0e0912f0d804ab34e86e818c8", kill_on_drop: false }`
[INFO] running `Command { std: "docker" "inspect" "f5c3ae984b37020c11ba7ae1a1aa926fd50a81f0e0912f0d804ab34e86e818c8", kill_on_drop: false }`
[INFO] running `Command { std: "docker" "rm" "-f" "f5c3ae984b37020c11ba7ae1a1aa926fd50a81f0e0912f0d804ab34e86e818c8", kill_on_drop: false }`
[INFO] [stdout] f5c3ae984b37020c11ba7ae1a1aa926fd50a81f0e0912f0d804ab34e86e818c8
[INFO] running `Command { std: "docker" "create" "-v" "/var/lib/crater-agent-workspace/builds/worker-9/target:/opt/rustwide/target:rw,Z" "-v" "/var/lib/crater-agent-workspace/builds/worker-9/source:/opt/rustwide/workdir:ro,Z" "-v" "/var/lib/crater-agent-workspace/cargo-home:/opt/rustwide/cargo-home:ro,Z" "-v" "/var/lib/crater-agent-workspace/rustup-home:/opt/rustwide/rustup-home:ro,Z" "-e" "SOURCE_DIR=/opt/rustwide/workdir" "-e" "CARGO_TARGET_DIR=/opt/rustwide/target" "-e" "CARGO_INCREMENTAL=0" "-e" "RUST_BACKTRACE=full" "-e" "RUSTFLAGS=--cap-lints=forbid" "-e" "CARGO_HOME=/opt/rustwide/cargo-home" "-e" "RUSTUP_HOME=/opt/rustwide/rustup-home" "-w" "/opt/rustwide/workdir" "-m" "1610612736" "--user" "0:0" "--network" "none" "rustops/crates-build-env@sha256:a636fd89d022f18117e1dc8fb37a0a009933cdbbe082814857f0e2024962d47c" "/opt/rustwide/cargo-home/bin/cargo" "+beta-2020-07-24" "check" "--frozen" "--all" "--all-targets" "--message-format=json", kill_on_drop: false }`
[INFO] [stdout] 2768b478ef5d3f7ac238218365f052909938db1be5a0f40c57548effd1f2ae59
[INFO] [stderr] WARNING: Your kernel does not support swap limit capabilities or the cgroup is not mounted. Memory limited without swap.
[INFO] running `Command { std: "docker" "start" "-a" "2768b478ef5d3f7ac238218365f052909938db1be5a0f40c57548effd1f2ae59", kill_on_drop: false }`
[INFO] [stderr]    Compiling libc v0.2.58
[INFO] [stderr]    Compiling cc v1.0.26
[INFO] [stderr]    Compiling autocfg v0.1.4
[INFO] [stderr]    Compiling proc-macro2 v0.4.30
[INFO] [stderr]    Compiling unicode-xid v0.1.0
[INFO] [stderr]    Compiling memchr v2.2.0
[INFO] [stderr]    Compiling syn v0.15.36
[INFO] [stderr]    Compiling rand_core v0.4.0
[INFO] [stderr]    Compiling regex v1.1.7
[INFO] [stderr]    Compiling cfg-if v0.1.9
[INFO] [stderr]    Compiling lazy_static v1.3.0
[INFO] [stderr]    Compiling ucd-util v0.1.3
[INFO] [stderr]    Compiling utf8-ranges v1.0.3
[INFO] [stderr]    Compiling pkg-config v0.3.14
[INFO] [stderr]    Compiling typenum v1.10.0
[INFO] [stderr]    Compiling siphasher v0.2.3
[INFO] [stderr]    Compiling string_cache_shared v0.3.0
[INFO] [stderr]    Compiling serde v1.0.92
[INFO] [stderr]    Compiling bitflags v1.1.0
[INFO] [stderr]    Compiling version_check v0.1.5
[INFO] [stderr]    Compiling byte-tools v0.3.1
[INFO] [stderr]    Compiling rustc-demangle v0.1.15
[INFO] [stderr]    Compiling unicode-width v0.1.5
[INFO] [stderr]    Compiling quick-error v1.2.2
[INFO] [stderr]    Compiling ordermap v0.3.5
[INFO] [stderr]    Compiling fake-simd v0.1.2
[INFO] [stderr]    Compiling strsim v0.9.2
[INFO] [stderr]    Compiling bit-vec v0.5.1
[INFO] [stderr]    Compiling either v1.5.2
[INFO] [stderr]    Compiling precomputed-hash v0.1.1
[INFO] [stderr]    Compiling new_debug_unreachable v1.0.3
[INFO] [stderr]    Compiling opaque-debug v0.2.2
[INFO] [stderr]    Compiling fixedbitset v0.1.9
[INFO] [stderr]    Compiling bindgen v0.47.3
[INFO] [stderr]    Compiling ansi_term v0.11.0
[INFO] [stderr]    Compiling vec_map v0.8.1
[INFO] [stderr]    Compiling termcolor v1.0.5
[INFO] [stderr]    Compiling strsim v0.8.0
[INFO] [stderr]    Compiling diff v0.1.11
[INFO] [stderr]    Compiling lalrpop-util v0.17.0
[INFO] [stderr]    Compiling peeking_take_while v0.1.2
[INFO] [stderr]     Checking bech32 v0.6.0
[INFO] [stderr]     Checking matches v0.1.8
[INFO] [stderr]    Compiling memsec v0.5.6
[INFO] [stderr]    Compiling protobuf v2.6.2
[INFO] [stderr]     Checking bit-vec v0.6.1
[INFO] [stderr]     Checking safemem v0.3.0
[INFO] [stderr]     Checking hex v0.3.2
[INFO] [stderr]    Compiling log v0.4.6
[INFO] [stderr]    Compiling thread_local v0.3.6
[INFO] [stderr]    Compiling regex-syntax v0.6.7
[INFO] [stderr]    Compiling rand_core v0.3.1
[INFO] [stderr]    Compiling rand_jitter v0.1.4
[INFO] [stderr]    Compiling phf_shared v0.7.24
[INFO] [stderr]    Compiling clang-sys v0.26.4
[INFO] [stderr]    Compiling block-padding v0.1.4
[INFO] [stderr]    Compiling humantime v1.2.0
[INFO] [stderr]    Compiling textwrap v0.11.0
[INFO] [stderr]    Compiling itertools v0.8.0
[INFO] [stderr]    Compiling rand_pcg v0.1.2
[INFO] [stderr]    Compiling rand_chacha v0.1.1
[INFO] [stderr]    Compiling rand v0.6.5
[INFO] [stderr]    Compiling backtrace v0.3.30
[INFO] [stderr]    Compiling bit-set v0.5.1
[INFO] [stderr]    Compiling nom v4.2.3
[INFO] [stderr]    Compiling petgraph v0.4.13
[INFO] [stderr]    Compiling libusb-sys v0.2.3
[INFO] [stderr]     Checking unicode-bidi v0.3.4
[INFO] [stderr]    Compiling byteorder v1.3.2
[INFO] [stderr]     Checking bitcoin-bech32 v0.9.0
[INFO] [stderr]    Compiling rand_hc v0.1.0
[INFO] [stderr]    Compiling rand_xorshift v0.1.1
[INFO] [stderr]    Compiling rand_isaac v0.1.1
[INFO] [stderr]     Checking bit-set v0.2.0
[INFO] [stderr]    Compiling ena v0.13.0
[INFO] [stderr]     Checking fern v0.5.8
[INFO] [stderr]     Checking crc32fast v1.2.0
[INFO] [stderr]     Checking bitcoin_hashes v0.3.2
[INFO] [stderr]     Checking base64 v0.9.3
[INFO] [stderr]     Checking idna v0.1.5
[INFO] [stderr]    Compiling hashbrown v0.1.8
[INFO] [stderr]    Compiling backtrace-sys v0.1.28
[INFO] [stderr]    Compiling libloading v0.5.1
[INFO] [stderr]    Compiling miniz-sys v0.1.12
[INFO] [stderr]    Compiling bzip2-sys v0.1.7
[INFO] [stderr]    Compiling secp256k1 v0.12.2
[INFO] [stderr]    Compiling hidapi-sys v0.1.4
[INFO] [stderr]    Compiling aho-corasick v0.7.3
[INFO] [stderr]    Compiling atty v0.2.11
[INFO] [stderr]    Compiling rand_os v0.1.3
[INFO] [stderr]    Compiling dirs v1.0.5
[INFO] [stderr]    Compiling quote v0.6.12
[INFO] [stderr]     Checking rand v0.4.6
[INFO] [stderr]     Checking getrandom v0.1.3
[INFO] [stderr]     Checking time v0.1.42
[INFO] [stderr]     Checking subprocess v0.1.18
[INFO] [stderr]    Compiling generic-array v0.12.0
[INFO] [stderr]    Compiling clap v2.33.0
[INFO] [stderr]    Compiling term v0.5.2
[INFO] [stderr]     Checking libusb v0.3.0
[INFO] [stderr]    Compiling digest v0.8.0
[INFO] [stderr]    Compiling block-buffer v0.7.3
[INFO] [stderr]    Compiling cexpr v0.3.5
[INFO] [stderr]     Checking rand v0.3.23
[INFO] [stderr]    Compiling ascii-canvas v2.0.0
[INFO] [stderr]     Checking flate2 v1.0.7
[INFO] [stderr]    Compiling sha2 v0.8.0
[INFO] [stderr]     Checking hid v0.3.1
[INFO] [stderr]     Checking bzip2 v0.3.3
[INFO] [stderr]    Compiling phf_generator v0.7.24
[INFO] [stderr]    Compiling string_cache_codegen v0.4.2
[INFO] [stderr]     Checking buffered-reader v0.8.0
[INFO] [stderr]    Compiling env_logger v0.6.1
[INFO] [stderr]    Compiling string_cache v0.7.3
[INFO] [stderr]     Checking quickcheck v0.8.5
[INFO] [stderr]    Compiling synstructure v0.10.2
[INFO] [stderr]    Compiling failure_derive v0.1.5
[INFO] [stderr]    Compiling serde_derive v1.0.92
[INFO] [stderr]     Checking bitcoin v0.18.0
[INFO] [stderr]    Compiling failure v0.1.5
[INFO] [stderr]    Compiling which v2.0.1
[INFO] [stderr]     Checking trezor v0.0.1 (https://github.com/romanz/rust-trezor-api#e002c354)
[INFO] [stderr]    Compiling nettle-sys v1.0.3
[INFO] [stderr] error: failed to run custom build command for `nettle-sys v1.0.3`
[INFO] [stderr] 
[INFO] [stderr] Caused by:
[INFO] [stderr]   process didn't exit successfully: `/opt/rustwide/target/debug/build/nettle-sys-797348c1a9649d1f/build-script-build` (exit code: 101)
[INFO] [stderr]   --- stdout
[INFO] [stderr]   cargo:rerun-if-env-changed=NETTLE_STATIC
[INFO] [stderr]   cargo:rerun-if-env-changed=NETTLE_PREGENERATED_BINDINGS
[INFO] [stderr]   cargo:rustc-link-search=native=/usr/lib/x86_64-linux-gnu
[INFO] [stderr]   cargo:rustc-link-lib=nettle
[INFO] [stderr]   cargo:rustc-link-lib=hogweed
[INFO] [stderr]   cargo:rustc-link-lib=dylib=nettle
[INFO] [stderr]   cargo:rustc-link-lib=dylib=hogweed
[INFO] [stderr]   cargo:rustc-link-search=native=/usr/lib/x86_64-linux-gnu
[INFO] [stderr]   cargo:rustc-link-lib=dylib=gmp
[INFO] [stderr] 
[INFO] [stderr]   --- stderr
[INFO] [stderr]   bindgen-wrapper.h:19:10: fatal error: 'nettle/des-compat.h' file not found
[INFO] [stderr]   bindgen-wrapper.h:19:10: fatal error: 'nettle/des-compat.h' file not found, err: true
[INFO] [stderr]   thread 'main' panicked at 'called `Result::unwrap()` on an `Err` value: ()', /opt/rustwide/cargo-home/registry/src/github.com-1ecc6299db9ec823/nettle-sys-1.0.3/build.rs:72:39
[INFO] [stderr]   stack backtrace:
[INFO] [stderr]      0:     0x5576dbcc16b5 - backtrace::backtrace::libunwind::trace::h5e2646fa3eddf2ea
[INFO] [stderr]                                  at /cargo/registry/src/github.com-1ecc6299db9ec823/backtrace-0.3.46/src/backtrace/libunwind.rs:86
[INFO] [stderr]      1:     0x5576dbcc16b5 - backtrace::backtrace::trace_unsynchronized::hb95dd7f77ce47877
[INFO] [stderr]                                  at /cargo/registry/src/github.com-1ecc6299db9ec823/backtrace-0.3.46/src/backtrace/mod.rs:66
[INFO] [stderr]      2:     0x5576dbcc16b5 - std::sys_common::backtrace::_print_fmt::h5e71b67af43fd70d
[INFO] [stderr]                                  at src/libstd/sys_common/backtrace.rs:78
[INFO] [stderr]      3:     0x5576dbcc16b5 - <std::sys_common::backtrace::_print::DisplayBacktrace as core::fmt::Display>::fmt::hdb4a83d2b61107e5
[INFO] [stderr]                                  at src/libstd/sys_common/backtrace.rs:59
[INFO] [stderr]      4:     0x5576dbcec43c - core::fmt::write::ha20e7262fa3e8a7a
[INFO] [stderr]                                  at src/libcore/fmt/mod.rs:1076
[INFO] [stderr]      5:     0x5576dbcbde72 - std::io::Write::write_fmt::h1aebfe8a5a79e36d
[INFO] [stderr]                                  at src/libstd/io/mod.rs:1537
[INFO] [stderr]      6:     0x5576dbcc4000 - std::sys_common::backtrace::_print::h9c07314cc66ba539
[INFO] [stderr]                                  at src/libstd/sys_common/backtrace.rs:62
[INFO] [stderr]      7:     0x5576dbcc4000 - std::sys_common::backtrace::print::hd1fd65f49a2d8544
[INFO] [stderr]                                  at src/libstd/sys_common/backtrace.rs:49
[INFO] [stderr]      8:     0x5576dbcc4000 - std::panicking::default_hook::{{closure}}::h222da46485ab36fc
[INFO] [stderr]                                  at src/libstd/panicking.rs:198
[INFO] [stderr]      9:     0x5576dbcc3d4c - std::panicking::default_hook::hc5868949d129ed00
[INFO] [stderr]                                  at src/libstd/panicking.rs:217
[INFO] [stderr]     10:     0x5576dbcc4643 - std::panicking::rust_panic_with_hook::h26a6ab8b0993c0c8
[INFO] [stderr]                                  at src/libstd/panicking.rs:526
[INFO] [stderr]     11:     0x5576dbcc423b - rust_begin_unwind
[INFO] [stderr]                                  at src/libstd/panicking.rs:437
[INFO] [stderr]     12:     0x5576dbceaaf1 - core::panicking::panic_fmt::h17139c2000299725
[INFO] [stderr]                                  at src/libcore/panicking.rs:85
[INFO] [stderr]     13:     0x5576dbcea913 - core::option::expect_none_failed::h972f96abb4ec8952
[INFO] [stderr]                                  at src/libcore/option.rs:1269
[INFO] [stderr]     14:     0x5576db6f7418 - core::result::Result<T,E>::unwrap::h550bd5b46e1878e3
[INFO] [stderr]                                  at /rustc/6f959902b3103c49ca981fbc01871589c3498489/src/libcore/result.rs:1005
[INFO] [stderr]     15:     0x5576db6f644c - build_script_build::main::haddff1ce8deed6d3
[INFO] [stderr]                                  at /opt/rustwide/cargo-home/registry/src/github.com-1ecc6299db9ec823/nettle-sys-1.0.3/build.rs:72
[INFO] [stderr]     16:     0x5576db6f716b - std::rt::lang_start::{{closure}}::haade7c344026e9bc
[INFO] [stderr]                                  at /rustc/6f959902b3103c49ca981fbc01871589c3498489/src/libstd/rt.rs:67
[INFO] [stderr]     17:     0x5576dbcc4ae3 - std::rt::lang_start_internal::{{closure}}::h84a998219831fa70
[INFO] [stderr]                                  at src/libstd/rt.rs:52
[INFO] [stderr]     18:     0x5576dbcc4ae3 - std::panicking::try::do_call::he8e1d689a3e26def
[INFO] [stderr]                                  at src/libstd/panicking.rs:348
[INFO] [stderr]     19:     0x5576dbcc4ae3 - std::panicking::try::h264b6eebc2fa7bbf
[INFO] [stderr]                                  at src/libstd/panicking.rs:325
[INFO] [stderr]     20:     0x5576dbcc4ae3 - std::panic::catch_unwind::hbf28fafa723b2128
[INFO] [stderr]                                  at src/libstd/panic.rs:394
[INFO] [stderr]     21:     0x5576dbcc4ae3 - std::rt::lang_start_internal::he959aa59bc3ec202
[INFO] [stderr]                                  at src/libstd/rt.rs:51
[INFO] [stderr]     22:     0x5576db6f7147 - std::rt::lang_start::hdfd25f84abf8192f
[INFO] [stderr]                                  at /rustc/6f959902b3103c49ca981fbc01871589c3498489/src/libstd/rt.rs:67
[INFO] [stderr]     23:     0x5576db6f695a - main
[INFO] [stderr]     24:     0x7f65394b70b3 - __libc_start_main
[INFO] [stderr]     25:     0x5576db6f51ae - _start
[INFO] [stderr]     26:                0x0 - <unknown>
[INFO] [stderr] warning: build failed, waiting for other jobs to finish...
[INFO] [stderr] error: build failed
[INFO] running `Command { std: "docker" "inspect" "2768b478ef5d3f7ac238218365f052909938db1be5a0f40c57548effd1f2ae59", kill_on_drop: false }`
[INFO] running `Command { std: "docker" "rm" "-f" "2768b478ef5d3f7ac238218365f052909938db1be5a0f40c57548effd1f2ae59", kill_on_drop: false }`
[INFO] [stdout] 2768b478ef5d3f7ac238218365f052909938db1be5a0f40c57548effd1f2ae59
