[INFO] cloning repository https://github.com/rkanati/breakout
[INFO] running `Command { std: "git" "-c" "credential.helper=" "-c" "credential.helper=/workspace/cargo-home/bin/git-credential-null" "clone" "--bare" "https://github.com/rkanati/breakout" "/workspace/cache/git-repos/https%3A%2F%2Fgithub.com%2Frkanati%2Fbreakout", kill_on_drop: false }`
[INFO] [stderr] Cloning into bare repository '/workspace/cache/git-repos/https%3A%2F%2Fgithub.com%2Frkanati%2Fbreakout'...
[INFO] running `Command { std: "git" "rev-parse" "HEAD", kill_on_drop: false }`
[INFO] [stdout] 89609c2d9cdabe289dfb98f9214ccf6c7e269f01
[INFO] checking rkanati/breakout against beta-2020-07-24 for pr-75494-beta
[INFO] running `Command { std: "git" "clone" "/workspace/cache/git-repos/https%3A%2F%2Fgithub.com%2Frkanati%2Fbreakout" "/workspace/builds/worker-7/source", kill_on_drop: false }`
[INFO] [stderr] Cloning into '/workspace/builds/worker-7/source'...
[INFO] [stderr] done.
[INFO] validating manifest of git repo https://github.com/rkanati/breakout on toolchain beta-2020-07-24
[INFO] running `Command { std: "/workspace/cargo-home/bin/cargo" "+beta-2020-07-24" "read-manifest" "--manifest-path" "Cargo.toml", kill_on_drop: false }`
[INFO] started tweaking git repo https://github.com/rkanati/breakout
[INFO] finished tweaking git repo https://github.com/rkanati/breakout
[INFO] tweaked toml for git repo https://github.com/rkanati/breakout written to /workspace/builds/worker-7/source/Cargo.toml
[INFO] crate git repo https://github.com/rkanati/breakout already has a lockfile, it will not be regenerated
[INFO] running `Command { std: "/workspace/cargo-home/bin/cargo" "+beta-2020-07-24" "fetch" "--locked" "--manifest-path" "Cargo.toml", kill_on_drop: false }`
[INFO] [stderr]     Blocking waiting for file lock on package cache
[INFO] running `Command { std: "docker" "create" "-v" "/var/lib/crater-agent-workspace/builds/worker-7/target:/opt/rustwide/target:rw,Z" "-v" "/var/lib/crater-agent-workspace/builds/worker-7/source:/opt/rustwide/workdir:ro,Z" "-v" "/var/lib/crater-agent-workspace/cargo-home:/opt/rustwide/cargo-home:ro,Z" "-v" "/var/lib/crater-agent-workspace/rustup-home:/opt/rustwide/rustup-home:ro,Z" "-e" "SOURCE_DIR=/opt/rustwide/workdir" "-e" "CARGO_TARGET_DIR=/opt/rustwide/target" "-e" "CARGO_HOME=/opt/rustwide/cargo-home" "-e" "RUSTUP_HOME=/opt/rustwide/rustup-home" "-w" "/opt/rustwide/workdir" "-m" "1610612736" "--user" "0:0" "--network" "none" "rustops/crates-build-env@sha256:a636fd89d022f18117e1dc8fb37a0a009933cdbbe082814857f0e2024962d47c" "/opt/rustwide/cargo-home/bin/cargo" "+beta-2020-07-24" "metadata" "--no-deps" "--format-version=1", kill_on_drop: false }`
[INFO] [stderr] WARNING: Your kernel does not support swap limit capabilities or the cgroup is not mounted. Memory limited without swap.
[INFO] [stdout] 9cc4380ae2b2dbed834e4216d7f95eb3f6179889692d3e0ea8100d71f30da2b8
[INFO] running `Command { std: "docker" "start" "-a" "9cc4380ae2b2dbed834e4216d7f95eb3f6179889692d3e0ea8100d71f30da2b8", kill_on_drop: false }`
[INFO] running `Command { std: "docker" "inspect" "9cc4380ae2b2dbed834e4216d7f95eb3f6179889692d3e0ea8100d71f30da2b8", kill_on_drop: false }`
[INFO] running `Command { std: "docker" "rm" "-f" "9cc4380ae2b2dbed834e4216d7f95eb3f6179889692d3e0ea8100d71f30da2b8", kill_on_drop: false }`
[INFO] [stdout] 9cc4380ae2b2dbed834e4216d7f95eb3f6179889692d3e0ea8100d71f30da2b8
[INFO] running `Command { std: "docker" "create" "-v" "/var/lib/crater-agent-workspace/builds/worker-7/target:/opt/rustwide/target:rw,Z" "-v" "/var/lib/crater-agent-workspace/builds/worker-7/source:/opt/rustwide/workdir:ro,Z" "-v" "/var/lib/crater-agent-workspace/cargo-home:/opt/rustwide/cargo-home:ro,Z" "-v" "/var/lib/crater-agent-workspace/rustup-home:/opt/rustwide/rustup-home:ro,Z" "-e" "SOURCE_DIR=/opt/rustwide/workdir" "-e" "CARGO_TARGET_DIR=/opt/rustwide/target" "-e" "CARGO_INCREMENTAL=0" "-e" "RUST_BACKTRACE=full" "-e" "RUSTFLAGS=--cap-lints=forbid" "-e" "CARGO_HOME=/opt/rustwide/cargo-home" "-e" "RUSTUP_HOME=/opt/rustwide/rustup-home" "-w" "/opt/rustwide/workdir" "-m" "1610612736" "--user" "0:0" "--network" "none" "rustops/crates-build-env@sha256:a636fd89d022f18117e1dc8fb37a0a009933cdbbe082814857f0e2024962d47c" "/opt/rustwide/cargo-home/bin/cargo" "+beta-2020-07-24" "check" "--frozen" "--all" "--all-targets" "--message-format=json", kill_on_drop: false }`
[INFO] [stdout] da834a469e71d0fe2c5e7785f7569582db785b705bd49ad35850c850c420aff0
[INFO] [stderr] WARNING: Your kernel does not support swap limit capabilities or the cgroup is not mounted. Memory limited without swap.
[INFO] running `Command { std: "docker" "start" "-a" "da834a469e71d0fe2c5e7785f7569582db785b705bd49ad35850c850c420aff0", kill_on_drop: false }`
[INFO] [stderr]    Compiling autocfg v0.1.7
[INFO] [stderr]    Compiling libc v0.2.66
[INFO] [stderr]     Checking cfg-if v0.1.10
[INFO] [stderr]    Compiling semver-parser v0.7.0
[INFO] [stderr]    Compiling proc-macro2 v0.4.30
[INFO] [stderr]    Compiling unicode-xid v0.1.0
[INFO] [stderr]    Compiling bitflags v1.2.1
[INFO] [stderr]    Compiling log v0.4.8
[INFO] [stderr]    Compiling xml-rs v0.8.0
[INFO] [stderr]    Compiling byteorder v1.3.2
[INFO] [stderr]     Checking lazy_static v1.4.0
[INFO] [stderr]    Compiling cc v1.0.48
[INFO] [stderr]    Compiling pkg-config v0.3.17
[INFO] [stderr]     Checking scopeguard v1.0.0
[INFO] [stderr]    Compiling syn v0.15.44
[INFO] [stderr]     Checking rand_core v0.4.2
[INFO] [stderr]     Checking linked-hash-map v0.5.2
[INFO] [stderr]     Checking arrayvec v0.5.1
[INFO] [stderr]    Compiling proc-macro2 v1.0.6
[INFO] [stderr]    Compiling getrandom v0.1.13
[INFO] [stderr]    Compiling unicode-xid v0.2.0
[INFO] [stderr]    Compiling arrayvec v0.4.12
[INFO] [stderr]    Compiling syn v1.0.11
[INFO] [stderr]    Compiling version_check v0.1.5
[INFO] [stderr]     Checking ppv-lite86 v0.2.6
[INFO] [stderr]    Compiling ryu v1.0.2
[INFO] [stderr]     Checking nodrop v0.1.14
[INFO] [stderr]    Compiling rustc-demangle v0.1.16
[INFO] [stderr]     Checking downcast-rs v1.1.1
[INFO] [stderr]    Compiling libm v0.1.4
[INFO] [stderr]    Compiling pulldown-cmark v0.2.0
[INFO] [stderr]    Compiling typenum v1.11.2
[INFO] [stderr]    Compiling itoa v0.4.4
[INFO] [stderr]    Compiling crc32fast v1.2.0
[INFO] [stderr]     Checking adler32 v1.0.4
[INFO] [stderr]    Compiling remove_dir_all v0.5.2
[INFO] [stderr]    Compiling same-file v1.0.5
[INFO] [stderr]    Compiling nix v0.15.0
[INFO] [stderr]     Checking lzw v0.10.0
[INFO] [stderr]    Compiling glob v0.2.11
[INFO] [stderr]    Compiling bytecount v0.4.0
[INFO] [stderr]     Checking percent-encoding v2.1.0
[INFO] [stderr]     Checking xi-unicode v0.2.0
[INFO] [stderr]     Checking mint v0.5.4
[INFO] [stderr]     Checking vec_map v0.8.1
[INFO] [stderr]     Checking color_quant v1.0.1
[INFO] [stderr]     Checking fnv v1.0.6
[INFO] [stderr]     Checking hound v3.4.0
[INFO] [stderr]     Checking podio v0.1.6
[INFO] [stderr]     Checking claxon v0.4.2
[INFO] [stderr]     Checking lock_api v0.3.2
[INFO] [stderr]     Checking rand_core v0.3.1
[INFO] [stderr]     Checking rand_jitter v0.1.4
[INFO] [stderr]    Compiling num-traits v0.2.10
[INFO] [stderr]    Compiling crossbeam-utils v0.7.0
[INFO] [stderr]    Compiling crossbeam-epoch v0.8.0
[INFO] [stderr]    Compiling num-integer v0.1.41
[INFO] [stderr]    Compiling num-rational v0.2.2
[INFO] [stderr]    Compiling rand_pcg v0.1.2
[INFO] [stderr]    Compiling num-complex v0.2.3
[INFO] [stderr]    Compiling rand_chacha v0.1.1
[INFO] [stderr]    Compiling rand v0.6.5
[INFO] [stderr]    Compiling num-iter v0.1.39
[INFO] [stderr]     Checking inflate v0.4.5
[INFO] [stderr]    Compiling walkdir v2.2.9
[INFO] [stderr]    Compiling error-chain v0.12.1
[INFO] [stderr]    Compiling x11-dl v2.18.4
[INFO] [stderr]    Compiling alsa-sys v0.1.2
[INFO] [stderr]    Compiling libudev-sys v0.1.4
[INFO] [stderr]     Checking serde v1.0.103
[INFO] [stderr]     Checking c2-chacha v0.2.3
[INFO] [stderr]     Checking gif v0.10.3
[INFO] [stderr]     Checking rand_hc v0.1.0
[INFO] [stderr]     Checking rand_isaac v0.1.1
[INFO] [stderr]     Checking rand_xorshift v0.1.1
[INFO] [stderr]    Compiling semver v0.9.0
[INFO] [stderr]     Checking smallvec v0.6.13
[INFO] [stderr]     Checking draw_state v0.8.0
[INFO] [stderr]    Compiling gl_generator v0.11.0
[INFO] [stderr]    Compiling gl_generator v0.13.1
[INFO] [stderr]    Compiling serde_json v1.0.44
[INFO] [stderr]     Checking stb_truetype v0.3.1
[INFO] [stderr]     Checking rustc-hash v1.0.1
[INFO] [stderr]     Checking ogg v0.7.0
[INFO] [stderr]     Checking deflate v0.7.20
[INFO] [stderr]     Checking jpeg-decoder v0.1.18
[INFO] [stderr]     Checking zip v0.5.3
[INFO] [stderr]    Compiling libloading v0.5.2
[INFO] [stderr]    Compiling backtrace-sys v0.1.32
[INFO] [stderr]    Compiling quote v0.6.13
[INFO] [stderr]    Compiling rustc_version v0.2.3
[INFO] [stderr]    Compiling quote v1.0.2
[INFO] [stderr]     Checking gfx_core v0.9.2
[INFO] [stderr]     Checking lewton v0.9.4
[INFO] [stderr]     Checking generic-array v0.12.3
[INFO] [stderr]     Checking num_cpus v1.11.1
[INFO] [stderr]     Checking nix v0.14.1
[INFO] [stderr]     Checking memmap v0.7.0
[INFO] [stderr]     Checking rand_os v0.1.3
[INFO] [stderr]     Checking raw-window-handle v0.3.3
[INFO] [stderr]     Checking shared_library v0.1.9
[INFO] [stderr]     Checking dirs-sys v0.3.4
[INFO] [stderr]     Checking approx v0.3.2
[INFO] [stderr]     Checking ordered-float v1.0.2
[INFO] [stderr]     Checking line_drawing v0.7.0
[INFO] [stderr]     Checking num-traits v0.1.43
[INFO] [stderr]    Compiling wayland-scanner v0.21.13
[INFO] [stderr]     Checking png v0.15.2
[INFO] [stderr]    Compiling rand v0.4.6
[INFO] [stderr]     Checking rand_core v0.5.1
[INFO] [stderr]    Compiling memoffset v0.5.3
[INFO] [stderr]    Compiling parking_lot_core v0.6.2
[INFO] [stderr]    Compiling parking_lot v0.9.0
[INFO] [stderr]    Compiling gfx_gl v0.6.0
[INFO] [stderr]    Compiling glutin_glx_sys v0.1.5
[INFO] [stderr]     Checking osmesa-sys v0.1.2
[INFO] [stderr]    Compiling glutin_egl_sys v0.1.4
[INFO] [stderr]     Checking directories v2.0.2
[INFO] [stderr]     Checking sid v0.5.2
[INFO] [stderr]     Checking cpal v0.8.2
[INFO] [stderr]     Checking alga v0.9.2
[INFO] [stderr]     Checking rand_chacha v0.2.1
[INFO] [stderr]    Compiling tempdir v0.3.7
[INFO] [stderr]     Checking dlib v0.4.1
[INFO] [stderr]    Compiling backtrace v0.3.40
[INFO] [stderr]     Checking gfx v0.18.2
[INFO] [stderr]     Checking wayland-sys v0.21.13
[INFO] [stderr]     Checking rand v0.7.2
[INFO] [stderr]     Checking toml v0.5.5
[INFO] [stderr]    Compiling wayland-client v0.21.13
[INFO] [stderr]    Compiling wayland-protocols v0.21.13
[INFO] [stderr]     Checking crossbeam-deque v0.7.2
[INFO] [stderr]     Checking rusttype v0.8.2
[INFO] [stderr]     Checking wayland-commons v0.21.13
[INFO] [stderr]     Checking nalgebra v0.18.1
[INFO] [stderr]     Checking twox-hash v1.5.0
[INFO] [stderr]     Checking pcg_rand v0.11.1
[INFO] [stderr]     Checking gilrs-core v0.2.5
[INFO] [stderr]     Checking rusttype v0.7.9
[INFO] [stderr]     Checking glyph_brush_layout v0.1.8
[INFO] [stderr]     Checking andrew v0.2.1
[INFO] [stderr]     Checking gilrs v0.7.3
[INFO] [stderr]     Checking glyph_brush v0.6.1
[INFO] [stderr]     Checking glyph_brush v0.5.4
[INFO] [stderr]    Compiling euclid_macros v0.1.0
[INFO] [stderr]    Compiling num-derive v0.2.5
[INFO] [stderr]    Compiling smart-default v0.5.2
[INFO] [stderr]     Checking gfx_device_gl v0.16.2
[INFO] [stderr]     Checking euclid v0.19.9
[INFO] [stderr]     Checking tiff v0.3.1
[INFO] [stderr]     Checking lyon_geom v0.12.7
[INFO] [stderr]     Checking image v0.22.3
[INFO] [stderr]     Checking lyon_path v0.13.2
[INFO] [stderr]     Checking lyon_algorithms v0.13.4
[INFO] [stderr]     Checking lyon_tessellation v0.13.5
[INFO] [stderr]    Compiling serde_derive v1.0.103
[INFO] [stderr]     Checking lyon v0.13.5
[INFO] [stderr]     Checking smithay-client-toolkit v0.4.6
[INFO] [stderr]     Checking winit v0.19.5
[INFO] [stderr]     Checking glutin v0.20.1
[INFO] [stderr]    Compiling cargo_metadata v0.6.4
[INFO] [stderr]     Checking gfx_window_glutin v0.30.0
[INFO] [stderr]    Compiling skeptic v0.13.4
[INFO] [stderr]    Compiling ggez v0.5.1
[INFO] [stderr]     Checking rodio v0.9.0
[INFO] [stderr]     Checking breakout v0.1.0 (/opt/rustwide/workdir)
[INFO] [stdout] error[E0425]: cannot find function `pickup_sprite` in this scope
[INFO] [stdout]    --> src/main.rs:168:26
[INFO] [stdout]     |
[INFO] [stdout] 168 |             let sprite = pickup_sprite(pickup.kind);
[INFO] [stdout]     |                          ^^^^^^^^^^^^^ not found in this scope
[INFO] [stdout] 
[INFO] [stdout] 
[INFO] [stdout] error[E0726]: implicit elided lifetime not allowed here
[INFO] [stdout]   --> src/main.rs:72:6
[INFO] [stdout]    |
[INFO] [stdout] 72 | impl App {
[INFO] [stdout]    |      ^^^- help: indicate the anonymous lifetime: `<'_>`
[INFO] [stdout] 
[INFO] [stdout] 
[INFO] [stdout] error[E0726]: implicit elided lifetime not allowed here
[INFO] [stdout]    --> src/main.rs:110:30
[INFO] [stdout]     |
[INFO] [stdout] 110 | impl event::EventHandler for App {
[INFO] [stdout]     |                              ^^^- help: indicate the anonymous lifetime: `<'_>`
[INFO] [stdout] 
[INFO] [stdout] 
[INFO] [stdout] error[E0106]: missing lifetime specifier
[INFO] [stdout]    --> src/main.rs:107:33
[INFO] [stdout]     |
[INFO] [stdout] 107 | fn bonus_sprite(amount: i32) -> Sprite {
[INFO] [stdout]     |                                 ^^^^^^ expected named lifetime parameter
[INFO] [stdout]     |
[INFO] [stdout]     = help: this function's return type contains a borrowed value with an elided lifetime, but the lifetime cannot be derived from the arguments
[INFO] [stdout] help: consider using the `'static` lifetime
[INFO] [stdout]     |
[INFO] [stdout] 107 | fn bonus_sprite(amount: i32) -> Sprite<'static> {
[INFO] [stdout]     |                                 ^^^^^^^^^^^^^^^
[INFO] [stdout] 
[INFO] [stdout] 
[INFO] [stdout] error[E0425]: cannot find function `pickup_sprite` in this scope
[INFO] [stdout]    --> src/main.rs:168:26
[INFO] [stdout]     |
[INFO] [stdout] 168 |             let sprite = pickup_sprite(pickup.kind);
[INFO] [stdout]     |                          ^^^^^^^^^^^^^ not found in this scope
[INFO] [stdout] 
[INFO] [stdout] 
[INFO] [stdout] error[E0726]: implicit elided lifetime not allowed here
[INFO] [stdout]   --> src/main.rs:72:6
[INFO] [stdout]    |
[INFO] [stdout] 72 | impl App {
[INFO] [stdout]    |      ^^^- help: indicate the anonymous lifetime: `<'_>`
[INFO] [stdout] 
[INFO] [stdout] 
[INFO] [stdout] error[E0726]: implicit elided lifetime not allowed here
[INFO] [stdout]    --> src/main.rs:110:30
[INFO] [stdout]     |
[INFO] [stdout] 110 | impl event::EventHandler for App {
[INFO] [stdout]     |                              ^^^- help: indicate the anonymous lifetime: `<'_>`
[INFO] [stdout] 
[INFO] [stdout] 
[INFO] [stdout] error[E0106]: missing lifetime specifier
[INFO] [stdout]    --> src/main.rs:107:33
[INFO] [stdout]     |
[INFO] [stdout] 107 | fn bonus_sprite(amount: i32) -> Sprite {
[INFO] [stdout]     |                                 ^^^^^^ expected named lifetime parameter
[INFO] [stdout]     |
[INFO] [stdout]     = help: this function's return type contains a borrowed value with an elided lifetime, but the lifetime cannot be derived from the arguments
[INFO] [stdout] help: consider using the `'static` lifetime
[INFO] [stdout]     |
[INFO] [stdout] 107 | fn bonus_sprite(amount: i32) -> Sprite<'static> {
[INFO] [stdout]     |                                 ^^^^^^^^^^^^^^^
[INFO] [stdout] 
[INFO] [stdout] 
[INFO] [stdout] error[E0308]: mismatched types
[INFO] [stdout]   --> src/main.rs:92:39
[INFO] [stdout]    |
[INFO] [stdout] 92 |         let game = App { state, font, heart };
[INFO] [stdout]    |                                       ^^^^^ expected struct `Sprite`, found struct `ggez::graphics::Mesh`
[INFO] [stdout] 
[INFO] [stdout] 
[INFO] [stdout] error[E0063]: missing fields `bomb`, `bonus`, `multi` in initializer of `App<'_>`
[INFO] [stdout]   --> src/main.rs:92:20
[INFO] [stdout]    |
[INFO] [stdout] 92 |         let game = App { state, font, heart };
[INFO] [stdout]    |                    ^^^ missing `bomb`, `bonus`, `multi`
[INFO] [stdout] 
[INFO] [stdout] 
[INFO] [stdout] error[E0061]: this function takes 2 arguments but 3 arguments were supplied
[INFO] [stdout]    --> src/main.rs:101:26
[INFO] [stdout]     |
[INFO] [stdout] 57  |     fn new(mesh: &'ctx graphics::Mesh, angle: f32) -> Sprite {
[INFO] [stdout]     |     -------------------------------------------------------- defined here
[INFO] [stdout] ...
[INFO] [stdout] 101 |             Detonator => Sprite::new(15., 0., [1.0, 0.0, 0.0, 1.].into()),
[INFO] [stdout]     |                          ^^^^^^^^^^^ ---  --  -------------------------- supplied 3 arguments
[INFO] [stdout]     |                          |
[INFO] [stdout]     |                          expected 2 arguments
[INFO] [stdout] 
[INFO] [stdout] 
[INFO] [stdout] error[E0061]: this function takes 2 arguments but 3 arguments were supplied
[INFO] [stdout]    --> src/main.rs:102:26
[INFO] [stdout]     |
[INFO] [stdout] 57  |     fn new(mesh: &'ctx graphics::Mesh, angle: f32) -> Sprite {
[INFO] [stdout]     |     -------------------------------------------------------- defined here
[INFO] [stdout] ...
[INFO] [stdout] 102 |             MultiBall => Sprite::new(15., 0., [0.0, 1.0, 0.0, 1.].into()),
[INFO] [stdout]     |                          ^^^^^^^^^^^ ---  --  -------------------------- supplied 3 arguments
[INFO] [stdout]     |                          |
[INFO] [stdout]     |                          expected 2 arguments
[INFO] [stdout] 
[INFO] [stdout] 
[INFO] [stdout] error[E0308]: mismatched types
[INFO] [stdout]    --> src/main.rs:107:33
[INFO] [stdout]     |
[INFO] [stdout] 107 | fn bonus_sprite(amount: i32) -> Sprite {
[INFO] [stdout]     |    ------------                 ^^^^^^ expected struct `Sprite`, found `()`
[INFO] [stdout]     |    |
[INFO] [stdout]     |    implicitly returns `()` as its body has no tail or `return` expression
[INFO] [stdout] 
[INFO] [stdout] 
[INFO] [stdout] error[E0308]: mismatched types
[INFO] [stdout]   --> src/main.rs:92:39
[INFO] [stdout]    |
[INFO] [stdout] 92 |         let game = App { state, font, heart };
[INFO] [stdout]    |                                       ^^^^^ expected struct `Sprite`, found struct `ggez::graphics::Mesh`
[INFO] [stdout] 
[INFO] [stdout] 
[INFO] [stdout] error[E0063]: missing fields `bomb`, `bonus`, `multi` in initializer of `App<'_>`
[INFO] [stdout]   --> src/main.rs:92:20
[INFO] [stdout]    |
[INFO] [stdout] 92 |         let game = App { state, font, heart };
[INFO] [stdout]    |                    ^^^ missing `bomb`, `bonus`, `multi`
[INFO] [stdout] 
[INFO] [stdout] 
[INFO] [stdout] error[E0061]: this function takes 2 arguments but 3 arguments were supplied
[INFO] [stdout]    --> src/main.rs:101:26
[INFO] [stdout]     |
[INFO] [stdout] 57  |     fn new(mesh: &'ctx graphics::Mesh, angle: f32) -> Sprite {
[INFO] [stdout]     |     -------------------------------------------------------- defined here
[INFO] [stdout] ...
[INFO] [stdout] 101 |             Detonator => Sprite::new(15., 0., [1.0, 0.0, 0.0, 1.].into()),
[INFO] [stdout]     |                          ^^^^^^^^^^^ ---  --  -------------------------- supplied 3 arguments
[INFO] [stdout]     |                          |
[INFO] [stdout]     |                          expected 2 arguments
[INFO] [stdout] 
[INFO] [stdout] 
[INFO] [stdout] error[E0061]: this function takes 2 arguments but 3 arguments were supplied
[INFO] [stdout]    --> src/main.rs:102:26
[INFO] [stdout]     |
[INFO] [stdout] 57  |     fn new(mesh: &'ctx graphics::Mesh, angle: f32) -> Sprite {
[INFO] [stdout]     |     -------------------------------------------------------- defined here
[INFO] [stdout] ...
[INFO] [stdout] 102 |             MultiBall => Sprite::new(15., 0., [0.0, 1.0, 0.0, 1.].into()),
[INFO] [stdout]     |                          ^^^^^^^^^^^ ---  --  -------------------------- supplied 3 arguments
[INFO] [stdout]     |                          |
[INFO] [stdout]     |                          expected 2 arguments
[INFO] [stdout] 
[INFO] [stdout] 
[INFO] [stdout] error[E0308]: mismatched types
[INFO] [stdout]    --> src/main.rs:107:33
[INFO] [stdout]     |
[INFO] [stdout] 107 | fn bonus_sprite(amount: i32) -> Sprite {
[INFO] [stdout]     |    ------------                 ^^^^^^ expected struct `Sprite`, found `()`
[INFO] [stdout]     |    |
[INFO] [stdout]     |    implicitly returns `()` as its body has no tail or `return` expression
[INFO] [stdout] 
[INFO] [stdout] 
[INFO] [stdout] error: aborting due to 9 previous errors
[INFO] [stdout] 
[INFO] [stdout] 
[INFO] [stdout] Some errors have detailed explanations: E0061, E0063, E0106, E0308, E0425.
[INFO] [stdout] 
[INFO] [stdout] For more information about an error, try `rustc --explain E0061`.
[INFO] [stdout] 
[INFO] [stderr] error: could not compile `breakout`.
[INFO] [stderr] 
[INFO] [stderr] To learn more, run the command again with --verbose.
[INFO] [stderr] warning: build failed, waiting for other jobs to finish...
[INFO] [stdout] error: aborting due to 9 previous errors
[INFO] [stdout] 
[INFO] [stdout] 
[INFO] [stdout] Some errors have detailed explanations: E0061, E0063, E0106, E0308, E0425.
[INFO] [stdout] 
[INFO] [stdout] For more information about an error, try `rustc --explain E0061`.
[INFO] [stdout] 
[INFO] [stderr] error: build failed
[INFO] running `Command { std: "docker" "inspect" "da834a469e71d0fe2c5e7785f7569582db785b705bd49ad35850c850c420aff0", kill_on_drop: false }`
[INFO] running `Command { std: "docker" "rm" "-f" "da834a469e71d0fe2c5e7785f7569582db785b705bd49ad35850c850c420aff0", kill_on_drop: false }`
[INFO] [stdout] da834a469e71d0fe2c5e7785f7569582db785b705bd49ad35850c850c420aff0
