[INFO] cloning repository https://github.com/rconan/gicsdom
[INFO] running `Command { std: "git" "-c" "credential.helper=" "-c" "credential.helper=/workspace/cargo-home/bin/git-credential-null" "clone" "--bare" "https://github.com/rconan/gicsdom" "/workspace/cache/git-repos/https%3A%2F%2Fgithub.com%2Frconan%2Fgicsdom", kill_on_drop: false }`
[INFO] [stderr] Cloning into bare repository '/workspace/cache/git-repos/https%3A%2F%2Fgithub.com%2Frconan%2Fgicsdom'...
[INFO] running `Command { std: "git" "rev-parse" "HEAD", kill_on_drop: false }`
[INFO] [stdout] 417bf273aebb6725c1770933a26b1f11381098d6
[INFO] checking rconan/gicsdom against beta-2020-07-24 for pr-75494-beta
[INFO] running `Command { std: "git" "clone" "/workspace/cache/git-repos/https%3A%2F%2Fgithub.com%2Frconan%2Fgicsdom" "/workspace/builds/worker-9/source", kill_on_drop: false }`
[INFO] [stderr] Cloning into '/workspace/builds/worker-9/source'...
[INFO] [stderr] done.
[INFO] validating manifest of git repo https://github.com/rconan/gicsdom on toolchain beta-2020-07-24
[INFO] running `Command { std: "/workspace/cargo-home/bin/cargo" "+beta-2020-07-24" "read-manifest" "--manifest-path" "Cargo.toml", kill_on_drop: false }`
[INFO] started tweaking git repo https://github.com/rconan/gicsdom
[INFO] finished tweaking git repo https://github.com/rconan/gicsdom
[INFO] tweaked toml for git repo https://github.com/rconan/gicsdom written to /workspace/builds/worker-9/source/Cargo.toml
[INFO] crate git repo https://github.com/rconan/gicsdom already has a lockfile, it will not be regenerated
[INFO] running `Command { std: "/workspace/cargo-home/bin/cargo" "+beta-2020-07-24" "fetch" "--locked" "--manifest-path" "Cargo.toml", kill_on_drop: false }`
[INFO] [stderr]     Blocking waiting for file lock on package cache
[INFO] running `Command { std: "docker" "create" "-v" "/var/lib/crater-agent-workspace/builds/worker-9/target:/opt/rustwide/target:rw,Z" "-v" "/var/lib/crater-agent-workspace/builds/worker-9/source:/opt/rustwide/workdir:ro,Z" "-v" "/var/lib/crater-agent-workspace/cargo-home:/opt/rustwide/cargo-home:ro,Z" "-v" "/var/lib/crater-agent-workspace/rustup-home:/opt/rustwide/rustup-home:ro,Z" "-e" "SOURCE_DIR=/opt/rustwide/workdir" "-e" "CARGO_TARGET_DIR=/opt/rustwide/target" "-e" "CARGO_HOME=/opt/rustwide/cargo-home" "-e" "RUSTUP_HOME=/opt/rustwide/rustup-home" "-w" "/opt/rustwide/workdir" "-m" "1610612736" "--user" "0:0" "--network" "none" "rustops/crates-build-env@sha256:a636fd89d022f18117e1dc8fb37a0a009933cdbbe082814857f0e2024962d47c" "/opt/rustwide/cargo-home/bin/cargo" "+beta-2020-07-24" "metadata" "--no-deps" "--format-version=1", kill_on_drop: false }`
[INFO] [stdout] d4780d0df33ce44e280c9f4f800ca8e9562cc65ab4a2f541722540dab2aa5a1c
[INFO] [stderr] WARNING: Your kernel does not support swap limit capabilities or the cgroup is not mounted. Memory limited without swap.
[INFO] running `Command { std: "docker" "start" "-a" "d4780d0df33ce44e280c9f4f800ca8e9562cc65ab4a2f541722540dab2aa5a1c", kill_on_drop: false }`
[INFO] running `Command { std: "docker" "inspect" "d4780d0df33ce44e280c9f4f800ca8e9562cc65ab4a2f541722540dab2aa5a1c", kill_on_drop: false }`
[INFO] running `Command { std: "docker" "rm" "-f" "d4780d0df33ce44e280c9f4f800ca8e9562cc65ab4a2f541722540dab2aa5a1c", kill_on_drop: false }`
[INFO] [stdout] d4780d0df33ce44e280c9f4f800ca8e9562cc65ab4a2f541722540dab2aa5a1c
[INFO] running `Command { std: "docker" "create" "-v" "/var/lib/crater-agent-workspace/builds/worker-9/target:/opt/rustwide/target:rw,Z" "-v" "/var/lib/crater-agent-workspace/builds/worker-9/source:/opt/rustwide/workdir:ro,Z" "-v" "/var/lib/crater-agent-workspace/cargo-home:/opt/rustwide/cargo-home:ro,Z" "-v" "/var/lib/crater-agent-workspace/rustup-home:/opt/rustwide/rustup-home:ro,Z" "-e" "SOURCE_DIR=/opt/rustwide/workdir" "-e" "CARGO_TARGET_DIR=/opt/rustwide/target" "-e" "CARGO_INCREMENTAL=0" "-e" "RUST_BACKTRACE=full" "-e" "RUSTFLAGS=--cap-lints=forbid" "-e" "CARGO_HOME=/opt/rustwide/cargo-home" "-e" "RUSTUP_HOME=/opt/rustwide/rustup-home" "-w" "/opt/rustwide/workdir" "-m" "1610612736" "--user" "0:0" "--network" "none" "rustops/crates-build-env@sha256:a636fd89d022f18117e1dc8fb37a0a009933cdbbe082814857f0e2024962d47c" "/opt/rustwide/cargo-home/bin/cargo" "+beta-2020-07-24" "check" "--frozen" "--all" "--all-targets" "--message-format=json", kill_on_drop: false }`
[INFO] [stdout] f56a32eb55dca18e30b86d30dc226c07bd5d4d4a39e7305142de6d12d9f27a94
[INFO] [stderr] WARNING: Your kernel does not support swap limit capabilities or the cgroup is not mounted. Memory limited without swap.
[INFO] running `Command { std: "docker" "start" "-a" "f56a32eb55dca18e30b86d30dc226c07bd5d4d4a39e7305142de6d12d9f27a94", kill_on_drop: false }`
[INFO] [stderr]     Blocking waiting for file lock on package cache
[INFO] [stderr]     Blocking waiting for file lock on package cache
[INFO] [stderr]    Compiling autocfg v1.0.0
[INFO] [stderr]    Compiling unicode-xid v0.2.0
[INFO] [stderr]    Compiling syn v1.0.16
[INFO] [stderr]     Checking lazy_static v1.4.0
[INFO] [stderr]    Compiling semver-parser v0.7.0
[INFO] [stderr]     Checking rand_core v0.4.2
[INFO] [stderr]    Compiling maybe-uninit v2.0.0
[INFO] [stderr]    Compiling getrandom v0.1.14
[INFO] [stderr]    Compiling version_check v0.1.5
[INFO] [stderr]     Checking either v1.5.3
[INFO] [stderr]    Compiling glob v0.3.0
[INFO] [stderr]    Compiling ucd-trie v0.1.2
[INFO] [stderr]    Compiling log v0.4.8
[INFO] [stderr]    Compiling quick-error v1.2.3
[INFO] [stderr]    Compiling maplit v1.0.2
[INFO] [stderr]     Checking regex-syntax v0.6.13
[INFO] [stderr]    Compiling crc32fast v1.2.0
[INFO] [stderr]     Checking ppv-lite86 v0.2.6
[INFO] [stderr]    Compiling cfg-if v0.1.10
[INFO] [stderr]    Compiling unicode-width v0.1.7
[INFO] [stderr]    Compiling termcolor v1.1.0
[INFO] [stderr]    Compiling strsim v0.8.0
[INFO] [stderr]    Compiling bindgen v0.52.0
[INFO] [stderr]     Checking itoa v0.4.5
[INFO] [stderr]    Compiling ansi_term v0.11.0
[INFO] [stderr]     Checking adler32 v1.0.4
[INFO] [stderr]    Compiling ndarray v0.13.0
[INFO] [stderr]     Checking rawpointer v0.2.1
[INFO] [stderr]     Checking blas-src v0.2.1
[INFO] [stderr]    Compiling lazycell v1.2.1
[INFO] [stderr]    Compiling shlex v0.1.1
[INFO] [stderr]     Checking scopeguard v1.1.0
[INFO] [stderr]    Compiling peeking_take_while v0.1.2
[INFO] [stderr]    Compiling rayon-core v1.7.0
[INFO] [stderr]     Checking oorandom v11.1.0
[INFO] [stderr]    Compiling libloading v0.5.2
[INFO] [stderr]     Checking thread_local v1.0.1
[INFO] [stderr]    Compiling humantime v1.3.0
[INFO] [stderr]     Checking itertools v0.8.2
[INFO] [stderr]    Compiling pest v2.1.3
[INFO] [stderr]    Compiling textwrap v0.11.0
[INFO] [stderr]     Checking rand_core v0.3.1
[INFO] [stderr]    Compiling semver v0.9.0
[INFO] [stderr]    Compiling nom v4.2.3
[INFO] [stderr]     Checking matrixmultiply v0.2.3
[INFO] [stderr]     Checking miniz_oxide v0.3.6
[INFO] [stderr]    Compiling bitflags v1.2.1
[INFO] [stderr]    Compiling netlib-src v0.7.4
[INFO] [stderr]    Compiling proc-macro2 v1.0.8
[INFO] [stderr]    Compiling byteorder v1.3.2
[INFO] [stderr]    Compiling num-traits v0.2.11
[INFO] [stderr]    Compiling crossbeam-utils v0.7.2
[INFO] [stderr]    Compiling num-complex v0.2.4
[INFO] [stderr]    Compiling num-integer v0.1.42
[INFO] [stderr]    Compiling crossbeam-epoch v0.8.2
[INFO] [stderr]    Compiling num-bigint v0.2.6
[INFO] [stderr]     Checking c2-chacha v0.2.3
[INFO] [stderr]     Checking cblas-sys v0.1.4
[INFO] [stderr]     Checking termios v0.3.1
[INFO] [stderr]     Checking clicolors-control v1.0.1
[INFO] [stderr]     Checking lapacke-sys v0.1.4
[INFO] [stderr]     Checking num_cpus v1.12.0
[INFO] [stderr]     Checking atty v0.2.14
[INFO] [stderr]     Checking aho-corasick v0.7.6
[INFO] [stderr]     Checking csv-core v0.1.10
[INFO] [stderr]     Checking rand v0.5.6
[INFO] [stderr]     Checking regex-automata v0.1.8
[INFO] [stderr]    Compiling clang-sys v0.28.1
[INFO] [stderr]    Compiling rustc_version v0.2.3
[INFO] [stderr]    Compiling rustc-hash v1.0.1
[INFO] [stderr]    Compiling quote v1.0.2
[INFO] [stderr]     Checking flate2 v1.0.13
[INFO] [stderr]     Checking rand_core v0.5.1
[INFO] [stderr]    Compiling clap v2.33.0
[INFO] [stderr]    Compiling memoffset v0.5.3
[INFO] [stderr]    Compiling cast v0.2.3
[INFO] [stderr]     Checking rand_chacha v0.2.1
[INFO] [stderr]    Compiling pest_meta v2.1.3
[INFO] [stderr]     Checking zip v0.5.5
[INFO] [stderr]     Checking crossbeam-queue v0.2.1
[INFO] [stderr]     Checking crossbeam-channel v0.4.2
[INFO] [stderr]     Checking rand v0.7.3
[INFO] [stderr]     Checking regex v1.3.3
[INFO] [stderr]     Checking criterion-plot v0.4.1
[INFO] [stderr]     Checking crossbeam-deque v0.7.3
[INFO] [stderr]     Checking plotters v0.2.12
[INFO] [stderr]    Compiling cexpr v0.3.6
[INFO] [stderr]     Checking console v0.9.2
[INFO] [stderr]     Checking rand_distr v0.2.2
[INFO] [stderr]     Checking rayon v1.3.0
[INFO] [stderr]     Checking indicatif v0.14.0
[INFO] [stderr]     Checking hifitime v1.0.10
[INFO] [stderr]    Compiling env_logger v0.7.1
[INFO] [stderr]    Compiling pest_generator v2.1.2
[INFO] [stderr]    Compiling serde_derive v1.0.104
[INFO] [stderr]    Compiling pest_derive v2.1.0
[INFO] [stderr]    Compiling gicsdom v0.1.0 (/opt/rustwide/workdir)
[INFO] [stderr]     Checking serde v1.0.104
[INFO] [stderr] error: failed to run custom build command for `gicsdom v0.1.0 (/opt/rustwide/workdir)`
[INFO] [stderr] 
[INFO] [stderr] Caused by:
[INFO] [stderr]   process didn't exit successfully: `/opt/rustwide/target/debug/build/gicsdom-bb751a723f922ddb/build-script-build` (exit code: 101)
[INFO] [stderr]   --- stderr
[INFO] [stderr]   clang version 10.0.0-4ubuntu1 
[INFO] [stderr]   Target: x86_64-unknown-linux-gnu
[INFO] [stderr]   Thread model: posix
[INFO] [stderr]   InstalledDir: 
[INFO] [stderr]   Found candidate GCC installation: /../lib/gcc/x86_64-linux-gnu/10
[INFO] [stderr]   Found candidate GCC installation: /../lib/gcc/x86_64-linux-gnu/7
[INFO] [stderr]   Found candidate GCC installation: /../lib/gcc/x86_64-linux-gnu/7.5.0
[INFO] [stderr]   Found candidate GCC installation: /../lib/gcc/x86_64-linux-gnu/8
[INFO] [stderr]   Found candidate GCC installation: /../lib/gcc/x86_64-linux-gnu/9
[INFO] [stderr]   Found candidate GCC installation: /usr/lib/gcc/x86_64-linux-gnu/10
[INFO] [stderr]   Found candidate GCC installation: /usr/lib/gcc/x86_64-linux-gnu/7
[INFO] [stderr]   Found candidate GCC installation: /usr/lib/gcc/x86_64-linux-gnu/7.5.0
[INFO] [stderr]   Found candidate GCC installation: /usr/lib/gcc/x86_64-linux-gnu/8
[INFO] [stderr]   Found candidate GCC installation: /usr/lib/gcc/x86_64-linux-gnu/9
[INFO] [stderr]   Selected GCC installation: /../lib/gcc/x86_64-linux-gnu/10
[INFO] [stderr]   Candidate multilib: .;@m64
[INFO] [stderr]   Selected multilib: .;@m64
[INFO] [stderr]   ignoring nonexistent directory "/usr/local/cuda-10.1/include"
[INFO] [stderr]   ignoring nonexistent directory "/include"
[INFO] [stderr]   ignoring duplicate directory "/../lib/gcc/x86_64-linux-gnu/10/../../../../include/x86_64-linux-gnu/c++/10"
[INFO] [stderr]   ignoring duplicate directory "/usr/local/include"
[INFO] [stderr]   ignoring duplicate directory "/usr/lib/llvm-10/lib/clang/10.0.0/include"
[INFO] [stderr]   ignoring duplicate directory "/usr/include/x86_64-linux-gnu"
[INFO] [stderr]   ignoring duplicate directory "/usr/include"
[INFO] [stderr]   #include "..." search starts here:
[INFO] [stderr]   #include <...> search starts here:
[INFO] [stderr]    /usr/local/include
[INFO] [stderr]    /usr/lib/llvm-10/lib/clang/10.0.0/include
[INFO] [stderr]    /usr/include/x86_64-linux-gnu
[INFO] [stderr]    /usr/include
[INFO] [stderr]    /../lib/gcc/x86_64-linux-gnu/10/../../../../include/c++/10
[INFO] [stderr]    /../lib/gcc/x86_64-linux-gnu/10/../../../../include/x86_64-linux-gnu/c++/10
[INFO] [stderr]    /../lib/gcc/x86_64-linux-gnu/10/../../../../include/c++/10/backward
[INFO] [stderr]   End of search list.
[INFO] [stderr]   wrapper.hpp:1:10: fatal error: 'CEO/include/utilities.h' file not found
[INFO] [stderr]   wrapper.hpp:1:10: fatal error: 'CEO/include/utilities.h' file not found, err: true
[INFO] [stderr]   thread 'main' panicked at 'Unable to generate bindings: ()', build.rs:23:10
[INFO] [stderr]   stack backtrace:
[INFO] [stderr]      0:     0x5569952aa285 - backtrace::backtrace::libunwind::trace::h5e2646fa3eddf2ea
[INFO] [stderr]                                  at /cargo/registry/src/github.com-1ecc6299db9ec823/backtrace-0.3.46/src/backtrace/libunwind.rs:86
[INFO] [stderr]      1:     0x5569952aa285 - backtrace::backtrace::trace_unsynchronized::hb95dd7f77ce47877
[INFO] [stderr]                                  at /cargo/registry/src/github.com-1ecc6299db9ec823/backtrace-0.3.46/src/backtrace/mod.rs:66
[INFO] [stderr]      2:     0x5569952aa285 - std::sys_common::backtrace::_print_fmt::h5e71b67af43fd70d
[INFO] [stderr]                                  at src/libstd/sys_common/backtrace.rs:78
[INFO] [stderr]      3:     0x5569952aa285 - <std::sys_common::backtrace::_print::DisplayBacktrace as core::fmt::Display>::fmt::hdb4a83d2b61107e5
[INFO] [stderr]                                  at src/libstd/sys_common/backtrace.rs:59
[INFO] [stderr]      4:     0x5569952d408c - core::fmt::write::ha20e7262fa3e8a7a
[INFO] [stderr]                                  at src/libcore/fmt/mod.rs:1076
[INFO] [stderr]      5:     0x5569952a6a82 - std::io::Write::write_fmt::h1aebfe8a5a79e36d
[INFO] [stderr]                                  at src/libstd/io/mod.rs:1537
[INFO] [stderr]      6:     0x5569952acb20 - std::sys_common::backtrace::_print::h9c07314cc66ba539
[INFO] [stderr]                                  at src/libstd/sys_common/backtrace.rs:62
[INFO] [stderr]      7:     0x5569952acb20 - std::sys_common::backtrace::print::hd1fd65f49a2d8544
[INFO] [stderr]                                  at src/libstd/sys_common/backtrace.rs:49
[INFO] [stderr]      8:     0x5569952acb20 - std::panicking::default_hook::{{closure}}::h222da46485ab36fc
[INFO] [stderr]                                  at src/libstd/panicking.rs:198
[INFO] [stderr]      9:     0x5569952ac86c - std::panicking::default_hook::hc5868949d129ed00
[INFO] [stderr]                                  at src/libstd/panicking.rs:217
[INFO] [stderr]     10:     0x5569952ad163 - std::panicking::rust_panic_with_hook::h26a6ab8b0993c0c8
[INFO] [stderr]                                  at src/libstd/panicking.rs:526
[INFO] [stderr]     11:     0x5569952acd5b - rust_begin_unwind
[INFO] [stderr]                                  at src/libstd/panicking.rs:437
[INFO] [stderr]     12:     0x5569952d2741 - core::panicking::panic_fmt::h17139c2000299725
[INFO] [stderr]                                  at src/libcore/panicking.rs:85
[INFO] [stderr]     13:     0x5569952d2563 - core::option::expect_none_failed::h972f96abb4ec8952
[INFO] [stderr]                                  at src/libcore/option.rs:1269
[INFO] [stderr]     14:     0x556994cf73ce - core::result::Result<T,E>::expect::h3a7c451f58e0dab5
[INFO] [stderr]                                  at /rustc/6f959902b3103c49ca981fbc01871589c3498489/src/libcore/result.rs:963
[INFO] [stderr]     15:     0x556994cf650e - build_script_build::main::hf595b8e7e46760f2
[INFO] [stderr]                                  at /opt/rustwide/workdir/build.rs:7
[INFO] [stderr]     16:     0x556994cf6eeb - std::rt::lang_start::{{closure}}::h5e48f68dc1b8dec8
[INFO] [stderr]                                  at /rustc/6f959902b3103c49ca981fbc01871589c3498489/src/libstd/rt.rs:67
[INFO] [stderr]     17:     0x5569952ad603 - std::rt::lang_start_internal::{{closure}}::h84a998219831fa70
[INFO] [stderr]                                  at src/libstd/rt.rs:52
[INFO] [stderr]     18:     0x5569952ad603 - std::panicking::try::do_call::he8e1d689a3e26def
[INFO] [stderr]                                  at src/libstd/panicking.rs:348
[INFO] [stderr]     19:     0x5569952ad603 - std::panicking::try::h264b6eebc2fa7bbf
[INFO] [stderr]                                  at src/libstd/panicking.rs:325
[INFO] [stderr]     20:     0x5569952ad603 - std::panic::catch_unwind::hbf28fafa723b2128
[INFO] [stderr]                                  at src/libstd/panic.rs:394
[INFO] [stderr]     21:     0x5569952ad603 - std::rt::lang_start_internal::he959aa59bc3ec202
[INFO] [stderr]                                  at src/libstd/rt.rs:51
[INFO] [stderr]     22:     0x556994cf6ec7 - std::rt::lang_start::hf0c13ff1f11143e2
[INFO] [stderr]                                  at /rustc/6f959902b3103c49ca981fbc01871589c3498489/src/libstd/rt.rs:67
[INFO] [stderr]     23:     0x556994cf691a - main
[INFO] [stderr]     24:     0x7f67b0a560b3 - __libc_start_main
[INFO] [stderr]     25:     0x556994cf619e - _start
[INFO] [stderr]     26:                0x0 - <unknown>
[INFO] [stderr] warning: build failed, waiting for other jobs to finish...
[ERROR] error running command: no output for 300 seconds
[INFO] running `Command { std: "docker" "inspect" "f56a32eb55dca18e30b86d30dc226c07bd5d4d4a39e7305142de6d12d9f27a94", kill_on_drop: false }`
[INFO] running `Command { std: "docker" "rm" "-f" "f56a32eb55dca18e30b86d30dc226c07bd5d4d4a39e7305142de6d12d9f27a94", kill_on_drop: false }`
[INFO] [stdout] f56a32eb55dca18e30b86d30dc226c07bd5d4d4a39e7305142de6d12d9f27a94
