[INFO] cloning repository https://github.com/rchaser53/ro
[INFO] running `Command { std: "git" "-c" "credential.helper=" "-c" "credential.helper=/workspace/cargo-home/bin/git-credential-null" "clone" "--bare" "https://github.com/rchaser53/ro" "/workspace/cache/git-repos/https%3A%2F%2Fgithub.com%2Frchaser53%2Fro", kill_on_drop: false }`
[INFO] [stderr] Cloning into bare repository '/workspace/cache/git-repos/https%3A%2F%2Fgithub.com%2Frchaser53%2Fro'...
[INFO] running `Command { std: "git" "rev-parse" "HEAD", kill_on_drop: false }`
[INFO] [stdout] 9cc5be6c50cc676cab6fb9783f1b30daeeae3d2e
[INFO] checking rchaser53/ro against beta-2020-07-24 for pr-75494-beta
[INFO] running `Command { std: "git" "clone" "/workspace/cache/git-repos/https%3A%2F%2Fgithub.com%2Frchaser53%2Fro" "/workspace/builds/worker-7/source", kill_on_drop: false }`
[INFO] [stderr] Cloning into '/workspace/builds/worker-7/source'...
[INFO] [stderr] done.
[INFO] validating manifest of git repo https://github.com/rchaser53/ro on toolchain beta-2020-07-24
[INFO] running `Command { std: "/workspace/cargo-home/bin/cargo" "+beta-2020-07-24" "read-manifest" "--manifest-path" "Cargo.toml", kill_on_drop: false }`
[INFO] started tweaking git repo https://github.com/rchaser53/ro
[INFO] finished tweaking git repo https://github.com/rchaser53/ro
[INFO] tweaked toml for git repo https://github.com/rchaser53/ro written to /workspace/builds/worker-7/source/Cargo.toml
[INFO] crate git repo https://github.com/rchaser53/ro already has a lockfile, it will not be regenerated
[INFO] running `Command { std: "/workspace/cargo-home/bin/cargo" "+beta-2020-07-24" "fetch" "--locked" "--manifest-path" "Cargo.toml", kill_on_drop: false }`
[INFO] running `Command { std: "docker" "create" "-v" "/var/lib/crater-agent-workspace/builds/worker-7/target:/opt/rustwide/target:rw,Z" "-v" "/var/lib/crater-agent-workspace/builds/worker-7/source:/opt/rustwide/workdir:ro,Z" "-v" "/var/lib/crater-agent-workspace/cargo-home:/opt/rustwide/cargo-home:ro,Z" "-v" "/var/lib/crater-agent-workspace/rustup-home:/opt/rustwide/rustup-home:ro,Z" "-e" "SOURCE_DIR=/opt/rustwide/workdir" "-e" "CARGO_TARGET_DIR=/opt/rustwide/target" "-e" "CARGO_HOME=/opt/rustwide/cargo-home" "-e" "RUSTUP_HOME=/opt/rustwide/rustup-home" "-w" "/opt/rustwide/workdir" "-m" "1610612736" "--user" "0:0" "--network" "none" "rustops/crates-build-env@sha256:a636fd89d022f18117e1dc8fb37a0a009933cdbbe082814857f0e2024962d47c" "/opt/rustwide/cargo-home/bin/cargo" "+beta-2020-07-24" "metadata" "--no-deps" "--format-version=1", kill_on_drop: false }`
[INFO] [stderr] WARNING: Your kernel does not support swap limit capabilities or the cgroup is not mounted. Memory limited without swap.
[INFO] [stdout] d2e48c8094c4342b7395d92ecd41b1376b055c334a583d891e264e1528325f9c
[INFO] running `Command { std: "docker" "start" "-a" "d2e48c8094c4342b7395d92ecd41b1376b055c334a583d891e264e1528325f9c", kill_on_drop: false }`
[INFO] running `Command { std: "docker" "inspect" "d2e48c8094c4342b7395d92ecd41b1376b055c334a583d891e264e1528325f9c", kill_on_drop: false }`
[INFO] running `Command { std: "docker" "rm" "-f" "d2e48c8094c4342b7395d92ecd41b1376b055c334a583d891e264e1528325f9c", kill_on_drop: false }`
[INFO] [stdout] d2e48c8094c4342b7395d92ecd41b1376b055c334a583d891e264e1528325f9c
[INFO] running `Command { std: "docker" "create" "-v" "/var/lib/crater-agent-workspace/builds/worker-7/target:/opt/rustwide/target:rw,Z" "-v" "/var/lib/crater-agent-workspace/builds/worker-7/source:/opt/rustwide/workdir:ro,Z" "-v" "/var/lib/crater-agent-workspace/cargo-home:/opt/rustwide/cargo-home:ro,Z" "-v" "/var/lib/crater-agent-workspace/rustup-home:/opt/rustwide/rustup-home:ro,Z" "-e" "SOURCE_DIR=/opt/rustwide/workdir" "-e" "CARGO_TARGET_DIR=/opt/rustwide/target" "-e" "CARGO_INCREMENTAL=0" "-e" "RUST_BACKTRACE=full" "-e" "RUSTFLAGS=--cap-lints=forbid" "-e" "CARGO_HOME=/opt/rustwide/cargo-home" "-e" "RUSTUP_HOME=/opt/rustwide/rustup-home" "-w" "/opt/rustwide/workdir" "-m" "1610612736" "--user" "0:0" "--network" "none" "rustops/crates-build-env@sha256:a636fd89d022f18117e1dc8fb37a0a009933cdbbe082814857f0e2024962d47c" "/opt/rustwide/cargo-home/bin/cargo" "+beta-2020-07-24" "check" "--frozen" "--all" "--all-targets" "--message-format=json", kill_on_drop: false }`
[INFO] [stdout] adaecbfc70abc246eb67a413c968e8dc9fa82efab5e38fec7cecf950d54f32ae
[INFO] [stderr] WARNING: Your kernel does not support swap limit capabilities or the cgroup is not mounted. Memory limited without swap.
[INFO] running `Command { std: "docker" "start" "-a" "adaecbfc70abc246eb67a413c968e8dc9fa82efab5e38fec7cecf950d54f32ae", kill_on_drop: false }`
[INFO] [stderr]    Compiling semver-parser v0.7.0
[INFO] [stderr]     Checking lazy_static v1.4.0
[INFO] [stderr]     Checking cfg-if v0.1.10
[INFO] [stderr]    Compiling proc-macro2 v1.0.7
[INFO] [stderr]    Compiling libc v0.2.66
[INFO] [stderr]     Checking smallvec v1.1.0
[INFO] [stderr]    Compiling unicode-xid v0.2.0
[INFO] [stderr]     Checking matches v0.1.8
[INFO] [stderr]    Compiling syn v1.0.13
[INFO] [stderr]    Compiling rayon-core v1.7.0
[INFO] [stderr]    Compiling serde v1.0.104
[INFO] [stderr]     Checking percent-encoding v2.1.0
[INFO] [stderr]     Checking bytes v0.5.4
[INFO] [stderr]    Compiling crossbeam-utils v0.7.0
[INFO] [stderr]    Compiling crossbeam-epoch v0.8.0
[INFO] [stderr]     Checking unicode-bidi v0.3.4
[INFO] [stderr]    Compiling semver v0.9.0
[INFO] [stderr]     Checking unicode-normalization v0.1.11
[INFO] [stderr]     Checking tokio v0.2.11
[INFO] [stderr]    Compiling rustc_version v0.2.3
[INFO] [stderr]     Checking crossbeam-queue v0.2.1
[INFO] [stderr]     Checking crossbeam-channel v0.4.0
[INFO] [stderr]    Compiling memoffset v0.5.3
[INFO] [stderr]     Checking quote v1.0.2
[INFO] [stderr]     Checking num_cpus v1.12.0
[INFO] [stderr]     Checking idna v0.2.0
[INFO] [stderr]     Checking crossbeam-deque v0.7.2
[INFO] [stderr]     Checking url v2.1.1
[INFO] [stderr]     Checking crossbeam v0.7.3
[INFO] [stderr]     Checking rayon v1.3.0
[INFO] [stderr]     Checking serde_urlencoded v0.6.1
[INFO] [stderr]    Compiling serde_derive v1.0.104
[INFO] [stderr]     Checking ro v0.1.0 (/opt/rustwide/workdir)
[INFO] [stdout] error[E0554]: `#![feature]` may not be used on the beta release channel
[INFO] [stdout]  --> src/main.rs:1:1
[INFO] [stdout]   |
[INFO] [stdout] 1 | #![feature(async_closure)]
[INFO] [stdout]   | ^^^^^^^^^^^^^^^^^^^^^^^^^^
[INFO] [stdout] 
[INFO] [stdout] 
[INFO] [stdout] error: aborting due to previous error
[INFO] [stdout] 
[INFO] [stdout] 
[INFO] [stdout] For more information about this error, try `rustc --explain E0554`.
[INFO] [stdout] 
[INFO] [stderr] error: could not compile `ro`.
[INFO] [stderr] 
[INFO] [stderr] To learn more, run the command again with --verbose.
[INFO] [stderr] warning: build failed, waiting for other jobs to finish...
[INFO] [stdout] error[E0554]: `#![feature]` may not be used on the beta release channel
[INFO] [stdout]  --> src/main.rs:1:1
[INFO] [stdout]   |
[INFO] [stdout] 1 | #![feature(async_closure)]
[INFO] [stdout]   | ^^^^^^^^^^^^^^^^^^^^^^^^^^
[INFO] [stdout] 
[INFO] [stdout] 
[INFO] [stdout] error: aborting due to previous error
[INFO] [stdout] 
[INFO] [stdout] 
[INFO] [stdout] For more information about this error, try `rustc --explain E0554`.
[INFO] [stdout] 
[INFO] [stdout] error[E0433]: failed to resolve: use of undeclared type or module `ro`
[INFO] [stdout]  --> tests/smoke.rs:1:3
[INFO] [stdout]   |
[INFO] [stdout] 1 | #[ro::hello]
[INFO] [stdout]   |   ^^ use of undeclared type or module `ro`
[INFO] [stdout] 
[INFO] [stdout] 
[INFO] [stdout] error[E0433]: failed to resolve: use of undeclared type or module `ro`
[INFO] [stdout]  --> tests/smoke.rs:4:3
[INFO] [stdout]   |
[INFO] [stdout] 4 | #[ro::hello]
[INFO] [stdout]   |   ^^ use of undeclared type or module `ro`
[INFO] [stdout] 
[INFO] [stdout] 
[INFO] [stdout] error[E0277]: can't compare `{integer}` with `()`
[INFO] [stdout]  --> tests/smoke.rs:9:5
[INFO] [stdout]   |
[INFO] [stdout] 9 |     assert_eq!(42 + 3, wrapped_function(3));
[INFO] [stdout]   |     ^^^^^^^^^^^^^^^^^^^^^^^^^^^^^^^^^^^^^^^^ no implementation for `{integer} == ()`
[INFO] [stdout]   |
[INFO] [stdout]   = help: the trait `std::cmp::PartialEq<()>` is not implemented for `{integer}`
[INFO] [stdout]   = note: this error originates in a macro (in Nightly builds, run with -Z macro-backtrace for more info)
[INFO] [stdout] 
[INFO] [stdout] 
[INFO] [stdout] error[E0277]: can't compare `{integer}` with `()`
[INFO] [stdout]   --> tests/smoke.rs:10:5
[INFO] [stdout]    |
[INFO] [stdout] 10 |     assert_eq!(42 + 1, wrapped_function2(1));
[INFO] [stdout]    |     ^^^^^^^^^^^^^^^^^^^^^^^^^^^^^^^^^^^^^^^^^ no implementation for `{integer} == ()`
[INFO] [stdout]    |
[INFO] [stdout]    = help: the trait `std::cmp::PartialEq<()>` is not implemented for `{integer}`
[INFO] [stdout]    = note: this error originates in a macro (in Nightly builds, run with -Z macro-backtrace for more info)
[INFO] [stdout] 
[INFO] [stdout] 
[INFO] [stdout] error: aborting due to 4 previous errors
[INFO] [stdout] 
[INFO] [stdout] 
[INFO] [stdout] Some errors have detailed explanations: E0277, E0433.
[INFO] [stdout] 
[INFO] [stdout] For more information about an error, try `rustc --explain E0277`.
[INFO] [stdout] 
[INFO] [stderr] error: build failed
[INFO] running `Command { std: "docker" "inspect" "adaecbfc70abc246eb67a413c968e8dc9fa82efab5e38fec7cecf950d54f32ae", kill_on_drop: false }`
[INFO] running `Command { std: "docker" "rm" "-f" "adaecbfc70abc246eb67a413c968e8dc9fa82efab5e38fec7cecf950d54f32ae", kill_on_drop: false }`
[INFO] [stdout] adaecbfc70abc246eb67a413c968e8dc9fa82efab5e38fec7cecf950d54f32ae
