[INFO] cloning repository https://github.com/rayaproject/raya
[INFO] running `Command { std: "git" "-c" "credential.helper=" "-c" "credential.helper=/workspace/cargo-home/bin/git-credential-null" "clone" "--bare" "https://github.com/rayaproject/raya" "/workspace/cache/git-repos/https%3A%2F%2Fgithub.com%2Frayaproject%2Fraya", kill_on_drop: false }`
[INFO] [stderr] Cloning into bare repository '/workspace/cache/git-repos/https%3A%2F%2Fgithub.com%2Frayaproject%2Fraya'...
[INFO] running `Command { std: "git" "rev-parse" "HEAD", kill_on_drop: false }`
[INFO] [stdout] e62d1baedaf4286dcc2fbc78295d6e949d3b422b
[INFO] checking rayaproject/raya against beta-2020-07-24 for pr-75494-beta
[INFO] running `Command { std: "git" "clone" "/workspace/cache/git-repos/https%3A%2F%2Fgithub.com%2Frayaproject%2Fraya" "/workspace/builds/worker-2/source", kill_on_drop: false }`
[INFO] [stderr] Cloning into '/workspace/builds/worker-2/source'...
[INFO] [stderr] done.
[INFO] validating manifest of git repo https://github.com/rayaproject/raya on toolchain beta-2020-07-24
[INFO] running `Command { std: "/workspace/cargo-home/bin/cargo" "+beta-2020-07-24" "read-manifest" "--manifest-path" "Cargo.toml", kill_on_drop: false }`
[INFO] started tweaking git repo https://github.com/rayaproject/raya
[INFO] finished tweaking git repo https://github.com/rayaproject/raya
[INFO] tweaked toml for git repo https://github.com/rayaproject/raya written to /workspace/builds/worker-2/source/Cargo.toml
[INFO] running `Command { std: "/workspace/cargo-home/bin/cargo" "+beta-2020-07-24" "generate-lockfile" "--manifest-path" "Cargo.toml" "-Zno-index-update", kill_on_drop: false }`
[INFO] running `Command { std: "/workspace/cargo-home/bin/cargo" "+beta-2020-07-24" "fetch" "--locked" "--manifest-path" "Cargo.toml", kill_on_drop: false }`
[INFO] running `Command { std: "docker" "create" "-v" "/var/lib/crater-agent-workspace/builds/worker-2/target:/opt/rustwide/target:rw,Z" "-v" "/var/lib/crater-agent-workspace/builds/worker-2/source:/opt/rustwide/workdir:ro,Z" "-v" "/var/lib/crater-agent-workspace/cargo-home:/opt/rustwide/cargo-home:ro,Z" "-v" "/var/lib/crater-agent-workspace/rustup-home:/opt/rustwide/rustup-home:ro,Z" "-e" "SOURCE_DIR=/opt/rustwide/workdir" "-e" "CARGO_TARGET_DIR=/opt/rustwide/target" "-e" "CARGO_HOME=/opt/rustwide/cargo-home" "-e" "RUSTUP_HOME=/opt/rustwide/rustup-home" "-w" "/opt/rustwide/workdir" "-m" "1610612736" "--user" "0:0" "--network" "none" "rustops/crates-build-env@sha256:a636fd89d022f18117e1dc8fb37a0a009933cdbbe082814857f0e2024962d47c" "/opt/rustwide/cargo-home/bin/cargo" "+beta-2020-07-24" "metadata" "--no-deps" "--format-version=1", kill_on_drop: false }`
[INFO] [stderr] WARNING: Your kernel does not support swap limit capabilities or the cgroup is not mounted. Memory limited without swap.
[INFO] [stdout] 045cf8b1549af308e1253cb325c9b0a5c77bcb53d9aacd39734b2c4d1fd5f4fd
[INFO] running `Command { std: "docker" "start" "-a" "045cf8b1549af308e1253cb325c9b0a5c77bcb53d9aacd39734b2c4d1fd5f4fd", kill_on_drop: false }`
[INFO] running `Command { std: "docker" "inspect" "045cf8b1549af308e1253cb325c9b0a5c77bcb53d9aacd39734b2c4d1fd5f4fd", kill_on_drop: false }`
[INFO] running `Command { std: "docker" "rm" "-f" "045cf8b1549af308e1253cb325c9b0a5c77bcb53d9aacd39734b2c4d1fd5f4fd", kill_on_drop: false }`
[INFO] [stdout] 045cf8b1549af308e1253cb325c9b0a5c77bcb53d9aacd39734b2c4d1fd5f4fd
[INFO] running `Command { std: "docker" "create" "-v" "/var/lib/crater-agent-workspace/builds/worker-2/target:/opt/rustwide/target:rw,Z" "-v" "/var/lib/crater-agent-workspace/builds/worker-2/source:/opt/rustwide/workdir:ro,Z" "-v" "/var/lib/crater-agent-workspace/cargo-home:/opt/rustwide/cargo-home:ro,Z" "-v" "/var/lib/crater-agent-workspace/rustup-home:/opt/rustwide/rustup-home:ro,Z" "-e" "SOURCE_DIR=/opt/rustwide/workdir" "-e" "CARGO_TARGET_DIR=/opt/rustwide/target" "-e" "CARGO_INCREMENTAL=0" "-e" "RUST_BACKTRACE=full" "-e" "RUSTFLAGS=--cap-lints=forbid" "-e" "CARGO_HOME=/opt/rustwide/cargo-home" "-e" "RUSTUP_HOME=/opt/rustwide/rustup-home" "-w" "/opt/rustwide/workdir" "-m" "1610612736" "--user" "0:0" "--network" "none" "rustops/crates-build-env@sha256:a636fd89d022f18117e1dc8fb37a0a009933cdbbe082814857f0e2024962d47c" "/opt/rustwide/cargo-home/bin/cargo" "+beta-2020-07-24" "check" "--frozen" "--all" "--all-targets" "--message-format=json", kill_on_drop: false }`
[INFO] [stdout] ab090b894b0032d9a50f3fb4d514b6d374132c1c8117bcef08c9fc6bdbfa5381
[INFO] [stderr] WARNING: Your kernel does not support swap limit capabilities or the cgroup is not mounted. Memory limited without swap.
[INFO] running `Command { std: "docker" "start" "-a" "ab090b894b0032d9a50f3fb4d514b6d374132c1c8117bcef08c9fc6bdbfa5381", kill_on_drop: false }`
[INFO] [stderr]     Checking raya v0.0.0 (/opt/rustwide/workdir)
[INFO] [stdout] error: expected type, found `"=r"`
[INFO] [stdout]    --> src/common/registers.rs:398:26
[INFO] [stdout]     |
[INFO] [stdout] 398 |                           :"=r"(raw_value):::"volatile"
[INFO] [stdout]     |                           -^^^^ expected type
[INFO] [stdout]     |                           |
[INFO] [stdout]     |                           tried to parse a type due to this
[INFO] [stdout]     | 
[INFO] [stdout]    ::: src/platform/raspberry-pi/../../cpu/cortex-a/system_register.rs:10:1
[INFO] [stdout]     |
[INFO] [stdout] 10  | / crate::aarch64_registers!{
[INFO] [stdout] 11  | |     MPIDR_EL1<u64, ro> => {
[INFO] [stdout] 12  | |         Aff0[0; 8],
[INFO] [stdout] 13  | |         Aff1[8; 8],
[INFO] [stdout] ...   |
[INFO] [stdout] 18  | |     }
[INFO] [stdout] 19  | | }
[INFO] [stdout]     | |_- in this macro invocation
[INFO] [stdout]     |
[INFO] [stdout]     = note: this error originates in a macro (in Nightly builds, run with -Z macro-backtrace for more info)
[INFO] [stdout] 
[INFO] [stdout] 
[INFO] [stdout] error: the legacy LLVM-style asm! syntax is no longer supported
[INFO] [stdout]   --> src/platform/raspberry-pi/../../cpu/cortex-a/mod.rs:19:14
[INFO] [stdout]    |
[INFO] [stdout] 19 |     unsafe { asm!("wfe"::::"volatile") }
[INFO] [stdout]    |              ----^^^^^^^^^^^^^^^^^^^^^
[INFO] [stdout]    |              |
[INFO] [stdout]    |              help: replace with: `llvm_asm!`
[INFO] [stdout]    |
[INFO] [stdout]    = note: consider migrating to the new asm! syntax specified in RFC 2873
[INFO] [stdout]    = note: alternatively, switch to llvm_asm! to keep your code working as it is
[INFO] [stdout] 
[INFO] [stdout] 
[INFO] [stdout] error: the legacy LLVM-style asm! syntax is no longer supported
[INFO] [stdout]   --> src/main.rs:32:13
[INFO] [stdout]    |
[INFO] [stdout] 32 |               asm!("  adr x9, _start
[INFO] [stdout]    |               ^---
[INFO] [stdout]    |               |
[INFO] [stdout]    |  _____________help: replace with: `llvm_asm!`
[INFO] [stdout]    | |
[INFO] [stdout] 33 | |                     mov sp, x9"
[INFO] [stdout] 34 | |                 :::"x9":"volatile"
[INFO] [stdout] 35 | |             );
[INFO] [stdout]    | |______________^
[INFO] [stdout]    |
[INFO] [stdout]    = note: consider migrating to the new asm! syntax specified in RFC 2873
[INFO] [stdout]    = note: alternatively, switch to llvm_asm! to keep your code working as it is
[INFO] [stdout] 
[INFO] [stdout] 
[INFO] [stdout] error: expected type, found `"=r"`
[INFO] [stdout]    --> src/common/registers.rs:398:26
[INFO] [stdout]     |
[INFO] [stdout] 398 |                           :"=r"(raw_value):::"volatile"
[INFO] [stdout]     |                           -^^^^ expected type
[INFO] [stdout]     |                           |
[INFO] [stdout]     |                           tried to parse a type due to this
[INFO] [stdout]     | 
[INFO] [stdout]    ::: src/platform/raspberry-pi/../../cpu/cortex-a/system_register.rs:10:1
[INFO] [stdout]     |
[INFO] [stdout] 10  | / crate::aarch64_registers!{
[INFO] [stdout] 11  | |     MPIDR_EL1<u64, ro> => {
[INFO] [stdout] 12  | |         Aff0[0; 8],
[INFO] [stdout] 13  | |         Aff1[8; 8],
[INFO] [stdout] ...   |
[INFO] [stdout] 18  | |     }
[INFO] [stdout] 19  | | }
[INFO] [stdout]     | |_- in this macro invocation
[INFO] [stdout]     |
[INFO] [stdout]     = note: this error originates in a macro (in Nightly builds, run with -Z macro-backtrace for more info)
[INFO] [stdout] 
[INFO] [stdout] 
[INFO] [stdout] error: the legacy LLVM-style asm! syntax is no longer supported
[INFO] [stdout]   --> src/platform/raspberry-pi/../../cpu/cortex-a/mod.rs:19:14
[INFO] [stdout]    |
[INFO] [stdout] 19 |     unsafe { asm!("wfe"::::"volatile") }
[INFO] [stdout]    |              ----^^^^^^^^^^^^^^^^^^^^^
[INFO] [stdout]    |              |
[INFO] [stdout]    |              help: replace with: `llvm_asm!`
[INFO] [stdout]    |
[INFO] [stdout]    = note: consider migrating to the new asm! syntax specified in RFC 2873
[INFO] [stdout]    = note: alternatively, switch to llvm_asm! to keep your code working as it is
[INFO] [stdout] 
[INFO] [stdout] 
[INFO] [stdout] error: the legacy LLVM-style asm! syntax is no longer supported
[INFO] [stdout]   --> src/main.rs:32:13
[INFO] [stdout]    |
[INFO] [stdout] 32 |               asm!("  adr x9, _start
[INFO] [stdout]    |               ^---
[INFO] [stdout]    |               |
[INFO] [stdout]    |  _____________help: replace with: `llvm_asm!`
[INFO] [stdout]    | |
[INFO] [stdout] 33 | |                     mov sp, x9"
[INFO] [stdout] 34 | |                 :::"x9":"volatile"
[INFO] [stdout] 35 | |             );
[INFO] [stdout]    | |______________^
[INFO] [stdout]    |
[INFO] [stdout]    = note: consider migrating to the new asm! syntax specified in RFC 2873
[INFO] [stdout]    = note: alternatively, switch to llvm_asm! to keep your code working as it is
[INFO] [stdout] 
[INFO] [stdout] 
[INFO] [stdout] error[E0554]: `#![feature]` may not be used on the beta release channel
[INFO] [stdout]   --> src/main.rs:10:1
[INFO] [stdout]    |
[INFO] [stdout] 10 | #![feature(asm)]
[INFO] [stdout]    | ^^^^^^^^^^^^^^^^
[INFO] [stdout] 
[INFO] [stdout] 
[INFO] [stdout] error: language item required, but not found: `eh_personality`
[INFO] [stdout] 
[INFO] [stdout] 
[INFO] [stdout] error[E0554]: `#![feature]` may not be used on the beta release channel
[INFO] [stdout]   --> src/main.rs:10:1
[INFO] [stdout]    |
[INFO] [stdout] 10 | #![feature(asm)]
[INFO] [stdout]    | ^^^^^^^^^^^^^^^^
[INFO] [stdout] 
[INFO] [stdout] 
[INFO] [stdout] error: aborting due to 5 previous errors
[INFO] [stdout] 
[INFO] [stdout] 
[INFO] [stdout] For more information about this error, try `rustc --explain E0554`.
[INFO] [stdout] 
[INFO] [stdout] error[E0152]: found duplicate lang item `panic_impl`
[INFO] [stdout]   --> src/main.rs:53:1
[INFO] [stdout]    |
[INFO] [stdout] 53 | / fn panic(_info: &core::panic::PanicInfo) -> ! {
[INFO] [stdout] 54 | |     loop {}
[INFO] [stdout] 55 | | }
[INFO] [stdout]    | |_^
[INFO] [stdout]    |
[INFO] [stdout]    = note: the lang item is first defined in crate `std` (which `test` depends on)
[INFO] [stdout]    = note: first definition in `std` loaded from /opt/rustwide/rustup-home/toolchains/beta-2020-07-24-x86_64-unknown-linux-gnu/lib/rustlib/x86_64-unknown-linux-gnu/lib/libstd-d66e0ceb8eaec9b8.rlib
[INFO] [stdout]    = note: second definition in the local crate (`raya`)
[INFO] [stdout] 
[INFO] [stdout] 
[INFO] [stderr] error: could not compile `raya`.
[INFO] [stderr] 
[INFO] [stderr] To learn more, run the command again with --verbose.
[INFO] [stderr] warning: build failed, waiting for other jobs to finish...
[INFO] [stdout] error: aborting due to 5 previous errors
[INFO] [stdout] 
[INFO] [stdout] 
[INFO] [stdout] Some errors have detailed explanations: E0152, E0554.
[INFO] [stdout] 
[INFO] [stdout] For more information about an error, try `rustc --explain E0152`.
[INFO] [stdout] 
[INFO] [stderr] error: build failed
[INFO] running `Command { std: "docker" "inspect" "ab090b894b0032d9a50f3fb4d514b6d374132c1c8117bcef08c9fc6bdbfa5381", kill_on_drop: false }`
[INFO] running `Command { std: "docker" "rm" "-f" "ab090b894b0032d9a50f3fb4d514b6d374132c1c8117bcef08c9fc6bdbfa5381", kill_on_drop: false }`
[INFO] [stdout] ab090b894b0032d9a50f3fb4d514b6d374132c1c8117bcef08c9fc6bdbfa5381
