[INFO] cloning repository https://github.com/rajasekarv/native_spark
[INFO] running `Command { std: "git" "-c" "credential.helper=" "-c" "credential.helper=/workspace/cargo-home/bin/git-credential-null" "clone" "--bare" "https://github.com/rajasekarv/native_spark" "/workspace/cache/git-repos/https%3A%2F%2Fgithub.com%2Frajasekarv%2Fnative_spark", kill_on_drop: false }`
[INFO] [stderr] Cloning into bare repository '/workspace/cache/git-repos/https%3A%2F%2Fgithub.com%2Frajasekarv%2Fnative_spark'...
[INFO] running `Command { std: "git" "rev-parse" "HEAD", kill_on_drop: false }`
[INFO] [stdout] 8533d4b10868dd1a715d1a580f210aaf6b4d6fcd
[INFO] checking rajasekarv/native_spark against beta-2020-07-24 for pr-75494-beta
[INFO] running `Command { std: "git" "clone" "/workspace/cache/git-repos/https%3A%2F%2Fgithub.com%2Frajasekarv%2Fnative_spark" "/workspace/builds/worker-0/source", kill_on_drop: false }`
[INFO] [stderr] Cloning into '/workspace/builds/worker-0/source'...
[INFO] [stderr] done.
[INFO] validating manifest of git repo https://github.com/rajasekarv/native_spark on toolchain beta-2020-07-24
[INFO] running `Command { std: "/workspace/cargo-home/bin/cargo" "+beta-2020-07-24" "read-manifest" "--manifest-path" "Cargo.toml", kill_on_drop: false }`
[INFO] started tweaking git repo https://github.com/rajasekarv/native_spark
[INFO] finished tweaking git repo https://github.com/rajasekarv/native_spark
[INFO] tweaked toml for git repo https://github.com/rajasekarv/native_spark written to /workspace/builds/worker-0/source/Cargo.toml
[INFO] running `Command { std: "/workspace/cargo-home/bin/cargo" "+beta-2020-07-24" "generate-lockfile" "--manifest-path" "Cargo.toml" "-Zno-index-update", kill_on_drop: false }`
[INFO] running `Command { std: "/workspace/cargo-home/bin/cargo" "+beta-2020-07-24" "fetch" "--locked" "--manifest-path" "Cargo.toml", kill_on_drop: false }`
[INFO] running `Command { std: "docker" "create" "-v" "/var/lib/crater-agent-workspace/builds/worker-0/target:/opt/rustwide/target:rw,Z" "-v" "/var/lib/crater-agent-workspace/builds/worker-0/source:/opt/rustwide/workdir:ro,Z" "-v" "/var/lib/crater-agent-workspace/cargo-home:/opt/rustwide/cargo-home:ro,Z" "-v" "/var/lib/crater-agent-workspace/rustup-home:/opt/rustwide/rustup-home:ro,Z" "-e" "SOURCE_DIR=/opt/rustwide/workdir" "-e" "CARGO_TARGET_DIR=/opt/rustwide/target" "-e" "CARGO_HOME=/opt/rustwide/cargo-home" "-e" "RUSTUP_HOME=/opt/rustwide/rustup-home" "-w" "/opt/rustwide/workdir" "-m" "1610612736" "--user" "0:0" "--network" "none" "rustops/crates-build-env@sha256:a636fd89d022f18117e1dc8fb37a0a009933cdbbe082814857f0e2024962d47c" "/opt/rustwide/cargo-home/bin/cargo" "+beta-2020-07-24" "metadata" "--no-deps" "--format-version=1", kill_on_drop: false }`
[INFO] [stdout] 5691192653a078320d0557d12bbbf0cedbec870c5ad477282005a4a1c5bd8622
[INFO] [stderr] WARNING: Your kernel does not support swap limit capabilities or the cgroup is not mounted. Memory limited without swap.
[INFO] running `Command { std: "docker" "start" "-a" "5691192653a078320d0557d12bbbf0cedbec870c5ad477282005a4a1c5bd8622", kill_on_drop: false }`
[INFO] running `Command { std: "docker" "inspect" "5691192653a078320d0557d12bbbf0cedbec870c5ad477282005a4a1c5bd8622", kill_on_drop: false }`
[INFO] running `Command { std: "docker" "rm" "-f" "5691192653a078320d0557d12bbbf0cedbec870c5ad477282005a4a1c5bd8622", kill_on_drop: false }`
[INFO] [stdout] 5691192653a078320d0557d12bbbf0cedbec870c5ad477282005a4a1c5bd8622
[INFO] running `Command { std: "docker" "create" "-v" "/var/lib/crater-agent-workspace/builds/worker-0/target:/opt/rustwide/target:rw,Z" "-v" "/var/lib/crater-agent-workspace/builds/worker-0/source:/opt/rustwide/workdir:ro,Z" "-v" "/var/lib/crater-agent-workspace/cargo-home:/opt/rustwide/cargo-home:ro,Z" "-v" "/var/lib/crater-agent-workspace/rustup-home:/opt/rustwide/rustup-home:ro,Z" "-e" "SOURCE_DIR=/opt/rustwide/workdir" "-e" "CARGO_TARGET_DIR=/opt/rustwide/target" "-e" "CARGO_INCREMENTAL=0" "-e" "RUST_BACKTRACE=full" "-e" "RUSTFLAGS=--cap-lints=forbid" "-e" "CARGO_HOME=/opt/rustwide/cargo-home" "-e" "RUSTUP_HOME=/opt/rustwide/rustup-home" "-w" "/opt/rustwide/workdir" "-m" "1610612736" "--user" "0:0" "--network" "none" "rustops/crates-build-env@sha256:a636fd89d022f18117e1dc8fb37a0a009933cdbbe082814857f0e2024962d47c" "/opt/rustwide/cargo-home/bin/cargo" "+beta-2020-07-24" "check" "--frozen" "--all" "--all-targets" "--message-format=json", kill_on_drop: false }`
[INFO] [stdout] c0a567edb82098372c92a09e47d21b455bb0f2250e94e260e1c382f25a267728
[INFO] [stderr] WARNING: Your kernel does not support swap limit capabilities or the cgroup is not mounted. Memory limited without swap.
[INFO] running `Command { std: "docker" "start" "-a" "c0a567edb82098372c92a09e47d21b455bb0f2250e94e260e1c382f25a267728", kill_on_drop: false }`
[INFO] [stderr]     Checking cfg-if v0.1.10
[INFO] [stderr]    Compiling autocfg v1.0.1
[INFO] [stderr]    Compiling proc-macro2 v1.0.19
[INFO] [stderr]    Compiling unicode-xid v0.2.1
[INFO] [stderr]    Compiling serde_derive v1.0.115
[INFO] [stderr]    Compiling serde v1.0.115
[INFO] [stderr]    Compiling memchr v2.3.3
[INFO] [stderr]    Compiling getrandom v0.1.14
[INFO] [stderr]    Compiling byteorder v1.3.4
[INFO] [stderr]     Checking futures-core v0.3.5
[INFO] [stderr]     Checking slab v0.4.2
[INFO] [stderr]    Compiling maybe-uninit v2.0.0
[INFO] [stderr]     Checking rand_core v0.4.2
[INFO] [stderr]     Checking scopeguard v1.1.0
[INFO] [stderr]     Checking pin-project-lite v0.1.7
[INFO] [stderr]     Checking void v1.0.2
[INFO] [stderr]     Checking futures-sink v0.3.5
[INFO] [stderr]     Checking itoa v0.4.6
[INFO] [stderr]     Checking fnv v1.0.7
[INFO] [stderr]     Checking pin-utils v0.1.0
[INFO] [stderr]    Compiling bitflags v1.2.1
[INFO] [stderr]    Compiling nix v0.15.0
[INFO] [stderr]     Checking smallvec v1.4.2
[INFO] [stderr]    Compiling build_id v0.2.1
[INFO] [stderr]    Compiling glob v0.3.0
[INFO] [stderr]    Compiling ryu v1.0.5
[INFO] [stderr]    Compiling serde_json v1.0.57
[INFO] [stderr]    Compiling relative v0.2.2
[INFO] [stderr]     Checking twox-hash v1.5.0
[INFO] [stderr]    Compiling crc32fast v1.2.0
[INFO] [stderr]    Compiling httparse v1.3.4
[INFO] [stderr]    Compiling packed_simd v0.3.3
[INFO] [stderr]    Compiling capnp v0.12.3
[INFO] [stderr]     Checking alloc-no-stdlib v1.3.0
[INFO] [stderr]     Checking adler v0.2.3
[INFO] [stderr]     Checking integer-encoding v1.1.5
[INFO] [stderr]     Checking either v1.6.0
[INFO] [stderr]     Checking metatype v0.2.0
[INFO] [stderr]     Checking tower-service v0.3.0
[INFO] [stderr]     Checking seahash v3.0.7
[INFO] [stderr]    Compiling parquet v0.15.1
[INFO] [stderr]     Checking quick-error v1.2.3
[INFO] [stdout] error[E0554]: `#![feature]` may not be used on the beta release channel
[INFO] [stdout]   --> /opt/rustwide/cargo-home/registry/src/github.com-1ecc6299db9ec823/metatype-0.2.0/src/lib.rs:34:1
[INFO] [stdout]    |
[INFO] [stdout] 34 | #![feature(arbitrary_self_types)]
[INFO] [stdout]    | ^^^^^^^^^^^^^^^^^^^^^^^^^^^^^^^^^
[INFO] [stdout] 
[INFO] [stdout] 
[INFO] [stdout] error[E0554]: `#![feature]` may not be used on the beta release channel
[INFO] [stdout]   --> /opt/rustwide/cargo-home/registry/src/github.com-1ecc6299db9ec823/metatype-0.2.0/src/lib.rs:35:1
[INFO] [stdout]    |
[INFO] [stdout] 35 | #![feature(raw)]
[INFO] [stdout]    | ^^^^^^^^^^^^^^^^
[INFO] [stdout] 
[INFO] [stdout] 
[INFO] [stdout] error[E0554]: `#![feature]` may not be used on the beta release channel
[INFO] [stdout]   --> /opt/rustwide/cargo-home/registry/src/github.com-1ecc6299db9ec823/metatype-0.2.0/src/lib.rs:36:1
[INFO] [stdout]    |
[INFO] [stdout] 36 | #![feature(slice_from_raw_parts)]
[INFO] [stdout]    | ^^^^^^^^^^^^^^^^^^^^^^^^^^^^^^^^^
[INFO] [stdout] 
[INFO] [stdout] 
[INFO] [stdout] error[E0554]: `#![feature]` may not be used on the beta release channel
[INFO] [stdout]   --> /opt/rustwide/cargo-home/registry/src/github.com-1ecc6299db9ec823/metatype-0.2.0/src/lib.rs:37:1
[INFO] [stdout]    |
[INFO] [stdout] 37 | #![feature(specialization)]
[INFO] [stdout]    | ^^^^^^^^^^^^^^^^^^^^^^^^^^^
[INFO] [stdout] 
[INFO] [stdout] 
[INFO] [stderr]     Checking thread_local v1.0.1
[INFO] [stderr]     Checking tracing-core v0.1.15
[INFO] [stdout] error: aborting due to 4 previous errors
[INFO] [stdout] 
[INFO] [stdout] 
[INFO] [stderr] error: could not compile `metatype`.
[INFO] [stdout] For more information about this error, try `rustc --explain E0554`.
[INFO] [stdout] 
[INFO] [stderr] 
[INFO] [stderr] To learn more, run the command again with --verbose.
[INFO] [stderr] warning: build failed, waiting for other jobs to finish...
[INFO] [stderr] error: build failed
[INFO] running `Command { std: "docker" "inspect" "c0a567edb82098372c92a09e47d21b455bb0f2250e94e260e1c382f25a267728", kill_on_drop: false }`
[INFO] running `Command { std: "docker" "rm" "-f" "c0a567edb82098372c92a09e47d21b455bb0f2250e94e260e1c382f25a267728", kill_on_drop: false }`
[INFO] [stdout] c0a567edb82098372c92a09e47d21b455bb0f2250e94e260e1c382f25a267728
