[INFO] cloning repository https://github.com/ra-kete/dma-poc
[INFO] running `Command { std: "git" "-c" "credential.helper=" "-c" "credential.helper=/workspace/cargo-home/bin/git-credential-null" "clone" "--bare" "https://github.com/ra-kete/dma-poc" "/workspace/cache/git-repos/https%3A%2F%2Fgithub.com%2Fra-kete%2Fdma-poc", kill_on_drop: false }`
[INFO] [stderr] Cloning into bare repository '/workspace/cache/git-repos/https%3A%2F%2Fgithub.com%2Fra-kete%2Fdma-poc'...
[INFO] running `Command { std: "git" "rev-parse" "HEAD", kill_on_drop: false }`
[INFO] [stdout] a21dd3dc33f77a1ec18b5862654bc5a96ccc53b4
[INFO] checking ra-kete/dma-poc against beta-2020-07-24 for pr-75494-beta
[INFO] running `Command { std: "git" "clone" "/workspace/cache/git-repos/https%3A%2F%2Fgithub.com%2Fra-kete%2Fdma-poc" "/workspace/builds/worker-5/source", kill_on_drop: false }`
[INFO] [stderr] Cloning into '/workspace/builds/worker-5/source'...
[INFO] [stderr] done.
[INFO] validating manifest of git repo https://github.com/ra-kete/dma-poc on toolchain beta-2020-07-24
[INFO] running `Command { std: "/workspace/cargo-home/bin/cargo" "+beta-2020-07-24" "read-manifest" "--manifest-path" "Cargo.toml", kill_on_drop: false }`
[INFO] removed /workspace/builds/worker-5/source/.cargo/config
[INFO] started tweaking git repo https://github.com/ra-kete/dma-poc
[INFO] finished tweaking git repo https://github.com/ra-kete/dma-poc
[INFO] tweaked toml for git repo https://github.com/ra-kete/dma-poc written to /workspace/builds/worker-5/source/Cargo.toml
[INFO] crate git repo https://github.com/ra-kete/dma-poc already has a lockfile, it will not be regenerated
[INFO] running `Command { std: "/workspace/cargo-home/bin/cargo" "+beta-2020-07-24" "fetch" "--locked" "--manifest-path" "Cargo.toml", kill_on_drop: false }`
[INFO] running `Command { std: "docker" "create" "-v" "/var/lib/crater-agent-workspace/builds/worker-5/target:/opt/rustwide/target:rw,Z" "-v" "/var/lib/crater-agent-workspace/builds/worker-5/source:/opt/rustwide/workdir:ro,Z" "-v" "/var/lib/crater-agent-workspace/cargo-home:/opt/rustwide/cargo-home:ro,Z" "-v" "/var/lib/crater-agent-workspace/rustup-home:/opt/rustwide/rustup-home:ro,Z" "-e" "SOURCE_DIR=/opt/rustwide/workdir" "-e" "CARGO_TARGET_DIR=/opt/rustwide/target" "-e" "CARGO_HOME=/opt/rustwide/cargo-home" "-e" "RUSTUP_HOME=/opt/rustwide/rustup-home" "-w" "/opt/rustwide/workdir" "-m" "1610612736" "--user" "0:0" "--network" "none" "rustops/crates-build-env@sha256:a636fd89d022f18117e1dc8fb37a0a009933cdbbe082814857f0e2024962d47c" "/opt/rustwide/cargo-home/bin/cargo" "+beta-2020-07-24" "metadata" "--no-deps" "--format-version=1", kill_on_drop: false }`
[INFO] [stdout] dd9d0b0085c08c47748a0fc7428ddc5a17b25c894374c5421ade80b89efb5d41
[INFO] [stderr] WARNING: Your kernel does not support swap limit capabilities or the cgroup is not mounted. Memory limited without swap.
[INFO] running `Command { std: "docker" "start" "-a" "dd9d0b0085c08c47748a0fc7428ddc5a17b25c894374c5421ade80b89efb5d41", kill_on_drop: false }`
[INFO] running `Command { std: "docker" "inspect" "dd9d0b0085c08c47748a0fc7428ddc5a17b25c894374c5421ade80b89efb5d41", kill_on_drop: false }`
[INFO] running `Command { std: "docker" "rm" "-f" "dd9d0b0085c08c47748a0fc7428ddc5a17b25c894374c5421ade80b89efb5d41", kill_on_drop: false }`
[INFO] [stdout] dd9d0b0085c08c47748a0fc7428ddc5a17b25c894374c5421ade80b89efb5d41
[INFO] running `Command { std: "docker" "create" "-v" "/var/lib/crater-agent-workspace/builds/worker-5/target:/opt/rustwide/target:rw,Z" "-v" "/var/lib/crater-agent-workspace/builds/worker-5/source:/opt/rustwide/workdir:ro,Z" "-v" "/var/lib/crater-agent-workspace/cargo-home:/opt/rustwide/cargo-home:ro,Z" "-v" "/var/lib/crater-agent-workspace/rustup-home:/opt/rustwide/rustup-home:ro,Z" "-e" "SOURCE_DIR=/opt/rustwide/workdir" "-e" "CARGO_TARGET_DIR=/opt/rustwide/target" "-e" "CARGO_INCREMENTAL=0" "-e" "RUST_BACKTRACE=full" "-e" "RUSTFLAGS=--cap-lints=forbid" "-e" "CARGO_HOME=/opt/rustwide/cargo-home" "-e" "RUSTUP_HOME=/opt/rustwide/rustup-home" "-w" "/opt/rustwide/workdir" "-m" "1610612736" "--user" "0:0" "--network" "none" "rustops/crates-build-env@sha256:a636fd89d022f18117e1dc8fb37a0a009933cdbbe082814857f0e2024962d47c" "/opt/rustwide/cargo-home/bin/cargo" "+beta-2020-07-24" "check" "--frozen" "--all" "--all-targets" "--message-format=json", kill_on_drop: false }`
[INFO] [stderr] WARNING: Your kernel does not support swap limit capabilities or the cgroup is not mounted. Memory limited without swap.
[INFO] [stdout] 7a25a099ae9cbe1deebc50e38c41ea1ce432e4e0314a96b9c80b183d9d2903b5
[INFO] running `Command { std: "docker" "start" "-a" "7a25a099ae9cbe1deebc50e38c41ea1ce432e4e0314a96b9c80b183d9d2903b5", kill_on_drop: false }`
[INFO] [stderr]     Checking r0 v0.2.2
[INFO] [stderr]    Compiling stm32f3 v0.10.0
[INFO] [stderr]    Compiling heapless v0.5.4
[INFO] [stderr]    Compiling proc-macro2 v1.0.10
[INFO] [stderr]     Checking hash32 v0.1.1
[INFO] [stderr]     Checking generic-array v0.13.2
[INFO] [stderr]    Compiling bare-metal v0.2.5
[INFO] [stderr]     Checking as-slice v0.1.3
[INFO] [stderr]     Checking bbqueue v0.4.4
[INFO] [stderr]    Compiling quote v1.0.3
[INFO] [stderr]     Checking aligned v0.3.2
[INFO] [stderr]     Checking cortex-m v0.6.2
[INFO] [stderr]    Compiling syn v1.0.17
[INFO] [stderr]     Checking cortex-m-semihosting v0.3.5
[INFO] [stderr]     Checking panic-semihosting v0.5.3
[INFO] [stderr]    Compiling cortex-m-rt-macros v0.1.8
[INFO] [stderr]     Checking cortex-m-rt v0.6.12
[INFO] [stderr]     Checking dma-poc v0.1.0 (/opt/rustwide/workdir)
[INFO] [stdout] error: duplicate lang item in crate `std` (which `test` depends on): `panic_impl`.
[INFO] [stdout]   |
[INFO] [stdout]   = note: the lang item is first defined in crate `panic_semihosting` (which `dma_poc` depends on)
[INFO] [stdout]   = note: first definition in `panic_semihosting` loaded from /opt/rustwide/target/debug/deps/libpanic_semihosting-434f911eea4107cd.rmeta
[INFO] [stdout]   = note: second definition in `std` loaded from /opt/rustwide/rustup-home/toolchains/beta-2020-07-24-x86_64-unknown-linux-gnu/lib/rustlib/x86_64-unknown-linux-gnu/lib/libstd-d66e0ceb8eaec9b8.rlib
[INFO] [stdout] 
[INFO] [stdout] 
[INFO] [stdout] error: aborting due to previous error
[INFO] [stdout] 
[INFO] [stdout] 
[INFO] [stderr] error: could not compile `dma-poc`.
[INFO] [stderr] 
[INFO] [stderr] To learn more, run the command again with --verbose.
[INFO] [stderr] warning: build failed, waiting for other jobs to finish...
[INFO] [stdout] error: language item required, but not found: `eh_personality`
[INFO] [stdout] 
[INFO] [stdout] 
[INFO] [stdout] error: language item required, but not found: `eh_personality`
[INFO] [stdout] 
[INFO] [stdout] 
[INFO] [stdout] error: aborting due to previous error
[INFO] [stdout] 
[INFO] [stdout] 
[INFO] [stdout] error: language item required, but not found: `eh_personality`
[INFO] [stdout] 
[INFO] [stdout] 
[INFO] [stdout] error: language item required, but not found: `eh_personality`
[INFO] [stdout] 
[INFO] [stdout] 
[INFO] [stdout] error: cannot find macro `pool` in this scope
[INFO] [stdout]   --> examples/heapless-box.rs:16:1
[INFO] [stdout]    |
[INFO] [stdout] 16 | pool!(P: [u8; 16]);
[INFO] [stdout]    | ^^^^
[INFO] [stdout] 
[INFO] [stdout] 
[INFO] [stdout] error: language item required, but not found: `eh_personality`
[INFO] [stdout] 
[INFO] [stdout] 
[INFO] [stdout] error: language item required, but not found: `eh_personality`
[INFO] [stdout] 
[INFO] [stdout] 
[INFO] [stdout] error: aborting due to previous error
[INFO] [stdout] 
[INFO] [stdout] 
[INFO] [stdout] error: language item required, but not found: `eh_personality`
[INFO] [stdout] 
[INFO] [stdout] 
[INFO] [stdout] error: aborting due to previous error
[INFO] [stdout] 
[INFO] [stdout] 
[INFO] [stdout] error: language item required, but not found: `eh_personality`
[INFO] [stdout] 
[INFO] [stdout] 
[INFO] [stdout] error: aborting due to previous error
[INFO] [stdout] 
[INFO] [stdout] 
[INFO] [stdout] error: aborting due to previous error
[INFO] [stdout] 
[INFO] [stdout] 
[INFO] [stdout] error: aborting due to previous error
[INFO] [stdout] 
[INFO] [stdout] 
[INFO] [stdout] error: language item required, but not found: `eh_personality`
[INFO] [stdout] 
[INFO] [stdout] 
[INFO] [stdout] error: aborting due to previous error
[INFO] [stdout] 
[INFO] [stdout] 
[INFO] [stdout] error: aborting due to previous error
[INFO] [stdout] 
[INFO] [stdout] 
[INFO] [stdout] error[E0433]: failed to resolve: use of undeclared type or module `P`
[INFO] [stdout]   --> examples/heapless-box.rs:21:5
[INFO] [stdout]    |
[INFO] [stdout] 21 |     P::grow(MEMORY);
[INFO] [stdout]    |     ^ use of undeclared type or module `P`
[INFO] [stdout] 
[INFO] [stdout] 
[INFO] [stdout] error[E0433]: failed to resolve: use of undeclared type or module `P`
[INFO] [stdout]   --> examples/heapless-box.rs:36:15
[INFO] [stdout]    |
[INFO] [stdout] 36 |     let dst = P::alloc().unwrap().freeze();
[INFO] [stdout]    |               ^ use of undeclared type or module `P`
[INFO] [stdout] 
[INFO] [stdout] 
[INFO] [stdout] error[E0412]: cannot find type `P` in this scope
[INFO] [stdout]   --> examples/heapless-box.rs:35:43
[INFO] [stdout]    |
[INFO] [stdout] 35 | fn start() -> Transfer<&'static [u8], Box<P>> {
[INFO] [stdout]    |         -                                 ^ not found in this scope
[INFO] [stdout]    |         |
[INFO] [stdout]    |         help: you might be missing a type parameter: `<P>`
[INFO] [stdout] 
[INFO] [stdout] 
[INFO] [stdout] warning: unused imports: `Pool`, `pool`
[INFO] [stdout]   --> examples/heapless-box.rs:10:5
[INFO] [stdout]    |
[INFO] [stdout] 10 |     pool,
[INFO] [stdout]    |     ^^^^
[INFO] [stdout] 11 |     pool::singleton::{Box, Pool},
[INFO] [stdout]    |                            ^^^^
[INFO] [stdout]    |
[INFO] [stdout]    = note: `#[warn(unused_imports)]` on by default
[INFO] [stdout] 
[INFO] [stdout] 
[INFO] [stdout] error: language item required, but not found: `eh_personality`
[INFO] [stdout] 
[INFO] [stdout] 
[INFO] [stdout] error: aborting due to previous error
[INFO] [stdout] 
[INFO] [stdout] 
[INFO] [stdout] error: aborting due to 5 previous errors; 1 warning emitted
[INFO] [stdout] 
[INFO] [stdout] 
[INFO] [stdout] Some errors have detailed explanations: E0412, E0433.
[INFO] [stdout] 
[INFO] [stdout] For more information about an error, try `rustc --explain E0412`.
[INFO] [stdout] 
[INFO] [stderr] error: build failed
[INFO] running `Command { std: "docker" "inspect" "7a25a099ae9cbe1deebc50e38c41ea1ce432e4e0314a96b9c80b183d9d2903b5", kill_on_drop: false }`
[INFO] running `Command { std: "docker" "rm" "-f" "7a25a099ae9cbe1deebc50e38c41ea1ce432e4e0314a96b9c80b183d9d2903b5", kill_on_drop: false }`
[INFO] [stdout] 7a25a099ae9cbe1deebc50e38c41ea1ce432e4e0314a96b9c80b183d9d2903b5
