[INFO] cloning repository https://github.com/r0ck3tAKATrashPanda/win-kern-drv-rs
[INFO] running `Command { std: "git" "-c" "credential.helper=" "-c" "credential.helper=/workspace/cargo-home/bin/git-credential-null" "clone" "--bare" "https://github.com/r0ck3tAKATrashPanda/win-kern-drv-rs" "/workspace/cache/git-repos/https%3A%2F%2Fgithub.com%2Fr0ck3tAKATrashPanda%2Fwin-kern-drv-rs", kill_on_drop: false }`
[INFO] [stderr] Cloning into bare repository '/workspace/cache/git-repos/https%3A%2F%2Fgithub.com%2Fr0ck3tAKATrashPanda%2Fwin-kern-drv-rs'...
[INFO] running `Command { std: "git" "rev-parse" "HEAD", kill_on_drop: false }`
[INFO] [stdout] 9c9a99844158131cf47076233c1fc3700715838b
[INFO] checking r0ck3tAKATrashPanda/win-kern-drv-rs against beta-2020-07-24 for pr-75494-beta
[INFO] running `Command { std: "git" "clone" "/workspace/cache/git-repos/https%3A%2F%2Fgithub.com%2Fr0ck3tAKATrashPanda%2Fwin-kern-drv-rs" "/workspace/builds/worker-5/source", kill_on_drop: false }`
[INFO] [stderr] Cloning into '/workspace/builds/worker-5/source'...
[INFO] [stderr] done.
[INFO] validating manifest of git repo https://github.com/r0ck3tAKATrashPanda/win-kern-drv-rs on toolchain beta-2020-07-24
[INFO] running `Command { std: "/workspace/cargo-home/bin/cargo" "+beta-2020-07-24" "read-manifest" "--manifest-path" "Cargo.toml", kill_on_drop: false }`
[INFO] started tweaking git repo https://github.com/r0ck3tAKATrashPanda/win-kern-drv-rs
[INFO] finished tweaking git repo https://github.com/r0ck3tAKATrashPanda/win-kern-drv-rs
[INFO] tweaked toml for git repo https://github.com/r0ck3tAKATrashPanda/win-kern-drv-rs written to /workspace/builds/worker-5/source/Cargo.toml
[INFO] crate git repo https://github.com/r0ck3tAKATrashPanda/win-kern-drv-rs already has a lockfile, it will not be regenerated
[INFO] running `Command { std: "/workspace/cargo-home/bin/cargo" "+beta-2020-07-24" "fetch" "--locked" "--manifest-path" "Cargo.toml", kill_on_drop: false }`
[INFO] [stderr]     Blocking waiting for file lock on package cache
[INFO] running `Command { std: "docker" "create" "-v" "/var/lib/crater-agent-workspace/builds/worker-5/target:/opt/rustwide/target:rw,Z" "-v" "/var/lib/crater-agent-workspace/builds/worker-5/source:/opt/rustwide/workdir:ro,Z" "-v" "/var/lib/crater-agent-workspace/cargo-home:/opt/rustwide/cargo-home:ro,Z" "-v" "/var/lib/crater-agent-workspace/rustup-home:/opt/rustwide/rustup-home:ro,Z" "-e" "SOURCE_DIR=/opt/rustwide/workdir" "-e" "CARGO_TARGET_DIR=/opt/rustwide/target" "-e" "CARGO_HOME=/opt/rustwide/cargo-home" "-e" "RUSTUP_HOME=/opt/rustwide/rustup-home" "-w" "/opt/rustwide/workdir" "-m" "1610612736" "--user" "0:0" "--network" "none" "rustops/crates-build-env@sha256:a636fd89d022f18117e1dc8fb37a0a009933cdbbe082814857f0e2024962d47c" "/opt/rustwide/cargo-home/bin/cargo" "+beta-2020-07-24" "metadata" "--no-deps" "--format-version=1", kill_on_drop: false }`
[INFO] [stdout] 8bbb2a58fc047baf76f617308ecd56c77b30dff846852b60da343646e4babb8a
[INFO] [stderr] WARNING: Your kernel does not support swap limit capabilities or the cgroup is not mounted. Memory limited without swap.
[INFO] running `Command { std: "docker" "start" "-a" "8bbb2a58fc047baf76f617308ecd56c77b30dff846852b60da343646e4babb8a", kill_on_drop: false }`
[INFO] running `Command { std: "docker" "inspect" "8bbb2a58fc047baf76f617308ecd56c77b30dff846852b60da343646e4babb8a", kill_on_drop: false }`
[INFO] running `Command { std: "docker" "rm" "-f" "8bbb2a58fc047baf76f617308ecd56c77b30dff846852b60da343646e4babb8a", kill_on_drop: false }`
[INFO] [stdout] 8bbb2a58fc047baf76f617308ecd56c77b30dff846852b60da343646e4babb8a
[INFO] running `Command { std: "docker" "create" "-v" "/var/lib/crater-agent-workspace/builds/worker-5/target:/opt/rustwide/target:rw,Z" "-v" "/var/lib/crater-agent-workspace/builds/worker-5/source:/opt/rustwide/workdir:ro,Z" "-v" "/var/lib/crater-agent-workspace/cargo-home:/opt/rustwide/cargo-home:ro,Z" "-v" "/var/lib/crater-agent-workspace/rustup-home:/opt/rustwide/rustup-home:ro,Z" "-e" "SOURCE_DIR=/opt/rustwide/workdir" "-e" "CARGO_TARGET_DIR=/opt/rustwide/target" "-e" "CARGO_INCREMENTAL=0" "-e" "RUST_BACKTRACE=full" "-e" "RUSTFLAGS=--cap-lints=forbid" "-e" "CARGO_HOME=/opt/rustwide/cargo-home" "-e" "RUSTUP_HOME=/opt/rustwide/rustup-home" "-w" "/opt/rustwide/workdir" "-m" "1610612736" "--user" "0:0" "--network" "none" "rustops/crates-build-env@sha256:a636fd89d022f18117e1dc8fb37a0a009933cdbbe082814857f0e2024962d47c" "/opt/rustwide/cargo-home/bin/cargo" "+beta-2020-07-24" "check" "--frozen" "--all" "--all-targets" "--message-format=json", kill_on_drop: false }`
[INFO] [stderr] WARNING: Your kernel does not support swap limit capabilities or the cgroup is not mounted. Memory limited without swap.
[INFO] [stdout] c4b3b6cda286f7d4aa8c47798b7b0f8a7ea7272a07da1092392e1583ab5222ed
[INFO] running `Command { std: "docker" "start" "-a" "c4b3b6cda286f7d4aa8c47798b7b0f8a7ea7272a07da1092392e1583ab5222ed", kill_on_drop: false }`
[INFO] [stderr]    Compiling winapi v0.3.7 (https://github.com/Trantect/winapi-rs?branch=feature/km#981da766)
[INFO] [stderr]     Checking hello-driver v0.1.0 (/opt/rustwide/workdir)
[INFO] [stdout] error[E0433]: failed to resolve: could not find `shared` in `winapi`
[INFO] [stdout]  --> src/lib.rs:5:13
[INFO] [stdout]   |
[INFO] [stdout] 5 | use winapi::shared::ntdef::*;
[INFO] [stdout]   |             ^^^^^^ could not find `shared` in `winapi`
[INFO] [stdout] 
[INFO] [stdout] 
[INFO] [stdout] error[E0433]: failed to resolve: could not find `km` in `winapi`
[INFO] [stdout]  --> src/lib.rs:6:13
[INFO] [stdout]   |
[INFO] [stdout] 6 | use winapi::km::wdm::*;
[INFO] [stdout]   |             ^^ could not find `km` in `winapi`
[INFO] [stdout] 
[INFO] [stdout] 
[INFO] [stdout] error[E0412]: cannot find type `PDRIVER_OBJECT` in this scope
[INFO] [stdout]   --> src/lib.rs:11:47
[INFO] [stdout]    |
[INFO] [stdout] 11 | extern "system" fn DriverEntry(pDriverObject: PDRIVER_OBJECT, pRegistryPath: PUNICODE_STRING) -> NTSTATUS {
[INFO] [stdout]    |                                               ^^^^^^^^^^^^^^ not found in this scope
[INFO] [stdout] 
[INFO] [stdout] 
[INFO] [stdout] error[E0412]: cannot find type `PUNICODE_STRING` in this scope
[INFO] [stdout]   --> src/lib.rs:11:78
[INFO] [stdout]    |
[INFO] [stdout] 11 | extern "system" fn DriverEntry(pDriverObject: PDRIVER_OBJECT, pRegistryPath: PUNICODE_STRING) -> NTSTATUS {
[INFO] [stdout]    |                                                                              ^^^^^^^^^^^^^^^ not found in this scope
[INFO] [stdout] 
[INFO] [stdout] 
[INFO] [stdout] error[E0412]: cannot find type `NTSTATUS` in this scope
[INFO] [stdout]   --> src/lib.rs:11:98
[INFO] [stdout]    |
[INFO] [stdout] 11 | extern "system" fn DriverEntry(pDriverObject: PDRIVER_OBJECT, pRegistryPath: PUNICODE_STRING) -> NTSTATUS {
[INFO] [stdout]    |                                                                                                  ^^^^^^^^ not found in this scope
[INFO] [stdout] 
[INFO] [stdout] 
[INFO] [stdout] error[E0412]: cannot find type `DRIVER_OBJECT` in this scope
[INFO] [stdout]   --> src/lib.rs:21:60
[INFO] [stdout]    |
[INFO] [stdout] 21 | extern "system" fn DriverUnload<'r>(pDriverObject: &'r mut DRIVER_OBJECT) {
[INFO] [stdout]    |                                                            ^^^^^^^^^^^^^ not found in this scope
[INFO] [stdout] 
[INFO] [stdout] 
[INFO] [stdout] error[E0554]: `#![feature]` may not be used on the beta release channel
[INFO] [stdout]  --> src/lib.rs:1:1
[INFO] [stdout]   |
[INFO] [stdout] 1 | #![feature(lang_items)]
[INFO] [stdout]   | ^^^^^^^^^^^^^^^^^^^^^^^
[INFO] [stdout] 
[INFO] [stdout] 
[INFO] [stdout] error[E0152]: found duplicate lang item `eh_personality`
[INFO] [stdout]  --> src/lang.rs:4:1
[INFO] [stdout]   |
[INFO] [stdout] 4 | extern fn rust_eh_personality() {}
[INFO] [stdout]   | ^^^^^^^^^^^^^^^^^^^^^^^^^^^^^^^^^^
[INFO] [stdout]   |
[INFO] [stdout]   = note: the lang item is first defined in crate `panic_unwind` (which `std` depends on)
[INFO] [stdout]   = note: first definition in `panic_unwind` loaded from /opt/rustwide/rustup-home/toolchains/beta-2020-07-24-x86_64-unknown-linux-gnu/lib/rustlib/x86_64-unknown-linux-gnu/lib/libpanic_unwind-9717ec0599b569a0.rlib
[INFO] [stdout]   = note: second definition in the local crate (`hello_driver`)
[INFO] [stdout] 
[INFO] [stdout] 
[INFO] [stdout] error[E0152]: found duplicate lang item `panic_impl`
[INFO] [stdout]   --> src/lang.rs:7:1
[INFO] [stdout]    |
[INFO] [stdout] 7  | / extern fn panic_impl(info: &core::panic::PanicInfo) -> ! {
[INFO] [stdout] 8  | |
[INFO] [stdout] 9  | |     // Force a null pointer read to crash.
[INFO] [stdout] 10 | |     let _: i32 = unsafe { *(core::ptr::null()) };
[INFO] [stdout] ...  |
[INFO] [stdout] 13 | |     loop{}
[INFO] [stdout] 14 | | }
[INFO] [stdout]    | |_^
[INFO] [stdout]    |
[INFO] [stdout]    = note: the lang item is first defined in crate `std` (which `winapi` depends on)
[INFO] [stdout]    = note: first definition in `std` loaded from /opt/rustwide/rustup-home/toolchains/beta-2020-07-24-x86_64-unknown-linux-gnu/lib/rustlib/x86_64-unknown-linux-gnu/lib/libstd-d66e0ceb8eaec9b8.rlib
[INFO] [stdout]    = note: second definition in the local crate (`hello_driver`)
[INFO] [stdout] 
[INFO] [stdout] 
[INFO] [stdout] error: aborting due to 9 previous errors
[INFO] [stdout] 
[INFO] [stdout] 
[INFO] [stdout] Some errors have detailed explanations: E0152, E0412, E0433, E0554.
[INFO] [stdout] 
[INFO] [stdout] For more information about an error, try `rustc --explain E0152`.
[INFO] [stdout] 
[INFO] [stdout] error[E0433]: failed to resolve: could not find `shared` in `winapi`
[INFO] [stdout]  --> src/lib.rs:5:13
[INFO] [stdout]   |
[INFO] [stdout] 5 | use winapi::shared::ntdef::*;
[INFO] [stdout]   |             ^^^^^^ could not find `shared` in `winapi`
[INFO] [stdout] 
[INFO] [stdout] 
[INFO] [stdout] error[E0433]: failed to resolve: could not find `km` in `winapi`
[INFO] [stdout]  --> src/lib.rs:6:13
[INFO] [stdout]   |
[INFO] [stdout] 6 | use winapi::km::wdm::*;
[INFO] [stdout]   |             ^^ could not find `km` in `winapi`
[INFO] [stdout] 
[INFO] [stdout] 
[INFO] [stderr] error: could not compile `hello-driver`.
[INFO] [stderr] 
[INFO] [stderr] To learn more, run the command again with --verbose.
[INFO] [stderr] warning: build failed, waiting for other jobs to finish...
[INFO] [stdout] error[E0412]: cannot find type `PDRIVER_OBJECT` in this scope
[INFO] [stdout]   --> src/lib.rs:11:47
[INFO] [stdout]    |
[INFO] [stdout] 11 | extern "system" fn DriverEntry(pDriverObject: PDRIVER_OBJECT, pRegistryPath: PUNICODE_STRING) -> NTSTATUS {
[INFO] [stdout]    |                                               ^^^^^^^^^^^^^^ not found in this scope
[INFO] [stdout] 
[INFO] [stdout] 
[INFO] [stdout] error[E0412]: cannot find type `PUNICODE_STRING` in this scope
[INFO] [stdout]   --> src/lib.rs:11:78
[INFO] [stdout]    |
[INFO] [stdout] 11 | extern "system" fn DriverEntry(pDriverObject: PDRIVER_OBJECT, pRegistryPath: PUNICODE_STRING) -> NTSTATUS {
[INFO] [stdout]    |                                                                              ^^^^^^^^^^^^^^^ not found in this scope
[INFO] [stdout] 
[INFO] [stdout] 
[INFO] [stdout] error[E0412]: cannot find type `NTSTATUS` in this scope
[INFO] [stdout]   --> src/lib.rs:11:98
[INFO] [stdout]    |
[INFO] [stdout] 11 | extern "system" fn DriverEntry(pDriverObject: PDRIVER_OBJECT, pRegistryPath: PUNICODE_STRING) -> NTSTATUS {
[INFO] [stdout]    |                                                                                                  ^^^^^^^^ not found in this scope
[INFO] [stdout] 
[INFO] [stdout] 
[INFO] [stdout] error[E0412]: cannot find type `DRIVER_OBJECT` in this scope
[INFO] [stdout]   --> src/lib.rs:21:60
[INFO] [stdout]    |
[INFO] [stdout] 21 | extern "system" fn DriverUnload<'r>(pDriverObject: &'r mut DRIVER_OBJECT) {
[INFO] [stdout]    |                                                            ^^^^^^^^^^^^^ not found in this scope
[INFO] [stdout] 
[INFO] [stdout] 
[INFO] [stdout] error[E0554]: `#![feature]` may not be used on the beta release channel
[INFO] [stdout]  --> src/lib.rs:1:1
[INFO] [stdout]   |
[INFO] [stdout] 1 | #![feature(lang_items)]
[INFO] [stdout]   | ^^^^^^^^^^^^^^^^^^^^^^^
[INFO] [stdout] 
[INFO] [stdout] 
[INFO] [stdout] error[E0152]: found duplicate lang item `eh_personality`
[INFO] [stdout]  --> src/lang.rs:4:1
[INFO] [stdout]   |
[INFO] [stdout] 4 | extern fn rust_eh_personality() {}
[INFO] [stdout]   | ^^^^^^^^^^^^^^^^^^^^^^^^^^^^^^^^^^
[INFO] [stdout]   |
[INFO] [stdout]   = note: the lang item is first defined in crate `panic_unwind` (which `std` depends on)
[INFO] [stdout]   = note: first definition in `panic_unwind` loaded from /opt/rustwide/rustup-home/toolchains/beta-2020-07-24-x86_64-unknown-linux-gnu/lib/rustlib/x86_64-unknown-linux-gnu/lib/libpanic_unwind-9717ec0599b569a0.rlib
[INFO] [stdout]   = note: second definition in the local crate (`hello_driver`)
[INFO] [stdout] 
[INFO] [stdout] 
[INFO] [stdout] error[E0152]: found duplicate lang item `panic_impl`
[INFO] [stdout]   --> src/lang.rs:7:1
[INFO] [stdout]    |
[INFO] [stdout] 7  | / extern fn panic_impl(info: &core::panic::PanicInfo) -> ! {
[INFO] [stdout] 8  | |
[INFO] [stdout] 9  | |     // Force a null pointer read to crash.
[INFO] [stdout] 10 | |     let _: i32 = unsafe { *(core::ptr::null()) };
[INFO] [stdout] ...  |
[INFO] [stdout] 13 | |     loop{}
[INFO] [stdout] 14 | | }
[INFO] [stdout]    | |_^
[INFO] [stdout]    |
[INFO] [stdout]    = note: the lang item is first defined in crate `std` (which `test` depends on)
[INFO] [stdout]    = note: first definition in `std` loaded from /opt/rustwide/rustup-home/toolchains/beta-2020-07-24-x86_64-unknown-linux-gnu/lib/rustlib/x86_64-unknown-linux-gnu/lib/libstd-d66e0ceb8eaec9b8.rlib
[INFO] [stdout]    = note: second definition in the local crate (`hello_driver`)
[INFO] [stdout] 
[INFO] [stdout] 
[INFO] [stdout] error: aborting due to 9 previous errors
[INFO] [stdout] 
[INFO] [stdout] 
[INFO] [stdout] Some errors have detailed explanations: E0152, E0412, E0433, E0554.
[INFO] [stdout] 
[INFO] [stdout] For more information about an error, try `rustc --explain E0152`.
[INFO] [stdout] 
[INFO] [stderr] error: build failed
[INFO] running `Command { std: "docker" "inspect" "c4b3b6cda286f7d4aa8c47798b7b0f8a7ea7272a07da1092392e1583ab5222ed", kill_on_drop: false }`
[INFO] running `Command { std: "docker" "rm" "-f" "c4b3b6cda286f7d4aa8c47798b7b0f8a7ea7272a07da1092392e1583ab5222ed", kill_on_drop: false }`
[INFO] [stdout] c4b3b6cda286f7d4aa8c47798b7b0f8a7ea7272a07da1092392e1583ab5222ed
