[INFO] cloning repository https://github.com/pzmarzly/x11-input-mirror
[INFO] running `Command { std: "git" "-c" "credential.helper=" "-c" "credential.helper=/workspace/cargo-home/bin/git-credential-null" "clone" "--bare" "https://github.com/pzmarzly/x11-input-mirror" "/workspace/cache/git-repos/https%3A%2F%2Fgithub.com%2Fpzmarzly%2Fx11-input-mirror", kill_on_drop: false }`
[INFO] [stderr] Cloning into bare repository '/workspace/cache/git-repos/https%3A%2F%2Fgithub.com%2Fpzmarzly%2Fx11-input-mirror'...
[INFO] running `Command { std: "git" "rev-parse" "HEAD", kill_on_drop: false }`
[INFO] [stdout] 261dac624f093ce1c0fed9915a68a7f6d3f8f65e
[INFO] checking pzmarzly/x11-input-mirror against beta-2020-07-24 for pr-75494-beta
[INFO] running `Command { std: "git" "clone" "/workspace/cache/git-repos/https%3A%2F%2Fgithub.com%2Fpzmarzly%2Fx11-input-mirror" "/workspace/builds/worker-2/source", kill_on_drop: false }`
[INFO] [stderr] Cloning into '/workspace/builds/worker-2/source'...
[INFO] [stderr] done.
[INFO] validating manifest of git repo https://github.com/pzmarzly/x11-input-mirror on toolchain beta-2020-07-24
[INFO] running `Command { std: "/workspace/cargo-home/bin/cargo" "+beta-2020-07-24" "read-manifest" "--manifest-path" "Cargo.toml", kill_on_drop: false }`
[INFO] started tweaking git repo https://github.com/pzmarzly/x11-input-mirror
[INFO] finished tweaking git repo https://github.com/pzmarzly/x11-input-mirror
[INFO] tweaked toml for git repo https://github.com/pzmarzly/x11-input-mirror written to /workspace/builds/worker-2/source/Cargo.toml
[INFO] crate git repo https://github.com/pzmarzly/x11-input-mirror already has a lockfile, it will not be regenerated
[INFO] running `Command { std: "/workspace/cargo-home/bin/cargo" "+beta-2020-07-24" "fetch" "--locked" "--manifest-path" "Cargo.toml", kill_on_drop: false }`
[INFO] running `Command { std: "docker" "create" "-v" "/var/lib/crater-agent-workspace/builds/worker-2/target:/opt/rustwide/target:rw,Z" "-v" "/var/lib/crater-agent-workspace/builds/worker-2/source:/opt/rustwide/workdir:ro,Z" "-v" "/var/lib/crater-agent-workspace/cargo-home:/opt/rustwide/cargo-home:ro,Z" "-v" "/var/lib/crater-agent-workspace/rustup-home:/opt/rustwide/rustup-home:ro,Z" "-e" "SOURCE_DIR=/opt/rustwide/workdir" "-e" "CARGO_TARGET_DIR=/opt/rustwide/target" "-e" "CARGO_HOME=/opt/rustwide/cargo-home" "-e" "RUSTUP_HOME=/opt/rustwide/rustup-home" "-w" "/opt/rustwide/workdir" "-m" "1610612736" "--user" "0:0" "--network" "none" "rustops/crates-build-env@sha256:a636fd89d022f18117e1dc8fb37a0a009933cdbbe082814857f0e2024962d47c" "/opt/rustwide/cargo-home/bin/cargo" "+beta-2020-07-24" "metadata" "--no-deps" "--format-version=1", kill_on_drop: false }`
[INFO] [stdout] fc8b0e754b6d19ad47fec4fbdf5882f0b5b01b4dc9fd915d1ef3ac7500c5ef0f
[INFO] [stderr] WARNING: Your kernel does not support swap limit capabilities or the cgroup is not mounted. Memory limited without swap.
[INFO] running `Command { std: "docker" "start" "-a" "fc8b0e754b6d19ad47fec4fbdf5882f0b5b01b4dc9fd915d1ef3ac7500c5ef0f", kill_on_drop: false }`
[INFO] running `Command { std: "docker" "inspect" "fc8b0e754b6d19ad47fec4fbdf5882f0b5b01b4dc9fd915d1ef3ac7500c5ef0f", kill_on_drop: false }`
[INFO] running `Command { std: "docker" "rm" "-f" "fc8b0e754b6d19ad47fec4fbdf5882f0b5b01b4dc9fd915d1ef3ac7500c5ef0f", kill_on_drop: false }`
[INFO] [stdout] fc8b0e754b6d19ad47fec4fbdf5882f0b5b01b4dc9fd915d1ef3ac7500c5ef0f
[INFO] running `Command { std: "docker" "create" "-v" "/var/lib/crater-agent-workspace/builds/worker-2/target:/opt/rustwide/target:rw,Z" "-v" "/var/lib/crater-agent-workspace/builds/worker-2/source:/opt/rustwide/workdir:ro,Z" "-v" "/var/lib/crater-agent-workspace/cargo-home:/opt/rustwide/cargo-home:ro,Z" "-v" "/var/lib/crater-agent-workspace/rustup-home:/opt/rustwide/rustup-home:ro,Z" "-e" "SOURCE_DIR=/opt/rustwide/workdir" "-e" "CARGO_TARGET_DIR=/opt/rustwide/target" "-e" "CARGO_INCREMENTAL=0" "-e" "RUST_BACKTRACE=full" "-e" "RUSTFLAGS=--cap-lints=forbid" "-e" "CARGO_HOME=/opt/rustwide/cargo-home" "-e" "RUSTUP_HOME=/opt/rustwide/rustup-home" "-w" "/opt/rustwide/workdir" "-m" "1610612736" "--user" "0:0" "--network" "none" "rustops/crates-build-env@sha256:a636fd89d022f18117e1dc8fb37a0a009933cdbbe082814857f0e2024962d47c" "/opt/rustwide/cargo-home/bin/cargo" "+beta-2020-07-24" "check" "--frozen" "--all" "--all-targets" "--message-format=json", kill_on_drop: false }`
[INFO] [stderr] WARNING: Your kernel does not support swap limit capabilities or the cgroup is not mounted. Memory limited without swap.
[INFO] [stdout] 720341d855a28b7db9eb310387d247ba6ff8ccec91643e969ad5aae8d62113a1
[INFO] running `Command { std: "docker" "start" "-a" "720341d855a28b7db9eb310387d247ba6ff8ccec91643e969ad5aae8d62113a1", kill_on_drop: false }`
[INFO] [stderr]    Compiling typenum v1.10.0
[INFO] [stderr]    Compiling byteorder v1.3.1
[INFO] [stderr]    Compiling unicode-xid v0.1.0
[INFO] [stderr]    Compiling serde v1.0.86
[INFO] [stderr]     Checking byte-tools v0.3.1
[INFO] [stderr]     Checking rand_core v0.4.0
[INFO] [stderr]     Checking keccak v0.1.0
[INFO] [stderr]     Checking opaque-debug v0.2.2
[INFO] [stderr]     Checking keystream v1.0.0
[INFO] [stderr]     Checking block-padding v0.1.3
[INFO] [stderr]    Compiling proc-macro2 v0.4.6
[INFO] [stderr]     Checking rand_core v0.3.1
[INFO] [stderr]     Checking rand v0.5.6
[INFO] [stderr]    Compiling quote v0.6.3
[INFO] [stderr]    Compiling syn v0.15.26
[INFO] [stderr]     Checking chacha v0.3.0
[INFO] [stderr]     Checking generic-array v0.12.0
[INFO] [stderr]     Checking block-buffer v0.7.2
[INFO] [stderr]     Checking digest v0.8.0
[INFO] [stderr]     Checking sha3 v0.8.1
[INFO] [stderr]    Compiling serde_derive v1.0.86
[INFO] [stderr]     Checking toml v0.4.10
[INFO] [stderr]     Checking x11-input-mirror v0.3.6 (/opt/rustwide/workdir)
[INFO] [stdout] error[E0554]: `#![feature]` may not be used on the beta release channel
[INFO] [stdout]  --> src/lib.rs:1:1
[INFO] [stdout]   |
[INFO] [stdout] 1 | #![feature(panic_info_message)]
[INFO] [stdout]   | ^^^^^^^^^^^^^^^^^^^^^^^^^^^^^^^
[INFO] [stdout] 
[INFO] [stdout] 
[INFO] [stdout] error[E0554]: `#![feature]` may not be used on the beta release channel
[INFO] [stdout]  --> src/lib.rs:2:1
[INFO] [stdout]   |
[INFO] [stdout] 2 | #![feature(int_to_from_bytes)]
[INFO] [stdout]   | ^^^^^^^^^^^^^^^^^^^^^^^^^^^^^^
[INFO] [stdout] 
[INFO] [stdout] 
[INFO] [stdout] error[E0554]: `#![feature]` may not be used on the beta release channel
[INFO] [stdout]  --> src/lib.rs:1:1
[INFO] [stdout]   |
[INFO] [stdout] 1 | #![feature(panic_info_message)]
[INFO] [stdout]   | ^^^^^^^^^^^^^^^^^^^^^^^^^^^^^^^
[INFO] [stdout] 
[INFO] [stdout] 
[INFO] [stdout] error[E0554]: `#![feature]` may not be used on the beta release channel
[INFO] [stdout]  --> src/lib.rs:2:1
[INFO] [stdout]   |
[INFO] [stdout] 2 | #![feature(int_to_from_bytes)]
[INFO] [stdout]   | ^^^^^^^^^^^^^^^^^^^^^^^^^^^^^^
[INFO] [stdout] 
[INFO] [stdout] 
[INFO] [stdout] error: aborting due to 2 previous errors
[INFO] [stdout] 
[INFO] [stdout] 
[INFO] [stdout] For more information about this error, try `rustc --explain E0554`.
[INFO] [stdout] 
[INFO] [stderr] error: could not compile `x11-input-mirror`.
[INFO] [stderr] 
[INFO] [stderr] To learn more, run the command again with --verbose.
[INFO] [stderr] warning: build failed, waiting for other jobs to finish...
[INFO] [stdout] error: aborting due to 2 previous errors
[INFO] [stdout] 
[INFO] [stdout] 
[INFO] [stdout] For more information about this error, try `rustc --explain E0554`.
[INFO] [stdout] 
[INFO] [stderr] error: build failed
[INFO] running `Command { std: "docker" "inspect" "720341d855a28b7db9eb310387d247ba6ff8ccec91643e969ad5aae8d62113a1", kill_on_drop: false }`
[INFO] running `Command { std: "docker" "rm" "-f" "720341d855a28b7db9eb310387d247ba6ff8ccec91643e969ad5aae8d62113a1", kill_on_drop: false }`
[INFO] [stdout] 720341d855a28b7db9eb310387d247ba6ff8ccec91643e969ad5aae8d62113a1
