[INFO] cloning repository https://github.com/pwoolcoc/cargo-cp
[INFO] running `Command { std: "git" "-c" "credential.helper=" "-c" "credential.helper=/workspace/cargo-home/bin/git-credential-null" "clone" "--bare" "https://github.com/pwoolcoc/cargo-cp" "/workspace/cache/git-repos/https%3A%2F%2Fgithub.com%2Fpwoolcoc%2Fcargo-cp", kill_on_drop: false }`
[INFO] [stderr] Cloning into bare repository '/workspace/cache/git-repos/https%3A%2F%2Fgithub.com%2Fpwoolcoc%2Fcargo-cp'...
[INFO] running `Command { std: "git" "rev-parse" "HEAD", kill_on_drop: false }`
[INFO] [stdout] 81d94f19830e03964bf0b9f8a12aa07310bfb47b
[INFO] checking pwoolcoc/cargo-cp against beta-2020-07-24 for pr-75494-beta
[INFO] running `Command { std: "git" "clone" "/workspace/cache/git-repos/https%3A%2F%2Fgithub.com%2Fpwoolcoc%2Fcargo-cp" "/workspace/builds/worker-1/source", kill_on_drop: false }`
[INFO] [stderr] Cloning into '/workspace/builds/worker-1/source'...
[INFO] [stderr] done.
[INFO] validating manifest of git repo https://github.com/pwoolcoc/cargo-cp on toolchain beta-2020-07-24
[INFO] running `Command { std: "/workspace/cargo-home/bin/cargo" "+beta-2020-07-24" "read-manifest" "--manifest-path" "Cargo.toml", kill_on_drop: false }`
[INFO] started tweaking git repo https://github.com/pwoolcoc/cargo-cp
[INFO] finished tweaking git repo https://github.com/pwoolcoc/cargo-cp
[INFO] tweaked toml for git repo https://github.com/pwoolcoc/cargo-cp written to /workspace/builds/worker-1/source/Cargo.toml
[INFO] crate git repo https://github.com/pwoolcoc/cargo-cp already has a lockfile, it will not be regenerated
[INFO] running `Command { std: "/workspace/cargo-home/bin/cargo" "+beta-2020-07-24" "fetch" "--locked" "--manifest-path" "Cargo.toml", kill_on_drop: false }`
[INFO] [stderr] error: the lock file /workspace/builds/worker-1/source/Cargo.lock needs to be updated but --locked was passed to prevent this
[INFO] [stderr] If you want to try to generate the lock file without accessing the network, use the --offline flag.
[INFO] the lockfile is outdated, regenerating it
[INFO] running `Command { std: "/workspace/cargo-home/bin/cargo" "+beta-2020-07-24" "generate-lockfile" "--manifest-path" "Cargo.toml" "-Zno-index-update", kill_on_drop: false }`
[INFO] running `Command { std: "/workspace/cargo-home/bin/cargo" "+beta-2020-07-24" "fetch" "--locked" "--manifest-path" "Cargo.toml", kill_on_drop: false }`
[INFO] running `Command { std: "docker" "create" "-v" "/var/lib/crater-agent-workspace/builds/worker-1/target:/opt/rustwide/target:rw,Z" "-v" "/var/lib/crater-agent-workspace/builds/worker-1/source:/opt/rustwide/workdir:ro,Z" "-v" "/var/lib/crater-agent-workspace/cargo-home:/opt/rustwide/cargo-home:ro,Z" "-v" "/var/lib/crater-agent-workspace/rustup-home:/opt/rustwide/rustup-home:ro,Z" "-e" "SOURCE_DIR=/opt/rustwide/workdir" "-e" "CARGO_TARGET_DIR=/opt/rustwide/target" "-e" "CARGO_HOME=/opt/rustwide/cargo-home" "-e" "RUSTUP_HOME=/opt/rustwide/rustup-home" "-w" "/opt/rustwide/workdir" "-m" "1610612736" "--user" "0:0" "--network" "none" "rustops/crates-build-env@sha256:a636fd89d022f18117e1dc8fb37a0a009933cdbbe082814857f0e2024962d47c" "/opt/rustwide/cargo-home/bin/cargo" "+beta-2020-07-24" "metadata" "--no-deps" "--format-version=1", kill_on_drop: false }`
[INFO] [stdout] aed2315056ed41c3e8f48d4069427d7b0b84a00dd695698448675b8757703fdf
[INFO] [stderr] WARNING: Your kernel does not support swap limit capabilities or the cgroup is not mounted. Memory limited without swap.
[INFO] running `Command { std: "docker" "start" "-a" "aed2315056ed41c3e8f48d4069427d7b0b84a00dd695698448675b8757703fdf", kill_on_drop: false }`
[INFO] running `Command { std: "docker" "inspect" "aed2315056ed41c3e8f48d4069427d7b0b84a00dd695698448675b8757703fdf", kill_on_drop: false }`
[INFO] running `Command { std: "docker" "rm" "-f" "aed2315056ed41c3e8f48d4069427d7b0b84a00dd695698448675b8757703fdf", kill_on_drop: false }`
[INFO] [stdout] aed2315056ed41c3e8f48d4069427d7b0b84a00dd695698448675b8757703fdf
[INFO] running `Command { std: "docker" "create" "-v" "/var/lib/crater-agent-workspace/builds/worker-1/target:/opt/rustwide/target:rw,Z" "-v" "/var/lib/crater-agent-workspace/builds/worker-1/source:/opt/rustwide/workdir:ro,Z" "-v" "/var/lib/crater-agent-workspace/cargo-home:/opt/rustwide/cargo-home:ro,Z" "-v" "/var/lib/crater-agent-workspace/rustup-home:/opt/rustwide/rustup-home:ro,Z" "-e" "SOURCE_DIR=/opt/rustwide/workdir" "-e" "CARGO_TARGET_DIR=/opt/rustwide/target" "-e" "CARGO_INCREMENTAL=0" "-e" "RUST_BACKTRACE=full" "-e" "RUSTFLAGS=--cap-lints=forbid" "-e" "CARGO_HOME=/opt/rustwide/cargo-home" "-e" "RUSTUP_HOME=/opt/rustwide/rustup-home" "-w" "/opt/rustwide/workdir" "-m" "1610612736" "--user" "0:0" "--network" "none" "rustops/crates-build-env@sha256:a636fd89d022f18117e1dc8fb37a0a009933cdbbe082814857f0e2024962d47c" "/opt/rustwide/cargo-home/bin/cargo" "+beta-2020-07-24" "check" "--frozen" "--all" "--all-targets" "--message-format=json", kill_on_drop: false }`
[INFO] [stdout] 78d86466e38746f0f705e354963a9710ed48d46b2d51a9e5ea65ffd38b4ef8ec
[INFO] [stderr] WARNING: Your kernel does not support swap limit capabilities or the cgroup is not mounted. Memory limited without swap.
[INFO] running `Command { std: "docker" "start" "-a" "78d86466e38746f0f705e354963a9710ed48d46b2d51a9e5ea65ffd38b4ef8ec", kill_on_drop: false }`
[INFO] [stderr]    Compiling libc v0.2.76
[INFO] [stderr]     Checking cfg-if v0.1.10
[INFO] [stderr]    Compiling log v0.4.11
[INFO] [stderr]    Compiling autocfg v1.0.1
[INFO] [stderr]    Compiling syn v1.0.39
[INFO] [stderr]     Checking lazy_static v1.4.0
[INFO] [stderr]    Compiling memchr v2.3.3
[INFO] [stderr]     Checking slab v0.4.2
[INFO] [stderr]     Checking futures-task v0.3.5
[INFO] [stderr]    Compiling httparse v1.3.4
[INFO] [stderr]     Checking tinyvec v0.3.4
[INFO] [stderr]     Checking try-lock v0.2.3
[INFO] [stderr]     Checking tower-service v0.3.0
[INFO] [stderr]     Checking rustc-serialize v0.3.24
[INFO] [stderr]     Checking futures-channel v0.3.5
[INFO] [stderr]     Checking tracing-core v0.1.15
[INFO] [stderr]     Checking http-body v0.3.1
[INFO] [stderr]     Checking want v0.3.0
[INFO] [stderr]    Compiling hashbrown v0.8.2
[INFO] [stderr]    Compiling indexmap v1.5.1
[INFO] [stderr]     Checking unicode-normalization v0.1.13
[INFO] [stderr]     Checking tracing v0.1.19
[INFO] [stderr]     Checking iovec v0.1.4
[INFO] [stderr]     Checking net2 v0.2.34
[INFO] [stderr]     Checking socket2 v0.3.12
[INFO] [stderr]     Checking time v0.1.43
[INFO] [stderr]     Checking mio v0.6.22
[INFO] [stderr]     Checking idna v0.2.0
[INFO] [stderr]     Checking url v2.1.1
[INFO] [stderr]     Checking tokio v0.2.22
[INFO] [stderr]     Checking tokio-util v0.3.1
[INFO] [stderr]    Compiling pin-project-internal v0.4.23
[INFO] [stderr]     Checking pin-project v0.4.23
[INFO] [stderr]     Checking futures-util v0.3.5
[INFO] [stderr]     Checking h2 v0.2.6
[INFO] [stderr]     Checking hyper v0.13.7
[INFO] [stderr]     Checking cargo-cp v0.1.0 (/opt/rustwide/workdir)
[INFO] [stdout] error[E0432]: unresolved import `hyper::Url`
[INFO] [stdout]  --> src/source.rs:3:13
[INFO] [stdout]   |
[INFO] [stdout] 3 | use hyper::{Url};
[INFO] [stdout]   |             ^^^
[INFO] [stdout]   |             |
[INFO] [stdout]   |             no `Url` in the root
[INFO] [stdout]   |             help: a similar name exists in the module: `Uri`
[INFO] [stdout] 
[INFO] [stdout] 
[INFO] [stdout] error[E0432]: unresolved import `hyper::client::IntoUrl`
[INFO] [stdout]  --> src/source.rs:4:29
[INFO] [stdout]   |
[INFO] [stdout] 4 | use hyper::client::{Client, IntoUrl};
[INFO] [stdout]   |                             ^^^^^^^ no `IntoUrl` in `client`
[INFO] [stdout] 
[INFO] [stdout] 
[INFO] [stdout] error[E0432]: unresolved import `hyper::header::UserAgent`
[INFO] [stdout]  --> src/source.rs:5:21
[INFO] [stdout]   |
[INFO] [stdout] 5 | use hyper::header::{UserAgent};
[INFO] [stdout]   |                     ^^^^^^^^^ no `UserAgent` in `header`
[INFO] [stdout] 
[INFO] [stdout] 
[INFO] [stdout] error[E0432]: unresolved import `hyper::client::IntoUrl`
[INFO] [stdout]  --> src/main.rs:9:5
[INFO] [stdout]   |
[INFO] [stdout] 9 | use hyper::client::IntoUrl;
[INFO] [stdout]   |     ^^^^^^^^^^^^^^^^^^^^^^ no `IntoUrl` in `client`
[INFO] [stdout] 
[INFO] [stdout] 
[INFO] [stdout] warning: use of deprecated item 'try': use the `?` operator instead
[INFO] [stdout]    --> src/source.rs:104:27
[INFO] [stdout]     |
[INFO] [stdout] 104 |         let mut baseurl = try!(IS_GD_API_URL.into_url());
[INFO] [stdout]     |                           ^^^
[INFO] [stdout]     |
[INFO] [stdout]     = note: `#[warn(deprecated)]` on by default
[INFO] [stdout] 
[INFO] [stdout] 
[INFO] [stdout] warning: use of deprecated item 'try': use the `?` operator instead
[INFO] [stdout]    --> src/source.rs:114:20
[INFO] [stdout]     |
[INFO] [stdout] 114 |                 Ok(try!(longurl.into_url()))
[INFO] [stdout]     |                    ^^^
[INFO] [stdout] 
[INFO] [stdout] 
[INFO] [stdout] warning: unused import: `std::env`
[INFO] [stdout]  --> src/main.rs:7:5
[INFO] [stdout]   |
[INFO] [stdout] 7 | use std::env;
[INFO] [stdout]   |     ^^^^^^^^
[INFO] [stdout]   |
[INFO] [stdout]   = note: `#[warn(unused_imports)]` on by default
[INFO] [stdout] 
[INFO] [stdout] 
[INFO] [stdout] warning: unused import: `source::Source`
[INFO] [stdout]   --> src/main.rs:10:5
[INFO] [stdout]    |
[INFO] [stdout] 10 | use source::Source;
[INFO] [stdout]    |     ^^^^^^^^^^^^^^
[INFO] [stdout] 
[INFO] [stdout] 
[INFO] [stdout] error[E0432]: unresolved import `hyper::Url`
[INFO] [stdout]  --> src/source.rs:3:13
[INFO] [stdout]   |
[INFO] [stdout] 3 | use hyper::{Url};
[INFO] [stdout]   |             ^^^
[INFO] [stdout]   |             |
[INFO] [stdout]   |             no `Url` in the root
[INFO] [stdout]   |             help: a similar name exists in the module: `Uri`
[INFO] [stdout] 
[INFO] [stdout] 
[INFO] [stdout] error[E0432]: unresolved import `hyper::client::IntoUrl`
[INFO] [stdout]  --> src/source.rs:4:29
[INFO] [stdout]   |
[INFO] [stdout] 4 | use hyper::client::{Client, IntoUrl};
[INFO] [stdout]   |                             ^^^^^^^ no `IntoUrl` in `client`
[INFO] [stdout] 
[INFO] [stdout] 
[INFO] [stdout] error[E0432]: unresolved import `hyper::header::UserAgent`
[INFO] [stdout]  --> src/source.rs:5:21
[INFO] [stdout]   |
[INFO] [stdout] 5 | use hyper::header::{UserAgent};
[INFO] [stdout]   |                     ^^^^^^^^^ no `UserAgent` in `header`
[INFO] [stdout] 
[INFO] [stdout] 
[INFO] [stdout] error[E0432]: unresolved import `hyper::client::IntoUrl`
[INFO] [stdout]  --> src/main.rs:9:5
[INFO] [stdout]   |
[INFO] [stdout] 9 | use hyper::client::IntoUrl;
[INFO] [stdout]   |     ^^^^^^^^^^^^^^^^^^^^^^ no `IntoUrl` in `client`
[INFO] [stdout] 
[INFO] [stdout] 
[INFO] [stdout] warning: use of deprecated item 'try': use the `?` operator instead
[INFO] [stdout]    --> src/source.rs:104:27
[INFO] [stdout]     |
[INFO] [stdout] 104 |         let mut baseurl = try!(IS_GD_API_URL.into_url());
[INFO] [stdout]     |                           ^^^
[INFO] [stdout]     |
[INFO] [stdout]     = note: `#[warn(deprecated)]` on by default
[INFO] [stdout] 
[INFO] [stdout] 
[INFO] [stdout] warning: use of deprecated item 'try': use the `?` operator instead
[INFO] [stdout]    --> src/source.rs:114:20
[INFO] [stdout]     |
[INFO] [stdout] 114 |                 Ok(try!(longurl.into_url()))
[INFO] [stdout]     |                    ^^^
[INFO] [stdout] 
[INFO] [stdout] 
[INFO] [stdout] error: aborting due to 4 previous errors; 2 warnings emitted
[INFO] [stdout] 
[INFO] [stdout] 
[INFO] [stdout] For more information about this error, try `rustc --explain E0432`.
[INFO] [stdout] 
[INFO] [stdout] error: aborting due to 4 previous errors; 4 warnings emitted
[INFO] [stdout] 
[INFO] [stdout] 
[INFO] [stdout] For more information about this error, try `rustc --explain E0432`.
[INFO] [stdout] 
[INFO] [stderr] error: could not compile `cargo-cp`.
[INFO] [stderr] 
[INFO] [stderr] To learn more, run the command again with --verbose.
[INFO] [stderr] warning: build failed, waiting for other jobs to finish...
[INFO] [stderr] error: build failed
[INFO] running `Command { std: "docker" "inspect" "78d86466e38746f0f705e354963a9710ed48d46b2d51a9e5ea65ffd38b4ef8ec", kill_on_drop: false }`
[INFO] running `Command { std: "docker" "rm" "-f" "78d86466e38746f0f705e354963a9710ed48d46b2d51a9e5ea65ffd38b4ef8ec", kill_on_drop: false }`
[INFO] [stdout] 78d86466e38746f0f705e354963a9710ed48d46b2d51a9e5ea65ffd38b4ef8ec
