[INFO] cloning repository https://github.com/provotum/generator-rs
[INFO] running `Command { std: "git" "-c" "credential.helper=" "-c" "credential.helper=/workspace/cargo-home/bin/git-credential-null" "clone" "--bare" "https://github.com/provotum/generator-rs" "/workspace/cache/git-repos/https%3A%2F%2Fgithub.com%2Fprovotum%2Fgenerator-rs", kill_on_drop: false }`
[INFO] [stderr] Cloning into bare repository '/workspace/cache/git-repos/https%3A%2F%2Fgithub.com%2Fprovotum%2Fgenerator-rs'...
[INFO] running `Command { std: "git" "rev-parse" "HEAD", kill_on_drop: false }`
[INFO] [stdout] cba1801833e03da62078dbc609c7aa541a5d7fb5
[INFO] checking provotum/generator-rs against beta-2020-07-24 for pr-75494-beta
[INFO] running `Command { std: "git" "clone" "/workspace/cache/git-repos/https%3A%2F%2Fgithub.com%2Fprovotum%2Fgenerator-rs" "/workspace/builds/worker-9/source", kill_on_drop: false }`
[INFO] [stderr] Cloning into '/workspace/builds/worker-9/source'...
[INFO] [stderr] done.
[INFO] validating manifest of git repo https://github.com/provotum/generator-rs on toolchain beta-2020-07-24
[INFO] running `Command { std: "/workspace/cargo-home/bin/cargo" "+beta-2020-07-24" "read-manifest" "--manifest-path" "Cargo.toml", kill_on_drop: false }`
[INFO] started tweaking git repo https://github.com/provotum/generator-rs
[INFO] finished tweaking git repo https://github.com/provotum/generator-rs
[INFO] tweaked toml for git repo https://github.com/provotum/generator-rs written to /workspace/builds/worker-9/source/Cargo.toml
[INFO] crate git repo https://github.com/provotum/generator-rs already has a lockfile, it will not be regenerated
[INFO] running `Command { std: "/workspace/cargo-home/bin/cargo" "+beta-2020-07-24" "fetch" "--locked" "--manifest-path" "Cargo.toml", kill_on_drop: false }`
[INFO] [stderr]  Downloading crates ...
[INFO] [stderr]   Downloaded syn v0.15.6
[INFO] running `Command { std: "docker" "create" "-v" "/var/lib/crater-agent-workspace/builds/worker-9/target:/opt/rustwide/target:rw,Z" "-v" "/var/lib/crater-agent-workspace/builds/worker-9/source:/opt/rustwide/workdir:ro,Z" "-v" "/var/lib/crater-agent-workspace/cargo-home:/opt/rustwide/cargo-home:ro,Z" "-v" "/var/lib/crater-agent-workspace/rustup-home:/opt/rustwide/rustup-home:ro,Z" "-e" "SOURCE_DIR=/opt/rustwide/workdir" "-e" "CARGO_TARGET_DIR=/opt/rustwide/target" "-e" "CARGO_HOME=/opt/rustwide/cargo-home" "-e" "RUSTUP_HOME=/opt/rustwide/rustup-home" "-w" "/opt/rustwide/workdir" "-m" "1610612736" "--user" "0:0" "--network" "none" "rustops/crates-build-env@sha256:a636fd89d022f18117e1dc8fb37a0a009933cdbbe082814857f0e2024962d47c" "/opt/rustwide/cargo-home/bin/cargo" "+beta-2020-07-24" "metadata" "--no-deps" "--format-version=1", kill_on_drop: false }`
[INFO] [stderr] WARNING: Your kernel does not support swap limit capabilities or the cgroup is not mounted. Memory limited without swap.
[INFO] [stdout] e00c9daf6c99ea04169537ec9b09660b898a77e75bccb8fb7705d6e0fc738862
[INFO] running `Command { std: "docker" "start" "-a" "e00c9daf6c99ea04169537ec9b09660b898a77e75bccb8fb7705d6e0fc738862", kill_on_drop: false }`
[INFO] running `Command { std: "docker" "inspect" "e00c9daf6c99ea04169537ec9b09660b898a77e75bccb8fb7705d6e0fc738862", kill_on_drop: false }`
[INFO] running `Command { std: "docker" "rm" "-f" "e00c9daf6c99ea04169537ec9b09660b898a77e75bccb8fb7705d6e0fc738862", kill_on_drop: false }`
[INFO] [stdout] e00c9daf6c99ea04169537ec9b09660b898a77e75bccb8fb7705d6e0fc738862
[INFO] running `Command { std: "docker" "create" "-v" "/var/lib/crater-agent-workspace/builds/worker-9/target:/opt/rustwide/target:rw,Z" "-v" "/var/lib/crater-agent-workspace/builds/worker-9/source:/opt/rustwide/workdir:ro,Z" "-v" "/var/lib/crater-agent-workspace/cargo-home:/opt/rustwide/cargo-home:ro,Z" "-v" "/var/lib/crater-agent-workspace/rustup-home:/opt/rustwide/rustup-home:ro,Z" "-e" "SOURCE_DIR=/opt/rustwide/workdir" "-e" "CARGO_TARGET_DIR=/opt/rustwide/target" "-e" "CARGO_INCREMENTAL=0" "-e" "RUST_BACKTRACE=full" "-e" "RUSTFLAGS=--cap-lints=forbid" "-e" "CARGO_HOME=/opt/rustwide/cargo-home" "-e" "RUSTUP_HOME=/opt/rustwide/rustup-home" "-w" "/opt/rustwide/workdir" "-m" "1610612736" "--user" "0:0" "--network" "none" "rustops/crates-build-env@sha256:a636fd89d022f18117e1dc8fb37a0a009933cdbbe082814857f0e2024962d47c" "/opt/rustwide/cargo-home/bin/cargo" "+beta-2020-07-24" "check" "--frozen" "--all" "--all-targets" "--message-format=json", kill_on_drop: false }`
[INFO] [stdout] e31d083ce2821fc29222fd37c3fc1c6a976601db899e48341d2f01bf6fe4729c
[INFO] [stderr] WARNING: Your kernel does not support swap limit capabilities or the cgroup is not mounted. Memory limited without swap.
[INFO] running `Command { std: "docker" "start" "-a" "e31d083ce2821fc29222fd37c3fc1c6a976601db899e48341d2f01bf6fe4729c", kill_on_drop: false }`
[INFO] [stderr]     Checking libc v0.2.43
[INFO] [stderr]    Compiling version_check v0.1.5
[INFO] [stderr]    Compiling num-traits v0.2.6
[INFO] [stderr]    Compiling serde v1.0.79
[INFO] [stderr]     Checking rand_core v0.2.1
[INFO] [stderr]    Compiling proc-macro2 v0.4.19
[INFO] [stderr]     Checking cfg-if v0.1.5
[INFO] [stderr]    Compiling num-bigint v0.2.0
[INFO] [stderr]    Compiling ryu v0.2.6
[INFO] [stderr]    Compiling num-complex v0.2.0
[INFO] [stderr]    Compiling regex v1.0.5
[INFO] [stderr]    Compiling num-iter v0.1.37
[INFO] [stderr]    Compiling num-rational v0.2.1
[INFO] [stderr]     Checking utf8-ranges v1.0.1
[INFO] [stderr]     Checking ansi_term v0.11.0
[INFO] [stderr]     Checking regex-syntax v0.6.2
[INFO] [stderr]     Checking log v0.4.5
[INFO] [stderr]     Checking humantime v1.1.1
[INFO] [stderr]    Compiling memchr v2.1.0
[INFO] [stderr]    Compiling lazy_static v1.1.0
[INFO] [stderr]     Checking rand v0.5.5
[INFO] [stderr]     Checking atty v0.2.11
[INFO] [stderr]     Checking clap v2.32.0
[INFO] [stderr]     Checking thread_local v0.3.6
[INFO] [stderr]    Compiling quote v0.6.8
[INFO] [stderr]     Checking aho-corasick v0.6.8
[INFO] [stderr]    Compiling syn v0.15.6
[INFO] [stderr]     Checking num-integer v0.1.39
[INFO] [stderr]     Checking env_logger v0.5.13
[INFO] [stderr]    Compiling serde_derive v1.0.79
[INFO] [stderr]     Checking pretty_env_logger v0.2.4
[INFO] [stderr]     Checking serde_json v1.0.31
[INFO] [stderr]     Checking num v0.2.0
[INFO] [stderr]     Checking crypto-rs v0.1.2 (https://github.com/provotum/crypto-rs.git#3f284c3e)
[INFO] [stderr]     Checking generator_rs v0.1.0 (/opt/rustwide/workdir)
[INFO] [stdout] error[E0554]: `#![feature]` may not be used on the beta release channel
[INFO] [stdout]   --> benches/01_generator_bench_2_options.rs:18:1
[INFO] [stdout]    |
[INFO] [stdout] 18 | #![feature(test)]
[INFO] [stdout]    | ^^^^^^^^^^^^^^^^^
[INFO] [stdout] 
[INFO] [stdout] 
[INFO] [stdout] error[E0554]: `#![feature]` may not be used on the beta release channel
[INFO] [stdout]   --> benches/02_generator_bench_3_options.rs:18:1
[INFO] [stdout]    |
[INFO] [stdout] 18 | #![feature(test)]
[INFO] [stdout]    | ^^^^^^^^^^^^^^^^^
[INFO] [stdout] 
[INFO] [stdout] 
[INFO] [stdout] error: aborting due to previous error
[INFO] [stdout] 
[INFO] [stdout] 
[INFO] [stdout] For more information about this error, try `rustc --explain E0554`.
[INFO] [stdout] 
[INFO] [stdout] error: aborting due to previous error
[INFO] [stdout] 
[INFO] [stdout] 
[INFO] [stdout] error[E0554]: `#![feature]` may not be used on the beta release channel
[INFO] [stdout]   --> benches/03_generator_bench_4_options.rs:18:1
[INFO] [stdout]    |
[INFO] [stdout] 18 | #![feature(test)]
[INFO] [stdout]    | ^^^^^^^^^^^^^^^^^
[INFO] [stdout] 
[INFO] [stdout] 
[INFO] [stdout] For more information about this error, try `rustc --explain E0554`.
[INFO] [stdout] 
[INFO] [stderr] error: could not compile `generator_rs`.
[INFO] [stderr] 
[INFO] [stderr] To learn more, run the command again with --verbose.
[INFO] [stderr] warning: build failed, waiting for other jobs to finish...
[INFO] [stdout] error: aborting due to previous error
[INFO] [stdout] 
[INFO] [stdout] 
[INFO] [stdout] For more information about this error, try `rustc --explain E0554`.
[INFO] [stdout] 
[INFO] [stderr] error: build failed
[INFO] running `Command { std: "docker" "inspect" "e31d083ce2821fc29222fd37c3fc1c6a976601db899e48341d2f01bf6fe4729c", kill_on_drop: false }`
[INFO] running `Command { std: "docker" "rm" "-f" "e31d083ce2821fc29222fd37c3fc1c6a976601db899e48341d2f01bf6fe4729c", kill_on_drop: false }`
[INFO] [stdout] e31d083ce2821fc29222fd37c3fc1c6a976601db899e48341d2f01bf6fe4729c
