[INFO] cloning repository https://github.com/probe-rs/itm-tracer
[INFO] running `Command { std: "git" "-c" "credential.helper=" "-c" "credential.helper=/workspace/cargo-home/bin/git-credential-null" "clone" "--bare" "https://github.com/probe-rs/itm-tracer" "/workspace/cache/git-repos/https%3A%2F%2Fgithub.com%2Fprobe-rs%2Fitm-tracer", kill_on_drop: false }`
[INFO] [stderr] Cloning into bare repository '/workspace/cache/git-repos/https%3A%2F%2Fgithub.com%2Fprobe-rs%2Fitm-tracer'...
[INFO] running `Command { std: "git" "rev-parse" "HEAD", kill_on_drop: false }`
[INFO] [stdout] 44c8ab32555049ca91a1e67ae28467bd5e404541
[INFO] checking probe-rs/itm-tracer against beta-2020-07-24 for pr-75494-beta
[INFO] running `Command { std: "git" "clone" "/workspace/cache/git-repos/https%3A%2F%2Fgithub.com%2Fprobe-rs%2Fitm-tracer" "/workspace/builds/worker-6/source", kill_on_drop: false }`
[INFO] [stderr] Cloning into '/workspace/builds/worker-6/source'...
[INFO] [stderr] done.
[INFO] validating manifest of git repo https://github.com/probe-rs/itm-tracer on toolchain beta-2020-07-24
[INFO] running `Command { std: "/workspace/cargo-home/bin/cargo" "+beta-2020-07-24" "read-manifest" "--manifest-path" "Cargo.toml", kill_on_drop: false }`
[INFO] started tweaking git repo https://github.com/probe-rs/itm-tracer
[INFO] removed path dependency probe-rs from git repo https://github.com/probe-rs/itm-tracer
[INFO] finished tweaking git repo https://github.com/probe-rs/itm-tracer
[INFO] tweaked toml for git repo https://github.com/probe-rs/itm-tracer written to /workspace/builds/worker-6/source/Cargo.toml
[INFO] crate git repo https://github.com/probe-rs/itm-tracer already has a lockfile, it will not be regenerated
[INFO] running `Command { std: "/workspace/cargo-home/bin/cargo" "+beta-2020-07-24" "fetch" "--locked" "--manifest-path" "Cargo.toml", kill_on_drop: false }`
[INFO] [stderr]     Blocking waiting for file lock on package cache
[INFO] [stderr]     Updating crates.io index
[INFO] [stderr] error: the lock file /workspace/builds/worker-6/source/Cargo.lock needs to be updated but --locked was passed to prevent this
[INFO] [stderr] If you want to try to generate the lock file without accessing the network, use the --offline flag.
[INFO] the lockfile is outdated, regenerating it
[INFO] running `Command { std: "/workspace/cargo-home/bin/cargo" "+beta-2020-07-24" "generate-lockfile" "--manifest-path" "Cargo.toml" "-Zno-index-update", kill_on_drop: false }`
[INFO] [stderr]     Blocking waiting for file lock on package cache
[INFO] running `Command { std: "/workspace/cargo-home/bin/cargo" "+beta-2020-07-24" "fetch" "--locked" "--manifest-path" "Cargo.toml", kill_on_drop: false }`
[INFO] [stderr]     Blocking waiting for file lock on package cache
[INFO] [stderr]     Blocking waiting for file lock on package cache
[INFO] running `Command { std: "docker" "create" "-v" "/var/lib/crater-agent-workspace/builds/worker-6/target:/opt/rustwide/target:rw,Z" "-v" "/var/lib/crater-agent-workspace/builds/worker-6/source:/opt/rustwide/workdir:ro,Z" "-v" "/var/lib/crater-agent-workspace/cargo-home:/opt/rustwide/cargo-home:ro,Z" "-v" "/var/lib/crater-agent-workspace/rustup-home:/opt/rustwide/rustup-home:ro,Z" "-e" "SOURCE_DIR=/opt/rustwide/workdir" "-e" "CARGO_TARGET_DIR=/opt/rustwide/target" "-e" "CARGO_HOME=/opt/rustwide/cargo-home" "-e" "RUSTUP_HOME=/opt/rustwide/rustup-home" "-w" "/opt/rustwide/workdir" "-m" "1610612736" "--user" "0:0" "--network" "none" "rustops/crates-build-env@sha256:a636fd89d022f18117e1dc8fb37a0a009933cdbbe082814857f0e2024962d47c" "/opt/rustwide/cargo-home/bin/cargo" "+beta-2020-07-24" "metadata" "--no-deps" "--format-version=1", kill_on_drop: false }`
[INFO] [stdout] c2b53cd6ff7cff5b95b2fbe715124899827515a80d9a78a62bbcf7cea3385d1b
[INFO] [stderr] WARNING: Your kernel does not support swap limit capabilities or the cgroup is not mounted. Memory limited without swap.
[INFO] running `Command { std: "docker" "start" "-a" "c2b53cd6ff7cff5b95b2fbe715124899827515a80d9a78a62bbcf7cea3385d1b", kill_on_drop: false }`
[INFO] running `Command { std: "docker" "inspect" "c2b53cd6ff7cff5b95b2fbe715124899827515a80d9a78a62bbcf7cea3385d1b", kill_on_drop: false }`
[INFO] running `Command { std: "docker" "rm" "-f" "c2b53cd6ff7cff5b95b2fbe715124899827515a80d9a78a62bbcf7cea3385d1b", kill_on_drop: false }`
[INFO] [stdout] c2b53cd6ff7cff5b95b2fbe715124899827515a80d9a78a62bbcf7cea3385d1b
[INFO] running `Command { std: "docker" "create" "-v" "/var/lib/crater-agent-workspace/builds/worker-6/target:/opt/rustwide/target:rw,Z" "-v" "/var/lib/crater-agent-workspace/builds/worker-6/source:/opt/rustwide/workdir:ro,Z" "-v" "/var/lib/crater-agent-workspace/cargo-home:/opt/rustwide/cargo-home:ro,Z" "-v" "/var/lib/crater-agent-workspace/rustup-home:/opt/rustwide/rustup-home:ro,Z" "-e" "SOURCE_DIR=/opt/rustwide/workdir" "-e" "CARGO_TARGET_DIR=/opt/rustwide/target" "-e" "CARGO_INCREMENTAL=0" "-e" "RUST_BACKTRACE=full" "-e" "RUSTFLAGS=--cap-lints=forbid" "-e" "CARGO_HOME=/opt/rustwide/cargo-home" "-e" "RUSTUP_HOME=/opt/rustwide/rustup-home" "-w" "/opt/rustwide/workdir" "-m" "1610612736" "--user" "0:0" "--network" "none" "rustops/crates-build-env@sha256:a636fd89d022f18117e1dc8fb37a0a009933cdbbe082814857f0e2024962d47c" "/opt/rustwide/cargo-home/bin/cargo" "+beta-2020-07-24" "check" "--frozen" "--all" "--all-targets" "--message-format=json", kill_on_drop: false }`
[INFO] [stdout] 5788d80555fbc68c8d113d6306f61d5c0063e6961c77e2a37e0c98bec09ec5f5
[INFO] [stderr] WARNING: Your kernel does not support swap limit capabilities or the cgroup is not mounted. Memory limited without swap.
[INFO] running `Command { std: "docker" "start" "-a" "5788d80555fbc68c8d113d6306f61d5c0063e6961c77e2a37e0c98bec09ec5f5", kill_on_drop: false }`
[INFO] [stderr]    Compiling syn v1.0.39
[INFO] [stderr]     Checking cfg-if v0.1.10
[INFO] [stderr]    Compiling log v0.4.11
[INFO] [stderr]     Checking lazy_static v1.4.0
[INFO] [stderr]    Compiling version_check v0.1.5
[INFO] [stderr]    Compiling crc32fast v1.2.0
[INFO] [stderr]     Checking rand_core v0.4.2
[INFO] [stderr]    Compiling typenum v1.12.0
[INFO] [stderr]    Compiling getrandom v0.1.14
[INFO] [stderr]    Compiling proc-macro-nested v0.1.6
[INFO] [stderr]    Compiling take_mut v0.2.2
[INFO] [stderr]    Compiling rle-decode-fast v1.0.1
[INFO] [stderr]    Compiling adler32 v1.2.0
[INFO] [stderr]    Compiling proc-macro-hack v0.5.18
[INFO] [stderr]     Checking adler v0.2.3
[INFO] [stderr]    Compiling linked-hash-map v0.5.3
[INFO] [stderr]    Compiling dtoa v0.4.6
[INFO] [stderr]     Checking plain v0.2.3
[INFO] [stderr]    Compiling target-lexicon v0.10.0
[INFO] [stderr]     Checking gimli v0.22.0
[INFO] [stderr]     Checking remove_dir_all v0.5.3
[INFO] [stderr]     Checking bit-vec v0.6.2
[INFO] [stderr]    Compiling failure_derive v0.1.8
[INFO] [stderr]     Checking strsim v0.8.0
[INFO] [stderr]     Checking parity-wasm v0.41.0
[INFO] [stderr]     Checking fallible-iterator v0.2.0
[INFO] [stderr]     Checking object v0.20.0
[INFO] [stderr]     Checking stable_deref_trait v1.2.0
[INFO] [stderr]     Checking uuid v0.8.1
[INFO] [stderr]     Checking rustc-demangle v0.1.16
[INFO] [stderr]     Checking smallvec v1.4.2
[INFO] [stderr]     Checking arrayvec v0.5.1
[INFO] [stderr]     Checking ansi_term v0.11.0
[INFO] [stderr]     Checking urlencoding v1.1.1
[INFO] [stderr]     Checking scoped-tls v1.0.0
[INFO] [stderr]     Checking maplit v1.0.2
[INFO] [stderr]     Checking bitfield v0.13.2
[INFO] [stderr]     Checking ihex v1.1.2
[INFO] [stderr]    Compiling num-integer v0.1.43
[INFO] [stderr]    Compiling hidapi v1.2.3
[INFO] [stderr]    Compiling capstone-sys v0.10.0
[INFO] [stderr]     Checking input_buffer v0.3.1
[INFO] [stderr]     Checking futures-channel v0.3.5
[INFO] [stderr]     Checking tracing-core v0.1.15
[INFO] [stderr]     Checking thread_local v1.0.1
[INFO] [stderr]     Checking rand_core v0.3.1
[INFO] [stderr]     Checking rand_jitter v0.1.4
[INFO] [stderr]    Compiling synom v0.11.3
[INFO] [stderr]     Checking miniz_oxide v0.4.1
[INFO] [stderr]     Checking yaml-rust v0.4.4
[INFO] [stderr]     Checking bit-set v0.5.2
[INFO] [stderr]    Compiling unicase v1.4.2
[INFO] [stderr]    Compiling nom v4.2.3
[INFO] [stderr]    Compiling libc v0.2.76
[INFO] [stderr]     Checking headers-core v0.2.0
[INFO] [stderr]     Checking rand_isaac v0.1.1
[INFO] [stderr]     Checking rand_xorshift v0.1.1
[INFO] [stderr]     Checking rand_hc v0.1.0
[INFO] [stderr]    Compiling syn v0.11.11
[INFO] [stderr]    Compiling num-traits v0.2.12
[INFO] [stderr]     Checking net2 v0.2.34
[INFO] [stderr]     Checking rand_os v0.1.3
[INFO] [stderr]     Checking socket2 v0.3.12
[INFO] [stderr]     Checking rand_pcg v0.1.2
[INFO] [stderr]     Checking rand_chacha v0.1.1
[INFO] [stderr]     Checking twoway v0.1.8
[INFO] [stderr]     Checking buf_redux v0.8.4
[INFO] [stderr]     Checking num-traits v0.1.43
[INFO] [stderr]     Checking clap v2.33.3
[INFO] [stderr]     Checking colored v1.9.3
[INFO] [stderr]    Compiling libflate v0.1.27
[INFO] [stderr]     Checking rand_core v0.5.1
[INFO] [stderr]     Checking flate2 v1.0.17
[INFO] [stderr]     Checking regex v1.3.9
[INFO] [stderr]     Checking openssl v0.10.30
[INFO] [stderr]    Compiling syn v0.15.44
[INFO] [stderr]     Checking rand v0.6.5
[INFO] [stderr]     Checking gimli v0.20.0
[INFO] [stderr]    Compiling xattr v0.2.2
[INFO] [stderr]    Compiling filetime v0.2.12
[INFO] [stderr]     Checking chrono v0.4.15
[INFO] [stderr]     Checking rand_chacha v0.2.2
[INFO] [stderr]     Checking generic-array v0.12.3
[INFO] [stderr]     Checking addr2line v0.13.0
[INFO] [stderr]    Compiling phf_shared v0.7.24
[INFO] [stderr]     Checking serde-hjson v0.8.2
[INFO] [stderr]    Compiling tar v0.4.29
[INFO] [stderr]     Checking rand v0.7.3
[INFO] [stderr]    Compiling phf v0.7.24
[INFO] [stderr]     Checking backtrace v0.3.50
[INFO] [stderr]     Checking digest v0.8.1
[INFO] [stderr]     Checking block-buffer v0.7.3
[INFO] [stderr]     Checking sha-1 v0.8.2
[INFO] [stderr]    Compiling enum-primitive-derive v0.1.2
[INFO] [stderr]     Checking headers v0.3.2
[INFO] [stderr]    Compiling libusb1-sys v0.3.7
[INFO] [stderr]     Checking tempfile v3.1.0
[INFO] [stderr]    Compiling phf_generator v0.7.24
[INFO] [stderr]    Compiling phf_codegen v0.7.24
[INFO] [stderr]    Compiling mime_guess v1.8.8
[INFO] [stderr]     Checking rusb v0.6.2
[INFO] [stderr]     Checking rusb v0.5.5
[INFO] [stderr]    Compiling derivative v1.0.4
[INFO] [stderr]    Compiling synstructure v0.12.4
[INFO] [stderr]    Compiling proc-macro-error v1.0.4
[INFO] [stderr]    Compiling serde_derive v1.0.115
[INFO] [stderr]    Compiling pin-project-internal v0.4.23
[INFO] [stderr]    Compiling scroll_derive v0.10.2
[INFO] [stderr]    Compiling futures-macro v0.3.5
[INFO] [stderr]    Compiling tokio-macros v0.2.5
[INFO] [stderr]    Compiling thiserror-impl v1.0.20
[INFO] [stderr]    Compiling structopt-derive v0.4.9
[INFO] [stderr]     Checking failure v0.1.8
[INFO] [stderr]    Compiling scroll v0.10.1
[INFO] [stderr]     Checking thiserror v1.0.20
[INFO] [stderr]     Checking structopt v0.3.16
[INFO] [stderr]     Checking pin-project v0.4.23
[INFO] [stderr]     Checking futures-util v0.3.5
[INFO] [stderr]     Checking serde v1.0.115
[INFO] [stderr]     Checking futures-executor v0.3.5
[INFO] [stderr]     Checking futures v0.3.5
[INFO] [stderr]     Checking capstone v0.6.0
[INFO] [stderr]     Checking serde_json v1.0.57
[INFO] [stderr]     Checking toml v0.4.10
[INFO] [stderr]     Checking serde_yaml v0.8.13
[INFO] [stderr]     Checking serde_urlencoded v0.6.1
[INFO] [stderr]     Checking jep106 v0.2.4
[INFO] [stderr]     Checking mio v0.6.22
[INFO] [stderr]     Checking log v0.3.9
[INFO] [stderr]     Checking tracing v0.1.19
[INFO] [stderr]     Checking native-tls v0.2.4
[INFO] [stderr]     Checking want v0.3.0
[INFO] [stderr]     Checking goblin v0.1.3
[INFO] [stderr]     Checking env_logger v0.6.2
[INFO] [stderr]     Checking goblin v0.2.3
[INFO] [stderr]     Checking jaylink v0.1.4
[INFO] [stderr]     Checking mime v0.2.6
[INFO] [stderr]     Checking tungstenite v0.10.1
[INFO] [stderr]     Checking tracing-futures v0.2.4
[INFO] [stderr]     Checking pretty_env_logger v0.3.1
[INFO] [stderr]     Checking tokio v0.2.22
[INFO] [stderr]     Checking multipart v0.16.1
[INFO] [stderr]     Checking config v0.9.3
[INFO] [stderr]    Compiling probe-rs-t2rust v0.5.0
[INFO] [stderr]    Compiling probe-rs v0.5.1
[INFO] [stderr]     Checking object v0.17.0
[INFO] [stderr]     Checking tokio-util v0.3.1
[INFO] [stderr]     Checking tokio-tungstenite v0.10.1
[INFO] [stderr]     Checking h2 v0.2.6
[INFO] [stderr]     Checking hyper v0.13.7
[INFO] [stderr]     Checking warp v0.2.4
[INFO] [stderr]     Checking itm-tracer v0.1.0 (/opt/rustwide/workdir)
[INFO] [stdout] error[E0432]: unresolved import `probe_rs::itm`
[INFO] [stdout]  --> src/runner.rs:4:15
[INFO] [stdout]   |
[INFO] [stdout] 4 | use probe_rs::itm::{Decoder, TracePacket};
[INFO] [stdout]   |               ^^^ could not find `itm` in `probe_rs`
[INFO] [stdout] 
[INFO] [stdout] 
[INFO] [stdout] warning: unused import: `scroll::Pread`
[INFO] [stdout]  --> src/runner.rs:1:5
[INFO] [stdout]   |
[INFO] [stdout] 1 | use scroll::Pread;
[INFO] [stdout]   |     ^^^^^^^^^^^^^
[INFO] [stdout]   |
[INFO] [stdout]   = note: `#[warn(unused_imports)]` on by default
[INFO] [stdout] 
[INFO] [stdout] 
[INFO] [stdout] error[E0432]: unresolved import `probe_rs::itm`
[INFO] [stdout]  --> src/runner.rs:4:15
[INFO] [stdout]   |
[INFO] [stdout] 4 | use probe_rs::itm::{Decoder, TracePacket};
[INFO] [stdout]   |               ^^^ could not find `itm` in `probe_rs`
[INFO] [stdout] 
[INFO] [stdout] 
[INFO] [stdout] warning: unused import: `scroll::Pread`
[INFO] [stdout]  --> src/runner.rs:1:5
[INFO] [stdout]   |
[INFO] [stdout] 1 | use scroll::Pread;
[INFO] [stdout]   |     ^^^^^^^^^^^^^
[INFO] [stdout]   |
[INFO] [stdout]   = note: `#[warn(unused_imports)]` on by default
[INFO] [stdout] 
[INFO] [stdout] 
[INFO] [stdout] error[E0599]: no method named `trace_enable` found for struct `probe_rs::Session` in the current scope
[INFO] [stdout]   --> src/main.rs:63:17
[INFO] [stdout]    |
[INFO] [stdout] 63 |         session.trace_enable(&mut core)?;
[INFO] [stdout]    |                 ^^^^^^^^^^^^ method not found in `probe_rs::Session`
[INFO] [stdout] 
[INFO] [stdout] 
[INFO] [stdout] error[E0599]: no method named `setup_tracing` found for struct `probe_rs::Session` in the current scope
[INFO] [stdout]   --> src/main.rs:64:17
[INFO] [stdout]    |
[INFO] [stdout] 64 |         session.setup_tracing(&mut core)?;
[INFO] [stdout]    |                 ^^^^^^^^^^^^^ method not found in `probe_rs::Session`
[INFO] [stdout] 
[INFO] [stdout] 
[INFO] [stdout] error[E0599]: no method named `enable_data_trace` found for struct `probe_rs::Session` in the current scope
[INFO] [stdout]   --> src/main.rs:65:17
[INFO] [stdout]    |
[INFO] [stdout] 65 |         session.enable_data_trace(&mut core, 0, 0x2000_3040)?;
[INFO] [stdout]    |                 ^^^^^^^^^^^^^^^^^ method not found in `probe_rs::Session`
[INFO] [stdout] 
[INFO] [stdout] 
[INFO] [stdout] error[E0599]: no method named `enable_data_trace` found for struct `probe_rs::Session` in the current scope
[INFO] [stdout]   --> src/main.rs:66:17
[INFO] [stdout]    |
[INFO] [stdout] 66 |         session.enable_data_trace(&mut core, 1, 0x2000_3040)?;
[INFO] [stdout]    |                 ^^^^^^^^^^^^^^^^^ method not found in `probe_rs::Session`
[INFO] [stdout] 
[INFO] [stdout] 
[INFO] [stdout] error[E0599]: no method named `read_swv` found for mutable reference `&mut probe_rs::Session` in the current scope
[INFO] [stdout]   --> src/runner.rs:51:29
[INFO] [stdout]    |
[INFO] [stdout] 51 |         let bytes = session.read_swv().unwrap();
[INFO] [stdout]    |                             ^^^^^^^^ method not found in `&mut probe_rs::Session`
[INFO] [stdout] 
[INFO] [stdout] 
[INFO] [stdout] error: aborting due to 6 previous errors; 1 warning emitted
[INFO] [stdout] 
[INFO] [stdout] 
[INFO] [stdout] Some errors have detailed explanations: E0432, E0599.
[INFO] [stdout] 
[INFO] [stdout] For more information about an error, try `rustc --explain E0432`.
[INFO] [stdout] 
[INFO] [stderr] error: could not compile `itm-tracer`.
[INFO] [stderr] 
[INFO] [stderr] To learn more, run the command again with --verbose.
[INFO] [stderr] warning: build failed, waiting for other jobs to finish...
[INFO] [stdout] error[E0599]: no method named `trace_enable` found for struct `probe_rs::Session` in the current scope
[INFO] [stdout]   --> src/main.rs:63:17
[INFO] [stdout]    |
[INFO] [stdout] 63 |         session.trace_enable(&mut core)?;
[INFO] [stdout]    |                 ^^^^^^^^^^^^ method not found in `probe_rs::Session`
[INFO] [stdout] 
[INFO] [stdout] 
[INFO] [stdout] error[E0599]: no method named `setup_tracing` found for struct `probe_rs::Session` in the current scope
[INFO] [stdout]   --> src/main.rs:64:17
[INFO] [stdout]    |
[INFO] [stdout] 64 |         session.setup_tracing(&mut core)?;
[INFO] [stdout]    |                 ^^^^^^^^^^^^^ method not found in `probe_rs::Session`
[INFO] [stdout] 
[INFO] [stdout] 
[INFO] [stdout] error[E0599]: no method named `enable_data_trace` found for struct `probe_rs::Session` in the current scope
[INFO] [stdout]   --> src/main.rs:65:17
[INFO] [stdout]    |
[INFO] [stdout] 65 |         session.enable_data_trace(&mut core, 0, 0x2000_3040)?;
[INFO] [stdout]    |                 ^^^^^^^^^^^^^^^^^ method not found in `probe_rs::Session`
[INFO] [stdout] 
[INFO] [stdout] 
[INFO] [stdout] error[E0599]: no method named `enable_data_trace` found for struct `probe_rs::Session` in the current scope
[INFO] [stdout]   --> src/main.rs:66:17
[INFO] [stdout]    |
[INFO] [stdout] 66 |         session.enable_data_trace(&mut core, 1, 0x2000_3040)?;
[INFO] [stdout]    |                 ^^^^^^^^^^^^^^^^^ method not found in `probe_rs::Session`
[INFO] [stdout] 
[INFO] [stdout] 
[INFO] [stdout] error[E0599]: no method named `read_swv` found for mutable reference `&mut probe_rs::Session` in the current scope
[INFO] [stdout]   --> src/runner.rs:51:29
[INFO] [stdout]    |
[INFO] [stdout] 51 |         let bytes = session.read_swv().unwrap();
[INFO] [stdout]    |                             ^^^^^^^^ method not found in `&mut probe_rs::Session`
[INFO] [stdout] 
[INFO] [stdout] 
[INFO] [stdout] error: aborting due to 6 previous errors; 1 warning emitted
[INFO] [stdout] 
[INFO] [stdout] 
[INFO] [stdout] Some errors have detailed explanations: E0432, E0599.
[INFO] [stdout] 
[INFO] [stdout] For more information about an error, try `rustc --explain E0432`.
[INFO] [stdout] 
[INFO] [stderr] error: build failed
[INFO] running `Command { std: "docker" "inspect" "5788d80555fbc68c8d113d6306f61d5c0063e6961c77e2a37e0c98bec09ec5f5", kill_on_drop: false }`
[INFO] running `Command { std: "docker" "rm" "-f" "5788d80555fbc68c8d113d6306f61d5c0063e6961c77e2a37e0c98bec09ec5f5", kill_on_drop: false }`
[INFO] [stdout] 5788d80555fbc68c8d113d6306f61d5c0063e6961c77e2a37e0c98bec09ec5f5
