[INFO] cloning repository https://github.com/porglezomp-misc/flapjack-fwop-solver
[INFO] running `Command { std: "git" "-c" "credential.helper=" "-c" "credential.helper=/workspace/cargo-home/bin/git-credential-null" "clone" "--bare" "https://github.com/porglezomp-misc/flapjack-fwop-solver" "/workspace/cache/git-repos/https%3A%2F%2Fgithub.com%2Fporglezomp-misc%2Fflapjack-fwop-solver", kill_on_drop: false }`
[INFO] [stderr] Cloning into bare repository '/workspace/cache/git-repos/https%3A%2F%2Fgithub.com%2Fporglezomp-misc%2Fflapjack-fwop-solver'...
[INFO] running `Command { std: "git" "rev-parse" "HEAD", kill_on_drop: false }`
[INFO] [stdout] 01fe0aa72721958a406f7475f1afcba0c21feb7d
[INFO] checking porglezomp-misc/flapjack-fwop-solver against beta-2020-07-24 for pr-75494-beta
[INFO] running `Command { std: "git" "clone" "/workspace/cache/git-repos/https%3A%2F%2Fgithub.com%2Fporglezomp-misc%2Fflapjack-fwop-solver" "/workspace/builds/worker-3/source", kill_on_drop: false }`
[INFO] [stderr] Cloning into '/workspace/builds/worker-3/source'...
[INFO] [stderr] done.
[INFO] validating manifest of git repo https://github.com/porglezomp-misc/flapjack-fwop-solver on toolchain beta-2020-07-24
[INFO] running `Command { std: "/workspace/cargo-home/bin/cargo" "+beta-2020-07-24" "read-manifest" "--manifest-path" "Cargo.toml", kill_on_drop: false }`
[INFO] started tweaking git repo https://github.com/porglezomp-misc/flapjack-fwop-solver
[INFO] disabled cargo feature 'default-run' from git repo https://github.com/porglezomp-misc/flapjack-fwop-solver
[INFO] finished tweaking git repo https://github.com/porglezomp-misc/flapjack-fwop-solver
[INFO] tweaked toml for git repo https://github.com/porglezomp-misc/flapjack-fwop-solver written to /workspace/builds/worker-3/source/Cargo.toml
[INFO] crate git repo https://github.com/porglezomp-misc/flapjack-fwop-solver already has a lockfile, it will not be regenerated
[INFO] running `Command { std: "/workspace/cargo-home/bin/cargo" "+beta-2020-07-24" "fetch" "--locked" "--manifest-path" "Cargo.toml", kill_on_drop: false }`
[INFO] [stderr]     Blocking waiting for file lock on package cache
[INFO] running `Command { std: "docker" "create" "-v" "/var/lib/crater-agent-workspace/builds/worker-3/target:/opt/rustwide/target:rw,Z" "-v" "/var/lib/crater-agent-workspace/builds/worker-3/source:/opt/rustwide/workdir:ro,Z" "-v" "/var/lib/crater-agent-workspace/cargo-home:/opt/rustwide/cargo-home:ro,Z" "-v" "/var/lib/crater-agent-workspace/rustup-home:/opt/rustwide/rustup-home:ro,Z" "-e" "SOURCE_DIR=/opt/rustwide/workdir" "-e" "CARGO_TARGET_DIR=/opt/rustwide/target" "-e" "CARGO_HOME=/opt/rustwide/cargo-home" "-e" "RUSTUP_HOME=/opt/rustwide/rustup-home" "-w" "/opt/rustwide/workdir" "-m" "1610612736" "--user" "0:0" "--network" "none" "rustops/crates-build-env@sha256:a636fd89d022f18117e1dc8fb37a0a009933cdbbe082814857f0e2024962d47c" "/opt/rustwide/cargo-home/bin/cargo" "+beta-2020-07-24" "metadata" "--no-deps" "--format-version=1", kill_on_drop: false }`
[INFO] [stderr] WARNING: Your kernel does not support swap limit capabilities or the cgroup is not mounted. Memory limited without swap.
[INFO] [stdout] a52c1f8b8d6e2feadf10254b0e0c9aa513b8b1057a1690e50a9d355fa5799757
[INFO] running `Command { std: "docker" "start" "-a" "a52c1f8b8d6e2feadf10254b0e0c9aa513b8b1057a1690e50a9d355fa5799757", kill_on_drop: false }`
[INFO] running `Command { std: "docker" "inspect" "a52c1f8b8d6e2feadf10254b0e0c9aa513b8b1057a1690e50a9d355fa5799757", kill_on_drop: false }`
[INFO] running `Command { std: "docker" "rm" "-f" "a52c1f8b8d6e2feadf10254b0e0c9aa513b8b1057a1690e50a9d355fa5799757", kill_on_drop: false }`
[INFO] [stdout] a52c1f8b8d6e2feadf10254b0e0c9aa513b8b1057a1690e50a9d355fa5799757
[INFO] running `Command { std: "docker" "create" "-v" "/var/lib/crater-agent-workspace/builds/worker-3/target:/opt/rustwide/target:rw,Z" "-v" "/var/lib/crater-agent-workspace/builds/worker-3/source:/opt/rustwide/workdir:ro,Z" "-v" "/var/lib/crater-agent-workspace/cargo-home:/opt/rustwide/cargo-home:ro,Z" "-v" "/var/lib/crater-agent-workspace/rustup-home:/opt/rustwide/rustup-home:ro,Z" "-e" "SOURCE_DIR=/opt/rustwide/workdir" "-e" "CARGO_TARGET_DIR=/opt/rustwide/target" "-e" "CARGO_INCREMENTAL=0" "-e" "RUST_BACKTRACE=full" "-e" "RUSTFLAGS=--cap-lints=forbid" "-e" "CARGO_HOME=/opt/rustwide/cargo-home" "-e" "RUSTUP_HOME=/opt/rustwide/rustup-home" "-w" "/opt/rustwide/workdir" "-m" "1610612736" "--user" "0:0" "--network" "none" "rustops/crates-build-env@sha256:a636fd89d022f18117e1dc8fb37a0a009933cdbbe082814857f0e2024962d47c" "/opt/rustwide/cargo-home/bin/cargo" "+beta-2020-07-24" "check" "--frozen" "--all" "--all-targets" "--message-format=json", kill_on_drop: false }`
[INFO] [stdout] e00f50fed5be98a551baa3da146c7b73be14509665a92ba89859f2f6a9d790bc
[INFO] [stderr] WARNING: Your kernel does not support swap limit capabilities or the cgroup is not mounted. Memory limited without swap.
[INFO] running `Command { std: "docker" "start" "-a" "e00f50fed5be98a551baa3da146c7b73be14509665a92ba89859f2f6a9d790bc", kill_on_drop: false }`
[INFO] [stderr]    Compiling libc v0.2.45
[INFO] [stderr]    Compiling version_check v0.1.5
[INFO] [stderr]    Compiling semver-parser v0.7.0
[INFO] [stderr]     Checking cfg-if v0.1.6
[INFO] [stderr]    Compiling proc-macro2 v0.4.24
[INFO] [stderr]     Checking rand_core v0.3.0
[INFO] [stderr]    Compiling unicode-xid v0.1.0
[INFO] [stderr]    Compiling cc v1.0.28
[INFO] [stderr]    Compiling num-traits v0.2.6
[INFO] [stderr]    Compiling autocfg v0.1.1
[INFO] [stderr]    Compiling serde v1.0.83
[INFO] [stderr]    Compiling failure_derive v0.1.4
[INFO] [stderr]    Compiling ryu v0.2.7
[INFO] [stderr]    Compiling unicode-xid v0.0.4
[INFO] [stderr]    Compiling quote v0.3.15
[INFO] [stderr]     Checking rustc-demangle v0.1.11
[INFO] [stderr]    Compiling regex v1.1.0
[INFO] [stderr]     Checking cast v0.2.2
[INFO] [stderr]     Checking either v1.5.0
[INFO] [stderr]     Checking bitflags v1.0.4
[INFO] [stderr]    Compiling pest v1.0.6
[INFO] [stderr]     Checking same-file v1.0.4
[INFO] [stderr]     Checking unicode-width v0.1.5
[INFO] [stderr]     Checking itoa v0.4.3
[INFO] [stderr]     Checking vec_map v0.8.1
[INFO] [stderr]     Checking thread-scoped v1.0.2
[INFO] [stderr]     Checking ansi_term v0.11.0
[INFO] [stderr]     Checking bit-vec v0.5.0
[INFO] [stderr]     Checking strsim v0.7.0
[INFO] [stderr]     Checking fnv v1.0.6
[INFO] [stderr]     Checking byteorder v1.2.7
[INFO] [stderr]     Checking regex-syntax v0.4.2
[INFO] [stderr]     Checking fwop v0.1.0 (/opt/rustwide/workdir)
[INFO] [stderr]     Checking log v0.4.6
[INFO] [stderr]    Compiling synom v0.11.3
[INFO] [stderr]     Checking rand_xorshift v0.1.0
[INFO] [stderr]     Checking rand_isaac v0.1.1
[INFO] [stderr]     Checking rand_hc v0.1.0
[INFO] [stderr]     Checking regex-syntax v0.6.4
[INFO] [stderr]    Compiling semver v0.9.0
[INFO] [stderr]     Checking itertools v0.7.11
[INFO] [stderr]     Checking walkdir v2.2.7
[INFO] [stderr]     Checking textwrap v0.10.0
[INFO] [stderr]    Compiling backtrace v0.3.13
[INFO] [stderr]    Compiling memchr v2.1.2
[INFO] [stderr]    Compiling lazy_static v1.1.0
[INFO] [stderr]     Checking bit-set v0.5.0
[INFO] [stdout] error[E0554]: `#![feature]` may not be used on the beta release channel
[INFO] [stdout]  --> src/bin/solve.rs:1:1
[INFO] [stdout]   |
[INFO] [stdout] 1 | #![feature(duration_float)]
[INFO] [stdout]   | ^^^^^^^^^^^^^^^^^^^^^^^^^^^
[INFO] [stdout] 
[INFO] [stdout] 
[INFO] [stdout] error[E0599]: no method named `as_float_secs` found for struct `std::time::Duration` in the current scope
[INFO] [stdout]   --> src/bin/solve.rs:41:29
[INFO] [stdout]    |
[INFO] [stdout] 41 |         (write_end - start).as_float_secs()
[INFO] [stdout]    |                             ^^^^^^^^^^^^^ method not found in `std::time::Duration`
[INFO] [stdout] 
[INFO] [stdout] 
[INFO] [stdout] error[E0599]: no method named `as_float_secs` found for struct `std::time::Duration` in the current scope
[INFO] [stdout]   --> src/bin/solve.rs:45:44
[INFO] [stdout]    |
[INFO] [stdout] 45 |         generate_end.duration_since(start).as_float_secs()
[INFO] [stdout]    |                                            ^^^^^^^^^^^^^ method not found in `std::time::Duration`
[INFO] [stdout] 
[INFO] [stdout] 
[INFO] [stdout] error[E0599]: no method named `as_float_secs` found for struct `std::time::Duration` in the current scope
[INFO] [stdout]   --> src/bin/solve.rs:49:48
[INFO] [stdout]    |
[INFO] [stdout] 49 |         write_end.duration_since(generate_end).as_float_secs()
[INFO] [stdout]    |                                                ^^^^^^^^^^^^^ method not found in `std::time::Duration`
[INFO] [stdout] 
[INFO] [stdout] 
[INFO] [stderr]    Compiling syn v0.11.11
[INFO] [stdout] error: aborting due to 4 previous errors
[INFO] [stdout] 
[INFO] [stdout] 
[INFO] [stdout] Some errors have detailed explanations: E0554, E0599.
[INFO] [stdout] 
[INFO] [stdout] For more information about an error, try `rustc --explain E0554`.
[INFO] [stdout] 
[INFO] [stderr] error: could not compile `fwop`.
[INFO] [stderr] 
[INFO] [stderr] To learn more, run the command again with --verbose.
[INFO] [stderr] warning: build failed, waiting for other jobs to finish...
[INFO] [stderr] error: build failed
[INFO] running `Command { std: "docker" "inspect" "e00f50fed5be98a551baa3da146c7b73be14509665a92ba89859f2f6a9d790bc", kill_on_drop: false }`
[INFO] running `Command { std: "docker" "rm" "-f" "e00f50fed5be98a551baa3da146c7b73be14509665a92ba89859f2f6a9d790bc", kill_on_drop: false }`
[INFO] [stdout] e00f50fed5be98a551baa3da146c7b73be14509665a92ba89859f2f6a9d790bc
