[INFO] cloning repository https://github.com/pomid0rko0/temporary
[INFO] running `Command { std: "git" "-c" "credential.helper=" "-c" "credential.helper=/workspace/cargo-home/bin/git-credential-null" "clone" "--bare" "https://github.com/pomid0rko0/temporary" "/workspace/cache/git-repos/https%3A%2F%2Fgithub.com%2Fpomid0rko0%2Ftemporary", kill_on_drop: false }`
[INFO] [stderr] Cloning into bare repository '/workspace/cache/git-repos/https%3A%2F%2Fgithub.com%2Fpomid0rko0%2Ftemporary'...
[INFO] running `Command { std: "git" "rev-parse" "HEAD", kill_on_drop: false }`
[INFO] [stdout] 1510e42d4aa81dff25392ca38f2d7707d5eaf3c9
[INFO] checking pomid0rko0/temporary against beta-2020-07-24 for pr-75494-beta
[INFO] running `Command { std: "git" "clone" "/workspace/cache/git-repos/https%3A%2F%2Fgithub.com%2Fpomid0rko0%2Ftemporary" "/workspace/builds/worker-3/source", kill_on_drop: false }`
[INFO] [stderr] Cloning into '/workspace/builds/worker-3/source'...
[INFO] [stderr] done.
[INFO] validating manifest of git repo https://github.com/pomid0rko0/temporary on toolchain beta-2020-07-24
[INFO] running `Command { std: "/workspace/cargo-home/bin/cargo" "+beta-2020-07-24" "read-manifest" "--manifest-path" "Cargo.toml", kill_on_drop: false }`
[INFO] started tweaking git repo https://github.com/pomid0rko0/temporary
[INFO] finished tweaking git repo https://github.com/pomid0rko0/temporary
[INFO] tweaked toml for git repo https://github.com/pomid0rko0/temporary written to /workspace/builds/worker-3/source/Cargo.toml
[INFO] crate git repo https://github.com/pomid0rko0/temporary already has a lockfile, it will not be regenerated
[INFO] running `Command { std: "/workspace/cargo-home/bin/cargo" "+beta-2020-07-24" "fetch" "--locked" "--manifest-path" "Cargo.toml", kill_on_drop: false }`
[INFO] [stderr]     Blocking waiting for file lock on package cache
[INFO] running `Command { std: "docker" "create" "-v" "/var/lib/crater-agent-workspace/builds/worker-3/target:/opt/rustwide/target:rw,Z" "-v" "/var/lib/crater-agent-workspace/builds/worker-3/source:/opt/rustwide/workdir:ro,Z" "-v" "/var/lib/crater-agent-workspace/cargo-home:/opt/rustwide/cargo-home:ro,Z" "-v" "/var/lib/crater-agent-workspace/rustup-home:/opt/rustwide/rustup-home:ro,Z" "-e" "SOURCE_DIR=/opt/rustwide/workdir" "-e" "CARGO_TARGET_DIR=/opt/rustwide/target" "-e" "CARGO_HOME=/opt/rustwide/cargo-home" "-e" "RUSTUP_HOME=/opt/rustwide/rustup-home" "-w" "/opt/rustwide/workdir" "-m" "1610612736" "--user" "0:0" "--network" "none" "rustops/crates-build-env@sha256:a636fd89d022f18117e1dc8fb37a0a009933cdbbe082814857f0e2024962d47c" "/opt/rustwide/cargo-home/bin/cargo" "+beta-2020-07-24" "metadata" "--no-deps" "--format-version=1", kill_on_drop: false }`
[INFO] [stdout] 33a717a67e9221867a6f486bd5cc53c1915d643a40077665f64e16c86a5040fa
[INFO] [stderr] WARNING: Your kernel does not support swap limit capabilities or the cgroup is not mounted. Memory limited without swap.
[INFO] running `Command { std: "docker" "start" "-a" "33a717a67e9221867a6f486bd5cc53c1915d643a40077665f64e16c86a5040fa", kill_on_drop: false }`
[INFO] running `Command { std: "docker" "inspect" "33a717a67e9221867a6f486bd5cc53c1915d643a40077665f64e16c86a5040fa", kill_on_drop: false }`
[INFO] running `Command { std: "docker" "rm" "-f" "33a717a67e9221867a6f486bd5cc53c1915d643a40077665f64e16c86a5040fa", kill_on_drop: false }`
[INFO] [stdout] 33a717a67e9221867a6f486bd5cc53c1915d643a40077665f64e16c86a5040fa
[INFO] running `Command { std: "docker" "create" "-v" "/var/lib/crater-agent-workspace/builds/worker-3/target:/opt/rustwide/target:rw,Z" "-v" "/var/lib/crater-agent-workspace/builds/worker-3/source:/opt/rustwide/workdir:ro,Z" "-v" "/var/lib/crater-agent-workspace/cargo-home:/opt/rustwide/cargo-home:ro,Z" "-v" "/var/lib/crater-agent-workspace/rustup-home:/opt/rustwide/rustup-home:ro,Z" "-e" "SOURCE_DIR=/opt/rustwide/workdir" "-e" "CARGO_TARGET_DIR=/opt/rustwide/target" "-e" "CARGO_INCREMENTAL=0" "-e" "RUST_BACKTRACE=full" "-e" "RUSTFLAGS=--cap-lints=forbid" "-e" "CARGO_HOME=/opt/rustwide/cargo-home" "-e" "RUSTUP_HOME=/opt/rustwide/rustup-home" "-w" "/opt/rustwide/workdir" "-m" "1610612736" "--user" "0:0" "--network" "none" "rustops/crates-build-env@sha256:a636fd89d022f18117e1dc8fb37a0a009933cdbbe082814857f0e2024962d47c" "/opt/rustwide/cargo-home/bin/cargo" "+beta-2020-07-24" "check" "--frozen" "--all" "--all-targets" "--message-format=json", kill_on_drop: false }`
[INFO] [stdout] bebe1b9baa98fe5e1bf1f7b3b16b2ce2095bf69e703dff1fd5325cb19142ff5f
[INFO] [stderr] WARNING: Your kernel does not support swap limit capabilities or the cgroup is not mounted. Memory limited without swap.
[INFO] running `Command { std: "docker" "start" "-a" "bebe1b9baa98fe5e1bf1f7b3b16b2ce2095bf69e703dff1fd5325cb19142ff5f", kill_on_drop: false }`
[INFO] [stderr]    Compiling autocfg v1.0.0
[INFO] [stderr]    Compiling libm v0.2.1
[INFO] [stderr]    Compiling libc v0.2.71
[INFO] [stderr]    Compiling getrandom v0.1.14
[INFO] [stderr]     Checking cfg-if v0.1.10
[INFO] [stderr]    Compiling typenum v1.12.0
[INFO] [stderr]    Compiling proc-macro-hack v0.5.16
[INFO] [stderr]     Checking ppv-lite86 v0.2.8
[INFO] [stderr]    Compiling num-traits v0.2.12
[INFO] [stderr]    Compiling num-complex v0.2.4
[INFO] [stderr]    Compiling num-integer v0.1.43
[INFO] [stderr]    Compiling num-rational v0.2.4
[INFO] [stderr]    Compiling paste-impl v0.1.17
[INFO] [stderr]     Checking rand_core v0.5.1
[INFO] [stderr]     Checking rand_chacha v0.2.2
[INFO] [stderr]     Checking rand v0.7.3
[INFO] [stderr]     Checking generic-array v0.13.2
[INFO] [stderr]     Checking approx v0.3.2
[INFO] [stderr]     Checking paste v0.1.17
[INFO] [stderr]     Checking simba v0.1.5
[INFO] [stderr]     Checking rand_distr v0.2.2
[INFO] [stderr]     Checking nalgebra v0.21.1
[INFO] [stderr]     Checking mo v0.1.0 (/opt/rustwide/workdir)
[INFO] [stdout] error: expected item, found `;`
[INFO] [stdout]   --> src/main.rs:18:10
[INFO] [stdout]    |
[INFO] [stdout] 18 |         };
[INFO] [stdout]    |          ^ help: remove this semicolon
[INFO] [stdout] 
[INFO] [stdout] 
[INFO] [stdout] error[E0583]: file not found for module `third`
[INFO] [stdout]   --> src/main.rs:17:13
[INFO] [stdout]    |
[INFO] [stdout] 17 |             mod third;
[INFO] [stdout]    |             ^^^^^^^^^^
[INFO] [stdout]    |
[INFO] [stdout]    = help: to create the module `third`, create file "src/searchers/random_searchers/global/third.rs"
[INFO] [stdout] 
[INFO] [stdout] 
[INFO] [stdout] error: expected item, found `;`
[INFO] [stdout]   --> src/main.rs:18:10
[INFO] [stdout]    |
[INFO] [stdout] 18 |         };
[INFO] [stdout]    |          ^ help: remove this semicolon
[INFO] [stdout] 
[INFO] [stdout] 
[INFO] [stdout] error[E0583]: file not found for module `third`
[INFO] [stdout]   --> src/main.rs:17:13
[INFO] [stdout]    |
[INFO] [stdout] 17 |             mod third;
[INFO] [stdout]    |             ^^^^^^^^^^
[INFO] [stdout]    |
[INFO] [stdout]    = help: to create the module `third`, create file "src/searchers/random_searchers/global/third.rs"
[INFO] [stdout] 
[INFO] [stdout] 
[INFO] [stdout] warning: unused import: `std::fs`
[INFO] [stdout]   --> src/main.rs:24:5
[INFO] [stdout]    |
[INFO] [stdout] 24 | use std::fs;
[INFO] [stdout]    |     ^^^^^^^
[INFO] [stdout]    |
[INFO] [stdout]    = note: `#[warn(unused_imports)]` on by default
[INFO] [stdout] 
[INFO] [stdout] 
[INFO] [stdout] warning: unused import: `std::sync::Arc`
[INFO] [stdout]   --> src/main.rs:25:5
[INFO] [stdout]    |
[INFO] [stdout] 25 | use std::sync::Arc;
[INFO] [stdout]    |     ^^^^^^^^^^^^^^
[INFO] [stdout] 
[INFO] [stdout] 
[INFO] [stdout] warning: unused import: `nalgebra::Vector2`
[INFO] [stdout]   --> src/main.rs:27:5
[INFO] [stdout]    |
[INFO] [stdout] 27 | use nalgebra::Vector2;
[INFO] [stdout]    |     ^^^^^^^^^^^^^^^^^
[INFO] [stdout] 
[INFO] [stdout] 
[INFO] [stdout] warning: unused import: `std::fs`
[INFO] [stdout]   --> src/main.rs:24:5
[INFO] [stdout]    |
[INFO] [stdout] 24 | use std::fs;
[INFO] [stdout]    |     ^^^^^^^
[INFO] [stdout]    |
[INFO] [stdout]    = note: `#[warn(unused_imports)]` on by default
[INFO] [stdout] 
[INFO] [stdout] 
[INFO] [stdout] warning: unused import: `std::sync::Arc`
[INFO] [stdout]   --> src/main.rs:25:5
[INFO] [stdout]    |
[INFO] [stdout] 25 | use std::sync::Arc;
[INFO] [stdout]    |     ^^^^^^^^^^^^^^
[INFO] [stdout] 
[INFO] [stdout] 
[INFO] [stdout] warning: unused import: `nalgebra::Vector2`
[INFO] [stdout]   --> src/main.rs:27:5
[INFO] [stdout]    |
[INFO] [stdout] 27 | use nalgebra::Vector2;
[INFO] [stdout]    |     ^^^^^^^^^^^^^^^^^
[INFO] [stdout] 
[INFO] [stdout] 
[INFO] [stdout] error[E0061]: this function takes 7 arguments but 5 arguments were supplied
[INFO] [stdout]    --> src/searchers/random_searchers/search.rs:100:31
[INFO] [stdout]     |
[INFO] [stdout] 100 |               Method::Simple => super::simple::Simple::new(
[INFO] [stdout]     |                                 ^^^^^^^^^^^^^^^^^^^^^^^^^^ expected 7 arguments
[INFO] [stdout] 101 |                   D,
[INFO] [stdout]     |                   -
[INFO] [stdout] 102 |                   f,
[INFO] [stdout]     |                   -
[INFO] [stdout] 103 |                   comparator,
[INFO] [stdout]     |                   ----------
[INFO] [stdout] 104 |                   VectorN::<Scalar, Dimension>::from_element(eps),
[INFO] [stdout]     |                   -----------------------------------------------
[INFO] [stdout] 105 |                   alpha,
[INFO] [stdout]     |                   ----- supplied 5 arguments
[INFO] [stdout]     | 
[INFO] [stdout]    ::: src/searchers/random_searchers/simple.rs:29:5
[INFO] [stdout]     |
[INFO] [stdout] 29  | /     pub fn new(
[INFO] [stdout] 30  | |         x0: VectorN<Scalar, Dimension>,
[INFO] [stdout] 31  | |         f0: Scalar,
[INFO] [stdout] 32  | |         mut D: Area<Scalar, Dimension>,
[INFO] [stdout] ...   |
[INFO] [stdout] 55  | |         }
[INFO] [stdout] 56  | |     }
[INFO] [stdout]     | |_____- defined here
[INFO] [stdout] 
[INFO] [stdout] 
[INFO] [stdout] error: aborting due to 3 previous errors; 3 warnings emitted
[INFO] [stdout] 
[INFO] [stdout] 
[INFO] [stdout] Some errors have detailed explanations: E0061, E0583.
[INFO] [stdout] 
[INFO] [stdout] For more information about an error, try `rustc --explain E0061`.
[INFO] [stdout] 
[INFO] [stderr] error: could not compile `mo`.
[INFO] [stderr] 
[INFO] [stderr] To learn more, run the command again with --verbose.
[INFO] [stderr] warning: build failed, waiting for other jobs to finish...
[INFO] [stdout] error[E0061]: this function takes 7 arguments but 5 arguments were supplied
[INFO] [stdout]    --> src/searchers/random_searchers/search.rs:100:31
[INFO] [stdout]     |
[INFO] [stdout] 100 |               Method::Simple => super::simple::Simple::new(
[INFO] [stdout]     |                                 ^^^^^^^^^^^^^^^^^^^^^^^^^^ expected 7 arguments
[INFO] [stdout] 101 |                   D,
[INFO] [stdout]     |                   -
[INFO] [stdout] 102 |                   f,
[INFO] [stdout]     |                   -
[INFO] [stdout] 103 |                   comparator,
[INFO] [stdout]     |                   ----------
[INFO] [stdout] 104 |                   VectorN::<Scalar, Dimension>::from_element(eps),
[INFO] [stdout]     |                   -----------------------------------------------
[INFO] [stdout] 105 |                   alpha,
[INFO] [stdout]     |                   ----- supplied 5 arguments
[INFO] [stdout]     | 
[INFO] [stdout]    ::: src/searchers/random_searchers/simple.rs:29:5
[INFO] [stdout]     |
[INFO] [stdout] 29  | /     pub fn new(
[INFO] [stdout] 30  | |         x0: VectorN<Scalar, Dimension>,
[INFO] [stdout] 31  | |         f0: Scalar,
[INFO] [stdout] 32  | |         mut D: Area<Scalar, Dimension>,
[INFO] [stdout] ...   |
[INFO] [stdout] 55  | |         }
[INFO] [stdout] 56  | |     }
[INFO] [stdout]     | |_____- defined here
[INFO] [stdout] 
[INFO] [stdout] 
[INFO] [stdout] error: aborting due to 3 previous errors; 3 warnings emitted
[INFO] [stdout] 
[INFO] [stdout] 
[INFO] [stdout] Some errors have detailed explanations: E0061, E0583.
[INFO] [stdout] 
[INFO] [stdout] For more information about an error, try `rustc --explain E0061`.
[INFO] [stdout] 
[INFO] [stderr] error: build failed
[INFO] running `Command { std: "docker" "inspect" "bebe1b9baa98fe5e1bf1f7b3b16b2ce2095bf69e703dff1fd5325cb19142ff5f", kill_on_drop: false }`
[INFO] running `Command { std: "docker" "rm" "-f" "bebe1b9baa98fe5e1bf1f7b3b16b2ce2095bf69e703dff1fd5325cb19142ff5f", kill_on_drop: false }`
[INFO] [stdout] bebe1b9baa98fe5e1bf1f7b3b16b2ce2095bf69e703dff1fd5325cb19142ff5f
