[INFO] cloning repository https://github.com/pmeredit/mysql_test_gen
[INFO] running `Command { std: "git" "-c" "credential.helper=" "-c" "credential.helper=/workspace/cargo-home/bin/git-credential-null" "clone" "--bare" "https://github.com/pmeredit/mysql_test_gen" "/workspace/cache/git-repos/https%3A%2F%2Fgithub.com%2Fpmeredit%2Fmysql_test_gen", kill_on_drop: false }`
[INFO] [stderr] Cloning into bare repository '/workspace/cache/git-repos/https%3A%2F%2Fgithub.com%2Fpmeredit%2Fmysql_test_gen'...
[INFO] running `Command { std: "git" "rev-parse" "HEAD", kill_on_drop: false }`
[INFO] [stdout] db28ef70826c333bbda653edb9bac7289b1b7a59
[INFO] checking pmeredit/mysql_test_gen against beta-2020-07-24 for pr-75494-beta
[INFO] running `Command { std: "git" "clone" "/workspace/cache/git-repos/https%3A%2F%2Fgithub.com%2Fpmeredit%2Fmysql_test_gen" "/workspace/builds/worker-5/source", kill_on_drop: false }`
[INFO] [stderr] Cloning into '/workspace/builds/worker-5/source'...
[INFO] [stderr] done.
[INFO] validating manifest of git repo https://github.com/pmeredit/mysql_test_gen on toolchain beta-2020-07-24
[INFO] running `Command { std: "/workspace/cargo-home/bin/cargo" "+beta-2020-07-24" "read-manifest" "--manifest-path" "Cargo.toml", kill_on_drop: false }`
[INFO] started tweaking git repo https://github.com/pmeredit/mysql_test_gen
[INFO] finished tweaking git repo https://github.com/pmeredit/mysql_test_gen
[INFO] tweaked toml for git repo https://github.com/pmeredit/mysql_test_gen written to /workspace/builds/worker-5/source/Cargo.toml
[INFO] crate git repo https://github.com/pmeredit/mysql_test_gen already has a lockfile, it will not be regenerated
[INFO] running `Command { std: "/workspace/cargo-home/bin/cargo" "+beta-2020-07-24" "fetch" "--locked" "--manifest-path" "Cargo.toml", kill_on_drop: false }`
[INFO] running `Command { std: "docker" "create" "-v" "/var/lib/crater-agent-workspace/builds/worker-5/target:/opt/rustwide/target:rw,Z" "-v" "/var/lib/crater-agent-workspace/builds/worker-5/source:/opt/rustwide/workdir:ro,Z" "-v" "/var/lib/crater-agent-workspace/cargo-home:/opt/rustwide/cargo-home:ro,Z" "-v" "/var/lib/crater-agent-workspace/rustup-home:/opt/rustwide/rustup-home:ro,Z" "-e" "SOURCE_DIR=/opt/rustwide/workdir" "-e" "CARGO_TARGET_DIR=/opt/rustwide/target" "-e" "CARGO_HOME=/opt/rustwide/cargo-home" "-e" "RUSTUP_HOME=/opt/rustwide/rustup-home" "-w" "/opt/rustwide/workdir" "-m" "1610612736" "--user" "0:0" "--network" "none" "rustops/crates-build-env@sha256:a636fd89d022f18117e1dc8fb37a0a009933cdbbe082814857f0e2024962d47c" "/opt/rustwide/cargo-home/bin/cargo" "+beta-2020-07-24" "metadata" "--no-deps" "--format-version=1", kill_on_drop: false }`
[INFO] [stderr] WARNING: Your kernel does not support swap limit capabilities or the cgroup is not mounted. Memory limited without swap.
[INFO] [stdout] 612ac83c32d914125b061ce906fc06e3b9d26148964d2ad881cd0d1ae0fbc422
[INFO] running `Command { std: "docker" "start" "-a" "612ac83c32d914125b061ce906fc06e3b9d26148964d2ad881cd0d1ae0fbc422", kill_on_drop: false }`
[INFO] running `Command { std: "docker" "inspect" "612ac83c32d914125b061ce906fc06e3b9d26148964d2ad881cd0d1ae0fbc422", kill_on_drop: false }`
[INFO] running `Command { std: "docker" "rm" "-f" "612ac83c32d914125b061ce906fc06e3b9d26148964d2ad881cd0d1ae0fbc422", kill_on_drop: false }`
[INFO] [stdout] 612ac83c32d914125b061ce906fc06e3b9d26148964d2ad881cd0d1ae0fbc422
[INFO] running `Command { std: "docker" "create" "-v" "/var/lib/crater-agent-workspace/builds/worker-5/target:/opt/rustwide/target:rw,Z" "-v" "/var/lib/crater-agent-workspace/builds/worker-5/source:/opt/rustwide/workdir:ro,Z" "-v" "/var/lib/crater-agent-workspace/cargo-home:/opt/rustwide/cargo-home:ro,Z" "-v" "/var/lib/crater-agent-workspace/rustup-home:/opt/rustwide/rustup-home:ro,Z" "-e" "SOURCE_DIR=/opt/rustwide/workdir" "-e" "CARGO_TARGET_DIR=/opt/rustwide/target" "-e" "CARGO_INCREMENTAL=0" "-e" "RUST_BACKTRACE=full" "-e" "RUSTFLAGS=--cap-lints=forbid" "-e" "CARGO_HOME=/opt/rustwide/cargo-home" "-e" "RUSTUP_HOME=/opt/rustwide/rustup-home" "-w" "/opt/rustwide/workdir" "-m" "1610612736" "--user" "0:0" "--network" "none" "rustops/crates-build-env@sha256:a636fd89d022f18117e1dc8fb37a0a009933cdbbe082814857f0e2024962d47c" "/opt/rustwide/cargo-home/bin/cargo" "+beta-2020-07-24" "check" "--frozen" "--all" "--all-targets" "--message-format=json", kill_on_drop: false }`
[INFO] [stdout] acdd861e4935bd2dfc0324450b8c4a25f53fc0d45f2a9d63a290b07e905682f5
[INFO] [stderr] WARNING: Your kernel does not support swap limit capabilities or the cgroup is not mounted. Memory limited without swap.
[INFO] running `Command { std: "docker" "start" "-a" "acdd861e4935bd2dfc0324450b8c4a25f53fc0d45f2a9d63a290b07e905682f5", kill_on_drop: false }`
[INFO] [stderr]     Checking libc v0.2.37
[INFO] [stderr]     Checking num-traits v0.2.0
[INFO] [stderr]     Checking matches v0.1.6
[INFO] [stderr]     Checking lazy_static v1.0.0
[INFO] [stderr]     Checking itoa v0.3.4
[INFO] [stderr]     Checking serde v1.0.27
[INFO] [stderr]     Checking utf8-ranges v1.0.0
[INFO] [stderr]     Checking regex-syntax v0.4.2
[INFO] [stderr]     Checking unicode-normalization v0.1.5
[INFO] [stderr]     Checking dtoa v0.4.2
[INFO] [stderr]     Checking cfg-if v0.1.2
[INFO] [stderr]     Checking bitflags v1.0.1
[INFO] [stderr]     Checking sha1 v0.2.0
[INFO] [stderr]     Checking bit-vec v0.4.4
[INFO] [stderr]     Checking byteorder v1.2.1
[INFO] [stderr]     Checking smallvec v0.4.4
[INFO] [stderr]     Checking uuid v0.5.1
[INFO] [stderr]     Checking bufstream v0.1.3
[INFO] [stderr]     Checking unreachable v1.0.0
[INFO] [stderr]     Checking unicode-bidi v0.3.4
[INFO] [stderr]     Checking yaml-rust v0.4.0
[INFO] [stderr]     Checking thread_local v0.3.5
[INFO] [stderr]     Checking idna v0.1.4
[INFO] [stderr]     Checking num-integer v0.1.36
[INFO] [stderr]     Checking num-traits v0.1.43
[INFO] [stderr]     Checking atoi v0.2.2
[INFO] [stderr]     Checking memchr v2.0.1
[INFO] [stderr]     Checking rand v0.4.2
[INFO] [stderr]     Checking time v0.1.39
[INFO] [stderr]     Checking nix v0.9.0
[INFO] [stderr]     Checking net2 v0.2.31
[INFO] [stderr]     Checking num-iter v0.1.35
[INFO] [stderr]     Checking aho-corasick v0.6.4
[INFO] [stderr]     Checking num v0.1.42
[INFO] [stderr]     Checking regex v0.2.6
[INFO] [stderr]     Checking chrono v0.4.0
[INFO] [stderr]     Checking url v1.7.0
[INFO] [stderr]     Checking rand v0.3.22
[INFO] [stderr]     Checking twox-hash v1.1.0
[INFO] [stdout] error[E0214]: parenthesized type parameters may only be used with a `Fn` trait
[INFO] [stdout]   --> /opt/rustwide/cargo-home/registry/src/github.com-1ecc6299db9ec823/twox-hash-1.1.0/src/number_streams.rs:67:23
[INFO] [stdout]    |
[INFO] [stdout] 67 |     fn count(self) -> usize() {
[INFO] [stdout]    |                       ^^^^^^^ only `Fn` traits may use parentheses
[INFO] [stdout] ...
[INFO] [stdout] 74 | number_stream!(U32FromBytes, u32, U32_BYTES);
[INFO] [stdout]    | --------------------------------------------- in this macro invocation
[INFO] [stdout]    |
[INFO] [stdout]    = note: this error originates in a macro (in Nightly builds, run with -Z macro-backtrace for more info)
[INFO] [stdout] 
[INFO] [stdout] 
[INFO] [stdout] error[E0214]: parenthesized type parameters may only be used with a `Fn` trait
[INFO] [stdout]   --> /opt/rustwide/cargo-home/registry/src/github.com-1ecc6299db9ec823/twox-hash-1.1.0/src/number_streams.rs:67:23
[INFO] [stdout]    |
[INFO] [stdout] 67 |     fn count(self) -> usize() {
[INFO] [stdout]    |                       ^^^^^^^ only `Fn` traits may use parentheses
[INFO] [stdout] ...
[INFO] [stdout] 75 | number_stream!(U64FromBytes, u64, U64_BYTES);
[INFO] [stdout]    | --------------------------------------------- in this macro invocation
[INFO] [stdout]    |
[INFO] [stdout]    = note: this error originates in a macro (in Nightly builds, run with -Z macro-backtrace for more info)
[INFO] [stdout] 
[INFO] [stdout] 
[INFO] [stdout] error: aborting due to 2 previous errors
[INFO] [stdout] 
[INFO] [stdout] 
[INFO] [stdout] For more information about this error, try `rustc --explain E0214`.
[INFO] [stdout] 
[INFO] [stderr] error: could not compile `twox-hash`.
[INFO] [stderr] 
[INFO] [stderr] To learn more, run the command again with --verbose.
[INFO] [stderr] warning: build failed, waiting for other jobs to finish...
[INFO] [stdout] error[E0713]: borrow may still be in use when destructor runs
[INFO] [stdout]    --> /opt/rustwide/cargo-home/registry/src/github.com-1ecc6299db9ec823/url-1.7.0/src/form_urlencoded.rs:261:40
[INFO] [stdout]     |
[INFO] [stdout] 259 | impl<'a> Target for ::UrlQuery<'a> {
[INFO] [stdout]     |      -- lifetime `'a` defined here
[INFO] [stdout] 260 |     fn as_mut_string(&mut self) -> &mut String { &mut self.url.serialization }
[INFO] [stdout] 261 |     fn finish(self) -> &'a mut ::Url { self.url }
[INFO] [stdout]     |                                        ^^^^^^^^ - here, drop of `self` needs exclusive access to `*self.url`, because the type `UrlQuery<'_>` implements the `Drop` trait
[INFO] [stdout]     |                                        |
[INFO] [stdout]     |                                        returning this value requires that `*self.url` is borrowed for `'a`
[INFO] [stdout] 
[INFO] [stdout] 
[INFO] [stdout] error: aborting due to previous error
[INFO] [stdout] 
[INFO] [stdout] 
[INFO] [stdout] For more information about this error, try `rustc --explain E0713`.
[INFO] [stdout] 
[INFO] [stderr] error: build failed
[INFO] running `Command { std: "docker" "inspect" "acdd861e4935bd2dfc0324450b8c4a25f53fc0d45f2a9d63a290b07e905682f5", kill_on_drop: false }`
[INFO] running `Command { std: "docker" "rm" "-f" "acdd861e4935bd2dfc0324450b8c4a25f53fc0d45f2a9d63a290b07e905682f5", kill_on_drop: false }`
[INFO] [stdout] acdd861e4935bd2dfc0324450b8c4a25f53fc0d45f2a9d63a290b07e905682f5
