[INFO] cloning repository https://github.com/pillserg/golr
[INFO] running `Command { std: "git" "-c" "credential.helper=" "-c" "credential.helper=/workspace/cargo-home/bin/git-credential-null" "clone" "--bare" "https://github.com/pillserg/golr" "/workspace/cache/git-repos/https%3A%2F%2Fgithub.com%2Fpillserg%2Fgolr", kill_on_drop: false }`
[INFO] [stderr] Cloning into bare repository '/workspace/cache/git-repos/https%3A%2F%2Fgithub.com%2Fpillserg%2Fgolr'...
[INFO] running `Command { std: "git" "rev-parse" "HEAD", kill_on_drop: false }`
[INFO] [stdout] b68c6f60d7fd0cb14b108b3c2361f95a27d4f514
[INFO] checking pillserg/golr against beta-2020-07-24 for pr-75494-beta
[INFO] running `Command { std: "git" "clone" "/workspace/cache/git-repos/https%3A%2F%2Fgithub.com%2Fpillserg%2Fgolr" "/workspace/builds/worker-9/source", kill_on_drop: false }`
[INFO] [stderr] Cloning into '/workspace/builds/worker-9/source'...
[INFO] [stderr] done.
[INFO] validating manifest of git repo https://github.com/pillserg/golr on toolchain beta-2020-07-24
[INFO] running `Command { std: "/workspace/cargo-home/bin/cargo" "+beta-2020-07-24" "read-manifest" "--manifest-path" "Cargo.toml", kill_on_drop: false }`
[INFO] started tweaking git repo https://github.com/pillserg/golr
[INFO] finished tweaking git repo https://github.com/pillserg/golr
[INFO] tweaked toml for git repo https://github.com/pillserg/golr written to /workspace/builds/worker-9/source/Cargo.toml
[INFO] crate git repo https://github.com/pillserg/golr already has a lockfile, it will not be regenerated
[INFO] running `Command { std: "/workspace/cargo-home/bin/cargo" "+beta-2020-07-24" "fetch" "--locked" "--manifest-path" "Cargo.toml", kill_on_drop: false }`
[INFO] [stderr] error: the lock file /workspace/builds/worker-9/source/Cargo.lock needs to be updated but --locked was passed to prevent this
[INFO] [stderr] If you want to try to generate the lock file without accessing the network, use the --offline flag.
[INFO] the lockfile is outdated, regenerating it
[INFO] running `Command { std: "/workspace/cargo-home/bin/cargo" "+beta-2020-07-24" "generate-lockfile" "--manifest-path" "Cargo.toml" "-Zno-index-update", kill_on_drop: false }`
[INFO] running `Command { std: "/workspace/cargo-home/bin/cargo" "+beta-2020-07-24" "fetch" "--locked" "--manifest-path" "Cargo.toml", kill_on_drop: false }`
[INFO] running `Command { std: "docker" "create" "-v" "/var/lib/crater-agent-workspace/builds/worker-9/target:/opt/rustwide/target:rw,Z" "-v" "/var/lib/crater-agent-workspace/builds/worker-9/source:/opt/rustwide/workdir:ro,Z" "-v" "/var/lib/crater-agent-workspace/cargo-home:/opt/rustwide/cargo-home:ro,Z" "-v" "/var/lib/crater-agent-workspace/rustup-home:/opt/rustwide/rustup-home:ro,Z" "-e" "SOURCE_DIR=/opt/rustwide/workdir" "-e" "CARGO_TARGET_DIR=/opt/rustwide/target" "-e" "CARGO_HOME=/opt/rustwide/cargo-home" "-e" "RUSTUP_HOME=/opt/rustwide/rustup-home" "-w" "/opt/rustwide/workdir" "-m" "1610612736" "--user" "0:0" "--network" "none" "rustops/crates-build-env@sha256:a636fd89d022f18117e1dc8fb37a0a009933cdbbe082814857f0e2024962d47c" "/opt/rustwide/cargo-home/bin/cargo" "+beta-2020-07-24" "metadata" "--no-deps" "--format-version=1", kill_on_drop: false }`
[INFO] [stderr] WARNING: Your kernel does not support swap limit capabilities or the cgroup is not mounted. Memory limited without swap.
[INFO] [stdout] 5c9dfd75b1ed0ae16447d042e6353c8e36aa27c10011c60e9733822a1557288c
[INFO] running `Command { std: "docker" "start" "-a" "5c9dfd75b1ed0ae16447d042e6353c8e36aa27c10011c60e9733822a1557288c", kill_on_drop: false }`
[INFO] running `Command { std: "docker" "inspect" "5c9dfd75b1ed0ae16447d042e6353c8e36aa27c10011c60e9733822a1557288c", kill_on_drop: false }`
[INFO] running `Command { std: "docker" "rm" "-f" "5c9dfd75b1ed0ae16447d042e6353c8e36aa27c10011c60e9733822a1557288c", kill_on_drop: false }`
[INFO] [stdout] 5c9dfd75b1ed0ae16447d042e6353c8e36aa27c10011c60e9733822a1557288c
[INFO] running `Command { std: "docker" "create" "-v" "/var/lib/crater-agent-workspace/builds/worker-9/target:/opt/rustwide/target:rw,Z" "-v" "/var/lib/crater-agent-workspace/builds/worker-9/source:/opt/rustwide/workdir:ro,Z" "-v" "/var/lib/crater-agent-workspace/cargo-home:/opt/rustwide/cargo-home:ro,Z" "-v" "/var/lib/crater-agent-workspace/rustup-home:/opt/rustwide/rustup-home:ro,Z" "-e" "SOURCE_DIR=/opt/rustwide/workdir" "-e" "CARGO_TARGET_DIR=/opt/rustwide/target" "-e" "CARGO_INCREMENTAL=0" "-e" "RUST_BACKTRACE=full" "-e" "RUSTFLAGS=--cap-lints=forbid" "-e" "CARGO_HOME=/opt/rustwide/cargo-home" "-e" "RUSTUP_HOME=/opt/rustwide/rustup-home" "-w" "/opt/rustwide/workdir" "-m" "1610612736" "--user" "0:0" "--network" "none" "rustops/crates-build-env@sha256:a636fd89d022f18117e1dc8fb37a0a009933cdbbe082814857f0e2024962d47c" "/opt/rustwide/cargo-home/bin/cargo" "+beta-2020-07-24" "check" "--frozen" "--all" "--all-targets" "--message-format=json", kill_on_drop: false }`
[INFO] [stdout] ec021a0af7d004c64459d1f39f2ac9c7f1a2ff0ea0e1f74fd461ff9661e0599b
[INFO] [stderr] WARNING: Your kernel does not support swap limit capabilities or the cgroup is not mounted. Memory limited without swap.
[INFO] running `Command { std: "docker" "start" "-a" "ec021a0af7d004c64459d1f39f2ac9c7f1a2ff0ea0e1f74fd461ff9661e0599b", kill_on_drop: false }`
[INFO] [stderr]     Blocking waiting for file lock on package cache
[INFO] [stderr]    Compiling autocfg v1.0.1
[INFO] [stderr]    Compiling libc v0.2.76
[INFO] [stderr]     Checking lazy_static v1.4.0
[INFO] [stderr]    Compiling xml-rs v0.8.3
[INFO] [stderr]     Checking cfg-if v0.1.10
[INFO] [stderr]    Compiling bitflags v1.2.1
[INFO] [stderr]    Compiling proc-macro2 v0.4.30
[INFO] [stderr]    Compiling unicode-xid v0.1.0
[INFO] [stderr]    Compiling proc-macro2 v1.0.19
[INFO] [stderr]    Compiling libloading v0.6.2
[INFO] [stderr]    Compiling unicode-xid v0.2.1
[INFO] [stderr]    Compiling serde_derive v1.0.115
[INFO] [stderr]     Checking void v1.0.2
[INFO] [stderr]    Compiling serde v1.0.115
[INFO] [stderr]    Compiling pkg-config v0.3.18
[INFO] [stderr]     Checking downcast-rs v1.2.0
[INFO] [stderr]     Checking adler32 v1.2.0
[INFO] [stderr]    Compiling cc v1.0.59
[INFO] [stderr]    Compiling memchr v2.3.3
[INFO] [stderr]     Checking xdg v2.2.0
[INFO] [stderr]     Checking percent-encoding v2.1.0
[INFO] [stderr]     Checking read_color v1.0.0
[INFO] [stderr]     Checking regex-syntax v0.6.18
[INFO] [stderr]     Checking fnv v1.0.7
[INFO] [stderr]     Checking strsim v0.9.3
[INFO] [stderr]     Checking piston-shaders_graphics2d v0.3.1
[INFO] [stderr]     Checking rustc-serialize v0.3.24
[INFO] [stderr]     Checking lock_api v0.3.4
[INFO] [stderr]     Checking thread_local v1.0.1
[INFO] [stderr]     Checking shader_version v0.7.0
[INFO] [stderr]     Checking miniz_oxide v0.3.7
[INFO] [stderr]     Checking gif v0.10.3
[INFO] [stderr]    Compiling log v0.4.11
[INFO] [stderr]     Checking crc32fast v1.2.0
[INFO] [stderr]     Checking stb_truetype v0.3.1
[INFO] [stderr]     Checking deflate v0.8.6
[INFO] [stderr]    Compiling num-traits v0.2.12
[INFO] [stderr]    Compiling crossbeam-utils v0.7.2
[INFO] [stderr]    Compiling memoffset v0.5.5
[INFO] [stderr]    Compiling crossbeam-epoch v0.8.2
[INFO] [stderr]    Compiling num-integer v0.1.43
[INFO] [stderr]    Compiling rayon v1.3.1
[INFO] [stderr]    Compiling num-rational v0.3.0
[INFO] [stderr]    Compiling num-iter v0.1.41
[INFO] [stderr]    Compiling gl_generator v0.14.0
[INFO] [stderr]    Compiling gl_generator v0.10.0
[INFO] [stderr]     Checking dlib v0.4.2
[INFO] [stderr]    Compiling x11-dl v2.18.5
[INFO] [stderr]     Checking tiff v0.5.0
[INFO] [stderr]     Checking aho-corasick v0.7.13
[INFO] [stderr]     Checking png v0.16.7
[INFO] [stderr]    Compiling quote v0.6.13
[INFO] [stderr]     Checking wayland-sys v0.21.13
[INFO] [stderr]    Compiling quote v1.0.7
[INFO] [stderr]     Checking nix v0.14.1
[INFO] [stderr]     Checking num_cpus v1.13.0
[INFO] [stderr]     Checking parking_lot_core v0.6.2
[INFO] [stderr]     Checking memmap v0.7.0
[INFO] [stderr]     Checking shared_library v0.1.9
[INFO] [stderr]     Checking raw-window-handle v0.3.3
[INFO] [stderr]     Checking rand v0.4.6
[INFO] [stderr]     Checking time v0.1.43
[INFO] [stderr]    Compiling wayland-scanner v0.21.13
[INFO] [stderr]    Compiling syn v1.0.39
[INFO] [stderr]    Compiling libloading v0.5.2
[INFO] [stderr]     Checking parking_lot v0.9.0
[INFO] [stderr]     Checking osmesa-sys v0.1.2
[INFO] [stderr]     Checking regex v1.3.9
[INFO] [stderr]     Checking crossbeam-queue v0.2.3
[INFO] [stderr]    Compiling glutin_glx_sys v0.1.7
[INFO] [stderr]    Compiling glutin_egl_sys v0.1.5
[INFO] [stderr]     Checking ordered-float v1.1.0
[INFO] [stderr]     Checking approx v0.3.2
[INFO] [stderr]     Checking line_drawing v0.7.0
[INFO] [stderr]    Compiling gl v0.11.0
[INFO] [stderr]     Checking rusttype v0.8.3
[INFO] [stderr]     Checking crossbeam-deque v0.7.3
[INFO] [stderr]     Checking rand v0.3.23
[INFO] [stderr]     Checking rayon-core v1.7.1
[INFO] [stderr]     Checking rusttype v0.7.9
[INFO] [stderr]     Checking piston2d-graphics v0.36.0
[INFO] [stderr]     Checking andrew v0.2.1
[INFO] [stderr]    Compiling wayland-client v0.21.13
[INFO] [stderr]    Compiling wayland-protocols v0.21.13
[INFO] [stderr]     Checking wayland-commons v0.21.13
[INFO] [stderr]     Checking jpeg-decoder v0.1.20
[INFO] [stderr]     Checking image v0.23.8
[INFO] [stderr]     Checking piston2d-opengl_graphics v0.73.0
[INFO] [stderr]     Checking smithay-client-toolkit v0.4.6
[INFO] [stderr]     Checking winit v0.19.5
[INFO] [stderr]     Checking pistoncore-input v1.0.0
[INFO] [stderr]     Checking docopt v1.1.0
[INFO] [stderr]     Checking glutin v0.21.2
[INFO] [stderr]     Checking pistoncore-window v0.47.0
[INFO] [stderr]     Checking pistoncore-event_loop v0.52.0
[INFO] [stderr]     Checking pistoncore-glutin_window v0.66.0
[INFO] [stderr]     Checking piston v0.52.0
[INFO] [stderr]     Checking golr v0.1.0 (/opt/rustwide/workdir)
[INFO] [stdout] warning: use of deprecated item 'std::thread::sleep_ms': replaced by `std::thread::sleep`
[INFO] [stdout]   --> src/console_app.rs:14:13
[INFO] [stdout]    |
[INFO] [stdout] 14 |             thread::sleep_ms((period - t_taken) as u32);
[INFO] [stdout]    |             ^^^^^^^^^^^^^^^^
[INFO] [stdout]    |
[INFO] [stdout]    = note: `#[warn(deprecated)]` on by default
[INFO] [stdout] 
[INFO] [stdout] 
[INFO] [stdout] error[E0599]: no method named `decode` found for struct `docopt::Docopt` in the current scope
[INFO] [stdout]   --> src/main.rs:51:25
[INFO] [stdout]    |
[INFO] [stdout] 51 |         .and_then(|d| d.decode::<CliArgs>())
[INFO] [stdout]    |                         ^^^^^^ method not found in `docopt::Docopt`
[INFO] [stdout] 
[INFO] [stdout] 
[INFO] [stdout] error[E0599]: no method named `opengl` found for struct `piston::WindowSettings` in the current scope
[INFO] [stdout]   --> src/piston_app.rs:65:10
[INFO] [stdout]    |
[INFO] [stdout] 65 |         .opengl(opengl)
[INFO] [stdout]    |          ^^^^^^ method not found in `piston::WindowSettings`
[INFO] [stdout] 
[INFO] [stdout] 
[INFO] [stdout] error[E0599]: no method named `events` found for struct `glutin_window::GlutinWindow` in the current scope
[INFO] [stdout]   --> src/piston_app.rs:77:29
[INFO] [stdout]    |
[INFO] [stdout] 77 |     let mut events = window.events().max_fps(MAX_FPS).ups(ups);
[INFO] [stdout]    |                             ^^^^^^ private field, not a method
[INFO] [stdout] 
[INFO] [stdout] 
[INFO] [stdout] warning: unused import: `piston::event_loop`
[INFO] [stdout]  --> src/piston_app.rs:2:5
[INFO] [stdout]   |
[INFO] [stdout] 2 | use piston::event_loop::*;
[INFO] [stdout]   |     ^^^^^^^^^^^^^^^^^^
[INFO] [stdout]   |
[INFO] [stdout]   = note: `#[warn(unused_imports)]` on by default
[INFO] [stdout] 
[INFO] [stdout] 
[INFO] [stdout] error: aborting due to 3 previous errors; 2 warnings emitted
[INFO] [stdout] 
[INFO] [stdout] 
[INFO] [stdout] For more information about this error, try `rustc --explain E0599`.
[INFO] [stdout] 
[INFO] [stderr] error: could not compile `golr`.
[INFO] [stderr] 
[INFO] [stderr] To learn more, run the command again with --verbose.
[INFO] [stderr] warning: build failed, waiting for other jobs to finish...
[INFO] [stdout] warning: use of deprecated item 'std::thread::sleep_ms': replaced by `std::thread::sleep`
[INFO] [stdout]   --> src/console_app.rs:14:13
[INFO] [stdout]    |
[INFO] [stdout] 14 |             thread::sleep_ms((period - t_taken) as u32);
[INFO] [stdout]    |             ^^^^^^^^^^^^^^^^
[INFO] [stdout]    |
[INFO] [stdout]    = note: `#[warn(deprecated)]` on by default
[INFO] [stdout] 
[INFO] [stdout] 
[INFO] [stdout] error[E0599]: no method named `decode` found for struct `docopt::Docopt` in the current scope
[INFO] [stdout]   --> src/main.rs:51:25
[INFO] [stdout]    |
[INFO] [stdout] 51 |         .and_then(|d| d.decode::<CliArgs>())
[INFO] [stdout]    |                         ^^^^^^ method not found in `docopt::Docopt`
[INFO] [stdout] 
[INFO] [stdout] 
[INFO] [stdout] error[E0599]: no method named `opengl` found for struct `piston::WindowSettings` in the current scope
[INFO] [stdout]   --> src/piston_app.rs:65:10
[INFO] [stdout]    |
[INFO] [stdout] 65 |         .opengl(opengl)
[INFO] [stdout]    |          ^^^^^^ method not found in `piston::WindowSettings`
[INFO] [stdout] 
[INFO] [stdout] 
[INFO] [stdout] error[E0599]: no method named `events` found for struct `glutin_window::GlutinWindow` in the current scope
[INFO] [stdout]   --> src/piston_app.rs:77:29
[INFO] [stdout]    |
[INFO] [stdout] 77 |     let mut events = window.events().max_fps(MAX_FPS).ups(ups);
[INFO] [stdout]    |                             ^^^^^^ private field, not a method
[INFO] [stdout] 
[INFO] [stdout] 
[INFO] [stdout] warning: unused import: `piston::event_loop`
[INFO] [stdout]  --> src/piston_app.rs:2:5
[INFO] [stdout]   |
[INFO] [stdout] 2 | use piston::event_loop::*;
[INFO] [stdout]   |     ^^^^^^^^^^^^^^^^^^
[INFO] [stdout]   |
[INFO] [stdout]   = note: `#[warn(unused_imports)]` on by default
[INFO] [stdout] 
[INFO] [stdout] 
[INFO] [stdout] error: aborting due to 3 previous errors; 2 warnings emitted
[INFO] [stdout] 
[INFO] [stdout] 
[INFO] [stdout] For more information about this error, try `rustc --explain E0599`.
[INFO] [stdout] 
[INFO] [stderr] error: build failed
[INFO] running `Command { std: "docker" "inspect" "ec021a0af7d004c64459d1f39f2ac9c7f1a2ff0ea0e1f74fd461ff9661e0599b", kill_on_drop: false }`
[INFO] running `Command { std: "docker" "rm" "-f" "ec021a0af7d004c64459d1f39f2ac9c7f1a2ff0ea0e1f74fd461ff9661e0599b", kill_on_drop: false }`
[INFO] [stdout] ec021a0af7d004c64459d1f39f2ac9c7f1a2ff0ea0e1f74fd461ff9661e0599b
