[INFO] cloning repository https://github.com/panicbit/rusteroids
[INFO] running `Command { std: "git" "-c" "credential.helper=" "-c" "credential.helper=/workspace/cargo-home/bin/git-credential-null" "clone" "--bare" "https://github.com/panicbit/rusteroids" "/workspace/cache/git-repos/https%3A%2F%2Fgithub.com%2Fpanicbit%2Frusteroids", kill_on_drop: false }`
[INFO] [stderr] Cloning into bare repository '/workspace/cache/git-repos/https%3A%2F%2Fgithub.com%2Fpanicbit%2Frusteroids'...
[INFO] running `Command { std: "git" "rev-parse" "HEAD", kill_on_drop: false }`
[INFO] [stdout] 34aec557b146b3811492db3cc88a9ce37b758262
[INFO] checking panicbit/rusteroids against beta-2020-07-24 for pr-75494-beta
[INFO] running `Command { std: "git" "clone" "/workspace/cache/git-repos/https%3A%2F%2Fgithub.com%2Fpanicbit%2Frusteroids" "/workspace/builds/worker-2/source", kill_on_drop: false }`
[INFO] [stderr] Cloning into '/workspace/builds/worker-2/source'...
[INFO] [stderr] done.
[INFO] validating manifest of git repo https://github.com/panicbit/rusteroids on toolchain beta-2020-07-24
[INFO] running `Command { std: "/workspace/cargo-home/bin/cargo" "+beta-2020-07-24" "read-manifest" "--manifest-path" "Cargo.toml", kill_on_drop: false }`
[INFO] started tweaking git repo https://github.com/panicbit/rusteroids
[INFO] finished tweaking git repo https://github.com/panicbit/rusteroids
[INFO] tweaked toml for git repo https://github.com/panicbit/rusteroids written to /workspace/builds/worker-2/source/Cargo.toml
[INFO] crate git repo https://github.com/panicbit/rusteroids already has a lockfile, it will not be regenerated
[INFO] running `Command { std: "/workspace/cargo-home/bin/cargo" "+beta-2020-07-24" "fetch" "--locked" "--manifest-path" "Cargo.toml", kill_on_drop: false }`
[INFO] running `Command { std: "docker" "create" "-v" "/var/lib/crater-agent-workspace/builds/worker-2/target:/opt/rustwide/target:rw,Z" "-v" "/var/lib/crater-agent-workspace/builds/worker-2/source:/opt/rustwide/workdir:ro,Z" "-v" "/var/lib/crater-agent-workspace/cargo-home:/opt/rustwide/cargo-home:ro,Z" "-v" "/var/lib/crater-agent-workspace/rustup-home:/opt/rustwide/rustup-home:ro,Z" "-e" "SOURCE_DIR=/opt/rustwide/workdir" "-e" "CARGO_TARGET_DIR=/opt/rustwide/target" "-e" "CARGO_HOME=/opt/rustwide/cargo-home" "-e" "RUSTUP_HOME=/opt/rustwide/rustup-home" "-w" "/opt/rustwide/workdir" "-m" "1610612736" "--user" "0:0" "--network" "none" "rustops/crates-build-env@sha256:a636fd89d022f18117e1dc8fb37a0a009933cdbbe082814857f0e2024962d47c" "/opt/rustwide/cargo-home/bin/cargo" "+beta-2020-07-24" "metadata" "--no-deps" "--format-version=1", kill_on_drop: false }`
[INFO] [stdout] dac9cefcd16abc49110e79ed5b76586cd7fd7139ef2413adcacddaa26d039b66
[INFO] [stderr] WARNING: Your kernel does not support swap limit capabilities or the cgroup is not mounted. Memory limited without swap.
[INFO] running `Command { std: "docker" "start" "-a" "dac9cefcd16abc49110e79ed5b76586cd7fd7139ef2413adcacddaa26d039b66", kill_on_drop: false }`
[INFO] running `Command { std: "docker" "inspect" "dac9cefcd16abc49110e79ed5b76586cd7fd7139ef2413adcacddaa26d039b66", kill_on_drop: false }`
[INFO] running `Command { std: "docker" "rm" "-f" "dac9cefcd16abc49110e79ed5b76586cd7fd7139ef2413adcacddaa26d039b66", kill_on_drop: false }`
[INFO] [stdout] dac9cefcd16abc49110e79ed5b76586cd7fd7139ef2413adcacddaa26d039b66
[INFO] running `Command { std: "docker" "create" "-v" "/var/lib/crater-agent-workspace/builds/worker-2/target:/opt/rustwide/target:rw,Z" "-v" "/var/lib/crater-agent-workspace/builds/worker-2/source:/opt/rustwide/workdir:ro,Z" "-v" "/var/lib/crater-agent-workspace/cargo-home:/opt/rustwide/cargo-home:ro,Z" "-v" "/var/lib/crater-agent-workspace/rustup-home:/opt/rustwide/rustup-home:ro,Z" "-e" "SOURCE_DIR=/opt/rustwide/workdir" "-e" "CARGO_TARGET_DIR=/opt/rustwide/target" "-e" "CARGO_INCREMENTAL=0" "-e" "RUST_BACKTRACE=full" "-e" "RUSTFLAGS=--cap-lints=forbid" "-e" "CARGO_HOME=/opt/rustwide/cargo-home" "-e" "RUSTUP_HOME=/opt/rustwide/rustup-home" "-w" "/opt/rustwide/workdir" "-m" "1610612736" "--user" "0:0" "--network" "none" "rustops/crates-build-env@sha256:a636fd89d022f18117e1dc8fb37a0a009933cdbbe082814857f0e2024962d47c" "/opt/rustwide/cargo-home/bin/cargo" "+beta-2020-07-24" "check" "--frozen" "--all" "--all-targets" "--message-format=json", kill_on_drop: false }`
[INFO] [stderr] WARNING: Your kernel does not support swap limit capabilities or the cgroup is not mounted. Memory limited without swap.
[INFO] [stdout] 1bcca93ecfc89bbd16834d89cc029b96493b515a42fb9cce3c11e4d36c55bbfb
[INFO] running `Command { std: "docker" "start" "-a" "1bcca93ecfc89bbd16834d89cc029b96493b515a42fb9cce3c11e4d36c55bbfb", kill_on_drop: false }`
[INFO] [stderr]     Checking libc v0.2.39
[INFO] [stderr]     Checking cfg-if v0.1.2
[INFO] [stderr]     Checking num-traits v0.2.1
[INFO] [stderr]    Compiling cc v1.0.6
[INFO] [stderr]    Compiling winapi-build v0.1.1
[INFO] [stderr]     Checking scopeguard v0.3.3
[INFO] [stderr]     Checking memoffset v0.2.1
[INFO] [stderr]    Compiling unicode-xid v0.0.4
[INFO] [stderr]    Compiling quote v0.3.15
[INFO] [stderr]    Compiling heapsize v0.4.2
[INFO] [stderr]     Checking serde v1.0.29
[INFO] [stderr]     Checking lazycell v0.6.0
[INFO] [stderr]     Checking slab v0.4.0
[INFO] [stderr]    Compiling rustc-demangle v0.1.7
[INFO] [stderr]    Compiling khronos_api v2.1.0
[INFO] [stderr]     Checking siphasher v0.2.2
[INFO] [stderr]     Checking winapi v0.2.8
[INFO] [stderr]     Checking approx v0.1.1
[INFO] [stderr]    Compiling rayon-core v1.4.0
[INFO] [stderr]    Compiling backtrace v0.2.3
[INFO] [stderr]    Compiling pulldown-cmark v0.1.2
[INFO] [stderr]     Checking matches v0.1.6
[INFO] [stderr]     Checking unicode-normalization v0.1.5
[INFO] [stderr]    Compiling typenum v1.9.0
[INFO] [stderr]     Checking scoped-tls v0.1.1
[INFO] [stderr]    Compiling same-file v0.1.3
[INFO] [stderr]    Compiling glob v0.2.11
[INFO] [stderr]    Compiling matrixmultiply v0.1.14
[INFO] [stderr]     Checking percent-encoding v1.0.1
[INFO] [stderr]     Checking void v1.0.2
[INFO] [stderr]    Compiling bytecount v0.2.0
[INFO] [stderr]     Checking memoffset v0.1.0
[INFO] [stderr]     Checking linked-hash-map v0.4.2
[INFO] [stderr]     Checking bitflags v0.7.0
[INFO] [stderr]     Checking rawpointer v0.1.0
[INFO] [stderr]     Checking linked-hash-map v0.5.1
[INFO] [stderr]     Checking podio v0.1.6
[INFO] [stderr]    Compiling cgmath v0.16.0
[INFO] [stderr]     Checking xdg v2.1.0
[INFO] [stderr]     Checking arrayvec v0.4.7
[INFO] [stderr]    Compiling log v0.4.1
[INFO] [stderr]    Compiling proc-macro2 v0.2.3
[INFO] [stderr]     Checking tokio-executor v0.1.0
[INFO] [stderr]     Checking stb_truetype v0.2.2
[INFO] [stderr]     Checking arrayvec v0.3.25
[INFO] [stderr]     Checking inflate v0.3.4
[INFO] [stderr]    Compiling itertools v0.5.10
[INFO] [stderr]     Checking crossbeam-utils v0.2.2
[INFO] [stderr]    Compiling synom v0.11.3
[INFO] [stderr]     Checking draw_state v0.7.1
[INFO] [stderr]     Checking phf_shared v0.7.21
[INFO] [stderr]    Compiling syn v0.10.8
[INFO] [stderr]    Compiling kernel32-sys v0.2.2
[INFO] [stderr]    Compiling dbghelp-sys v0.2.0
[INFO] [stderr]     Checking unicode-bidi v0.3.4
[INFO] [stderr]    Compiling actix_derive v0.2.0
[INFO] [stderr]    Compiling walkdir v1.0.7
[INFO] [stderr]     Checking unreachable v0.1.1
[INFO] [stderr]     Checking rand v0.4.2
[INFO] [stderr]     Checking num_cpus v1.8.0
[INFO] [stderr]     Checking iovec v0.1.2
[INFO] [stderr]     Checking net2 v0.2.32
[INFO] [stderr]     Checking miniz_oxide v0.1.2
[INFO] [stderr]     Checking time v0.1.39
[INFO] [stderr]     Checking hostname v0.1.4
[INFO] [stderr]     Checking gif v0.9.2
[INFO] [stderr]     Checking app_dirs v1.1.1
[INFO] [stderr]     Checking lru-cache v0.1.1
[INFO] [stderr]    Compiling log v0.3.9
[INFO] [stderr]     Checking num-traits v0.1.43
[INFO] [stderr]     Checking num-integer v0.1.36
[INFO] [stderr]     Checking num-complex v0.1.43
[INFO] [stderr]    Compiling quote v0.4.2
[INFO] [stderr]    Compiling syn v0.11.11
[INFO] [stderr]     Checking crossbeam-epoch v0.4.0
[INFO] [stderr]     Checking crossbeam-epoch v0.3.0
[INFO] [stderr]     Checking crossbeam-epoch v0.2.0
[INFO] [stderr]     Checking sdl2-sys v0.30.0
[INFO] [stderr]     Checking phf v0.7.21
[INFO] [stderr]     Checking bytes v0.4.6
[INFO] [stderr]     Checking resolv-conf v0.6.0
[INFO] [stderr]     Checking idna v0.1.4
[INFO] [stderr]     Checking sid v0.5.0
[INFO] [stderr]     Checking enum_primitive v0.1.1
[INFO] [stderr]     Checking ordered-float v0.5.0
[INFO] [stderr]     Checking mio v0.6.14
[INFO] [stderr]     Checking alsa-sys v0.1.1
[INFO] [stderr]    Compiling gl_generator v0.7.0
[INFO] [stderr]     Checking num-iter v0.1.35
[INFO] [stderr]     Checking num-rational v0.1.42
[INFO] [stderr]     Checking msdos_time v0.1.5
[INFO] [stderr]    Compiling syn v0.12.14
[INFO] [stderr]    Compiling backtrace-sys v0.1.16
[INFO] [stderr]    Compiling miniz_oxide_c_api v0.1.2
[INFO] [stderr]    Compiling bzip2-sys v0.1.6
[INFO] [stderr]     Checking svgparser v0.4.3
[INFO] [stderr]     Checking crossbeam-deque v0.3.0
[INFO] [stderr]     Checking crossbeam-deque v0.2.0
[INFO] [stderr]     Checking alga v0.5.3
[INFO] [stderr]     Checking rand v0.3.22
[INFO] [stderr]     Checking parking_lot_core v0.2.13
[INFO] [stderr]     Checking uuid v0.6.1
[INFO] [stderr]     Checking num v0.1.42
[INFO] [stderr]     Checking png v0.11.0
[INFO] [stderr]     Checking tokio-io v0.1.6
[INFO] [stderr]     Checking rusttype v0.3.0
[INFO] [stderr]     Checking cpal v0.4.6
[INFO] [stderr]    Compiling remove_dir_all v0.3.0
[INFO] [stderr]     Checking tokio-threadpool v0.1.0
[INFO] [stderr]     Checking cgmath v0.14.1
[INFO] [stderr]     Checking sdl2 v0.30.0
[INFO] [stderr]     Checking parking_lot v0.4.8
[INFO] [stderr]     Checking url v1.7.0
[INFO] [stderr]     Checking mio-uds v0.6.4
[INFO] [stderr]    Compiling tempdir v0.3.6
[INFO] [stderr]     Checking generic-array v0.8.3
[INFO] [stderr]     Checking tokio-reactor v0.1.0
[INFO] [stderr]    Compiling gfx_gl v0.4.0
[INFO] [stderr]     Checking crossbeam-channel v0.1.2
[INFO] [stderr]     Checking rayon v1.0.0
[INFO] [stderr]     Checking flate2 v1.0.1
[INFO] [stderr]     Checking bzip2 v0.3.2
[INFO] [stderr]     Checking nalgebra v0.13.1
[INFO] [stderr]     Checking tokio v0.1.3
[INFO] [stderr]    Compiling serde_derive_internals v0.20.0
[INFO] [stdout] error[E0713]: borrow may still be in use when destructor runs
[INFO] [stdout]    --> /opt/rustwide/cargo-home/registry/src/github.com-1ecc6299db9ec823/url-1.7.0/src/form_urlencoded.rs:261:40
[INFO] [stdout]     |
[INFO] [stdout] 259 | impl<'a> Target for ::UrlQuery<'a> {
[INFO] [stdout]     |      -- lifetime `'a` defined here
[INFO] [stdout] 260 |     fn as_mut_string(&mut self) -> &mut String { &mut self.url.serialization }
[INFO] [stdout] 261 |     fn finish(self) -> &'a mut ::Url { self.url }
[INFO] [stdout]     |                                        ^^^^^^^^ - here, drop of `self` needs exclusive access to `*self.url`, because the type `UrlQuery<'_>` implements the `Drop` trait
[INFO] [stdout]     |                                        |
[INFO] [stdout]     |                                        returning this value requires that `*self.url` is borrowed for `'a`
[INFO] [stdout] 
[INFO] [stdout] 
[INFO] [stdout] error: aborting due to previous error
[INFO] [stdout] 
[INFO] [stdout] 
[INFO] [stdout] For more information about this error, try `rustc --explain E0713`.
[INFO] [stdout] 
[INFO] [stderr] error: could not compile `url`.
[INFO] [stderr] 
[INFO] [stderr] To learn more, run the command again with --verbose.
[INFO] [stderr] warning: build failed, waiting for other jobs to finish...
[INFO] [stdout] error[E0119]: conflicting implementations of trait `std::ops::Mul<&_>` for type `geometry::translation::Translation<_, _>`:
[INFO] [stdout]    --> /opt/rustwide/cargo-home/registry/src/github.com-1ecc6299db9ec823/nalgebra-0.13.1/src/geometry/isometry_ops.rs:67:9
[INFO] [stdout]     |
[INFO] [stdout] 67  | /         impl<$($lives ,)* N: Real, D: DimName, R> $Op<$Rhs> for $Lhs
[INFO] [stdout] 68  | |             where R: AlgaRotation<Point<N, D>>,
[INFO] [stdout] 69  | |                   DefaultAllocator: Allocator<N, D> {
[INFO] [stdout] 70  | |             type Output = $Output;
[INFO] [stdout] ...   |
[INFO] [stdout] 75  | |             }
[INFO] [stdout] 76  | |         }
[INFO] [stdout]     | |         ^
[INFO] [stdout]     | |         |
[INFO] [stdout]     | |_________first implementation here
[INFO] [stdout]     |           conflicting implementation for `geometry::translation::Translation<_, _>`
[INFO] [stdout] ...
[INFO] [stdout] 281 | / isometry_binop_impl_all!(
[INFO] [stdout] 282 | |     Mul, mul;
[INFO] [stdout] 283 | |     self: Translation<N, D>, right: R, Output = Isometry<N, D, R>;
[INFO] [stdout] 284 | |     [val val] => Isometry::from_parts(self, right);
[INFO] [stdout] ...   |
[INFO] [stdout] 287 | |     [ref ref] => Isometry::from_parts(self.clone(), right.clone());
[INFO] [stdout] 288 | | );
[INFO] [stdout]     | |__- in this macro invocation
[INFO] [stdout]     |
[INFO] [stdout]     = note: downstream crates may implement trait `alga::linear::Rotation<geometry::point::Point<_, _>>` for type `&_`
[INFO] [stdout]     = note: this error originates in a macro (in Nightly builds, run with -Z macro-backtrace for more info)
[INFO] [stdout] 
[INFO] [stdout] 
[INFO] [stdout] error[E0119]: conflicting implementations of trait `std::ops::Mul<&_>` for type `&geometry::translation::Translation<_, _>`:
[INFO] [stdout]    --> /opt/rustwide/cargo-home/registry/src/github.com-1ecc6299db9ec823/nalgebra-0.13.1/src/geometry/isometry_ops.rs:67:9
[INFO] [stdout]     |
[INFO] [stdout] 67  | /         impl<$($lives ,)* N: Real, D: DimName, R> $Op<$Rhs> for $Lhs
[INFO] [stdout] 68  | |             where R: AlgaRotation<Point<N, D>>,
[INFO] [stdout] 69  | |                   DefaultAllocator: Allocator<N, D> {
[INFO] [stdout] 70  | |             type Output = $Output;
[INFO] [stdout] ...   |
[INFO] [stdout] 75  | |             }
[INFO] [stdout] 76  | |         }
[INFO] [stdout]     | |         ^
[INFO] [stdout]     | |         |
[INFO] [stdout]     | |_________first implementation here
[INFO] [stdout]     |           conflicting implementation for `&geometry::translation::Translation<_, _>`
[INFO] [stdout] ...
[INFO] [stdout] 281 | / isometry_binop_impl_all!(
[INFO] [stdout] 282 | |     Mul, mul;
[INFO] [stdout] 283 | |     self: Translation<N, D>, right: R, Output = Isometry<N, D, R>;
[INFO] [stdout] 284 | |     [val val] => Isometry::from_parts(self, right);
[INFO] [stdout] ...   |
[INFO] [stdout] 287 | |     [ref ref] => Isometry::from_parts(self.clone(), right.clone());
[INFO] [stdout] 288 | | );
[INFO] [stdout]     | |__- in this macro invocation
[INFO] [stdout]     |
[INFO] [stdout]     = note: downstream crates may implement trait `alga::linear::Rotation<geometry::point::Point<_, _>>` for type `&_`
[INFO] [stdout]     = note: this error originates in a macro (in Nightly builds, run with -Z macro-backtrace for more info)
[INFO] [stdout] 
[INFO] [stdout] 
[INFO] [stdout] error: aborting due to 2 previous errors
[INFO] [stdout] 
[INFO] [stdout] 
[INFO] [stdout] For more information about this error, try `rustc --explain E0119`.
[INFO] [stdout] 
[INFO] [stderr] error: build failed
[INFO] running `Command { std: "docker" "inspect" "1bcca93ecfc89bbd16834d89cc029b96493b515a42fb9cce3c11e4d36c55bbfb", kill_on_drop: false }`
[INFO] running `Command { std: "docker" "rm" "-f" "1bcca93ecfc89bbd16834d89cc029b96493b515a42fb9cce3c11e4d36c55bbfb", kill_on_drop: false }`
[INFO] [stdout] 1bcca93ecfc89bbd16834d89cc029b96493b515a42fb9cce3c11e4d36c55bbfb
