[INFO] cloning repository https://github.com/pandaman64/hello-eff
[INFO] running `Command { std: "git" "-c" "credential.helper=" "-c" "credential.helper=/workspace/cargo-home/bin/git-credential-null" "clone" "--bare" "https://github.com/pandaman64/hello-eff" "/workspace/cache/git-repos/https%3A%2F%2Fgithub.com%2Fpandaman64%2Fhello-eff", kill_on_drop: false }`
[INFO] [stderr] Cloning into bare repository '/workspace/cache/git-repos/https%3A%2F%2Fgithub.com%2Fpandaman64%2Fhello-eff'...
[INFO] running `Command { std: "git" "rev-parse" "HEAD", kill_on_drop: false }`
[INFO] [stdout] eca39862f35c1c74d43b60ed5b59b06e9f3a4ad4
[INFO] checking pandaman64/hello-eff against beta-2020-07-24 for pr-75494-beta
[INFO] running `Command { std: "git" "clone" "/workspace/cache/git-repos/https%3A%2F%2Fgithub.com%2Fpandaman64%2Fhello-eff" "/workspace/builds/worker-1/source", kill_on_drop: false }`
[INFO] [stderr] Cloning into '/workspace/builds/worker-1/source'...
[INFO] [stderr] done.
[INFO] validating manifest of git repo https://github.com/pandaman64/hello-eff on toolchain beta-2020-07-24
[INFO] running `Command { std: "/workspace/cargo-home/bin/cargo" "+beta-2020-07-24" "read-manifest" "--manifest-path" "Cargo.toml", kill_on_drop: false }`
[INFO] started tweaking git repo https://github.com/pandaman64/hello-eff
[INFO] finished tweaking git repo https://github.com/pandaman64/hello-eff
[INFO] tweaked toml for git repo https://github.com/pandaman64/hello-eff written to /workspace/builds/worker-1/source/Cargo.toml
[INFO] crate git repo https://github.com/pandaman64/hello-eff already has a lockfile, it will not be regenerated
[INFO] running `Command { std: "/workspace/cargo-home/bin/cargo" "+beta-2020-07-24" "fetch" "--locked" "--manifest-path" "Cargo.toml", kill_on_drop: false }`
[INFO] running `Command { std: "docker" "create" "-v" "/var/lib/crater-agent-workspace/builds/worker-1/target:/opt/rustwide/target:rw,Z" "-v" "/var/lib/crater-agent-workspace/builds/worker-1/source:/opt/rustwide/workdir:ro,Z" "-v" "/var/lib/crater-agent-workspace/cargo-home:/opt/rustwide/cargo-home:ro,Z" "-v" "/var/lib/crater-agent-workspace/rustup-home:/opt/rustwide/rustup-home:ro,Z" "-e" "SOURCE_DIR=/opt/rustwide/workdir" "-e" "CARGO_TARGET_DIR=/opt/rustwide/target" "-e" "CARGO_HOME=/opt/rustwide/cargo-home" "-e" "RUSTUP_HOME=/opt/rustwide/rustup-home" "-w" "/opt/rustwide/workdir" "-m" "1610612736" "--user" "0:0" "--network" "none" "rustops/crates-build-env@sha256:a636fd89d022f18117e1dc8fb37a0a009933cdbbe082814857f0e2024962d47c" "/opt/rustwide/cargo-home/bin/cargo" "+beta-2020-07-24" "metadata" "--no-deps" "--format-version=1", kill_on_drop: false }`
[INFO] [stderr] WARNING: Your kernel does not support swap limit capabilities or the cgroup is not mounted. Memory limited without swap.
[INFO] [stdout] e7149b3354d6d8549a469906eff909cee2ae8970fe80c2da5a92ef6d81f90b82
[INFO] running `Command { std: "docker" "start" "-a" "e7149b3354d6d8549a469906eff909cee2ae8970fe80c2da5a92ef6d81f90b82", kill_on_drop: false }`
[INFO] running `Command { std: "docker" "inspect" "e7149b3354d6d8549a469906eff909cee2ae8970fe80c2da5a92ef6d81f90b82", kill_on_drop: false }`
[INFO] running `Command { std: "docker" "rm" "-f" "e7149b3354d6d8549a469906eff909cee2ae8970fe80c2da5a92ef6d81f90b82", kill_on_drop: false }`
[INFO] [stdout] e7149b3354d6d8549a469906eff909cee2ae8970fe80c2da5a92ef6d81f90b82
[INFO] running `Command { std: "docker" "create" "-v" "/var/lib/crater-agent-workspace/builds/worker-1/target:/opt/rustwide/target:rw,Z" "-v" "/var/lib/crater-agent-workspace/builds/worker-1/source:/opt/rustwide/workdir:ro,Z" "-v" "/var/lib/crater-agent-workspace/cargo-home:/opt/rustwide/cargo-home:ro,Z" "-v" "/var/lib/crater-agent-workspace/rustup-home:/opt/rustwide/rustup-home:ro,Z" "-e" "SOURCE_DIR=/opt/rustwide/workdir" "-e" "CARGO_TARGET_DIR=/opt/rustwide/target" "-e" "CARGO_INCREMENTAL=0" "-e" "RUST_BACKTRACE=full" "-e" "RUSTFLAGS=--cap-lints=forbid" "-e" "CARGO_HOME=/opt/rustwide/cargo-home" "-e" "RUSTUP_HOME=/opt/rustwide/rustup-home" "-w" "/opt/rustwide/workdir" "-m" "1610612736" "--user" "0:0" "--network" "none" "rustops/crates-build-env@sha256:a636fd89d022f18117e1dc8fb37a0a009933cdbbe082814857f0e2024962d47c" "/opt/rustwide/cargo-home/bin/cargo" "+beta-2020-07-24" "check" "--frozen" "--all" "--all-targets" "--message-format=json", kill_on_drop: false }`
[INFO] [stdout] 6c81a72eb067f786f83a7753bf54dfb84f2ba64ede263a77b6dfc4672af0f8a2
[INFO] [stderr] WARNING: Your kernel does not support swap limit capabilities or the cgroup is not mounted. Memory limited without swap.
[INFO] running `Command { std: "docker" "start" "-a" "6c81a72eb067f786f83a7753bf54dfb84f2ba64ede263a77b6dfc4672af0f8a2", kill_on_drop: false }`
[INFO] [stderr]     Checking eff v0.1.0 (https://github.com/pandaman64/effective-rust.git#98128601)
[INFO] [stdout] error[E0554]: `#![feature]` may not be used on the beta release channel
[INFO] [stdout]  --> /opt/rustwide/cargo-home/git/checkouts/effective-rust-55ebb878becc3487/9812860/src/lib.rs:1:1
[INFO] [stdout]   |
[INFO] [stdout] 1 | #![feature(nll, generators, generator_trait, unsized_locals)]
[INFO] [stdout]   | ^^^^^^^^^^^^^^^^^^^^^^^^^^^^^^^^^^^^^^^^^^^^^^^^^^^^^^^^^^^^^
[INFO] [stdout] 
[INFO] [stdout] 
[INFO] [stdout] error[E0554]: `#![feature]` may not be used on the beta release channel
[INFO] [stdout]  --> /opt/rustwide/cargo-home/git/checkouts/effective-rust-55ebb878becc3487/9812860/src/lib.rs:2:1
[INFO] [stdout]   |
[INFO] [stdout] 2 | #![feature(trace_macros)]
[INFO] [stdout]   | ^^^^^^^^^^^^^^^^^^^^^^^^^
[INFO] [stdout] 
[INFO] [stdout] 
[INFO] [stdout] error[E0599]: no method named `resume` found for struct `std::boxed::Box<(dyn std::ops::Generator<Yield = E, Return = T> + 'static)>` in the current scope
[INFO] [stdout]    --> /opt/rustwide/cargo-home/git/checkouts/effective-rust-55ebb878becc3487/9812860/src/lib.rs:169:41
[INFO] [stdout]     |
[INFO] [stdout] 169 |         let state = unsafe { expr.inner.resume() };
[INFO] [stdout]     |                                         ^^^^^^ method not found in `std::boxed::Box<(dyn std::ops::Generator<Yield = E, Return = T> + 'static)>`
[INFO] [stdout] 
[INFO] [stdout] 
[INFO] [stdout] error: aborting due to 3 previous errors
[INFO] [stdout] 
[INFO] [stdout] 
[INFO] [stdout] Some errors have detailed explanations: E0554, E0599.
[INFO] [stdout] 
[INFO] [stdout] For more information about an error, try `rustc --explain E0554`.
[INFO] [stdout] 
[INFO] [stderr] error: could not compile `eff`.
[INFO] [stderr] 
[INFO] [stderr] To learn more, run the command again with --verbose.
[INFO] running `Command { std: "docker" "inspect" "6c81a72eb067f786f83a7753bf54dfb84f2ba64ede263a77b6dfc4672af0f8a2", kill_on_drop: false }`
[INFO] running `Command { std: "docker" "rm" "-f" "6c81a72eb067f786f83a7753bf54dfb84f2ba64ede263a77b6dfc4672af0f8a2", kill_on_drop: false }`
[INFO] [stdout] 6c81a72eb067f786f83a7753bf54dfb84f2ba64ede263a77b6dfc4672af0f8a2
