[INFO] cloning repository https://github.com/osyoyu/magnifi
[INFO] running `Command { std: "git" "-c" "credential.helper=" "-c" "credential.helper=/workspace/cargo-home/bin/git-credential-null" "clone" "--bare" "https://github.com/osyoyu/magnifi" "/workspace/cache/git-repos/https%3A%2F%2Fgithub.com%2Fosyoyu%2Fmagnifi", kill_on_drop: false }`
[INFO] [stderr] Cloning into bare repository '/workspace/cache/git-repos/https%3A%2F%2Fgithub.com%2Fosyoyu%2Fmagnifi'...
[INFO] running `Command { std: "git" "rev-parse" "HEAD", kill_on_drop: false }`
[INFO] [stdout] 40cdc63b7dff2baa4a60b4b83306e47cc280d215
[INFO] checking osyoyu/magnifi against beta-2020-07-24 for pr-75494-beta
[INFO] running `Command { std: "git" "clone" "/workspace/cache/git-repos/https%3A%2F%2Fgithub.com%2Fosyoyu%2Fmagnifi" "/workspace/builds/worker-13/source", kill_on_drop: false }`
[INFO] [stderr] Cloning into '/workspace/builds/worker-13/source'...
[INFO] [stderr] done.
[INFO] validating manifest of git repo https://github.com/osyoyu/magnifi on toolchain beta-2020-07-24
[INFO] running `Command { std: "/workspace/cargo-home/bin/cargo" "+beta-2020-07-24" "read-manifest" "--manifest-path" "Cargo.toml", kill_on_drop: false }`
[INFO] started tweaking git repo https://github.com/osyoyu/magnifi
[INFO] finished tweaking git repo https://github.com/osyoyu/magnifi
[INFO] tweaked toml for git repo https://github.com/osyoyu/magnifi written to /workspace/builds/worker-13/source/Cargo.toml
[INFO] crate git repo https://github.com/osyoyu/magnifi already has a lockfile, it will not be regenerated
[INFO] running `Command { std: "/workspace/cargo-home/bin/cargo" "+beta-2020-07-24" "fetch" "--locked" "--manifest-path" "Cargo.toml", kill_on_drop: false }`
[INFO] running `Command { std: "docker" "create" "-v" "/var/lib/crater-agent-workspace/builds/worker-13/target:/opt/rustwide/target:rw,Z" "-v" "/var/lib/crater-agent-workspace/builds/worker-13/source:/opt/rustwide/workdir:ro,Z" "-v" "/var/lib/crater-agent-workspace/cargo-home:/opt/rustwide/cargo-home:ro,Z" "-v" "/var/lib/crater-agent-workspace/rustup-home:/opt/rustwide/rustup-home:ro,Z" "-e" "SOURCE_DIR=/opt/rustwide/workdir" "-e" "CARGO_TARGET_DIR=/opt/rustwide/target" "-e" "CARGO_HOME=/opt/rustwide/cargo-home" "-e" "RUSTUP_HOME=/opt/rustwide/rustup-home" "-w" "/opt/rustwide/workdir" "-m" "1610612736" "--user" "0:0" "--network" "none" "rustops/crates-build-env@sha256:a636fd89d022f18117e1dc8fb37a0a009933cdbbe082814857f0e2024962d47c" "/opt/rustwide/cargo-home/bin/cargo" "+beta-2020-07-24" "metadata" "--no-deps" "--format-version=1", kill_on_drop: false }`
[INFO] [stdout] 2fee694e2091a43c56cbbd6cee7b6d3a0a252011277d82a3407477d623129d7d
[INFO] [stderr] WARNING: Your kernel does not support swap limit capabilities or the cgroup is not mounted. Memory limited without swap.
[INFO] running `Command { std: "docker" "start" "-a" "2fee694e2091a43c56cbbd6cee7b6d3a0a252011277d82a3407477d623129d7d", kill_on_drop: false }`
[INFO] running `Command { std: "docker" "inspect" "2fee694e2091a43c56cbbd6cee7b6d3a0a252011277d82a3407477d623129d7d", kill_on_drop: false }`
[INFO] running `Command { std: "docker" "rm" "-f" "2fee694e2091a43c56cbbd6cee7b6d3a0a252011277d82a3407477d623129d7d", kill_on_drop: false }`
[INFO] [stdout] 2fee694e2091a43c56cbbd6cee7b6d3a0a252011277d82a3407477d623129d7d
[INFO] running `Command { std: "docker" "create" "-v" "/var/lib/crater-agent-workspace/builds/worker-13/target:/opt/rustwide/target:rw,Z" "-v" "/var/lib/crater-agent-workspace/builds/worker-13/source:/opt/rustwide/workdir:ro,Z" "-v" "/var/lib/crater-agent-workspace/cargo-home:/opt/rustwide/cargo-home:ro,Z" "-v" "/var/lib/crater-agent-workspace/rustup-home:/opt/rustwide/rustup-home:ro,Z" "-e" "SOURCE_DIR=/opt/rustwide/workdir" "-e" "CARGO_TARGET_DIR=/opt/rustwide/target" "-e" "CARGO_INCREMENTAL=0" "-e" "RUST_BACKTRACE=full" "-e" "RUSTFLAGS=--cap-lints=forbid" "-e" "CARGO_HOME=/opt/rustwide/cargo-home" "-e" "RUSTUP_HOME=/opt/rustwide/rustup-home" "-w" "/opt/rustwide/workdir" "-m" "1610612736" "--user" "0:0" "--network" "none" "rustops/crates-build-env@sha256:a636fd89d022f18117e1dc8fb37a0a009933cdbbe082814857f0e2024962d47c" "/opt/rustwide/cargo-home/bin/cargo" "+beta-2020-07-24" "check" "--frozen" "--all" "--all-targets" "--message-format=json", kill_on_drop: false }`
[INFO] [stdout] 2cbe049eda5feabe861aaeb96fb751ed9384b99799f81b27494290f96c4cbdd6
[INFO] [stderr] WARNING: Your kernel does not support swap limit capabilities or the cgroup is not mounted. Memory limited without swap.
[INFO] running `Command { std: "docker" "start" "-a" "2cbe049eda5feabe861aaeb96fb751ed9384b99799f81b27494290f96c4cbdd6", kill_on_drop: false }`
[INFO] [stderr]    Compiling libc v0.2.49
[INFO] [stderr]     Checking cfg-if v0.1.6
[INFO] [stderr]    Compiling unicode-xid v0.1.0
[INFO] [stderr]     Checking rand_core v0.4.0
[INFO] [stderr]    Compiling byteorder v1.3.1
[INFO] [stderr]    Compiling semver-parser v0.7.0
[INFO] [stderr]    Compiling protobuf v2.3.0
[INFO] [stderr]    Compiling failure_derive v0.1.5
[INFO] [stderr]     Checking stable_deref_trait v1.1.1
[INFO] [stderr]    Compiling arrayvec v0.4.10
[INFO] [stderr]     Checking scopeguard v0.3.3
[INFO] [stderr]     Checking nodrop v0.1.13
[INFO] [stderr]     Checking void v1.0.2
[INFO] [stderr]     Checking memoffset v0.2.1
[INFO] [stderr]    Compiling crunchy v0.1.6
[INFO] [stderr]    Compiling nix v0.11.0
[INFO] [stderr]     Checking lazycell v1.2.1
[INFO] [stderr]     Checking remove_dir_all v0.5.1
[INFO] [stderr]     Checking slab v0.4.2
[INFO] [stderr]     Checking either v1.5.1
[INFO] [stderr]     Checking futures v0.1.25
[INFO] [stderr]     Checking variance v0.1.3
[INFO] [stderr]     Checking lazy_static v0.2.11
[INFO] [stderr]     Checking bit-vec v0.5.0
[INFO] [stderr]     Checking crossbeam v0.2.12
[INFO] [stderr]     Checking scopeguard v0.1.2
[INFO] [stderr]     Checking maplit v1.0.1
[INFO] [stderr]     Checking downcast-rs v1.0.3
[INFO] [stderr]     Checking htmlescape v0.3.1
[INFO] [stderr]     Checking census v0.2.0
[INFO] [stderr]     Checking unicode-width v0.1.5
[INFO] [stderr]     Checking strsim v0.7.0
[INFO] [stderr]     Checking vec_map v0.8.1
[INFO] [stderr]     Checking ansi_term v0.11.0
[INFO] [stderr]    Compiling rand_chacha v0.1.1
[INFO] [stderr]    Compiling rand_pcg v0.1.2
[INFO] [stderr]    Compiling rand v0.6.5
[INFO] [stderr]    Compiling cmake v0.1.35
[INFO] [stderr]    Compiling log v0.4.6
[INFO] [stderr]     Checking crossbeam-utils v0.6.5
[INFO] [stderr]     Checking owning_ref v0.4.0
[INFO] [stderr]     Checking unreachable v1.0.0
[INFO] [stderr]    Compiling rand_core v0.3.1
[INFO] [stderr]    Compiling rand_jitter v0.1.3
[INFO] [stderr]    Compiling semver v0.9.0
[INFO] [stderr]     Checking itertools v0.8.0
[INFO] [stderr]     Checking tinysegmenter v0.1.1
[INFO] [stderr]     Checking bit-set v0.5.0
[INFO] [stderr]     Checking textwrap v0.10.0
[INFO] [stderr]    Compiling proc-macro2 v0.4.27
[INFO] [stderr]     Checking scoped-pool v1.0.0
[INFO] [stderr]    Compiling rand_hc v0.1.0
[INFO] [stderr]    Compiling rand_isaac v0.1.1
[INFO] [stderr]    Compiling rand_xorshift v0.1.1
[INFO] [stderr]     Checking log v0.3.9
[INFO] [stderr]     Checking lock_api v0.1.5
[INFO] [stderr]    Compiling protoc v2.3.0
[INFO] [stderr]     Checking crossbeam-channel v0.3.8
[INFO] [stderr]     Checking bitpacking v0.6.0
[INFO] [stderr]    Compiling rustc_version v0.2.3
[INFO] [stderr]    Compiling grpcio-sys v0.4.4
[INFO] [stderr]    Compiling quote v0.6.11
[INFO] [stderr]     Checking fst v0.3.3
[INFO] [stderr]     Checking base64 v0.10.1
[INFO] [stderr]     Checking snap v0.2.5
[INFO] [stderr]     Checking combine v3.6.7
[INFO] [stderr]     Checking murmurhash32 v0.2.0
[INFO] [stderr]     Checking crossbeam-epoch v0.7.1
[INFO] [stderr]     Checking crossbeam-epoch v0.6.1
[INFO] [stderr]     Checking rand v0.4.6
[INFO] [stderr]     Checking rand_os v0.1.2
[INFO] [stderr]     Checking net2 v0.2.33
[INFO] [stderr]     Checking rand v0.5.6
[INFO] [stderr]     Checking iovec v0.1.2
[INFO] [stderr]     Checking num_cpus v1.10.0
[INFO] [stderr]     Checking backtrace-sys v0.1.28
[INFO] [stderr]     Checking inotify-sys v0.1.3
[INFO] [stderr]     Checking time v0.1.42
[INFO] [stderr]     Checking filetime v0.2.4
[INFO] [stderr]     Checking fs2 v0.4.3
[INFO] [stderr]     Checking memmap v0.7.0
[INFO] [stderr]     Checking atty v0.2.11
[INFO] [stderr]    Compiling syn v0.15.27
[INFO] [stderr]    Compiling parking_lot_core v0.3.1
[INFO] [stderr]     Checking backtrace v0.3.14
[INFO] [stderr]     Checking crossbeam-deque v0.6.3
[INFO] [stderr]     Checking futures-cpupool v0.1.8
[INFO] [stderr]     Checking levenshtein_automata v0.1.1
[INFO] [stderr]     Checking inotify v0.6.1
[INFO] [stderr]     Checking mio v0.6.16
[INFO] [stderr]     Checking clap v2.32.0
[INFO] [stderr]     Checking chrono v0.4.6
[INFO] [stderr]     Checking tantivy-fst v0.1.0
[INFO] [stderr]     Checking tempdir v0.3.7
[INFO] [stderr]     Checking rand v0.3.23
[INFO] [stderr]     Checking fail v0.2.1
[INFO] [stderr]     Checking mio-extras v2.0.5
[INFO] [stderr]     Checking tempfile v3.0.7
[INFO] [stderr]     Checking uuid v0.7.2
[INFO] [stderr]     Checking notify v4.0.10
[INFO] [stderr]     Checking parking_lot v0.6.4
[INFO] [stderr]     Checking crossbeam v0.5.0
[INFO] [stderr]    Compiling protobuf-codegen v2.3.0
[INFO] [stderr]     Checking atomicwrites v0.2.2
[INFO] [stderr]    Compiling grpcio-compiler v0.4.3
[INFO] [stderr]    Compiling synstructure v0.10.1
[INFO] [stderr]    Compiling rental-impl v0.5.2
[INFO] [stderr]    Compiling serde_derive v1.0.89
[INFO] [stderr]    Compiling failure v0.1.5
[INFO] [stderr]    Compiling protoc-grpcio v1.0.1
[INFO] [stderr]    Compiling magnifi v0.1.0 (/opt/rustwide/workdir)
[INFO] [stderr] error: failed to run custom build command for `magnifi v0.1.0 (/opt/rustwide/workdir)`
[INFO] [stderr] 
[INFO] [stderr] Caused by:
[INFO] [stderr]   process didn't exit successfully: `/opt/rustwide/target/debug/build/magnifi-2c65a45a9ee02f50/build-script-build` (exit code: 101)
[INFO] [stderr]   --- stdout
[INFO] [stderr]   cargo:rerun-if-changed=src/protos
[INFO] [stderr] 
[INFO] [stderr]   --- stderr
[INFO] [stderr]   thread 'main' panicked at 'Failed to compile gRPC definitions!: Os { code: 30, kind: Other, message: "Read-only file system" }
[INFO] [stderr] 
[INFO] [stderr]   stack backtrace:
[INFO] [stderr]      0: failure::backtrace::internal::InternalBacktrace::new::h15226c4d03a0804b (0x561fe4c06a15)
[INFO] [stderr]                at /opt/rustwide/cargo-home/registry/src/github.com-1ecc6299db9ec823/failure-0.1.5/src/backtrace/internal.rs:44
[INFO] [stderr]      1: failure::backtrace::Backtrace::new::h641f32808c044d48 (0x561fe4c0554d)
[INFO] [stderr]                at /opt/rustwide/cargo-home/registry/src/github.com-1ecc6299db9ec823/failure-0.1.5/src/backtrace/mod.rs:111
[INFO] [stderr]      2: <failure::error::error_impl::ErrorImpl as core::convert::From<F>>::from::hd33ac1b9690037e1 (0x561fe4bbea1b)
[INFO] [stderr]                at /opt/rustwide/cargo-home/registry/src/github.com-1ecc6299db9ec823/failure-0.1.5/src/error/error_impl.rs:19
[INFO] [stderr]      3: <failure::error::Error as core::convert::From<F>>::from::h392281341b3e5b97 (0x561fe4bc0d5e)
[INFO] [stderr]                at /opt/rustwide/cargo-home/registry/src/github.com-1ecc6299db9ec823/failure-0.1.5/src/error/mod.rs:36
[INFO] [stderr]      4: <T as core::convert::Into<U>>::into::hb36c841e28f1a59c (0x561fe4bbf45e)
[INFO] [stderr]                at /rustc/6f959902b3103c49ca981fbc01871589c3498489/src/libcore/convert/mod.rs:560
[INFO] [stderr]      5: failure::context::Context<D>::with_err::hfc889ba2629336f3 (0x561fe4bb50ed)
[INFO] [stderr]                at /opt/rustwide/cargo-home/registry/src/github.com-1ecc6299db9ec823/failure-0.1.5/src/context.rs:105
[INFO] [stderr]      6: failure::Fail::context::h9f8c7dd17ce36bbe (0x561fe4bbfac5)
[INFO] [stderr]                at /opt/rustwide/cargo-home/registry/src/github.com-1ecc6299db9ec823/failure-0.1.5/src/lib.rs:160
[INFO] [stderr]      7: <core::result::Result<T,E> as failure::result_ext::ResultExt<T,E>>::context::{{closure}}::hd53b6bc2295780cb (0x561fe4bc1105)
[INFO] [stderr]                at /opt/rustwide/cargo-home/registry/src/github.com-1ecc6299db9ec823/failure-0.1.5/src/result_ext.rs:164
[INFO] [stderr]      8: core::result::Result<T,E>::map_err::h3f6343acf789e1b9 (0x561fe4bbb261)
[INFO] [stderr]                at /rustc/6f959902b3103c49ca981fbc01871589c3498489/src/libcore/result.rs:612
[INFO] [stderr]      9: <core::result::Result<T,E> as failure::result_ext::ResultExt<T,E>>::context::h8c21cd7704541261 (0x561fe4bbbccd)
[INFO] [stderr]                at /opt/rustwide/cargo-home/registry/src/github.com-1ecc6299db9ec823/failure-0.1.5/src/result_ext.rs:164
[INFO] [stderr]     10: protoc_grpcio::write_out_generated_files::h21568561dab30cd2 (0x561fe4bb1e17)
[INFO] [stderr]                at /opt/rustwide/cargo-home/registry/src/github.com-1ecc6299db9ec823/protoc-grpcio-1.0.1/src/lib.rs:91
[INFO] [stderr]     11: protoc_grpcio::compile_grpc_protos::hf6bc96ed258d1bc4 (0x561fe4bb12cd)
[INFO] [stderr]                at /opt/rustwide/cargo-home/registry/src/github.com-1ecc6299db9ec823/protoc-grpcio-1.0.1/src/lib.rs:260
[INFO] [stderr]     12: build_script_build::main::ha73ec0ba812d18c3 (0x561fe4bb60b0)
[INFO] [stderr]                at /opt/rustwide/workdir/build.rs:4
[INFO] [stderr]     13: std::rt::lang_start::{{closure}}::h74040c4daaee3a26 (0x561fe4bc07ba)
[INFO] [stderr]                at /rustc/6f959902b3103c49ca981fbc01871589c3498489/src/libstd/rt.rs:67
[INFO] [stderr]     14: std::rt::lang_start_internal::{{closure}}::h84a998219831fa70 (0x561fe4e65532)
[INFO] [stderr]                at src/libstd/rt.rs:52
[INFO] [stderr]         std::panicking::try::do_call::he8e1d689a3e26def
[INFO] [stderr]                at src/libstd/panicking.rs:348
[INFO] [stderr]         std::panicking::try::h264b6eebc2fa7bbf
[INFO] [stderr]                at src/libstd/panicking.rs:325
[INFO] [stderr]         std::panic::catch_unwind::hbf28fafa723b2128
[INFO] [stderr]                at src/libstd/panic.rs:394
[INFO] [stderr]         std::rt::lang_start_internal::he959aa59bc3ec202
[INFO] [stderr]                at src/libstd/rt.rs:51
[INFO] [stderr]     15: std::rt::lang_start::hafb1a00a372ca94f (0x561fe4bc0796)
[INFO] [stderr]                at /rustc/6f959902b3103c49ca981fbc01871589c3498489/src/libstd/rt.rs:67
[INFO] [stderr]     16: main (0x561fe4bb6129)
[INFO] [stderr]     17: __libc_start_main (0x7f04029b50b2)
[INFO] [stderr]     18: _start (0x561fe4bac1cd)
[INFO] [stderr]     19: <unknown> (0x0)
[INFO] [stderr] 
[INFO] [stderr]   failed to create "src/protos/magnifi_grpc.rs"
[INFO] [stderr] 
[INFO] [stderr]   failed to write generated grpc definitions', build.rs:5:10
[INFO] [stderr]   stack backtrace:
[INFO] [stderr]      0:     0x561fe4e625e5 - backtrace::backtrace::libunwind::trace::h5e2646fa3eddf2ea
[INFO] [stderr]                                  at /cargo/registry/src/github.com-1ecc6299db9ec823/backtrace-0.3.46/src/backtrace/libunwind.rs:86
[INFO] [stderr]      1:     0x561fe4e625e5 - backtrace::backtrace::trace_unsynchronized::hb95dd7f77ce47877
[INFO] [stderr]                                  at /cargo/registry/src/github.com-1ecc6299db9ec823/backtrace-0.3.46/src/backtrace/mod.rs:66
[INFO] [stderr]      2:     0x561fe4e625e5 - std::sys_common::backtrace::_print_fmt::h5e71b67af43fd70d
[INFO] [stderr]                                  at src/libstd/sys_common/backtrace.rs:78
[INFO] [stderr]      3:     0x561fe4e625e5 - <std::sys_common::backtrace::_print::DisplayBacktrace as core::fmt::Display>::fmt::hdb4a83d2b61107e5
[INFO] [stderr]                                  at src/libstd/sys_common/backtrace.rs:59
[INFO] [stderr]      4:     0x561fe4e8b92c - core::fmt::write::ha20e7262fa3e8a7a
[INFO] [stderr]                                  at src/libcore/fmt/mod.rs:1076
[INFO] [stderr]      5:     0x561fe4e5f8e2 - std::io::Write::write_fmt::h1aebfe8a5a79e36d
[INFO] [stderr]                                  at src/libstd/io/mod.rs:1537
[INFO] [stderr]      6:     0x561fe4e64b20 - std::sys_common::backtrace::_print::h9c07314cc66ba539
[INFO] [stderr]                                  at src/libstd/sys_common/backtrace.rs:62
[INFO] [stderr]      7:     0x561fe4e64b20 - std::sys_common::backtrace::print::hd1fd65f49a2d8544
[INFO] [stderr]                                  at src/libstd/sys_common/backtrace.rs:49
[INFO] [stderr]      8:     0x561fe4e64b20 - std::panicking::default_hook::{{closure}}::h222da46485ab36fc
[INFO] [stderr]                                  at src/libstd/panicking.rs:198
[INFO] [stderr]      9:     0x561fe4e6486c - std::panicking::default_hook::hc5868949d129ed00
[INFO] [stderr]                                  at src/libstd/panicking.rs:217
[INFO] [stderr]     10:     0x561fe4e65163 - std::panicking::rust_panic_with_hook::h26a6ab8b0993c0c8
[INFO] [stderr]                                  at src/libstd/panicking.rs:526
[INFO] [stderr]     11:     0x561fe4e64d5b - rust_begin_unwind
[INFO] [stderr]                                  at src/libstd/panicking.rs:437
[INFO] [stderr]     12:     0x561fe4e89891 - core::panicking::panic_fmt::h17139c2000299725
[INFO] [stderr]                                  at src/libcore/panicking.rs:85
[INFO] [stderr]     13:     0x561fe4e896b3 - core::option::expect_none_failed::h972f96abb4ec8952
[INFO] [stderr]                                  at src/libcore/option.rs:1269
[INFO] [stderr]     14:     0x561fe4bbae66 - core::result::Result<T,E>::expect::h4fccdb90f8520e47
[INFO] [stderr]                                  at /rustc/6f959902b3103c49ca981fbc01871589c3498489/src/libcore/result.rs:963
[INFO] [stderr]     15:     0x561fe4bb60eb - build_script_build::main::ha73ec0ba812d18c3
[INFO] [stderr]                                  at /opt/rustwide/workdir/build.rs:4
[INFO] [stderr]     16:     0x561fe4bc07bb - std::rt::lang_start::{{closure}}::h74040c4daaee3a26
[INFO] [stderr]                                  at /rustc/6f959902b3103c49ca981fbc01871589c3498489/src/libstd/rt.rs:67
[INFO] [stderr]     17:     0x561fe4e65533 - std::rt::lang_start_internal::{{closure}}::h84a998219831fa70
[INFO] [stderr]                                  at src/libstd/rt.rs:52
[INFO] [stderr]     18:     0x561fe4e65533 - std::panicking::try::do_call::he8e1d689a3e26def
[INFO] [stderr]                                  at src/libstd/panicking.rs:348
[INFO] [stderr]     19:     0x561fe4e65533 - std::panicking::try::h264b6eebc2fa7bbf
[INFO] [stderr]                                  at src/libstd/panicking.rs:325
[INFO] [stderr]     20:     0x561fe4e65533 - std::panic::catch_unwind::hbf28fafa723b2128
[INFO] [stderr]                                  at src/libstd/panic.rs:394
[INFO] [stderr]     21:     0x561fe4e65533 - std::rt::lang_start_internal::he959aa59bc3ec202
[INFO] [stderr]                                  at src/libstd/rt.rs:51
[INFO] [stderr]     22:     0x561fe4bc0797 - std::rt::lang_start::hafb1a00a372ca94f
[INFO] [stderr]                                  at /rustc/6f959902b3103c49ca981fbc01871589c3498489/src/libstd/rt.rs:67
[INFO] [stderr]     23:     0x561fe4bb612a - main
[INFO] [stderr]     24:     0x7f04029b50b3 - __libc_start_main
[INFO] [stderr]     25:     0x561fe4bac1ce - _start
[INFO] [stderr]     26:                0x0 - <unknown>
[INFO] [stderr] warning: build failed, waiting for other jobs to finish...
[INFO] [stderr] error: build failed
[INFO] running `Command { std: "docker" "inspect" "2cbe049eda5feabe861aaeb96fb751ed9384b99799f81b27494290f96c4cbdd6", kill_on_drop: false }`
[INFO] running `Command { std: "docker" "rm" "-f" "2cbe049eda5feabe861aaeb96fb751ed9384b99799f81b27494290f96c4cbdd6", kill_on_drop: false }`
[INFO] [stdout] 2cbe049eda5feabe861aaeb96fb751ed9384b99799f81b27494290f96c4cbdd6
