[INFO] cloning repository https://github.com/obshidian/juRSh
[INFO] running `Command { std: "git" "-c" "credential.helper=" "-c" "credential.helper=/workspace/cargo-home/bin/git-credential-null" "clone" "--bare" "https://github.com/obshidian/juRSh" "/workspace/cache/git-repos/https%3A%2F%2Fgithub.com%2Fobshidian%2FjuRSh", kill_on_drop: false }`
[INFO] [stderr] Cloning into bare repository '/workspace/cache/git-repos/https%3A%2F%2Fgithub.com%2Fobshidian%2FjuRSh'...
[INFO] running `Command { std: "git" "rev-parse" "HEAD", kill_on_drop: false }`
[INFO] [stdout] 64bf2538ad8cabdc248cc02c67ee08ab3ab45186
[INFO] checking obshidian/juRSh against beta-2020-07-24 for pr-75494-beta
[INFO] running `Command { std: "git" "clone" "/workspace/cache/git-repos/https%3A%2F%2Fgithub.com%2Fobshidian%2FjuRSh" "/workspace/builds/worker-9/source", kill_on_drop: false }`
[INFO] [stderr] Cloning into '/workspace/builds/worker-9/source'...
[INFO] [stderr] done.
[INFO] validating manifest of git repo https://github.com/obshidian/juRSh on toolchain beta-2020-07-24
[INFO] running `Command { std: "/workspace/cargo-home/bin/cargo" "+beta-2020-07-24" "read-manifest" "--manifest-path" "Cargo.toml", kill_on_drop: false }`
[INFO] started tweaking git repo https://github.com/obshidian/juRSh
[INFO] finished tweaking git repo https://github.com/obshidian/juRSh
[INFO] tweaked toml for git repo https://github.com/obshidian/juRSh written to /workspace/builds/worker-9/source/Cargo.toml
[INFO] crate git repo https://github.com/obshidian/juRSh already has a lockfile, it will not be regenerated
[INFO] running `Command { std: "/workspace/cargo-home/bin/cargo" "+beta-2020-07-24" "fetch" "--locked" "--manifest-path" "Cargo.toml", kill_on_drop: false }`
[INFO] running `Command { std: "docker" "create" "-v" "/var/lib/crater-agent-workspace/builds/worker-9/target:/opt/rustwide/target:rw,Z" "-v" "/var/lib/crater-agent-workspace/builds/worker-9/source:/opt/rustwide/workdir:ro,Z" "-v" "/var/lib/crater-agent-workspace/cargo-home:/opt/rustwide/cargo-home:ro,Z" "-v" "/var/lib/crater-agent-workspace/rustup-home:/opt/rustwide/rustup-home:ro,Z" "-e" "SOURCE_DIR=/opt/rustwide/workdir" "-e" "CARGO_TARGET_DIR=/opt/rustwide/target" "-e" "CARGO_HOME=/opt/rustwide/cargo-home" "-e" "RUSTUP_HOME=/opt/rustwide/rustup-home" "-w" "/opt/rustwide/workdir" "-m" "1610612736" "--user" "0:0" "--network" "none" "rustops/crates-build-env@sha256:a636fd89d022f18117e1dc8fb37a0a009933cdbbe082814857f0e2024962d47c" "/opt/rustwide/cargo-home/bin/cargo" "+beta-2020-07-24" "metadata" "--no-deps" "--format-version=1", kill_on_drop: false }`
[INFO] [stdout] f376d36156ae40cc25f61a3b578d2f6d48a50077f7cc98d2a1ef6e27e997286a
[INFO] [stderr] WARNING: Your kernel does not support swap limit capabilities or the cgroup is not mounted. Memory limited without swap.
[INFO] running `Command { std: "docker" "start" "-a" "f376d36156ae40cc25f61a3b578d2f6d48a50077f7cc98d2a1ef6e27e997286a", kill_on_drop: false }`
[INFO] running `Command { std: "docker" "inspect" "f376d36156ae40cc25f61a3b578d2f6d48a50077f7cc98d2a1ef6e27e997286a", kill_on_drop: false }`
[INFO] running `Command { std: "docker" "rm" "-f" "f376d36156ae40cc25f61a3b578d2f6d48a50077f7cc98d2a1ef6e27e997286a", kill_on_drop: false }`
[INFO] [stdout] f376d36156ae40cc25f61a3b578d2f6d48a50077f7cc98d2a1ef6e27e997286a
[INFO] running `Command { std: "docker" "create" "-v" "/var/lib/crater-agent-workspace/builds/worker-9/target:/opt/rustwide/target:rw,Z" "-v" "/var/lib/crater-agent-workspace/builds/worker-9/source:/opt/rustwide/workdir:ro,Z" "-v" "/var/lib/crater-agent-workspace/cargo-home:/opt/rustwide/cargo-home:ro,Z" "-v" "/var/lib/crater-agent-workspace/rustup-home:/opt/rustwide/rustup-home:ro,Z" "-e" "SOURCE_DIR=/opt/rustwide/workdir" "-e" "CARGO_TARGET_DIR=/opt/rustwide/target" "-e" "CARGO_INCREMENTAL=0" "-e" "RUST_BACKTRACE=full" "-e" "RUSTFLAGS=--cap-lints=forbid" "-e" "CARGO_HOME=/opt/rustwide/cargo-home" "-e" "RUSTUP_HOME=/opt/rustwide/rustup-home" "-w" "/opt/rustwide/workdir" "-m" "1610612736" "--user" "0:0" "--network" "none" "rustops/crates-build-env@sha256:a636fd89d022f18117e1dc8fb37a0a009933cdbbe082814857f0e2024962d47c" "/opt/rustwide/cargo-home/bin/cargo" "+beta-2020-07-24" "check" "--frozen" "--all" "--all-targets" "--message-format=json", kill_on_drop: false }`
[INFO] [stdout] 09ce8a044544b93745d0ea034830604460a203dbf49a2e6688f0045932a357ed
[INFO] [stderr] WARNING: Your kernel does not support swap limit capabilities or the cgroup is not mounted. Memory limited without swap.
[INFO] running `Command { std: "docker" "start" "-a" "09ce8a044544b93745d0ea034830604460a203dbf49a2e6688f0045932a357ed", kill_on_drop: false }`
[INFO] [stderr]     Checking joshscript-rs v0.1.0 (/opt/rustwide/workdir)
[INFO] [stdout] error[E0554]: `#![feature]` may not be used on the beta release channel
[INFO] [stdout]  --> src/lib.rs:1:1
[INFO] [stdout]   |
[INFO] [stdout] 1 | #![feature(no_panic_pow)]
[INFO] [stdout]   | ^^^^^^^^^^^^^^^^^^^^^^^^^
[INFO] [stdout] 
[INFO] [stdout] 
[INFO] [stdout] warning: unused import: `std::num::Wrapping`
[INFO] [stdout]  --> src/exec.rs:3:5
[INFO] [stdout]   |
[INFO] [stdout] 3 | use std::num::Wrapping;
[INFO] [stdout]   |     ^^^^^^^^^^^^^^^^^^
[INFO] [stdout]   |
[INFO] [stdout]   = note: `#[warn(unused_imports)]` on by default
[INFO] [stdout] 
[INFO] [stdout] 
[INFO] [stdout] warning: trait objects without an explicit `dyn` are deprecated
[INFO] [stdout]  --> src/exec.rs:6:73
[INFO] [stdout]   |
[INFO] [stdout] 6 | pub fn evaluate(prog: &Program, bank: &mut [u8; 256]) -> Result<(), Box<error::Error>> {
[INFO] [stdout]   |                                                                         ^^^^^^^^^^^^ help: use `dyn`: `dyn error::Error`
[INFO] [stdout]   |
[INFO] [stdout]   = note: `#[warn(bare_trait_objects)]` on by default
[INFO] [stdout] 
[INFO] [stdout] 
[INFO] [stdout] error[E0554]: `#![feature]` may not be used on the beta release channel
[INFO] [stdout]  --> src/lib.rs:1:1
[INFO] [stdout]   |
[INFO] [stdout] 1 | #![feature(no_panic_pow)]
[INFO] [stdout]   | ^^^^^^^^^^^^^^^^^^^^^^^^^
[INFO] [stdout] 
[INFO] [stdout] 
[INFO] [stdout] warning: unused import: `std::num::Wrapping`
[INFO] [stdout]  --> src/exec.rs:3:5
[INFO] [stdout]   |
[INFO] [stdout] 3 | use std::num::Wrapping;
[INFO] [stdout]   |     ^^^^^^^^^^^^^^^^^^
[INFO] [stdout]   |
[INFO] [stdout]   = note: `#[warn(unused_imports)]` on by default
[INFO] [stdout] 
[INFO] [stdout] 
[INFO] [stdout] warning: trait objects without an explicit `dyn` are deprecated
[INFO] [stdout]  --> src/exec.rs:6:73
[INFO] [stdout]   |
[INFO] [stdout] 6 | pub fn evaluate(prog: &Program, bank: &mut [u8; 256]) -> Result<(), Box<error::Error>> {
[INFO] [stdout]   |                                                                         ^^^^^^^^^^^^ help: use `dyn`: `dyn error::Error`
[INFO] [stdout]   |
[INFO] [stdout]   = note: `#[warn(bare_trait_objects)]` on by default
[INFO] [stdout] 
[INFO] [stdout] 
[INFO] [stdout] warning: trait objects without an explicit `dyn` are deprecated
[INFO] [stdout]   --> src/exec.rs:66:49
[INFO] [stdout]    |
[INFO] [stdout] 66 | pub fn as_callable<'a, T>(prog: Program) -> Box<Fn(T) -> Result<[u8; 256], Box<error::Error>>>
[INFO] [stdout]    |                                                 ^^^^^^^^^^^^^^^^^^^^^^^^^^^^^^^^^^^^^^^^^^^^^ help: use `dyn`: `dyn Fn(T) -> Result<[u8; 256], Box<error::Error>>`
[INFO] [stdout] 
[INFO] [stdout] 
[INFO] [stdout] warning: trait objects without an explicit `dyn` are deprecated
[INFO] [stdout]   --> src/exec.rs:66:80
[INFO] [stdout]    |
[INFO] [stdout] 66 | pub fn as_callable<'a, T>(prog: Program) -> Box<Fn(T) -> Result<[u8; 256], Box<error::Error>>>
[INFO] [stdout]    |                                                                                ^^^^^^^^^^^^ help: use `dyn`: `dyn error::Error`
[INFO] [stdout] 
[INFO] [stdout] 
[INFO] [stdout] warning: trait objects without an explicit `dyn` are deprecated
[INFO] [stdout]   --> src/exec.rs:66:49
[INFO] [stdout]    |
[INFO] [stdout] 66 | pub fn as_callable<'a, T>(prog: Program) -> Box<Fn(T) -> Result<[u8; 256], Box<error::Error>>>
[INFO] [stdout]    |                                                 ^^^^^^^^^^^^^^^^^^^^^^^^^^^^^^^^^^^^^^^^^^^^^ help: use `dyn`: `dyn Fn(T) -> Result<[u8; 256], Box<error::Error>>`
[INFO] [stdout] 
[INFO] [stdout] 
[INFO] [stdout] warning: trait objects without an explicit `dyn` are deprecated
[INFO] [stdout]   --> src/exec.rs:66:80
[INFO] [stdout]    |
[INFO] [stdout] 66 | pub fn as_callable<'a, T>(prog: Program) -> Box<Fn(T) -> Result<[u8; 256], Box<error::Error>>>
[INFO] [stdout]    |                                                                                ^^^^^^^^^^^^ help: use `dyn`: `dyn error::Error`
[INFO] [stdout] 
[INFO] [stdout] 
[INFO] [stdout] error: aborting due to previous error; 4 warnings emitted
[INFO] [stdout] 
[INFO] [stdout] 
[INFO] [stdout] For more information about this error, try `rustc --explain E0554`.
[INFO] [stdout] 
[INFO] [stderr] error: could not compile `joshscript-rs`.
[INFO] [stderr] 
[INFO] [stderr] To learn more, run the command again with --verbose.
[INFO] [stderr] warning: build failed, waiting for other jobs to finish...
[INFO] [stdout] error: aborting due to previous error; 4 warnings emitted
[INFO] [stdout] 
[INFO] [stdout] 
[INFO] [stdout] For more information about this error, try `rustc --explain E0554`.
[INFO] [stdout] 
[INFO] [stderr] error: build failed
[INFO] running `Command { std: "docker" "inspect" "09ce8a044544b93745d0ea034830604460a203dbf49a2e6688f0045932a357ed", kill_on_drop: false }`
[INFO] running `Command { std: "docker" "rm" "-f" "09ce8a044544b93745d0ea034830604460a203dbf49a2e6688f0045932a357ed", kill_on_drop: false }`
[INFO] [stdout] 09ce8a044544b93745d0ea034830604460a203dbf49a2e6688f0045932a357ed
