[INFO] cloning repository https://github.com/nuts-rice/dnsServer
[INFO] running `Command { std: "git" "-c" "credential.helper=" "-c" "credential.helper=/workspace/cargo-home/bin/git-credential-null" "clone" "--bare" "https://github.com/nuts-rice/dnsServer" "/workspace/cache/git-repos/https%3A%2F%2Fgithub.com%2Fnuts-rice%2FdnsServer", kill_on_drop: false }`
[INFO] [stderr] Cloning into bare repository '/workspace/cache/git-repos/https%3A%2F%2Fgithub.com%2Fnuts-rice%2FdnsServer'...
[INFO] running `Command { std: "git" "rev-parse" "HEAD", kill_on_drop: false }`
[INFO] [stdout] 317fea9f207bd8ad85292604c09be5a888d19a28
[INFO] checking nuts-rice/dnsServer against beta-2020-07-24 for pr-75494-beta
[INFO] running `Command { std: "git" "clone" "/workspace/cache/git-repos/https%3A%2F%2Fgithub.com%2Fnuts-rice%2FdnsServer" "/workspace/builds/worker-4/source", kill_on_drop: false }`
[INFO] [stderr] Cloning into '/workspace/builds/worker-4/source'...
[INFO] [stderr] done.
[INFO] validating manifest of git repo https://github.com/nuts-rice/dnsServer on toolchain beta-2020-07-24
[INFO] running `Command { std: "/workspace/cargo-home/bin/cargo" "+beta-2020-07-24" "read-manifest" "--manifest-path" "Cargo.toml", kill_on_drop: false }`
[INFO] started tweaking git repo https://github.com/nuts-rice/dnsServer
[INFO] finished tweaking git repo https://github.com/nuts-rice/dnsServer
[INFO] tweaked toml for git repo https://github.com/nuts-rice/dnsServer written to /workspace/builds/worker-4/source/Cargo.toml
[INFO] crate git repo https://github.com/nuts-rice/dnsServer already has a lockfile, it will not be regenerated
[INFO] running `Command { std: "/workspace/cargo-home/bin/cargo" "+beta-2020-07-24" "fetch" "--locked" "--manifest-path" "Cargo.toml", kill_on_drop: false }`
[INFO] running `Command { std: "docker" "create" "-v" "/var/lib/crater-agent-workspace/builds/worker-4/target:/opt/rustwide/target:rw,Z" "-v" "/var/lib/crater-agent-workspace/builds/worker-4/source:/opt/rustwide/workdir:ro,Z" "-v" "/var/lib/crater-agent-workspace/cargo-home:/opt/rustwide/cargo-home:ro,Z" "-v" "/var/lib/crater-agent-workspace/rustup-home:/opt/rustwide/rustup-home:ro,Z" "-e" "SOURCE_DIR=/opt/rustwide/workdir" "-e" "CARGO_TARGET_DIR=/opt/rustwide/target" "-e" "CARGO_HOME=/opt/rustwide/cargo-home" "-e" "RUSTUP_HOME=/opt/rustwide/rustup-home" "-w" "/opt/rustwide/workdir" "-m" "1610612736" "--user" "0:0" "--network" "none" "rustops/crates-build-env@sha256:a636fd89d022f18117e1dc8fb37a0a009933cdbbe082814857f0e2024962d47c" "/opt/rustwide/cargo-home/bin/cargo" "+beta-2020-07-24" "metadata" "--no-deps" "--format-version=1", kill_on_drop: false }`
[INFO] [stderr] WARNING: Your kernel does not support swap limit capabilities or the cgroup is not mounted. Memory limited without swap.
[INFO] [stdout] 33c98f3a09e77243557bc2ba50b2c4aa16b426ddc92a0bec10fb9afe86235da1
[INFO] running `Command { std: "docker" "start" "-a" "33c98f3a09e77243557bc2ba50b2c4aa16b426ddc92a0bec10fb9afe86235da1", kill_on_drop: false }`
[INFO] running `Command { std: "docker" "inspect" "33c98f3a09e77243557bc2ba50b2c4aa16b426ddc92a0bec10fb9afe86235da1", kill_on_drop: false }`
[INFO] running `Command { std: "docker" "rm" "-f" "33c98f3a09e77243557bc2ba50b2c4aa16b426ddc92a0bec10fb9afe86235da1", kill_on_drop: false }`
[INFO] [stdout] 33c98f3a09e77243557bc2ba50b2c4aa16b426ddc92a0bec10fb9afe86235da1
[INFO] running `Command { std: "docker" "create" "-v" "/var/lib/crater-agent-workspace/builds/worker-4/target:/opt/rustwide/target:rw,Z" "-v" "/var/lib/crater-agent-workspace/builds/worker-4/source:/opt/rustwide/workdir:ro,Z" "-v" "/var/lib/crater-agent-workspace/cargo-home:/opt/rustwide/cargo-home:ro,Z" "-v" "/var/lib/crater-agent-workspace/rustup-home:/opt/rustwide/rustup-home:ro,Z" "-e" "SOURCE_DIR=/opt/rustwide/workdir" "-e" "CARGO_TARGET_DIR=/opt/rustwide/target" "-e" "CARGO_INCREMENTAL=0" "-e" "RUST_BACKTRACE=full" "-e" "RUSTFLAGS=--cap-lints=forbid" "-e" "CARGO_HOME=/opt/rustwide/cargo-home" "-e" "RUSTUP_HOME=/opt/rustwide/rustup-home" "-w" "/opt/rustwide/workdir" "-m" "1610612736" "--user" "0:0" "--network" "none" "rustops/crates-build-env@sha256:a636fd89d022f18117e1dc8fb37a0a009933cdbbe082814857f0e2024962d47c" "/opt/rustwide/cargo-home/bin/cargo" "+beta-2020-07-24" "check" "--frozen" "--all" "--all-targets" "--message-format=json", kill_on_drop: false }`
[INFO] [stdout] cd5bf93d3d6aa89d46bacbd5f92f439eeac41987bdf51e3f7f435032561d9a43
[INFO] [stderr] WARNING: Your kernel does not support swap limit capabilities or the cgroup is not mounted. Memory limited without swap.
[INFO] running `Command { std: "docker" "start" "-a" "cd5bf93d3d6aa89d46bacbd5f92f439eeac41987bdf51e3f7f435032561d9a43", kill_on_drop: false }`
[INFO] [stderr]     Checking dnsServer v0.1.0 (/opt/rustwide/workdir)
[INFO] [stdout] error[E0433]: failed to resolve: use of undeclared type or module `BytePacketBuffer`
[INFO] [stdout]  --> src/main.rs:4:22
[INFO] [stdout]   |
[INFO] [stdout] 4 |     let mut buffer = BytePacketBuffer::new();
[INFO] [stdout]   |                      ^^^^^^^^^^^^^^^^ use of undeclared type or module `BytePacketBuffer`
[INFO] [stdout] 
[INFO] [stdout] 
[INFO] [stdout] error[E0433]: failed to resolve: use of undeclared type or module `DnsPacket`
[INFO] [stdout]  --> src/main.rs:7:18
[INFO] [stdout]   |
[INFO] [stdout] 7 |     let packet = DnsPacket::from_buffer(&mut buffer)?;
[INFO] [stdout]   |                  ^^^^^^^^^ use of undeclared type or module `DnsPacket`
[INFO] [stdout] 
[INFO] [stdout] 
[INFO] [stdout] error[E0433]: failed to resolve: use of undeclared type or module `File`
[INFO] [stdout]  --> src/main.rs:3:17
[INFO] [stdout]   |
[INFO] [stdout] 3 |     let mut f = File::open("response_packet.txt")?;
[INFO] [stdout]   |                 ^^^^ not found in this scope
[INFO] [stdout]   |
[INFO] [stdout] help: consider importing this struct
[INFO] [stdout]   |
[INFO] [stdout] 2 | use std::fs::File;
[INFO] [stdout]   |
[INFO] [stdout] 
[INFO] [stdout] 
[INFO] [stdout] error[E0107]: wrong number of type arguments: expected 2, found 1
[INFO] [stdout]  --> src/main.rs:2:14
[INFO] [stdout]   |
[INFO] [stdout] 2 | fn main() -> Result<()>{
[INFO] [stdout]   |              ^^^^^^^^^^ expected 2 type arguments
[INFO] [stdout] 
[INFO] [stdout] 
[INFO] [stdout] error: aborting due to 4 previous errors
[INFO] [stdout] 
[INFO] [stdout] 
[INFO] [stdout] Some errors have detailed explanations: E0107, E0433.
[INFO] [stdout] 
[INFO] [stdout] For more information about an error, try `rustc --explain E0107`.
[INFO] [stdout] 
[INFO] [stderr] error: could not compile `dnsServer`.
[INFO] [stderr] 
[INFO] [stderr] To learn more, run the command again with --verbose.
[INFO] [stderr] warning: build failed, waiting for other jobs to finish...
[INFO] [stdout] error[E0433]: failed to resolve: use of undeclared type or module `BytePacketBuffer`
[INFO] [stdout]  --> src/main.rs:4:22
[INFO] [stdout]   |
[INFO] [stdout] 4 |     let mut buffer = BytePacketBuffer::new();
[INFO] [stdout]   |                      ^^^^^^^^^^^^^^^^ use of undeclared type or module `BytePacketBuffer`
[INFO] [stdout] 
[INFO] [stdout] 
[INFO] [stdout] error[E0433]: failed to resolve: use of undeclared type or module `DnsPacket`
[INFO] [stdout]  --> src/main.rs:7:18
[INFO] [stdout]   |
[INFO] [stdout] 7 |     let packet = DnsPacket::from_buffer(&mut buffer)?;
[INFO] [stdout]   |                  ^^^^^^^^^ use of undeclared type or module `DnsPacket`
[INFO] [stdout] 
[INFO] [stdout] 
[INFO] [stdout] error[E0433]: failed to resolve: use of undeclared type or module `File`
[INFO] [stdout]  --> src/main.rs:3:17
[INFO] [stdout]   |
[INFO] [stdout] 3 |     let mut f = File::open("response_packet.txt")?;
[INFO] [stdout]   |                 ^^^^ not found in this scope
[INFO] [stdout]   |
[INFO] [stdout] help: consider importing this struct
[INFO] [stdout]   |
[INFO] [stdout] 1 | use std::fs::File;
[INFO] [stdout]   |
[INFO] [stdout] 
[INFO] [stdout] 
[INFO] [stdout] error[E0107]: wrong number of type arguments: expected 2, found 1
[INFO] [stdout]  --> src/main.rs:2:14
[INFO] [stdout]   |
[INFO] [stdout] 2 | fn main() -> Result<()>{
[INFO] [stdout]   |              ^^^^^^^^^^ expected 2 type arguments
[INFO] [stdout] 
[INFO] [stdout] 
[INFO] [stdout] error: aborting due to 4 previous errors
[INFO] [stdout] 
[INFO] [stdout] 
[INFO] [stdout] Some errors have detailed explanations: E0107, E0433.
[INFO] [stdout] 
[INFO] [stdout] For more information about an error, try `rustc --explain E0107`.
[INFO] [stdout] 
[INFO] [stderr] error: build failed
[INFO] running `Command { std: "docker" "inspect" "cd5bf93d3d6aa89d46bacbd5f92f439eeac41987bdf51e3f7f435032561d9a43", kill_on_drop: false }`
[INFO] running `Command { std: "docker" "rm" "-f" "cd5bf93d3d6aa89d46bacbd5f92f439eeac41987bdf51e3f7f435032561d9a43", kill_on_drop: false }`
[INFO] [stdout] cd5bf93d3d6aa89d46bacbd5f92f439eeac41987bdf51e3f7f435032561d9a43
