[INFO] cloning repository https://github.com/nrc/rls-analysis
[INFO] running `Command { std: "git" "-c" "credential.helper=" "-c" "credential.helper=/workspace/cargo-home/bin/git-credential-null" "clone" "--bare" "https://github.com/nrc/rls-analysis" "/workspace/cache/git-repos/https%3A%2F%2Fgithub.com%2Fnrc%2Frls-analysis", kill_on_drop: false }`
[INFO] [stderr] Cloning into bare repository '/workspace/cache/git-repos/https%3A%2F%2Fgithub.com%2Fnrc%2Frls-analysis'...
[INFO] running `Command { std: "git" "rev-parse" "HEAD", kill_on_drop: false }`
[INFO] [stdout] fd9939247dae2dbe4c801af4c0c3f82035f88d49
[INFO] checking nrc/rls-analysis against beta-2020-07-24 for pr-75494-beta
[INFO] running `Command { std: "git" "clone" "/workspace/cache/git-repos/https%3A%2F%2Fgithub.com%2Fnrc%2Frls-analysis" "/workspace/builds/worker-2/source", kill_on_drop: false }`
[INFO] [stderr] Cloning into '/workspace/builds/worker-2/source'...
[INFO] [stderr] done.
[INFO] validating manifest of git repo https://github.com/nrc/rls-analysis on toolchain beta-2020-07-24
[INFO] running `Command { std: "/workspace/cargo-home/bin/cargo" "+beta-2020-07-24" "read-manifest" "--manifest-path" "Cargo.toml", kill_on_drop: false }`
[INFO] started tweaking git repo https://github.com/nrc/rls-analysis
[INFO] finished tweaking git repo https://github.com/nrc/rls-analysis
[INFO] tweaked toml for git repo https://github.com/nrc/rls-analysis written to /workspace/builds/worker-2/source/Cargo.toml
[INFO] crate git repo https://github.com/nrc/rls-analysis already has a lockfile, it will not be regenerated
[INFO] running `Command { std: "/workspace/cargo-home/bin/cargo" "+beta-2020-07-24" "fetch" "--locked" "--manifest-path" "Cargo.toml", kill_on_drop: false }`
[INFO] running `Command { std: "docker" "create" "-v" "/var/lib/crater-agent-workspace/builds/worker-2/target:/opt/rustwide/target:rw,Z" "-v" "/var/lib/crater-agent-workspace/builds/worker-2/source:/opt/rustwide/workdir:ro,Z" "-v" "/var/lib/crater-agent-workspace/cargo-home:/opt/rustwide/cargo-home:ro,Z" "-v" "/var/lib/crater-agent-workspace/rustup-home:/opt/rustwide/rustup-home:ro,Z" "-e" "SOURCE_DIR=/opt/rustwide/workdir" "-e" "CARGO_TARGET_DIR=/opt/rustwide/target" "-e" "CARGO_HOME=/opt/rustwide/cargo-home" "-e" "RUSTUP_HOME=/opt/rustwide/rustup-home" "-w" "/opt/rustwide/workdir" "-m" "1610612736" "--user" "0:0" "--network" "none" "rustops/crates-build-env@sha256:a636fd89d022f18117e1dc8fb37a0a009933cdbbe082814857f0e2024962d47c" "/opt/rustwide/cargo-home/bin/cargo" "+beta-2020-07-24" "metadata" "--no-deps" "--format-version=1", kill_on_drop: false }`
[INFO] [stdout] e55f72582bf874396ad2e6b0adb8355defcfb8c3bff25dec1b525b0125aff70a
[INFO] [stderr] WARNING: Your kernel does not support swap limit capabilities or the cgroup is not mounted. Memory limited without swap.
[INFO] running `Command { std: "docker" "start" "-a" "e55f72582bf874396ad2e6b0adb8355defcfb8c3bff25dec1b525b0125aff70a", kill_on_drop: false }`
[INFO] running `Command { std: "docker" "inspect" "e55f72582bf874396ad2e6b0adb8355defcfb8c3bff25dec1b525b0125aff70a", kill_on_drop: false }`
[INFO] running `Command { std: "docker" "rm" "-f" "e55f72582bf874396ad2e6b0adb8355defcfb8c3bff25dec1b525b0125aff70a", kill_on_drop: false }`
[INFO] [stdout] e55f72582bf874396ad2e6b0adb8355defcfb8c3bff25dec1b525b0125aff70a
[INFO] running `Command { std: "docker" "create" "-v" "/var/lib/crater-agent-workspace/builds/worker-2/target:/opt/rustwide/target:rw,Z" "-v" "/var/lib/crater-agent-workspace/builds/worker-2/source:/opt/rustwide/workdir:ro,Z" "-v" "/var/lib/crater-agent-workspace/cargo-home:/opt/rustwide/cargo-home:ro,Z" "-v" "/var/lib/crater-agent-workspace/rustup-home:/opt/rustwide/rustup-home:ro,Z" "-e" "SOURCE_DIR=/opt/rustwide/workdir" "-e" "CARGO_TARGET_DIR=/opt/rustwide/target" "-e" "CARGO_INCREMENTAL=0" "-e" "RUST_BACKTRACE=full" "-e" "RUSTFLAGS=--cap-lints=forbid" "-e" "CARGO_HOME=/opt/rustwide/cargo-home" "-e" "RUSTUP_HOME=/opt/rustwide/rustup-home" "-w" "/opt/rustwide/workdir" "-m" "1610612736" "--user" "0:0" "--network" "none" "rustops/crates-build-env@sha256:a636fd89d022f18117e1dc8fb37a0a009933cdbbe082814857f0e2024962d47c" "/opt/rustwide/cargo-home/bin/cargo" "+beta-2020-07-24" "check" "--frozen" "--all" "--all-targets" "--message-format=json", kill_on_drop: false }`
[INFO] [stdout] 613cc0b5b056dbce2f4c4151ccf51eedbb671f1948dd23797a2100040b3019c5
[INFO] [stderr] WARNING: Your kernel does not support swap limit capabilities or the cgroup is not mounted. Memory limited without swap.
[INFO] running `Command { std: "docker" "start" "-a" "613cc0b5b056dbce2f4c4151ccf51eedbb671f1948dd23797a2100040b3019c5", kill_on_drop: false }`
[INFO] [stderr]    Compiling libc v0.2.48
[INFO] [stderr]     Checking cfg-if v0.1.6
[INFO] [stderr]    Compiling unicode-xid v0.1.0
[INFO] [stderr]    Compiling memchr v2.1.3
[INFO] [stderr]    Compiling byteorder v1.3.1
[INFO] [stderr]    Compiling regex v1.1.0
[INFO] [stderr]     Checking lazy_static v1.2.0
[INFO] [stderr]     Checking ucd-util v0.1.3
[INFO] [stderr]     Checking utf8-ranges v1.0.2
[INFO] [stderr]     Checking quick-error v1.2.2
[INFO] [stderr]     Checking either v1.5.0
[INFO] [stderr]     Checking termcolor v1.0.4
[INFO] [stderr]     Checking json v0.11.13
[INFO] [stderr]     Checking rls-data v0.18.2
[INFO] [stderr]     Checking log v0.4.6
[INFO] [stderr]     Checking thread_local v0.3.6
[INFO] [stderr]     Checking humantime v1.2.0
[INFO] [stderr]    Compiling proc-macro2 v0.4.27
[INFO] [stderr]     Checking regex-syntax v0.6.5
[INFO] [stderr]     Checking itertools v0.7.11
[INFO] [stderr]    Compiling quote v0.6.11
[INFO] [stderr]    Compiling syn v0.15.26
[INFO] [stderr]     Checking fst v0.3.3
[INFO] [stderr]     Checking atty v0.2.11
[INFO] [stderr]     Checking aho-corasick v0.6.9
[INFO] [stderr]    Compiling derive-new v0.5.6
[INFO] [stderr]     Checking env_logger v0.5.13
[INFO] [stderr]     Checking rls-analysis v0.16.12 (/opt/rustwide/workdir)
[INFO] [stdout] error[E0554]: `#![feature]` may not be used on the beta release channel
[INFO] [stdout]  --> src/lib.rs:9:1
[INFO] [stdout]   |
[INFO] [stdout] 9 | #![feature(type_ascription)]
[INFO] [stdout]   | ^^^^^^^^^^^^^^^^^^^^^^^^^^^^
[INFO] [stdout] 
[INFO] [stdout] 
[INFO] [stdout] error[E0554]: `#![feature]` may not be used on the beta release channel
[INFO] [stdout]   --> src/lib.rs:10:1
[INFO] [stdout]    |
[INFO] [stdout] 10 | #![feature(crate_visibility_modifier)]
[INFO] [stdout]    | ^^^^^^^^^^^^^^^^^^^^^^^^^^^^^^^^^^^^^^
[INFO] [stdout] 
[INFO] [stdout] 
[INFO] [stdout] error[E0554]: `#![feature]` may not be used on the beta release channel
[INFO] [stdout]  --> src/lib.rs:9:1
[INFO] [stdout]   |
[INFO] [stdout] 9 | #![feature(type_ascription)]
[INFO] [stdout]   | ^^^^^^^^^^^^^^^^^^^^^^^^^^^^
[INFO] [stdout] 
[INFO] [stdout] 
[INFO] [stdout] error[E0554]: `#![feature]` may not be used on the beta release channel
[INFO] [stdout]   --> src/lib.rs:10:1
[INFO] [stdout]    |
[INFO] [stdout] 10 | #![feature(crate_visibility_modifier)]
[INFO] [stdout]    | ^^^^^^^^^^^^^^^^^^^^^^^^^^^^^^^^^^^^^^
[INFO] [stdout] 
[INFO] [stdout] 
[INFO] [stdout] warning: use of deprecated item 'std::error::Error::description': use the Display impl or to_string()
[INFO] [stdout]    --> src/lib.rs:598:25
[INFO] [stdout]     |
[INFO] [stdout] 598 |         write!(f, "{}", ::std::error::Error::description(self))
[INFO] [stdout]     |                         ^^^^^^^^^^^^^^^^^^^^^^^^^^^^^^^^
[INFO] [stdout]     |
[INFO] [stdout]     = note: `#[warn(deprecated)]` on by default
[INFO] [stdout] 
[INFO] [stdout] 
[INFO] [stdout] warning: use of deprecated item 'std::error::Error::description': use the Display impl or to_string()
[INFO] [stdout]    --> src/lib.rs:598:25
[INFO] [stdout]     |
[INFO] [stdout] 598 |         write!(f, "{}", ::std::error::Error::description(self))
[INFO] [stdout]     |                         ^^^^^^^^^^^^^^^^^^^^^^^^^^^^^^^^
[INFO] [stdout]     |
[INFO] [stdout]     = note: `#[warn(deprecated)]` on by default
[INFO] [stdout] 
[INFO] [stdout] 
[INFO] [stdout] error: aborting due to 2 previous errors; 1 warning emitted
[INFO] [stdout] 
[INFO] [stdout] 
[INFO] [stdout] For more information about this error, try `rustc --explain E0554`.
[INFO] [stdout] 
[INFO] [stderr] error: could not compile `rls-analysis`.
[INFO] [stderr] 
[INFO] [stderr] To learn more, run the command again with --verbose.
[INFO] [stderr] warning: build failed, waiting for other jobs to finish...
[INFO] [stdout] error: aborting due to 2 previous errors; 1 warning emitted
[INFO] [stdout] 
[INFO] [stdout] 
[INFO] [stdout] For more information about this error, try `rustc --explain E0554`.
[INFO] [stdout] 
[INFO] [stderr] error: build failed
[INFO] running `Command { std: "docker" "inspect" "613cc0b5b056dbce2f4c4151ccf51eedbb671f1948dd23797a2100040b3019c5", kill_on_drop: false }`
[INFO] running `Command { std: "docker" "rm" "-f" "613cc0b5b056dbce2f4c4151ccf51eedbb671f1948dd23797a2100040b3019c5", kill_on_drop: false }`
[INFO] [stdout] 613cc0b5b056dbce2f4c4151ccf51eedbb671f1948dd23797a2100040b3019c5
