[INFO] cloning repository https://github.com/nosyminotaur/rustmon
[INFO] running `Command { std: "git" "-c" "credential.helper=" "-c" "credential.helper=/workspace/cargo-home/bin/git-credential-null" "clone" "--bare" "https://github.com/nosyminotaur/rustmon" "/workspace/cache/git-repos/https%3A%2F%2Fgithub.com%2Fnosyminotaur%2Frustmon", kill_on_drop: false }`
[INFO] [stderr] Cloning into bare repository '/workspace/cache/git-repos/https%3A%2F%2Fgithub.com%2Fnosyminotaur%2Frustmon'...
[INFO] running `Command { std: "git" "rev-parse" "HEAD", kill_on_drop: false }`
[INFO] [stdout] fa44174aef3f38fb104af16123b622d92d2c3ef2
[INFO] checking nosyminotaur/rustmon against beta-2020-07-24 for pr-75494-beta
[INFO] running `Command { std: "git" "clone" "/workspace/cache/git-repos/https%3A%2F%2Fgithub.com%2Fnosyminotaur%2Frustmon" "/workspace/builds/worker-1/source", kill_on_drop: false }`
[INFO] [stderr] Cloning into '/workspace/builds/worker-1/source'...
[INFO] [stderr] done.
[INFO] validating manifest of git repo https://github.com/nosyminotaur/rustmon on toolchain beta-2020-07-24
[INFO] running `Command { std: "/workspace/cargo-home/bin/cargo" "+beta-2020-07-24" "read-manifest" "--manifest-path" "Cargo.toml", kill_on_drop: false }`
[INFO] started tweaking git repo https://github.com/nosyminotaur/rustmon
[INFO] finished tweaking git repo https://github.com/nosyminotaur/rustmon
[INFO] tweaked toml for git repo https://github.com/nosyminotaur/rustmon written to /workspace/builds/worker-1/source/Cargo.toml
[INFO] crate git repo https://github.com/nosyminotaur/rustmon already has a lockfile, it will not be regenerated
[INFO] running `Command { std: "/workspace/cargo-home/bin/cargo" "+beta-2020-07-24" "fetch" "--locked" "--manifest-path" "Cargo.toml", kill_on_drop: false }`
[INFO] running `Command { std: "docker" "create" "-v" "/var/lib/crater-agent-workspace/builds/worker-1/target:/opt/rustwide/target:rw,Z" "-v" "/var/lib/crater-agent-workspace/builds/worker-1/source:/opt/rustwide/workdir:ro,Z" "-v" "/var/lib/crater-agent-workspace/cargo-home:/opt/rustwide/cargo-home:ro,Z" "-v" "/var/lib/crater-agent-workspace/rustup-home:/opt/rustwide/rustup-home:ro,Z" "-e" "SOURCE_DIR=/opt/rustwide/workdir" "-e" "CARGO_TARGET_DIR=/opt/rustwide/target" "-e" "CARGO_HOME=/opt/rustwide/cargo-home" "-e" "RUSTUP_HOME=/opt/rustwide/rustup-home" "-w" "/opt/rustwide/workdir" "-m" "1610612736" "--user" "0:0" "--network" "none" "rustops/crates-build-env@sha256:a636fd89d022f18117e1dc8fb37a0a009933cdbbe082814857f0e2024962d47c" "/opt/rustwide/cargo-home/bin/cargo" "+beta-2020-07-24" "metadata" "--no-deps" "--format-version=1", kill_on_drop: false }`
[INFO] [stderr] WARNING: Your kernel does not support swap limit capabilities or the cgroup is not mounted. Memory limited without swap.
[INFO] [stdout] a5b43d7b9f25226f73ecdf7fecf0a7afad7e541593e41209f68acb68ee0914bb
[INFO] running `Command { std: "docker" "start" "-a" "a5b43d7b9f25226f73ecdf7fecf0a7afad7e541593e41209f68acb68ee0914bb", kill_on_drop: false }`
[INFO] running `Command { std: "docker" "inspect" "a5b43d7b9f25226f73ecdf7fecf0a7afad7e541593e41209f68acb68ee0914bb", kill_on_drop: false }`
[INFO] running `Command { std: "docker" "rm" "-f" "a5b43d7b9f25226f73ecdf7fecf0a7afad7e541593e41209f68acb68ee0914bb", kill_on_drop: false }`
[INFO] [stdout] a5b43d7b9f25226f73ecdf7fecf0a7afad7e541593e41209f68acb68ee0914bb
[INFO] running `Command { std: "docker" "create" "-v" "/var/lib/crater-agent-workspace/builds/worker-1/target:/opt/rustwide/target:rw,Z" "-v" "/var/lib/crater-agent-workspace/builds/worker-1/source:/opt/rustwide/workdir:ro,Z" "-v" "/var/lib/crater-agent-workspace/cargo-home:/opt/rustwide/cargo-home:ro,Z" "-v" "/var/lib/crater-agent-workspace/rustup-home:/opt/rustwide/rustup-home:ro,Z" "-e" "SOURCE_DIR=/opt/rustwide/workdir" "-e" "CARGO_TARGET_DIR=/opt/rustwide/target" "-e" "CARGO_INCREMENTAL=0" "-e" "RUST_BACKTRACE=full" "-e" "RUSTFLAGS=--cap-lints=forbid" "-e" "CARGO_HOME=/opt/rustwide/cargo-home" "-e" "RUSTUP_HOME=/opt/rustwide/rustup-home" "-w" "/opt/rustwide/workdir" "-m" "1610612736" "--user" "0:0" "--network" "none" "rustops/crates-build-env@sha256:a636fd89d022f18117e1dc8fb37a0a009933cdbbe082814857f0e2024962d47c" "/opt/rustwide/cargo-home/bin/cargo" "+beta-2020-07-24" "check" "--frozen" "--all" "--all-targets" "--message-format=json", kill_on_drop: false }`
[INFO] [stdout] 2da806c1e5885a4d7dd50645a71ad0a6ba05bd6ab186f892e5c5f4fbc17cb0aa
[INFO] [stderr] WARNING: Your kernel does not support swap limit capabilities or the cgroup is not mounted. Memory limited without swap.
[INFO] running `Command { std: "docker" "start" "-a" "2da806c1e5885a4d7dd50645a71ad0a6ba05bd6ab186f892e5c5f4fbc17cb0aa", kill_on_drop: false }`
[INFO] [stderr]    Compiling proc-macro2 v0.4.30
[INFO] [stderr]    Compiling unicode-xid v0.1.0
[INFO] [stderr]    Compiling syn v0.15.43
[INFO] [stderr]    Compiling ryu v1.0.0
[INFO] [stderr]    Compiling serde v1.0.98
[INFO] [stderr]    Compiling winapi v0.3.7
[INFO] [stderr]     Checking itoa v0.4.4
[INFO] [stderr]    Compiling quote v0.6.13
[INFO] [stderr]    Compiling serde_derive v1.0.98
[INFO] [stderr]     Checking serde_json v1.0.40
[INFO] [stderr]     Checking rustmon v0.1.0 (/opt/rustwide/workdir)
[INFO] [stdout] error[E0425]: cannot find value `is_successful` in this scope
[INFO] [stdout]   --> src/main.rs:14:5
[INFO] [stdout]    |
[INFO] [stdout] 14 |     if is_successful.is_err() {
[INFO] [stdout]    |        ^^^^^^^^^^^^^ not found in this scope
[INFO] [stdout] 
[INFO] [stdout] 
[INFO] [stdout] error[E0425]: cannot find value `is_successful` in this scope
[INFO] [stdout]   --> src/main.rs:15:33
[INFO] [stdout]    |
[INFO] [stdout] 15 |         println!("Failed! Error: {}", is_successful.unwrap_err());
[INFO] [stdout]    |                                       ^^^^^^^^^^^^^ not found in this scope
[INFO] [stdout] 
[INFO] [stdout] 
[INFO] [stdout] error: aborting due to 2 previous errors
[INFO] [stdout] 
[INFO] [stdout] 
[INFO] [stdout] For more information about this error, try `rustc --explain E0425`.
[INFO] [stdout] 
[INFO] [stderr] error: could not compile `rustmon`.
[INFO] [stderr] 
[INFO] [stderr] To learn more, run the command again with --verbose.
[INFO] [stderr] warning: build failed, waiting for other jobs to finish...
[INFO] [stdout] error[E0425]: cannot find value `is_successful` in this scope
[INFO] [stdout]   --> src/main.rs:14:5
[INFO] [stdout]    |
[INFO] [stdout] 14 |     if is_successful.is_err() {
[INFO] [stdout]    |        ^^^^^^^^^^^^^ not found in this scope
[INFO] [stdout] 
[INFO] [stdout] 
[INFO] [stdout] error[E0425]: cannot find value `is_successful` in this scope
[INFO] [stdout]   --> src/main.rs:15:33
[INFO] [stdout]    |
[INFO] [stdout] 15 |         println!("Failed! Error: {}", is_successful.unwrap_err());
[INFO] [stdout]    |                                       ^^^^^^^^^^^^^ not found in this scope
[INFO] [stdout] 
[INFO] [stdout] 
[INFO] [stdout] error: aborting due to 2 previous errors
[INFO] [stdout] 
[INFO] [stdout] 
[INFO] [stdout] For more information about this error, try `rustc --explain E0425`.
[INFO] [stdout] 
[INFO] [stderr] error: build failed
[INFO] running `Command { std: "docker" "inspect" "2da806c1e5885a4d7dd50645a71ad0a6ba05bd6ab186f892e5c5f4fbc17cb0aa", kill_on_drop: false }`
[INFO] running `Command { std: "docker" "rm" "-f" "2da806c1e5885a4d7dd50645a71ad0a6ba05bd6ab186f892e5c5f4fbc17cb0aa", kill_on_drop: false }`
[INFO] [stdout] 2da806c1e5885a4d7dd50645a71ad0a6ba05bd6ab186f892e5c5f4fbc17cb0aa
