[INFO] cloning repository https://github.com/nikitavbv/cloud-storage-proxy
[INFO] running `Command { std: "git" "-c" "credential.helper=" "-c" "credential.helper=/workspace/cargo-home/bin/git-credential-null" "clone" "--bare" "https://github.com/nikitavbv/cloud-storage-proxy" "/workspace/cache/git-repos/https%3A%2F%2Fgithub.com%2Fnikitavbv%2Fcloud-storage-proxy", kill_on_drop: false }`
[INFO] [stderr] Cloning into bare repository '/workspace/cache/git-repos/https%3A%2F%2Fgithub.com%2Fnikitavbv%2Fcloud-storage-proxy'...
[INFO] running `Command { std: "git" "rev-parse" "HEAD", kill_on_drop: false }`
[INFO] [stdout] 08f6ca63ec4df206874d09f87ae77b22592878a9
[INFO] checking nikitavbv/cloud-storage-proxy against beta-2020-07-24 for pr-75494-beta
[INFO] running `Command { std: "git" "clone" "/workspace/cache/git-repos/https%3A%2F%2Fgithub.com%2Fnikitavbv%2Fcloud-storage-proxy" "/workspace/builds/worker-1/source", kill_on_drop: false }`
[INFO] [stderr] Cloning into '/workspace/builds/worker-1/source'...
[INFO] [stderr] done.
[INFO] validating manifest of git repo https://github.com/nikitavbv/cloud-storage-proxy on toolchain beta-2020-07-24
[INFO] running `Command { std: "/workspace/cargo-home/bin/cargo" "+beta-2020-07-24" "read-manifest" "--manifest-path" "Cargo.toml", kill_on_drop: false }`
[INFO] started tweaking git repo https://github.com/nikitavbv/cloud-storage-proxy
[INFO] finished tweaking git repo https://github.com/nikitavbv/cloud-storage-proxy
[INFO] tweaked toml for git repo https://github.com/nikitavbv/cloud-storage-proxy written to /workspace/builds/worker-1/source/Cargo.toml
[INFO] crate git repo https://github.com/nikitavbv/cloud-storage-proxy already has a lockfile, it will not be regenerated
[INFO] running `Command { std: "/workspace/cargo-home/bin/cargo" "+beta-2020-07-24" "fetch" "--locked" "--manifest-path" "Cargo.toml", kill_on_drop: false }`
[INFO] [stderr]     Blocking waiting for file lock on package cache
[INFO] [stderr]     Blocking waiting for file lock on package cache
[INFO] running `Command { std: "docker" "create" "-v" "/var/lib/crater-agent-workspace/builds/worker-1/target:/opt/rustwide/target:rw,Z" "-v" "/var/lib/crater-agent-workspace/builds/worker-1/source:/opt/rustwide/workdir:ro,Z" "-v" "/var/lib/crater-agent-workspace/cargo-home:/opt/rustwide/cargo-home:ro,Z" "-v" "/var/lib/crater-agent-workspace/rustup-home:/opt/rustwide/rustup-home:ro,Z" "-e" "SOURCE_DIR=/opt/rustwide/workdir" "-e" "CARGO_TARGET_DIR=/opt/rustwide/target" "-e" "CARGO_HOME=/opt/rustwide/cargo-home" "-e" "RUSTUP_HOME=/opt/rustwide/rustup-home" "-w" "/opt/rustwide/workdir" "-m" "1610612736" "--user" "0:0" "--network" "none" "rustops/crates-build-env@sha256:a636fd89d022f18117e1dc8fb37a0a009933cdbbe082814857f0e2024962d47c" "/opt/rustwide/cargo-home/bin/cargo" "+beta-2020-07-24" "metadata" "--no-deps" "--format-version=1", kill_on_drop: false }`
[INFO] [stdout] bd2c2d114db075829f4768f5656ca06ca84815a16a8afc2531dea85cba3dc57c
[INFO] [stderr] WARNING: Your kernel does not support swap limit capabilities or the cgroup is not mounted. Memory limited without swap.
[INFO] running `Command { std: "docker" "start" "-a" "bd2c2d114db075829f4768f5656ca06ca84815a16a8afc2531dea85cba3dc57c", kill_on_drop: false }`
[INFO] running `Command { std: "docker" "inspect" "bd2c2d114db075829f4768f5656ca06ca84815a16a8afc2531dea85cba3dc57c", kill_on_drop: false }`
[INFO] running `Command { std: "docker" "rm" "-f" "bd2c2d114db075829f4768f5656ca06ca84815a16a8afc2531dea85cba3dc57c", kill_on_drop: false }`
[INFO] [stdout] bd2c2d114db075829f4768f5656ca06ca84815a16a8afc2531dea85cba3dc57c
[INFO] running `Command { std: "docker" "create" "-v" "/var/lib/crater-agent-workspace/builds/worker-1/target:/opt/rustwide/target:rw,Z" "-v" "/var/lib/crater-agent-workspace/builds/worker-1/source:/opt/rustwide/workdir:ro,Z" "-v" "/var/lib/crater-agent-workspace/cargo-home:/opt/rustwide/cargo-home:ro,Z" "-v" "/var/lib/crater-agent-workspace/rustup-home:/opt/rustwide/rustup-home:ro,Z" "-e" "SOURCE_DIR=/opt/rustwide/workdir" "-e" "CARGO_TARGET_DIR=/opt/rustwide/target" "-e" "CARGO_INCREMENTAL=0" "-e" "RUST_BACKTRACE=full" "-e" "RUSTFLAGS=--cap-lints=forbid" "-e" "CARGO_HOME=/opt/rustwide/cargo-home" "-e" "RUSTUP_HOME=/opt/rustwide/rustup-home" "-w" "/opt/rustwide/workdir" "-m" "1610612736" "--user" "0:0" "--network" "none" "rustops/crates-build-env@sha256:a636fd89d022f18117e1dc8fb37a0a009933cdbbe082814857f0e2024962d47c" "/opt/rustwide/cargo-home/bin/cargo" "+beta-2020-07-24" "check" "--frozen" "--all" "--all-targets" "--message-format=json", kill_on_drop: false }`
[INFO] [stdout] 275875b2ebb68a9c5a362fb36dd49e1e1a1932406f8cf5c64b5b0695acec41b1
[INFO] [stderr] WARNING: Your kernel does not support swap limit capabilities or the cgroup is not mounted. Memory limited without swap.
[INFO] running `Command { std: "docker" "start" "-a" "275875b2ebb68a9c5a362fb36dd49e1e1a1932406f8cf5c64b5b0695acec41b1", kill_on_drop: false }`
[INFO] [stderr]    Compiling cc v1.0.54
[INFO] [stderr]    Compiling pin-project-internal v0.4.22
[INFO] [stderr]    Compiling proc-macro-nested v0.1.6
[INFO] [stderr]     Checking itoa v0.4.6
[INFO] [stderr]     Checking smallvec v1.4.1
[INFO] [stderr]     Checking tinyvec v0.3.3
[INFO] [stderr]     Checking untrusted v0.7.1
[INFO] [stderr]     Checking adler v0.2.3
[INFO] [stderr]     Checking gimli v0.22.0
[INFO] [stderr]    Compiling failure_derive v0.1.8
[INFO] [stderr]    Compiling unicode-segmentation v1.6.0
[INFO] [stderr]     Checking object v0.20.0
[INFO] [stderr]     Checking rustc-demangle v0.1.16
[INFO] [stderr]    Compiling openssl v0.10.29
[INFO] [stderr]     Checking either v1.5.3
[INFO] [stderr]     Checking language-tags v0.2.2
[INFO] [stderr]     Checking sha1 v0.6.0
[INFO] [stderr]     Checking base64 v0.12.2
[INFO] [stderr]     Checking termcolor v1.1.0
[INFO] [stderr]     Checking seahash v4.0.0
[INFO] [stderr]     Checking custom_error v1.7.1
[INFO] [stderr]    Compiling num-traits v0.2.12
[INFO] [stderr]    Compiling num-integer v0.1.43
[INFO] [stderr]    Compiling crossbeam-utils v0.7.2
[INFO] [stderr]     Checking lock_api v0.4.1
[INFO] [stderr]     Checking humantime v1.3.0
[INFO] [stderr]     Checking ttl_cache v0.5.1
[INFO] [stderr]     Checking owning_ref v0.3.3
[INFO] [stderr]     Checking miniz_oxide v0.4.0
[INFO] [stderr]     Checking http v0.2.1
[INFO] [stderr]     Checking encoding_rs v0.8.23
[INFO] [stderr]     Checking unicode-normalization v0.1.13
[INFO] [stderr]     Checking num_cpus v1.13.0
[INFO] [stderr]     Checking signal-hook-registry v1.2.0
[INFO] [stderr]     Checking parking_lot_core v0.8.0
[INFO] [stderr]     Checking hostname v0.3.1
[INFO] [stderr]     Checking rand v0.4.6
[INFO] [stderr]     Checking parking_lot_core v0.7.2
[INFO] [stderr]     Checking atty v0.2.14
[INFO] [stderr]     Checking aho-corasick v0.7.13
[INFO] [stderr]     Checking fxhash v0.2.1
[INFO] [stderr]    Compiling openssl-src v111.10.0+1.1.1g
[INFO] [stderr]    Compiling heck v0.3.1
[INFO] [stderr]     Checking dns-lookup v1.0.3
[INFO] [stderr]     Checking threadpool v1.8.1
[INFO] [stderr]    Compiling syn v1.0.31
[INFO] [stderr]     Checking resolv-conf v0.6.3
[INFO] [stderr]     Checking mio-uds v0.6.8
[INFO] [stderr]     Checking parking_lot v0.11.0
[INFO] [stderr]     Checking parking_lot v0.10.2
[INFO] [stderr]     Checking idna v0.2.0
[INFO] [stderr]     Checking parking_lot_core v0.2.14
[INFO] [stderr]    Compiling ring v0.16.15
[INFO] [stderr]    Compiling openssl-sys v0.9.58
[INFO] [stderr]     Checking crossbeam-channel v0.4.3
[INFO] [stderr]     Checking parking_lot v0.4.8
[INFO] [stderr]     Checking regex v1.3.9
[INFO] [stderr]     Checking url v2.1.1
[INFO] [stderr]     Checking chashmap v2.2.2
[INFO] [stderr]     Checking http-body v0.3.1
[INFO] [stderr]     Checking addr2line v0.13.0
[INFO] [stderr]     Checking env_logger v0.7.1
[INFO] [stderr]     Checking sct v0.6.0
[INFO] [stderr]     Checking webpki v0.21.3
[INFO] [stderr]     Checking backtrace v0.3.50
[INFO] [stderr]     Checking ct-logs v0.6.0
[INFO] [stderr]     Checking rustls v0.17.0
[INFO] [stderr]     Checking rustls-native-certs v0.3.0
[INFO] [stderr]    Compiling synstructure v0.12.4
[INFO] [stderr]    Compiling tokio-macros v0.2.5
[INFO] [stderr]    Compiling futures-macro v0.3.5
[INFO] [stderr]    Compiling serde_derive v1.0.113
[INFO] [stderr]    Compiling derive_more v0.99.9
[INFO] [stderr]    Compiling actix-macros v0.1.2
[INFO] [stderr]    Compiling async-trait v0.1.36
[INFO] [stderr]    Compiling enum-as-inner v0.3.2
[INFO] [stderr]    Compiling actix_derive v0.5.0
[INFO] [stderr]     Checking tokio v0.2.21
[INFO] [stderr]     Checking failure v0.1.8
[INFO] [stderr]     Checking pin-project v0.4.22
[INFO] [stderr]     Checking futures-util v0.3.5
[INFO] [stderr]     Checking tokio-util v0.3.1
[INFO] [stderr]     Checking tokio-util v0.2.0
[INFO] [stderr]     Checking tokio-rustls v0.13.1
[INFO] [stderr]     Checking serde v1.0.113
[INFO] [stderr]     Checking actix-threadpool v0.3.3
[INFO] [stderr]     Checking actix-codec v0.2.0
[INFO] [stderr]     Checking futures-executor v0.3.5
[INFO] [stderr]     Checking h2 v0.2.5
[INFO] [stderr]     Checking actix-service v1.0.5
[INFO] [stderr]     Checking actix-rt v1.1.1
[INFO] [stderr]     Checking redis-async v0.6.3
[INFO] [stderr]     Checking futures v0.3.5
[INFO] [stderr]     Checking trust-dns-proto v0.18.0-alpha.2
[INFO] [stderr]     Checking actix-utils v1.0.6
[INFO] [stderr]    Compiling native-tls v0.2.4
[INFO] [stderr]     Checking hyper v0.13.6
[INFO] [stderr]     Checking chrono v0.4.11
[INFO] [stderr]     Checking serde_urlencoded v0.6.1
[INFO] [stderr]     Checking serde_json v1.0.55
[INFO] [stderr]     Checking toml v0.5.6
[INFO] [stderr]     Checking trust-dns-resolver v0.18.0-alpha.2
[INFO] [stderr]     Checking actix-connect v1.0.2
[INFO] [stderr]     Checking tokio-tls v0.3.1
[INFO] [stderr]     Checking actix-http v1.0.1
[INFO] [stderr]     Checking hyper-tls v0.4.1
[INFO] [stderr]     Checking hyper-rustls v0.20.0
[INFO] [stderr]     Checking yup-oauth2 v4.1.2
[INFO] [stderr]     Checking reqwest v0.10.6
[INFO] [stderr]     Checking actix v0.9.0
[INFO] [stderr]     Checking cloud-storage-proxy v0.1.3 (/opt/rustwide/workdir)
[INFO] [stdout] error: cannot find macro `resp_array` in this scope
[INFO] [stdout]   --> src/caching/redis.rs:56:36
[INFO] [stdout]    |
[INFO] [stdout] 56 |         connection.send_and_forget(resp_array!["SET", key, entry]);
[INFO] [stdout]    |                                    ^^^^^^^^^^
[INFO] [stdout] 
[INFO] [stdout] 
[INFO] [stdout] error: cannot find macro `resp_array` in this scope
[INFO] [stdout]   --> src/caching/redis.rs:57:36
[INFO] [stdout]    |
[INFO] [stdout] 57 |         connection.send_and_forget(resp_array!["EXPIRE", key, format!("{}", &self.ttl)]);
[INFO] [stdout]    |                                    ^^^^^^^^^^
[INFO] [stdout] 
[INFO] [stdout] 
[INFO] [stdout] error[E0425]: cannot find value `connection` in this scope
[INFO] [stdout]   --> src/caching/redis.rs:56:9
[INFO] [stdout]    |
[INFO] [stdout] 56 |         connection.send_and_forget(resp_array!["SET", key, entry]);
[INFO] [stdout]    |         ^^^^^^^^^^ not found in this scope
[INFO] [stdout] 
[INFO] [stdout] 
[INFO] [stdout] error[E0425]: cannot find value `connection` in this scope
[INFO] [stdout]   --> src/caching/redis.rs:57:9
[INFO] [stdout]    |
[INFO] [stdout] 57 |         connection.send_and_forget(resp_array!["EXPIRE", key, format!("{}", &self.ttl)]);
[INFO] [stdout]    |         ^^^^^^^^^^ not found in this scope
[INFO] [stdout] 
[INFO] [stdout] 
[INFO] [stdout] warning: unused imports: `make_service_fn`, `service_fn`
[INFO] [stdout]  --> src/main.rs:6:22
[INFO] [stdout]   |
[INFO] [stdout] 6 | use hyper::service::{make_service_fn, service_fn};
[INFO] [stdout]   |                      ^^^^^^^^^^^^^^^  ^^^^^^^^^^
[INFO] [stdout]   |
[INFO] [stdout]   = note: `#[warn(unused_imports)]` on by default
[INFO] [stdout] 
[INFO] [stdout] 
[INFO] [stdout] warning: unused import: `std::convert::Infallible`
[INFO] [stdout]  --> src/main.rs:7:5
[INFO] [stdout]   |
[INFO] [stdout] 7 | use std::convert::Infallible;
[INFO] [stdout]   |     ^^^^^^^^^^^^^^^^^^^^^^^^
[INFO] [stdout] 
[INFO] [stdout] 
[INFO] [stdout] warning: unused imports: `Error`, `Method`, `Request`, `Server`
[INFO] [stdout]  --> src/main.rs:8:13
[INFO] [stdout]   |
[INFO] [stdout] 8 | use hyper::{Request, Body, Response, Server, Method, Error, StatusCode, header::{HeaderValue, HeaderName}};
[INFO] [stdout]   |             ^^^^^^^                  ^^^^^^  ^^^^^^  ^^^^^
[INFO] [stdout] 
[INFO] [stdout] 
[INFO] [stdout] warning: unused import: `load_config`
[INFO] [stdout]  --> src/main.rs:9:21
[INFO] [stdout]   |
[INFO] [stdout] 9 | use crate::config::{load_config, Config};
[INFO] [stdout]   |                     ^^^^^^^^^^^
[INFO] [stdout] 
[INFO] [stdout] 
[INFO] [stdout] warning: unused import: `collections::HashMap`
[INFO] [stdout]   --> src/main.rs:12:32
[INFO] [stdout]    |
[INFO] [stdout] 12 | use std::{sync::Arc, env::var, collections::HashMap};
[INFO] [stdout]    |                                ^^^^^^^^^^^^^^^^^^^^
[INFO] [stdout] 
[INFO] [stdout] 
[INFO] [stdout] warning: unused import: `Caching`
[INFO] [stdout]   --> src/main.rs:16:14
[INFO] [stdout]    |
[INFO] [stdout] 16 | use config::{Caching, BucketConfiguration};
[INFO] [stdout]    |              ^^^^^^^
[INFO] [stdout] 
[INFO] [stdout] 
[INFO] [stdout] warning: unused import: `openssl::hash::Hasher`
[INFO] [stdout]   --> src/main.rs:18:5
[INFO] [stdout]    |
[INFO] [stdout] 18 | use openssl::hash::Hasher;
[INFO] [stdout]    |     ^^^^^^^^^^^^^^^^^^^^^
[INFO] [stdout] 
[INFO] [stdout] 
[INFO] [stdout] warning: unused import: `chashmap::CHashMap`
[INFO] [stdout]   --> src/main.rs:19:5
[INFO] [stdout]    |
[INFO] [stdout] 19 | use chashmap::CHashMap;
[INFO] [stdout]    |     ^^^^^^^^^^^^^^^^^^
[INFO] [stdout] 
[INFO] [stdout] 
[INFO] [stdout] warning: unused import: `std::future::Future`
[INFO] [stdout]   --> src/main.rs:20:5
[INFO] [stdout]    |
[INFO] [stdout] 20 | use std::future::Future;
[INFO] [stdout]    |     ^^^^^^^^^^^^^^^^^^^
[INFO] [stdout] 
[INFO] [stdout] 
[INFO] [stdout] warning: unused import: `actix::System`
[INFO] [stdout]   --> src/main.rs:21:5
[INFO] [stdout]    |
[INFO] [stdout] 21 | use actix::System;
[INFO] [stdout]    |     ^^^^^^^^^^^^^
[INFO] [stdout] 
[INFO] [stdout] 
[INFO] [stdout] warning: unused import: `MessageResponse`
[INFO] [stdout]  --> src/caching/messages.rs:2:29
[INFO] [stdout]   |
[INFO] [stdout] 2 | use actix_derive::{Message, MessageResponse};
[INFO] [stdout]   |                             ^^^^^^^^^^^^^^^
[INFO] [stdout] 
[INFO] [stdout] 
[INFO] [stdout] warning: unused import: `std::fmt::Display`
[INFO] [stdout]  --> src/caching/local.rs:1:5
[INFO] [stdout]   |
[INFO] [stdout] 1 | use std::fmt::Display;
[INFO] [stdout]   |     ^^^^^^^^^^^^^^^^^
[INFO] [stdout] 
[INFO] [stdout] 
[INFO] [stdout] warning: unused import: `crate::gcs::GetObjectResult`
[INFO] [stdout]  --> src/caching/local.rs:4:5
[INFO] [stdout]   |
[INFO] [stdout] 4 | use crate::gcs::GetObjectResult;
[INFO] [stdout]   |     ^^^^^^^^^^^^^^^^^^^^^^^^^^^
[INFO] [stdout] 
[INFO] [stdout] 
[INFO] [stdout] warning: unused imports: `convert::Infallible`, `future::Future`, `pin::Pin`
[INFO] [stdout]  --> src/caching/local.rs:6:11
[INFO] [stdout]   |
[INFO] [stdout] 6 | use std::{pin::Pin, future::Future, convert::Infallible};
[INFO] [stdout]   |           ^^^^^^^^  ^^^^^^^^^^^^^^  ^^^^^^^^^^^^^^^^^^^
[INFO] [stdout] 
[INFO] [stdout] 
[INFO] [stdout] warning: unused import: `actix::prelude::*`
[INFO] [stdout]  --> src/caching/local.rs:7:5
[INFO] [stdout]   |
[INFO] [stdout] 7 | use actix::prelude::*;
[INFO] [stdout]   |     ^^^^^^^^^^^^^^^^^
[INFO] [stdout] 
[INFO] [stdout] 
[INFO] [stdout] warning: unused import: `std::fmt::Display`
[INFO] [stdout]  --> src/caching/redis.rs:1:5
[INFO] [stdout]   |
[INFO] [stdout] 1 | use std::fmt::Display;
[INFO] [stdout]   |     ^^^^^^^^^^^^^^^^^
[INFO] [stdout] 
[INFO] [stdout] 
[INFO] [stdout] warning: unused import: `ttl_cache::TtlCache`
[INFO] [stdout]  --> src/caching/redis.rs:3:5
[INFO] [stdout]   |
[INFO] [stdout] 3 | use ttl_cache::TtlCache;
[INFO] [stdout]   |     ^^^^^^^^^^^^^^^^^^^
[INFO] [stdout] 
[INFO] [stdout] 
[INFO] [stdout] warning: unused import: `crate::gcs::GetObjectResult`
[INFO] [stdout]  --> src/caching/redis.rs:4:5
[INFO] [stdout]   |
[INFO] [stdout] 4 | use crate::gcs::GetObjectResult;
[INFO] [stdout]   |     ^^^^^^^^^^^^^^^^^^^^^^^^^^^
[INFO] [stdout] 
[INFO] [stdout] 
[INFO] [stdout] warning: unused import: `std::time::Duration`
[INFO] [stdout]  --> src/caching/redis.rs:5:5
[INFO] [stdout]   |
[INFO] [stdout] 5 | use std::time::Duration;
[INFO] [stdout]   |     ^^^^^^^^^^^^^^^^^^^
[INFO] [stdout] 
[INFO] [stdout] 
[INFO] [stdout] warning: unused imports: `convert::Infallible`, `future::Future`, `pin::Pin`
[INFO] [stdout]  --> src/caching/redis.rs:6:11
[INFO] [stdout]   |
[INFO] [stdout] 6 | use std::{pin::Pin, future::Future, convert::Infallible};
[INFO] [stdout]   |           ^^^^^^^^  ^^^^^^^^^^^^^^  ^^^^^^^^^^^^^^^^^^^
[INFO] [stdout] 
[INFO] [stdout] 
[INFO] [stdout] warning: unused import: `actix::prelude::*`
[INFO] [stdout]  --> src/caching/redis.rs:7:5
[INFO] [stdout]   |
[INFO] [stdout] 7 | use actix::prelude::*;
[INFO] [stdout]   |     ^^^^^^^^^^^^^^^^^
[INFO] [stdout] 
[INFO] [stdout] 
[INFO] [stdout] error: cannot find macro `resp_array` in this scope
[INFO] [stdout]   --> src/caching/redis.rs:56:36
[INFO] [stdout]    |
[INFO] [stdout] 56 |         connection.send_and_forget(resp_array!["SET", key, entry]);
[INFO] [stdout]    |                                    ^^^^^^^^^^
[INFO] [stdout] 
[INFO] [stdout] 
[INFO] [stdout] error: cannot find macro `resp_array` in this scope
[INFO] [stdout]   --> src/caching/redis.rs:57:36
[INFO] [stdout]    |
[INFO] [stdout] 57 |         connection.send_and_forget(resp_array!["EXPIRE", key, format!("{}", &self.ttl)]);
[INFO] [stdout]    |                                    ^^^^^^^^^^
[INFO] [stdout] 
[INFO] [stdout] 
[INFO] [stdout] error[E0271]: type mismatch resolving `<caching::messages::PutCacheEntry as actix::Message>::Result == std::result::Result<(), caching::redis::RedisCacheError>`
[INFO] [stdout]   --> src/caching/redis.rs:51:19
[INFO] [stdout]    |
[INFO] [stdout] 51 |     type Result = Result<(), RedisCacheError>;
[INFO] [stdout]    |                   ^^^^^^^^^^^^^^^^^^^^^^^^^^^ expected `()`, found enum `std::result::Result`
[INFO] [stdout]    | 
[INFO] [stdout]   ::: /opt/rustwide/cargo-home/registry/src/github.com-1ecc6299db9ec823/actix-0.9.0/src/handler.rs:27:18
[INFO] [stdout]    |
[INFO] [stdout] 27 |     type Result: MessageResponse<Self, M>;
[INFO] [stdout]    |                  ------------------------ required by this bound in `actix::Handler`
[INFO] [stdout]    |
[INFO] [stdout]    = note: expected unit type `()`
[INFO] [stdout]                    found enum `std::result::Result<(), caching::redis::RedisCacheError>`
[INFO] [stdout]    = note: required because of the requirements on the impl of `actix::dev::MessageResponse<caching::redis::RedisCache, caching::messages::PutCacheEntry>` for `std::result::Result<(), caching::redis::RedisCacheError>`
[INFO] [stdout] 
[INFO] [stdout] 
[INFO] [stdout] error[E0425]: cannot find value `connection` in this scope
[INFO] [stdout]   --> src/caching/redis.rs:56:9
[INFO] [stdout]    |
[INFO] [stdout] 56 |         connection.send_and_forget(resp_array!["SET", key, entry]);
[INFO] [stdout]    |         ^^^^^^^^^^ not found in this scope
[INFO] [stdout] 
[INFO] [stdout] 
[INFO] [stdout] error[E0425]: cannot find value `connection` in this scope
[INFO] [stdout]   --> src/caching/redis.rs:57:9
[INFO] [stdout]    |
[INFO] [stdout] 57 |         connection.send_and_forget(resp_array!["EXPIRE", key, format!("{}", &self.ttl)]);
[INFO] [stdout]    |         ^^^^^^^^^^ not found in this scope
[INFO] [stdout] 
[INFO] [stdout] 
[INFO] [stdout] warning: unused imports: `make_service_fn`, `service_fn`
[INFO] [stdout]  --> src/main.rs:6:22
[INFO] [stdout]   |
[INFO] [stdout] 6 | use hyper::service::{make_service_fn, service_fn};
[INFO] [stdout]   |                      ^^^^^^^^^^^^^^^  ^^^^^^^^^^
[INFO] [stdout]   |
[INFO] [stdout]   = note: `#[warn(unused_imports)]` on by default
[INFO] [stdout] 
[INFO] [stdout] 
[INFO] [stdout] warning: unused import: `std::convert::Infallible`
[INFO] [stdout]  --> src/main.rs:7:5
[INFO] [stdout]   |
[INFO] [stdout] 7 | use std::convert::Infallible;
[INFO] [stdout]   |     ^^^^^^^^^^^^^^^^^^^^^^^^
[INFO] [stdout] 
[INFO] [stdout] 
[INFO] [stdout] warning: unused imports: `Error`, `Method`, `Request`, `Server`
[INFO] [stdout]  --> src/main.rs:8:13
[INFO] [stdout]   |
[INFO] [stdout] 8 | use hyper::{Request, Body, Response, Server, Method, Error, StatusCode, header::{HeaderValue, HeaderName}};
[INFO] [stdout]   |             ^^^^^^^                  ^^^^^^  ^^^^^^  ^^^^^
[INFO] [stdout] 
[INFO] [stdout] 
[INFO] [stdout] warning: unused import: `load_config`
[INFO] [stdout]  --> src/main.rs:9:21
[INFO] [stdout]   |
[INFO] [stdout] 9 | use crate::config::{load_config, Config};
[INFO] [stdout]   |                     ^^^^^^^^^^^
[INFO] [stdout] 
[INFO] [stdout] 
[INFO] [stdout] warning: unused import: `collections::HashMap`
[INFO] [stdout]   --> src/main.rs:12:32
[INFO] [stdout]    |
[INFO] [stdout] 12 | use std::{sync::Arc, env::var, collections::HashMap};
[INFO] [stdout]    |                                ^^^^^^^^^^^^^^^^^^^^
[INFO] [stdout] 
[INFO] [stdout] 
[INFO] [stdout] warning: unused import: `Caching`
[INFO] [stdout]   --> src/main.rs:16:14
[INFO] [stdout]    |
[INFO] [stdout] 16 | use config::{Caching, BucketConfiguration};
[INFO] [stdout]    |              ^^^^^^^
[INFO] [stdout] 
[INFO] [stdout] 
[INFO] [stdout] warning: unused import: `openssl::hash::Hasher`
[INFO] [stdout]   --> src/main.rs:18:5
[INFO] [stdout]    |
[INFO] [stdout] 18 | use openssl::hash::Hasher;
[INFO] [stdout]    |     ^^^^^^^^^^^^^^^^^^^^^
[INFO] [stdout] 
[INFO] [stdout] 
[INFO] [stdout] warning: unused import: `chashmap::CHashMap`
[INFO] [stdout]   --> src/main.rs:19:5
[INFO] [stdout]    |
[INFO] [stdout] 19 | use chashmap::CHashMap;
[INFO] [stdout]    |     ^^^^^^^^^^^^^^^^^^
[INFO] [stdout] 
[INFO] [stdout] 
[INFO] [stdout] warning: unused import: `std::future::Future`
[INFO] [stdout]   --> src/main.rs:20:5
[INFO] [stdout]    |
[INFO] [stdout] 20 | use std::future::Future;
[INFO] [stdout]    |     ^^^^^^^^^^^^^^^^^^^
[INFO] [stdout] 
[INFO] [stdout] 
[INFO] [stdout] warning: unused import: `actix::System`
[INFO] [stdout]   --> src/main.rs:21:5
[INFO] [stdout]    |
[INFO] [stdout] 21 | use actix::System;
[INFO] [stdout]    |     ^^^^^^^^^^^^^
[INFO] [stdout] 
[INFO] [stdout] 
[INFO] [stdout] warning: unused import: `MessageResponse`
[INFO] [stdout]  --> src/caching/messages.rs:2:29
[INFO] [stdout]   |
[INFO] [stdout] 2 | use actix_derive::{Message, MessageResponse};
[INFO] [stdout]   |                             ^^^^^^^^^^^^^^^
[INFO] [stdout] 
[INFO] [stdout] 
[INFO] [stdout] warning: unused import: `std::fmt::Display`
[INFO] [stdout]  --> src/caching/local.rs:1:5
[INFO] [stdout]   |
[INFO] [stdout] 1 | use std::fmt::Display;
[INFO] [stdout]   |     ^^^^^^^^^^^^^^^^^
[INFO] [stdout] 
[INFO] [stdout] 
[INFO] [stdout] warning: unused import: `crate::gcs::GetObjectResult`
[INFO] [stdout]  --> src/caching/local.rs:4:5
[INFO] [stdout]   |
[INFO] [stdout] 4 | use crate::gcs::GetObjectResult;
[INFO] [stdout]   |     ^^^^^^^^^^^^^^^^^^^^^^^^^^^
[INFO] [stdout] 
[INFO] [stdout] 
[INFO] [stdout] warning: unused imports: `convert::Infallible`, `future::Future`, `pin::Pin`
[INFO] [stdout]  --> src/caching/local.rs:6:11
[INFO] [stdout]   |
[INFO] [stdout] 6 | use std::{pin::Pin, future::Future, convert::Infallible};
[INFO] [stdout]   |           ^^^^^^^^  ^^^^^^^^^^^^^^  ^^^^^^^^^^^^^^^^^^^
[INFO] [stdout] 
[INFO] [stdout] 
[INFO] [stdout] warning: unused import: `actix::prelude::*`
[INFO] [stdout]  --> src/caching/local.rs:7:5
[INFO] [stdout]   |
[INFO] [stdout] 7 | use actix::prelude::*;
[INFO] [stdout]   |     ^^^^^^^^^^^^^^^^^
[INFO] [stdout] 
[INFO] [stdout] 
[INFO] [stdout] warning: unused import: `std::fmt::Display`
[INFO] [stdout]  --> src/caching/redis.rs:1:5
[INFO] [stdout]   |
[INFO] [stdout] 1 | use std::fmt::Display;
[INFO] [stdout]   |     ^^^^^^^^^^^^^^^^^
[INFO] [stdout] 
[INFO] [stdout] 
[INFO] [stdout] warning: unused import: `ttl_cache::TtlCache`
[INFO] [stdout]  --> src/caching/redis.rs:3:5
[INFO] [stdout]   |
[INFO] [stdout] 3 | use ttl_cache::TtlCache;
[INFO] [stdout]   |     ^^^^^^^^^^^^^^^^^^^
[INFO] [stdout] 
[INFO] [stdout] 
[INFO] [stdout] error: aborting due to 5 previous errors; 21 warnings emitted
[INFO] [stdout] 
[INFO] [stdout] 
[INFO] [stdout] Some errors have detailed explanations: E0271, E0425.
[INFO] [stdout] 
[INFO] [stdout] For more information about an error, try `rustc --explain E0271`.
[INFO] [stdout] 
[INFO] [stdout] warning: unused import: `crate::gcs::GetObjectResult`
[INFO] [stdout]  --> src/caching/redis.rs:4:5
[INFO] [stdout]   |
[INFO] [stdout] 4 | use crate::gcs::GetObjectResult;
[INFO] [stdout]   |     ^^^^^^^^^^^^^^^^^^^^^^^^^^^
[INFO] [stdout] 
[INFO] [stdout] 
[INFO] [stdout] warning: unused import: `std::time::Duration`
[INFO] [stdout]  --> src/caching/redis.rs:5:5
[INFO] [stdout]   |
[INFO] [stdout] 5 | use std::time::Duration;
[INFO] [stdout]   |     ^^^^^^^^^^^^^^^^^^^
[INFO] [stdout] 
[INFO] [stdout] 
[INFO] [stdout] warning: unused imports: `convert::Infallible`, `future::Future`, `pin::Pin`
[INFO] [stdout]  --> src/caching/redis.rs:6:11
[INFO] [stdout]   |
[INFO] [stdout] 6 | use std::{pin::Pin, future::Future, convert::Infallible};
[INFO] [stdout]   |           ^^^^^^^^  ^^^^^^^^^^^^^^  ^^^^^^^^^^^^^^^^^^^
[INFO] [stdout] 
[INFO] [stdout] 
[INFO] [stdout] warning: unused import: `actix::prelude::*`
[INFO] [stdout]  --> src/caching/redis.rs:7:5
[INFO] [stdout]   |
[INFO] [stdout] 7 | use actix::prelude::*;
[INFO] [stdout]   |     ^^^^^^^^^^^^^^^^^
[INFO] [stdout] 
[INFO] [stdout] 
[INFO] [stderr] error: could not compile `cloud-storage-proxy`.
[INFO] [stderr] 
[INFO] [stderr] To learn more, run the command again with --verbose.
[INFO] [stderr] warning: build failed, waiting for other jobs to finish...
[INFO] [stdout] error[E0271]: type mismatch resolving `<caching::messages::PutCacheEntry as actix::Message>::Result == std::result::Result<(), caching::redis::RedisCacheError>`
[INFO] [stdout]   --> src/caching/redis.rs:51:19
[INFO] [stdout]    |
[INFO] [stdout] 51 |     type Result = Result<(), RedisCacheError>;
[INFO] [stdout]    |                   ^^^^^^^^^^^^^^^^^^^^^^^^^^^ expected `()`, found enum `std::result::Result`
[INFO] [stdout]    | 
[INFO] [stdout]   ::: /opt/rustwide/cargo-home/registry/src/github.com-1ecc6299db9ec823/actix-0.9.0/src/handler.rs:27:18
[INFO] [stdout]    |
[INFO] [stdout] 27 |     type Result: MessageResponse<Self, M>;
[INFO] [stdout]    |                  ------------------------ required by this bound in `actix::Handler`
[INFO] [stdout]    |
[INFO] [stdout]    = note: expected unit type `()`
[INFO] [stdout]                    found enum `std::result::Result<(), caching::redis::RedisCacheError>`
[INFO] [stdout]    = note: required because of the requirements on the impl of `actix::dev::MessageResponse<caching::redis::RedisCache, caching::messages::PutCacheEntry>` for `std::result::Result<(), caching::redis::RedisCacheError>`
[INFO] [stdout] 
[INFO] [stdout] 
[INFO] [stdout] error: aborting due to 5 previous errors; 21 warnings emitted
[INFO] [stdout] 
[INFO] [stdout] 
[INFO] [stdout] Some errors have detailed explanations: E0271, E0425.
[INFO] [stdout] 
[INFO] [stdout] For more information about an error, try `rustc --explain E0271`.
[INFO] [stdout] 
[INFO] [stderr] error: build failed
[INFO] running `Command { std: "docker" "inspect" "275875b2ebb68a9c5a362fb36dd49e1e1a1932406f8cf5c64b5b0695acec41b1", kill_on_drop: false }`
[INFO] running `Command { std: "docker" "rm" "-f" "275875b2ebb68a9c5a362fb36dd49e1e1a1932406f8cf5c64b5b0695acec41b1", kill_on_drop: false }`
[INFO] [stdout] 275875b2ebb68a9c5a362fb36dd49e1e1a1932406f8cf5c64b5b0695acec41b1
