[INFO] cloning repository https://github.com/nervosnetwork/capsule
[INFO] running `Command { std: "git" "-c" "credential.helper=" "-c" "credential.helper=/workspace/cargo-home/bin/git-credential-null" "clone" "--bare" "https://github.com/nervosnetwork/capsule" "/workspace/cache/git-repos/https%3A%2F%2Fgithub.com%2Fnervosnetwork%2Fcapsule", kill_on_drop: false }`
[INFO] [stderr] Cloning into bare repository '/workspace/cache/git-repos/https%3A%2F%2Fgithub.com%2Fnervosnetwork%2Fcapsule'...
[INFO] running `Command { std: "git" "rev-parse" "HEAD", kill_on_drop: false }`
[INFO] [stdout] f4b4cd0a22ca4fc864a9601ddc2ebcb4f0350baf
[INFO] checking nervosnetwork/capsule against beta-2020-07-24 for pr-75494-beta
[INFO] running `Command { std: "git" "clone" "/workspace/cache/git-repos/https%3A%2F%2Fgithub.com%2Fnervosnetwork%2Fcapsule" "/workspace/builds/worker-8/source", kill_on_drop: false }`
[INFO] [stderr] Cloning into '/workspace/builds/worker-8/source'...
[INFO] [stderr] done.
[INFO] validating manifest of git repo https://github.com/nervosnetwork/capsule on toolchain beta-2020-07-24
[INFO] running `Command { std: "/workspace/cargo-home/bin/cargo" "+beta-2020-07-24" "read-manifest" "--manifest-path" "Cargo.toml", kill_on_drop: false }`
[INFO] started tweaking git repo https://github.com/nervosnetwork/capsule
[INFO] removed workspace from git repo https://github.com/nervosnetwork/capsule
[INFO] finished tweaking git repo https://github.com/nervosnetwork/capsule
[INFO] tweaked toml for git repo https://github.com/nervosnetwork/capsule written to /workspace/builds/worker-8/source/Cargo.toml
[INFO] crate git repo https://github.com/nervosnetwork/capsule already has a lockfile, it will not be regenerated
[INFO] running `Command { std: "/workspace/cargo-home/bin/cargo" "+beta-2020-07-24" "fetch" "--locked" "--manifest-path" "Cargo.toml", kill_on_drop: false }`
[INFO] [stderr]     Blocking waiting for file lock on package cache
[INFO] [stderr]     Blocking waiting for file lock on package cache
[INFO] running `Command { std: "docker" "create" "-v" "/var/lib/crater-agent-workspace/builds/worker-8/target:/opt/rustwide/target:rw,Z" "-v" "/var/lib/crater-agent-workspace/builds/worker-8/source:/opt/rustwide/workdir:ro,Z" "-v" "/var/lib/crater-agent-workspace/cargo-home:/opt/rustwide/cargo-home:ro,Z" "-v" "/var/lib/crater-agent-workspace/rustup-home:/opt/rustwide/rustup-home:ro,Z" "-e" "SOURCE_DIR=/opt/rustwide/workdir" "-e" "CARGO_TARGET_DIR=/opt/rustwide/target" "-e" "CARGO_HOME=/opt/rustwide/cargo-home" "-e" "RUSTUP_HOME=/opt/rustwide/rustup-home" "-w" "/opt/rustwide/workdir" "-m" "1610612736" "--user" "0:0" "--network" "none" "rustops/crates-build-env@sha256:a636fd89d022f18117e1dc8fb37a0a009933cdbbe082814857f0e2024962d47c" "/opt/rustwide/cargo-home/bin/cargo" "+beta-2020-07-24" "metadata" "--no-deps" "--format-version=1", kill_on_drop: false }`
[INFO] [stderr] WARNING: Your kernel does not support swap limit capabilities or the cgroup is not mounted. Memory limited without swap.
[INFO] [stdout] 2bc79a68d86b76f8b06b5aba7ef9c69ffe9027b7693789b220c98b96d4a91065
[INFO] running `Command { std: "docker" "start" "-a" "2bc79a68d86b76f8b06b5aba7ef9c69ffe9027b7693789b220c98b96d4a91065", kill_on_drop: false }`
[INFO] running `Command { std: "docker" "inspect" "2bc79a68d86b76f8b06b5aba7ef9c69ffe9027b7693789b220c98b96d4a91065", kill_on_drop: false }`
[INFO] running `Command { std: "docker" "rm" "-f" "2bc79a68d86b76f8b06b5aba7ef9c69ffe9027b7693789b220c98b96d4a91065", kill_on_drop: false }`
[INFO] [stdout] 2bc79a68d86b76f8b06b5aba7ef9c69ffe9027b7693789b220c98b96d4a91065
[INFO] running `Command { std: "docker" "create" "-v" "/var/lib/crater-agent-workspace/builds/worker-8/target:/opt/rustwide/target:rw,Z" "-v" "/var/lib/crater-agent-workspace/builds/worker-8/source:/opt/rustwide/workdir:ro,Z" "-v" "/var/lib/crater-agent-workspace/cargo-home:/opt/rustwide/cargo-home:ro,Z" "-v" "/var/lib/crater-agent-workspace/rustup-home:/opt/rustwide/rustup-home:ro,Z" "-e" "SOURCE_DIR=/opt/rustwide/workdir" "-e" "CARGO_TARGET_DIR=/opt/rustwide/target" "-e" "CARGO_INCREMENTAL=0" "-e" "RUST_BACKTRACE=full" "-e" "RUSTFLAGS=--cap-lints=forbid" "-e" "CARGO_HOME=/opt/rustwide/cargo-home" "-e" "RUSTUP_HOME=/opt/rustwide/rustup-home" "-w" "/opt/rustwide/workdir" "-m" "1610612736" "--user" "0:0" "--network" "none" "rustops/crates-build-env@sha256:a636fd89d022f18117e1dc8fb37a0a009933cdbbe082814857f0e2024962d47c" "/opt/rustwide/cargo-home/bin/cargo" "+beta-2020-07-24" "check" "--frozen" "--all" "--all-targets" "--message-format=json", kill_on_drop: false }`
[INFO] [stdout] 5fa3a7a43da72bd45dd60cc73f176f40b13f6768ecfcfcab8181defb67fad48a
[INFO] [stderr] WARNING: Your kernel does not support swap limit capabilities or the cgroup is not mounted. Memory limited without swap.
[INFO] running `Command { std: "docker" "start" "-a" "5fa3a7a43da72bd45dd60cc73f176f40b13f6768ecfcfcab8181defb67fad48a", kill_on_drop: false }`
[INFO] [stderr]    Compiling syn v1.0.36
[INFO] [stderr]    Compiling cfg-if v0.1.10
[INFO] [stderr]    Compiling maybe-uninit v2.0.0
[INFO] [stderr]    Compiling lazy_static v1.4.0
[INFO] [stderr]    Compiling scopeguard v1.1.0
[INFO] [stderr]    Compiling either v1.5.3
[INFO] [stderr]    Compiling autocfg v0.1.7
[INFO] [stderr]    Compiling proc-macro2 v0.4.30
[INFO] [stderr]    Compiling unicode-xid v0.1.0
[INFO] [stderr]     Checking rand_core v0.4.2
[INFO] [stderr]    Compiling syn v0.15.44
[INFO] [stderr]    Compiling semver-parser v0.7.0
[INFO] [stderr]    Compiling rustc-demangle v0.1.16
[INFO] [stderr]     Checking futures v0.1.29
[INFO] [stderr]    Compiling faster-hex v0.4.1
[INFO] [stderr]     Checking foreign-types-shared v0.1.1
[INFO] [stderr]    Compiling serde_json v1.0.57
[INFO] [stderr]    Compiling openssl v0.10.30
[INFO] [stderr]    Compiling typenum v1.12.0
[INFO] [stderr]     Checking try-lock v0.2.3
[INFO] [stderr]    Compiling native-tls v0.2.4
[INFO] [stderr]     Checking openssl-probe v0.1.2
[INFO] [stderr]     Checking bit-vec v0.5.1
[INFO] [stderr]    Compiling faster-hex v0.3.1
[INFO] [stderr]     Checking stable_deref_trait v1.2.0
[INFO] [stderr]    Compiling once_cell v1.4.0
[INFO] [stderr]     Checking httpdate v0.3.2
[INFO] [stderr]     Checking linked-hash-map v0.5.1 (https://github.com/nervosnetwork/linked-hash-map?rev=df27f21#df27f219)
[INFO] [stderr]     Checking eaglesong v0.1.0
[INFO] [stderr]    Compiling tentacle-secio v0.3.4
[INFO] [stderr]     Checking ansi_term v0.12.1
[INFO] [stderr]     Checking spin v0.5.2
[INFO] [stderr]     Checking unicode-width v0.1.8
[INFO] [stderr]     Checking ansi_term v0.11.0
[INFO] [stderr]     Checking strsim v0.8.0
[INFO] [stderr]     Checking vec_map v0.8.2
[INFO] [stderr]     Checking ckb-build-info v0.34.1 (https://github.com/nervosnetwork/ckb?tag=v0.34.1#323e44c9)
[INFO] [stderr]     Checking path-clean v0.1.0
[INFO] [stderr]    Compiling regex-syntax v0.6.18
[INFO] [stderr]     Checking tower-service v0.3.0
[INFO] [stderr]     Checking void v1.0.2
[INFO] [stderr]     Checking ckb-vm-definitions v0.19.1
[INFO] [stderr]     Checking unic-char-range v0.9.0
[INFO] [stderr]     Checking unic-common v0.9.0
[INFO] [stderr]    Compiling ckb-script v0.34.1 (https://github.com/nervosnetwork/ckb?tag=v0.34.1#323e44c9)
[INFO] [stderr]    Compiling maplit v1.0.2
[INFO] [stderr]     Checking ipnet v2.3.0
[INFO] [stderr]     Checking base64 v0.12.3
[INFO] [stderr]    Compiling capsule v0.2.2 (/opt/rustwide/workdir)
[INFO] [stderr]     Checking glob v0.3.0
[INFO] [stderr]    Compiling crossbeam-utils v0.7.2
[INFO] [stderr]    Compiling memoffset v0.5.5
[INFO] [stderr]    Compiling crossbeam-epoch v0.8.2
[INFO] [stderr]    Compiling rayon v1.3.1
[INFO] [stderr]     Checking merkle-cbt v0.2.2
[INFO] [stderr]     Checking try_from v0.3.2
[INFO] [stderr]     Checking crossbeam-utils v0.6.6
[INFO] [stderr]    Compiling miniz_oxide v0.4.0
[INFO] [stderr]     Checking futures-task v0.3.5
[INFO] [stderr]    Compiling unicase v2.6.0
[INFO] [stderr]    Compiling error-chain v0.12.2
[INFO] [stderr]    Compiling thread_local v1.0.1
[INFO] [stderr]     Checking foreign-types v0.3.2
[INFO] [stderr]    Compiling semver v0.9.0
[INFO] [stderr]     Checking rand_core v0.3.1
[INFO] [stderr]     Checking rand_jitter v0.1.4
[INFO] [stderr]     Checking owning_ref v0.4.1
[INFO] [stderr]     Checking lru-cache v0.1.0 (https://github.com/nervosnetwork/lru-cache?rev=a35fdb8#a35fdb81)
[INFO] [stderr]     Checking yaml-rust v0.4.4
[INFO] [stderr]    Compiling rand_pcg v0.1.2
[INFO] [stderr]    Compiling rand_chacha v0.1.1
[INFO] [stderr]    Compiling rand v0.6.5
[INFO] [stderr]     Checking textwrap v0.11.0
[INFO] [stderr]    Compiling libc v0.2.74
[INFO] [stderr]     Checking unreachable v1.0.0
[INFO] [stderr]     Checking unic-char-property v0.9.0
[INFO] [stderr]     Checking proc-macro2 v1.0.19
[INFO] [stderr]     Checking unic-ucd-version v0.9.0
[INFO] [stderr]    Compiling memchr v2.3.3
[INFO] [stderr]    Compiling crc32fast v1.2.0
[INFO] [stderr]    Compiling heapsize v0.4.2
[INFO] [stderr]     Checking idna v0.1.5
[INFO] [stderr]    Compiling syn v0.11.11
[INFO] [stderr]    Compiling phf v0.7.24
[INFO] [stderr]     Checking crossbeam-channel v0.3.9
[INFO] [stderr]     Checking rand_xorshift v0.1.1
[INFO] [stderr]     Checking rand_hc v0.1.0
[INFO] [stderr]     Checking rand_isaac v0.1.1
[INFO] [stderr]    Compiling pest_meta v2.1.3
[INFO] [stderr]     Checking backtrace v0.3.50
[INFO] [stderr]     Checking net2 v0.2.34
[INFO] [stderr]     Checking rand_os v0.1.3
[INFO] [stderr]     Checking rand v0.5.6
[INFO] [stderr]     Checking getrandom v0.1.14
[INFO] [stderr]     Checking atty v0.2.14
[INFO] [stderr]     Checking hostname v0.1.5
[INFO] [stderr]     Checking uname v0.1.1
[INFO] [stderr]     Checking rand v0.4.6
[INFO] [stderr]     Checking socket2 v0.3.12
[INFO] [stderr]     Checking memmap v0.7.0
[INFO] [stderr]     Checking rpassword v4.0.5
[INFO] [stderr]     Checking tokio-sync v0.1.8
[INFO] [stderr]     Checking lock_api v0.1.5
[INFO] [stderr]     Checking want v0.2.0
[INFO] [stderr]     Checking want v0.3.0
[INFO] [stderr]     Checking users v0.10.0
[INFO] [stderr]     Checking bstr v0.2.13
[INFO] [stderr]     Checking base64 v0.10.1
[INFO] [stderr]     Checking flate2 v1.0.16
[INFO] [stderr]     Checking combine v3.8.1
[INFO] [stderr]     Checking xml-rs v0.7.0
[INFO] [stderr]     Checking nix v0.17.0
[INFO] [stderr]    Compiling rustc_version v0.2.3
[INFO] [stderr]     Checking unic-ucd-segment v0.9.0
[INFO] [stderr]     Checking smallvec v0.6.13
[INFO] [stderr]     Checking bytes v0.4.12
[INFO] [stderr]     Checking futures-cpupool v0.1.8
[INFO] [stderr]    Compiling aho-corasick v0.7.13
[INFO] [stderr]     Checking quote v1.0.7
[INFO] [stderr]     Checking url v1.7.2
[INFO] [stderr]     Checking clap v2.33.1
[INFO] [stderr]     Checking rand_core v0.5.1
[INFO] [stderr]     Checking mio v0.6.22
[INFO] [stderr]    Compiling quote v0.6.13
[INFO] [stderr]     Checking includedir v0.5.0
[INFO] [stderr]    Compiling parking_lot_core v0.6.2
[INFO] [stderr]    Compiling parking_lot v0.9.0
[INFO] [stderr]    Compiling hyper v0.12.35
[INFO] [stderr]    Compiling parking_lot_core v0.4.0
[INFO] [stderr]    Compiling im v12.3.4
[INFO] [stderr]    Compiling sentry v0.16.0
[INFO] [stderr]     Checking xmltree v0.8.0
[INFO] [stderr]    Compiling crossbeam-queue v0.2.3
[INFO] [stderr]    Compiling num_cpus v1.13.0
[INFO] [stderr]     Checking tokio-executor v0.1.10
[INFO] [stderr]     Checking unic-segment v0.9.0
[INFO] [stderr]     Checking generic-array v0.12.3
[INFO] [stderr]     Checking sized-chunks v0.1.3
[INFO] [stderr]    Compiling mime_guess v2.0.3
[INFO] [stderr]     Checking http v0.1.21
[INFO] [stderr]     Checking tokio-io v0.1.13
[INFO] [stderr]     Checking string v0.2.1
[INFO] [stderr]     Checking tokio-buf v0.1.1
[INFO] [stderr]     Checking env_logger v0.6.2
[INFO] [stderr]     Checking globset v0.4.5
[INFO] [stderr]     Checking env_logger v0.7.1
[INFO] [stderr]     Checking publicsuffix v1.5.4
[INFO] [stderr]     Checking rand_chacha v0.2.2
[INFO] [stderr]     Checking cookie v0.12.0
[INFO] [stderr]    Compiling regex v1.3.9
[INFO] [stderr]    Compiling enum-display-derive v0.1.0
[INFO] [stderr]    Compiling crossbeam-deque v0.7.3
[INFO] [stderr]     Checking tokio-timer v0.2.13
[INFO] [stderr]     Checking tokio-current-thread v0.1.7
[INFO] [stderr]     Checking block-buffer v0.7.3
[INFO] [stderr]     Checking digest v0.8.1
[INFO] [stderr]     Checking ignore v0.4.16
[INFO] [stderr]     Checking rand v0.7.3
[INFO] [stderr]    Compiling rayon-core v1.7.1
[INFO] [stderr]     Checking tokio-threadpool v0.1.18
[INFO] [stderr]     Checking ctrlc v3.1.5
[INFO] [stderr]     Checking sha2 v0.8.2
[INFO] [stderr]    Compiling phf_generator v0.7.24
[INFO] [stderr]     Checking http-body v0.1.0
[INFO] [stderr]     Checking h2 v0.1.26
[INFO] [stderr]     Checking attohttpc v0.4.5
[INFO] [stderr]     Checking tokio-reactor v0.1.12
[INFO] [stderr]     Checking globwalk v0.8.0
[INFO] [stderr]    Compiling phf_codegen v0.7.24
[INFO] [stderr]     Checking parking_lot v0.7.1
[INFO] [stderr]     Checking tempfile v3.1.0
[INFO] [stderr]    Compiling parse-zoneinfo v0.3.0
[INFO] [stderr]    Compiling includedir_codegen v0.5.0
[INFO] [stderr]     Checking igd v0.9.1
[INFO] [stderr]     Checking tokio-tcp v0.1.4
[INFO] [stderr]     Checking faketime v0.2.0
[INFO] [stderr]     Checking ckb-util v0.34.1 (https://github.com/nervosnetwork/ckb?tag=v0.34.1#323e44c9)
[INFO] [stderr]     Checking tokio v0.1.22
[INFO] [stderr]    Compiling chrono-tz v0.5.2
[INFO] [stderr]    Compiling synstructure v0.12.4
[INFO] [stderr]    Compiling pest_generator v2.1.3
[INFO] [stderr]    Compiling cc v1.0.41
[INFO] [stderr]    Compiling numext-constructor v0.1.4
[INFO] [stderr]    Compiling blake2b-rs v0.1.5
[INFO] [stderr]    Compiling openssl-sys v0.9.58
[INFO] [stderr]    Compiling secp256k1-sys v0.1.2
[INFO] [stderr]    Compiling ring v0.16.12
[INFO] [stderr]    Compiling ckb-librocksdb-sys v6.7.4
[INFO] [stderr]    Compiling ckb-vm v0.19.1
[INFO] [stderr]    Compiling serde_derive v1.0.114
[INFO] [stderr]    Compiling failure_derive v0.1.8
[INFO] [stderr]    Compiling pin-project-internal v0.4.23
[INFO] [stderr]    Compiling futures-macro v0.3.5
[INFO] [stderr]    Compiling thiserror-impl v1.0.20
[INFO] [stderr]    Compiling scroll_derive v0.10.2
[INFO] [stderr]    Compiling derive_more v0.99.9
[INFO] [stderr]    Compiling pest_derive v2.1.0
[INFO] [stderr]    Compiling ckb-hash v0.34.1 (https://github.com/nervosnetwork/ckb?tag=v0.34.1#323e44c9)
[INFO] [stderr] error: could not compile `numext-constructor`.
[INFO] [stderr] 
[INFO] [stderr] Caused by:
[INFO] [stderr]   process didn't exit successfully: `rustc --crate-name numext_constructor --edition=2018 /opt/rustwide/cargo-home/registry/src/github.com-1ecc6299db9ec823/numext-constructor-0.1.4/src/lib.rs --error-format=json --json=diagnostic-rendered-ansi --crate-type proc-macro --emit=dep-info,link -C prefer-dynamic -Cembed-bitcode=no -C debuginfo=2 -C metadata=3ac2139615d4ba60 -C extra-filename=-3ac2139615d4ba60 --out-dir /opt/rustwide/target/debug/deps -L dependency=/opt/rustwide/target/debug/deps --extern proc_macro2=/opt/rustwide/target/debug/deps/libproc_macro2-1c8cd06d03ec2d01.rlib --extern quote=/opt/rustwide/target/debug/deps/libquote-179b18ceb2cbc452.rlib --extern syn=/opt/rustwide/target/debug/deps/libsyn-fab28718ff60e657.rlib --extern proc_macro --cap-lints allow --cap-lints=forbid` (signal: 9, SIGKILL: kill)
[INFO] [stderr] warning: build failed, waiting for other jobs to finish...
[INFO] [stderr] The following warnings were emitted during compilation:
[INFO] [stderr] 
[INFO] [stderr] warning: c++: fatal error: Killed signal terminated program cc1plus
[INFO] [stderr] warning: compilation terminated.
[INFO] [stderr] warning: c++: fatal error: Killed signal terminated program cc1plus
[INFO] [stderr] warning: compilation terminated.
[INFO] [stderr] warning: c++: fatal error: Killed signal terminated program cc1plus
[INFO] [stderr] warning: compilation terminated.
[INFO] [stderr] warning: c++: fatal error: Killed signal terminated program cc1plus
[INFO] [stderr] warning: compilation terminated.
[INFO] [stderr] warning: c++: fatal error: Killed signal terminated program cc1plus
[INFO] [stderr] warning: compilation terminated.
[INFO] [stderr] warning: c++: fatal error: Killed signal terminated program cc1plus
[INFO] [stderr] warning: compilation terminated.
[INFO] [stderr] warning: c++: fatal error: Killed signal terminated program cc1plus
[INFO] [stderr] warning: compilation terminated.
[INFO] [stderr] 
[INFO] [stderr] error: build failed
[INFO] running `Command { std: "docker" "inspect" "5fa3a7a43da72bd45dd60cc73f176f40b13f6768ecfcfcab8181defb67fad48a", kill_on_drop: false }`
[INFO] running `Command { std: "docker" "rm" "-f" "5fa3a7a43da72bd45dd60cc73f176f40b13f6768ecfcfcab8181defb67fad48a", kill_on_drop: false }`
[INFO] [stdout] 5fa3a7a43da72bd45dd60cc73f176f40b13f6768ecfcfcab8181defb67fad48a
