[INFO] cloning repository https://github.com/mystor/amethyst_516
[INFO] running `Command { std: "git" "-c" "credential.helper=" "-c" "credential.helper=/workspace/cargo-home/bin/git-credential-null" "clone" "--bare" "https://github.com/mystor/amethyst_516" "/workspace/cache/git-repos/https%3A%2F%2Fgithub.com%2Fmystor%2Famethyst_516", kill_on_drop: false }`
[INFO] [stderr] Cloning into bare repository '/workspace/cache/git-repos/https%3A%2F%2Fgithub.com%2Fmystor%2Famethyst_516'...
[INFO] running `Command { std: "git" "rev-parse" "HEAD", kill_on_drop: false }`
[INFO] [stdout] ef12eba28d1654d7ca59de0a08f81e4f38b79d29
[INFO] checking mystor/amethyst_516 against beta-2020-07-24 for pr-75494-beta
[INFO] running `Command { std: "git" "clone" "/workspace/cache/git-repos/https%3A%2F%2Fgithub.com%2Fmystor%2Famethyst_516" "/workspace/builds/worker-2/source", kill_on_drop: false }`
[INFO] [stderr] Cloning into '/workspace/builds/worker-2/source'...
[INFO] [stderr] done.
[INFO] validating manifest of git repo https://github.com/mystor/amethyst_516 on toolchain beta-2020-07-24
[INFO] running `Command { std: "/workspace/cargo-home/bin/cargo" "+beta-2020-07-24" "read-manifest" "--manifest-path" "Cargo.toml", kill_on_drop: false }`
[INFO] started tweaking git repo https://github.com/mystor/amethyst_516
[INFO] finished tweaking git repo https://github.com/mystor/amethyst_516
[INFO] tweaked toml for git repo https://github.com/mystor/amethyst_516 written to /workspace/builds/worker-2/source/Cargo.toml
[INFO] crate git repo https://github.com/mystor/amethyst_516 already has a lockfile, it will not be regenerated
[INFO] running `Command { std: "/workspace/cargo-home/bin/cargo" "+beta-2020-07-24" "fetch" "--locked" "--manifest-path" "Cargo.toml", kill_on_drop: false }`
[INFO] [stderr]     Blocking waiting for file lock on package cache
[INFO] [stderr]  Downloading crates ...
[INFO] [stderr]   Downloaded clipboard-win v2.1.1
[INFO] [stderr]   Downloaded shred v0.5.1
[INFO] [stderr]   Downloaded ron v0.1.5
[INFO] running `Command { std: "docker" "create" "-v" "/var/lib/crater-agent-workspace/builds/worker-2/target:/opt/rustwide/target:rw,Z" "-v" "/var/lib/crater-agent-workspace/builds/worker-2/source:/opt/rustwide/workdir:ro,Z" "-v" "/var/lib/crater-agent-workspace/cargo-home:/opt/rustwide/cargo-home:ro,Z" "-v" "/var/lib/crater-agent-workspace/rustup-home:/opt/rustwide/rustup-home:ro,Z" "-e" "SOURCE_DIR=/opt/rustwide/workdir" "-e" "CARGO_TARGET_DIR=/opt/rustwide/target" "-e" "CARGO_HOME=/opt/rustwide/cargo-home" "-e" "RUSTUP_HOME=/opt/rustwide/rustup-home" "-w" "/opt/rustwide/workdir" "-m" "1610612736" "--user" "0:0" "--network" "none" "rustops/crates-build-env@sha256:a636fd89d022f18117e1dc8fb37a0a009933cdbbe082814857f0e2024962d47c" "/opt/rustwide/cargo-home/bin/cargo" "+beta-2020-07-24" "metadata" "--no-deps" "--format-version=1", kill_on_drop: false }`
[INFO] [stderr] WARNING: Your kernel does not support swap limit capabilities or the cgroup is not mounted. Memory limited without swap.
[INFO] [stdout] 5dffaa6d593bf749131063e25274f4309b77674b73c1f9ee5644d97dd6b24283
[INFO] running `Command { std: "docker" "start" "-a" "5dffaa6d593bf749131063e25274f4309b77674b73c1f9ee5644d97dd6b24283", kill_on_drop: false }`
[INFO] running `Command { std: "docker" "inspect" "5dffaa6d593bf749131063e25274f4309b77674b73c1f9ee5644d97dd6b24283", kill_on_drop: false }`
[INFO] running `Command { std: "docker" "rm" "-f" "5dffaa6d593bf749131063e25274f4309b77674b73c1f9ee5644d97dd6b24283", kill_on_drop: false }`
[INFO] [stdout] 5dffaa6d593bf749131063e25274f4309b77674b73c1f9ee5644d97dd6b24283
[INFO] running `Command { std: "docker" "create" "-v" "/var/lib/crater-agent-workspace/builds/worker-2/target:/opt/rustwide/target:rw,Z" "-v" "/var/lib/crater-agent-workspace/builds/worker-2/source:/opt/rustwide/workdir:ro,Z" "-v" "/var/lib/crater-agent-workspace/cargo-home:/opt/rustwide/cargo-home:ro,Z" "-v" "/var/lib/crater-agent-workspace/rustup-home:/opt/rustwide/rustup-home:ro,Z" "-e" "SOURCE_DIR=/opt/rustwide/workdir" "-e" "CARGO_TARGET_DIR=/opt/rustwide/target" "-e" "CARGO_INCREMENTAL=0" "-e" "RUST_BACKTRACE=full" "-e" "RUSTFLAGS=--cap-lints=forbid" "-e" "CARGO_HOME=/opt/rustwide/cargo-home" "-e" "RUSTUP_HOME=/opt/rustwide/rustup-home" "-w" "/opt/rustwide/workdir" "-m" "1610612736" "--user" "0:0" "--network" "none" "rustops/crates-build-env@sha256:a636fd89d022f18117e1dc8fb37a0a009933cdbbe082814857f0e2024962d47c" "/opt/rustwide/cargo-home/bin/cargo" "+beta-2020-07-24" "check" "--frozen" "--all" "--all-targets" "--message-format=json", kill_on_drop: false }`
[INFO] [stdout] 4202cc12f138264fe6d51cd183842ca0fa037e0ef00c0cc6e871fd7e8e642ccd
[INFO] [stderr] WARNING: Your kernel does not support swap limit capabilities or the cgroup is not mounted. Memory limited without swap.
[INFO] running `Command { std: "docker" "start" "-a" "4202cc12f138264fe6d51cd183842ca0fa037e0ef00c0cc6e871fd7e8e642ccd", kill_on_drop: false }`
[INFO] [stderr]    Compiling libc v0.2.34
[INFO] [stderr]    Compiling siphasher v0.2.2
[INFO] [stderr]    Compiling winapi-build v0.1.1
[INFO] [stderr]    Compiling bitflags v0.9.1
[INFO] [stderr]     Checking winapi v0.2.8
[INFO] [stderr]    Compiling num-traits v0.1.41
[INFO] [stderr]    Compiling itoa v0.3.4
[INFO] [stderr]    Compiling dtoa v0.4.2
[INFO] [stderr]    Compiling either v1.4.0
[INFO] [stderr]    Compiling cfg-if v0.1.2
[INFO] [stderr]     Checking rustc-demangle v0.1.5
[INFO] [stderr]     Checking nodrop v0.1.12
[INFO] [stderr]     Checking atom v0.3.4
[INFO] [stderr]     Checking odds v0.2.26
[INFO] [stderr]     Checking regex-syntax v0.3.9
[INFO] [stderr]     Checking approx v0.1.1
[INFO] [stderr]     Checking utf8-ranges v0.1.3
[INFO] [stderr]     Checking mopa v0.2.2
[INFO] [stderr]     Checking lazy_static v1.0.0
[INFO] [stderr]     Checking fnv v1.0.6
[INFO] [stderr]    Compiling bitflags v1.0.1
[INFO] [stderr]    Compiling khronos_api v2.0.0
[INFO] [stderr]     Checking tuple_utils v0.2.0
[INFO] [stderr]     Checking crossbeam v0.3.0
[INFO] [stderr]     Checking bitflags v0.8.2
[INFO] [stderr]     Checking mint v0.4.2
[INFO] [stderr]    Compiling khronos_api v1.0.1
[INFO] [stderr]     Checking stable_deref_trait v1.0.0
[INFO] [stderr]     Checking smallvec v0.6.0
[INFO] [stderr]     Checking void v1.0.2
[INFO] [stderr]    Compiling semver v0.1.20
[INFO] [stderr]    Compiling bitflags v0.7.0
[INFO] [stderr]     Checking shrev v0.8.1
[INFO] [stderr]     Checking lazy_static v0.1.16
[INFO] [stderr]     Checking xi-unicode v0.1.0
[INFO] [stderr]     Checking hetseq v0.1.5
[INFO] [stderr]     Checking unicode-normalization v0.1.5
[INFO] [stderr]     Checking claxon v0.3.1
[INFO] [stderr]     Checking wavefront_obj v5.1.0
[INFO] [stderr]     Checking hound v1.1.0
[INFO] [stderr]     Checking unicode-segmentation v1.2.0
[INFO] [stderr]     Checking rand v0.3.19
[INFO] [stderr]     Checking num_cpus v1.8.0
[INFO] [stderr]     Checking memchr v0.1.11
[INFO] [stderr]     Checking time v0.1.38
[INFO] [stderr]     Checking log v0.4.0
[INFO] [stderr]    Compiling backtrace-sys v0.1.16
[INFO] [stderr]    Compiling miniz-sys v0.1.10
[INFO] [stderr]    Compiling syn v0.10.8
[INFO] [stderr]    Compiling x11-dl v2.17.2
[INFO] [stderr]    Compiling alsa-sys v0.1.1
[INFO] [stderr]     Checking ogg v0.4.1
[INFO] [stderr]    Compiling xml-rs v0.6.1
[INFO] [stderr]     Checking arrayvec v0.4.6
[INFO] [stderr]    Compiling itertools v0.5.10
[INFO] [stderr]    Compiling phf_shared v0.7.21
[INFO] [stderr]     Checking shared_library v0.1.8
[INFO] [stderr]    Compiling xml-rs v0.7.0
[INFO] [stderr]    Compiling kernel32-sys v0.2.2
[INFO] [stderr]     Checking owning_ref v0.3.3
[INFO] [stderr]     Checking arrayvec v0.3.24
[INFO] [stderr]     Checking unreachable v0.1.1
[INFO] [stderr]    Compiling rustc_version v0.1.7
[INFO] [stderr]    Compiling xcb v0.8.1
[INFO] [stderr]    Compiling serde_json v0.9.10
[INFO] [stderr]     Checking aho-corasick v0.5.3
[INFO] [stderr]     Checking log v0.3.9
[INFO] [stderr]     Checking lewton v0.5.2
[INFO] [stderr]    Compiling phf v0.7.21
[INFO] [stderr]     Checking osmesa-sys v0.1.2
[INFO] [stderr]    Compiling serde_derive_internals v0.18.1
[INFO] [stderr]    Compiling synstructure v0.6.1
[INFO] [stderr]    Compiling shred-derive v0.3.0
[INFO] [stderr]    Compiling gfx_macros v0.2.1
[INFO] [stderr]     Checking pulse v0.5.3
[INFO] [stderr]     Checking ordered-float v0.5.0
[INFO] [stderr]     Checking rusttype v0.2.3
[INFO] [stderr]     Checking rayon-core v1.3.0
[INFO] [stderr]     Checking tempfile v2.2.0
[INFO] [stderr]     Checking parking_lot_core v0.2.9
[INFO] [stderr]    Compiling vergen v0.1.1
[INFO] [stderr]    Compiling rustc_version_runtime v0.1.3
[INFO] [stderr]    Compiling wayland-scanner v0.9.10
[INFO] [stderr]    Compiling gl_generator v0.5.5
[INFO] [stderr]    Compiling phf_generator v0.7.21
[INFO] [stderr] error: failed to run custom build command for `xcb v0.8.1`
[INFO] [stderr] 
[INFO] [stderr] Caused by:
[INFO] [stderr]   process didn't exit successfully: `/opt/rustwide/target/debug/build/xcb-f20a4f3b37c2b220/build-script-build` (exit code: 101)
[INFO] [stderr]   --- stderr
[INFO] [stderr]   error occured in handler:  ('event:   ', ('xcb', 'Sync', 'AlarmNotify'))
[INFO] [stderr]   Traceback (most recent call last):
[INFO] [stderr]     File "/opt/rustwide/cargo-home/registry/src/github.com-1ecc6299db9ec823/xcb-0.8.1/rs_client.py", line 2449, in <module>
[INFO] [stderr]       module.generate()
[INFO] [stderr]     File "/opt/rustwide/cargo-home/registry/src/github.com-1ecc6299db9ec823/xcb-0.8.1/xcbgen/state.py", line 108, in generate
[INFO] [stderr]       self.close()
[INFO] [stderr]     File "/opt/rustwide/cargo-home/registry/src/github.com-1ecc6299db9ec823/xcb-0.8.1/rs_client.py", line 297, in rs_close
[INFO] [stderr]       _f.writeout(os.path.join(module.rs_srcdir, "ffi", "%s.rs" % _module_name(_ns.ext_name)))
[INFO] [stderr]     File "/opt/rustwide/cargo-home/registry/src/github.com-1ecc6299db9ec823/xcb-0.8.1/rs_client.py", line 115, in writeout
[INFO] [stderr]       with open(path, 'w') as f:
[INFO] [stderr]   OSError: [Errno 30] Read-only file system: '/opt/rustwide/cargo-home/registry/src/github.com-1ecc6299db9ec823/xcb-0.8.1/src/ffi/sync.rs'
[INFO] [stderr]   thread 'main' panicked at 'processing of /opt/rustwide/cargo-home/registry/src/github.com-1ecc6299db9ec823/xcb-0.8.1/xml/sync.xml returned non-zero (1)', /opt/rustwide/cargo-home/registry/src/github.com-1ecc6299db9ec823/xcb-0.8.1/build.rs:73:17
[INFO] [stderr]   stack backtrace:
[INFO] [stderr]      0:     0x555e0e1eb895 - backtrace::backtrace::libunwind::trace::h5e2646fa3eddf2ea
[INFO] [stderr]                                  at /cargo/registry/src/github.com-1ecc6299db9ec823/backtrace-0.3.46/src/backtrace/libunwind.rs:86
[INFO] [stderr]      1:     0x555e0e1eb895 - backtrace::backtrace::trace_unsynchronized::hb95dd7f77ce47877
[INFO] [stderr]                                  at /cargo/registry/src/github.com-1ecc6299db9ec823/backtrace-0.3.46/src/backtrace/mod.rs:66
[INFO] [stderr]      2:     0x555e0e1eb895 - std::sys_common::backtrace::_print_fmt::h5e71b67af43fd70d
[INFO] [stderr]                                  at src/libstd/sys_common/backtrace.rs:78
[INFO] [stderr]      3:     0x555e0e1eb895 - <std::sys_common::backtrace::_print::DisplayBacktrace as core::fmt::Display>::fmt::hdb4a83d2b61107e5
[INFO] [stderr]                                  at src/libstd/sys_common/backtrace.rs:59
[INFO] [stderr]      4:     0x555e0e20d72c - core::fmt::write::ha20e7262fa3e8a7a
[INFO] [stderr]                                  at src/libcore/fmt/mod.rs:1076
[INFO] [stderr]      5:     0x555e0e1e8e72 - std::io::Write::write_fmt::h1aebfe8a5a79e36d
[INFO] [stderr]                                  at src/libstd/io/mod.rs:1537
[INFO] [stderr]      6:     0x555e0e1edc50 - std::sys_common::backtrace::_print::h9c07314cc66ba539
[INFO] [stderr]                                  at src/libstd/sys_common/backtrace.rs:62
[INFO] [stderr]      7:     0x555e0e1edc50 - std::sys_common::backtrace::print::hd1fd65f49a2d8544
[INFO] [stderr]                                  at src/libstd/sys_common/backtrace.rs:49
[INFO] [stderr]      8:     0x555e0e1edc50 - std::panicking::default_hook::{{closure}}::h222da46485ab36fc
[INFO] [stderr]                                  at src/libstd/panicking.rs:198
[INFO] [stderr]      9:     0x555e0e1ed99c - std::panicking::default_hook::hc5868949d129ed00
[INFO] [stderr]                                  at src/libstd/panicking.rs:217
[INFO] [stderr]     10:     0x555e0e1ee293 - std::panicking::rust_panic_with_hook::h26a6ab8b0993c0c8
[INFO] [stderr]                                  at src/libstd/panicking.rs:526
[INFO] [stderr]     11:     0x555e0e1ede8b - rust_begin_unwind
[INFO] [stderr]                                  at src/libstd/panicking.rs:437
[INFO] [stderr]     12:     0x555e0e1eddfb - std::panicking::begin_panic_fmt::h2ff295231415d4a6
[INFO] [stderr]                                  at src/libstd/panicking.rs:391
[INFO] [stderr]     13:     0x555e0e1d8cf5 - build_script_build::main::{{closure}}::h3a7c486553ad2a19
[INFO] [stderr]                                  at /opt/rustwide/cargo-home/registry/src/github.com-1ecc6299db9ec823/xcb-0.8.1/build.rs:73
[INFO] [stderr]     14:     0x555e0e1d798c - build_script_build::visit_xml::heceb51af778688c3
[INFO] [stderr]                                  at /opt/rustwide/cargo-home/registry/src/github.com-1ecc6299db9ec823/xcb-0.8.1/build.rs:20
[INFO] [stderr]     15:     0x555e0e1d80b5 - build_script_build::main::h150150a1cf937a4a
[INFO] [stderr]                                  at /opt/rustwide/cargo-home/registry/src/github.com-1ecc6299db9ec823/xcb-0.8.1/build.rs:56
[INFO] [stderr]     16:     0x555e0e1da69b - std::rt::lang_start::{{closure}}::h4821a3e93bea40e5
[INFO] [stderr]                                  at /rustc/6f959902b3103c49ca981fbc01871589c3498489/src/libstd/rt.rs:67
[INFO] [stderr]     17:     0x555e0e1ee663 - std::rt::lang_start_internal::{{closure}}::h84a998219831fa70
[INFO] [stderr]                                  at src/libstd/rt.rs:52
[INFO] [stderr]     18:     0x555e0e1ee663 - std::panicking::try::do_call::he8e1d689a3e26def
[INFO] [stderr]                                  at src/libstd/panicking.rs:348
[INFO] [stderr]     19:     0x555e0e1ee663 - std::panicking::try::h264b6eebc2fa7bbf
[INFO] [stderr]                                  at src/libstd/panicking.rs:325
[INFO] [stderr]     20:     0x555e0e1ee663 - std::panic::catch_unwind::hbf28fafa723b2128
[INFO] [stderr]                                  at src/libstd/panic.rs:394
[INFO] [stderr]     21:     0x555e0e1ee663 - std::rt::lang_start_internal::he959aa59bc3ec202
[INFO] [stderr]                                  at src/libstd/rt.rs:51
[INFO] [stderr]     22:     0x555e0e1da677 - std::rt::lang_start::hb374756805206c56
[INFO] [stderr]                                  at /rustc/6f959902b3103c49ca981fbc01871589c3498489/src/libstd/rt.rs:67
[INFO] [stderr]     23:     0x555e0e1d8dba - main
[INFO] [stderr]     24:     0x7f2ccfbdb0b3 - __libc_start_main
[INFO] [stderr]     25:     0x555e0e1d718e - _start
[INFO] [stderr]     26:                0x0 - <unknown>
[INFO] [stderr] warning: build failed, waiting for other jobs to finish...
[INFO] [stdout] error[E0311]: the parameter type `K` may not live long enough
[INFO] [stdout]    --> /opt/rustwide/cargo-home/registry/src/github.com-1ecc6299db9ec823/rusttype-0.2.3/src/support/bst/map.rs:81:19
[INFO] [stdout]     |
[INFO] [stdout] 81  |             match node.force() {
[INFO] [stdout]     |                   ^^^^
[INFO] [stdout]     |
[INFO] [stdout] note: the parameter type `K` must be valid for the anonymous lifetime #1 defined on the function body at 77:9...
[INFO] [stdout]    --> /opt/rustwide/cargo-home/registry/src/github.com-1ecc6299db9ec823/rusttype-0.2.3/src/support/bst/map.rs:77:9
[INFO] [stdout]     |
[INFO] [stdout] 77  | /         fn clone_subtree<K: Clone, V: Clone>(
[INFO] [stdout] 78  | |                 node: node::NodeRef<marker::Immut, K, V, marker::LeafOrInternal>)
[INFO] [stdout] 79  | |                 -> BTreeMap<K, V> {
[INFO] [stdout] 80  | |
[INFO] [stdout] ...   |
[INFO] [stdout] 136 | |             }
[INFO] [stdout] 137 | |         }
[INFO] [stdout]     | |_________^
[INFO] [stdout] 
[INFO] [stdout] 
[INFO] [stdout] error[E0311]: the parameter type `V` may not live long enough
[INFO] [stdout]    --> /opt/rustwide/cargo-home/registry/src/github.com-1ecc6299db9ec823/rusttype-0.2.3/src/support/bst/map.rs:81:19
[INFO] [stdout]     |
[INFO] [stdout] 81  |             match node.force() {
[INFO] [stdout]     |                   ^^^^
[INFO] [stdout]     |
[INFO] [stdout] note: the parameter type `V` must be valid for the anonymous lifetime #1 defined on the function body at 77:9...
[INFO] [stdout]    --> /opt/rustwide/cargo-home/registry/src/github.com-1ecc6299db9ec823/rusttype-0.2.3/src/support/bst/map.rs:77:9
[INFO] [stdout]     |
[INFO] [stdout] 77  | /         fn clone_subtree<K: Clone, V: Clone>(
[INFO] [stdout] 78  | |                 node: node::NodeRef<marker::Immut, K, V, marker::LeafOrInternal>)
[INFO] [stdout] 79  | |                 -> BTreeMap<K, V> {
[INFO] [stdout] 80  | |
[INFO] [stdout] ...   |
[INFO] [stdout] 136 | |             }
[INFO] [stdout] 137 | |         }
[INFO] [stdout]     | |_________^
[INFO] [stdout] 
[INFO] [stdout] 
[INFO] [stdout] error: aborting due to 2 previous errors
[INFO] [stdout] 
[INFO] [stdout] 
[INFO] [stderr] error: build failed
[INFO] running `Command { std: "docker" "inspect" "4202cc12f138264fe6d51cd183842ca0fa037e0ef00c0cc6e871fd7e8e642ccd", kill_on_drop: false }`
[INFO] running `Command { std: "docker" "rm" "-f" "4202cc12f138264fe6d51cd183842ca0fa037e0ef00c0cc6e871fd7e8e642ccd", kill_on_drop: false }`
[INFO] [stdout] 4202cc12f138264fe6d51cd183842ca0fa037e0ef00c0cc6e871fd7e8e642ccd
