[INFO] cloning repository https://github.com/molikto/nolex
[INFO] running `Command { std: "git" "-c" "credential.helper=" "-c" "credential.helper=/workspace/cargo-home/bin/git-credential-null" "clone" "--bare" "https://github.com/molikto/nolex" "/workspace/cache/git-repos/https%3A%2F%2Fgithub.com%2Fmolikto%2Fnolex", kill_on_drop: false }`
[INFO] [stderr] Cloning into bare repository '/workspace/cache/git-repos/https%3A%2F%2Fgithub.com%2Fmolikto%2Fnolex'...
[INFO] running `Command { std: "git" "rev-parse" "HEAD", kill_on_drop: false }`
[INFO] [stdout] 36f33a02c0f75df25ccb63f12939235335145bcb
[INFO] checking molikto/nolex against beta-2020-07-24 for pr-75494-beta
[INFO] running `Command { std: "git" "clone" "/workspace/cache/git-repos/https%3A%2F%2Fgithub.com%2Fmolikto%2Fnolex" "/workspace/builds/worker-3/source", kill_on_drop: false }`
[INFO] [stderr] Cloning into '/workspace/builds/worker-3/source'...
[INFO] [stderr] done.
[INFO] validating manifest of git repo https://github.com/molikto/nolex on toolchain beta-2020-07-24
[INFO] running `Command { std: "/workspace/cargo-home/bin/cargo" "+beta-2020-07-24" "read-manifest" "--manifest-path" "Cargo.toml", kill_on_drop: false }`
[INFO] started tweaking git repo https://github.com/molikto/nolex
[INFO] finished tweaking git repo https://github.com/molikto/nolex
[INFO] tweaked toml for git repo https://github.com/molikto/nolex written to /workspace/builds/worker-3/source/Cargo.toml
[INFO] crate git repo https://github.com/molikto/nolex already has a lockfile, it will not be regenerated
[INFO] running `Command { std: "/workspace/cargo-home/bin/cargo" "+beta-2020-07-24" "fetch" "--locked" "--manifest-path" "Cargo.toml", kill_on_drop: false }`
[INFO] [stderr]     Blocking waiting for file lock on package cache
[INFO] [stderr]     Blocking waiting for file lock on package cache
[INFO] running `Command { std: "docker" "create" "-v" "/var/lib/crater-agent-workspace/builds/worker-3/target:/opt/rustwide/target:rw,Z" "-v" "/var/lib/crater-agent-workspace/builds/worker-3/source:/opt/rustwide/workdir:ro,Z" "-v" "/var/lib/crater-agent-workspace/cargo-home:/opt/rustwide/cargo-home:ro,Z" "-v" "/var/lib/crater-agent-workspace/rustup-home:/opt/rustwide/rustup-home:ro,Z" "-e" "SOURCE_DIR=/opt/rustwide/workdir" "-e" "CARGO_TARGET_DIR=/opt/rustwide/target" "-e" "CARGO_HOME=/opt/rustwide/cargo-home" "-e" "RUSTUP_HOME=/opt/rustwide/rustup-home" "-w" "/opt/rustwide/workdir" "-m" "1610612736" "--user" "0:0" "--network" "none" "rustops/crates-build-env@sha256:a636fd89d022f18117e1dc8fb37a0a009933cdbbe082814857f0e2024962d47c" "/opt/rustwide/cargo-home/bin/cargo" "+beta-2020-07-24" "metadata" "--no-deps" "--format-version=1", kill_on_drop: false }`
[INFO] [stdout] 9ed694fac2604a0b90ce289bbce8213184860fb38d7689e2c4081c25c61f6459
[INFO] [stderr] WARNING: Your kernel does not support swap limit capabilities or the cgroup is not mounted. Memory limited without swap.
[INFO] running `Command { std: "docker" "start" "-a" "9ed694fac2604a0b90ce289bbce8213184860fb38d7689e2c4081c25c61f6459", kill_on_drop: false }`
[INFO] running `Command { std: "docker" "inspect" "9ed694fac2604a0b90ce289bbce8213184860fb38d7689e2c4081c25c61f6459", kill_on_drop: false }`
[INFO] running `Command { std: "docker" "rm" "-f" "9ed694fac2604a0b90ce289bbce8213184860fb38d7689e2c4081c25c61f6459", kill_on_drop: false }`
[INFO] [stdout] 9ed694fac2604a0b90ce289bbce8213184860fb38d7689e2c4081c25c61f6459
[INFO] running `Command { std: "docker" "create" "-v" "/var/lib/crater-agent-workspace/builds/worker-3/target:/opt/rustwide/target:rw,Z" "-v" "/var/lib/crater-agent-workspace/builds/worker-3/source:/opt/rustwide/workdir:ro,Z" "-v" "/var/lib/crater-agent-workspace/cargo-home:/opt/rustwide/cargo-home:ro,Z" "-v" "/var/lib/crater-agent-workspace/rustup-home:/opt/rustwide/rustup-home:ro,Z" "-e" "SOURCE_DIR=/opt/rustwide/workdir" "-e" "CARGO_TARGET_DIR=/opt/rustwide/target" "-e" "CARGO_INCREMENTAL=0" "-e" "RUST_BACKTRACE=full" "-e" "RUSTFLAGS=--cap-lints=forbid" "-e" "CARGO_HOME=/opt/rustwide/cargo-home" "-e" "RUSTUP_HOME=/opt/rustwide/rustup-home" "-w" "/opt/rustwide/workdir" "-m" "1610612736" "--user" "0:0" "--network" "none" "rustops/crates-build-env@sha256:a636fd89d022f18117e1dc8fb37a0a009933cdbbe082814857f0e2024962d47c" "/opt/rustwide/cargo-home/bin/cargo" "+beta-2020-07-24" "check" "--frozen" "--all" "--all-targets" "--message-format=json", kill_on_drop: false }`
[INFO] [stdout] 797937a4d6c0b2bb9db57de8c50773f2386db9271ac56a54296502592a1a6e3a
[INFO] [stderr] WARNING: Your kernel does not support swap limit capabilities or the cgroup is not mounted. Memory limited without swap.
[INFO] running `Command { std: "docker" "start" "-a" "797937a4d6c0b2bb9db57de8c50773f2386db9271ac56a54296502592a1a6e3a", kill_on_drop: false }`
[INFO] [stderr]    Compiling proc-macro2 v1.0.18
[INFO] [stderr]    Compiling libc v0.2.71
[INFO] [stderr]    Compiling cairo-rs v0.8.1
[INFO] [stderr]    Compiling gio v0.8.1
[INFO] [stderr]     Checking tinystr v0.3.2
[INFO] [stderr]     Checking arrayvec v0.5.1
[INFO] [stderr]    Compiling cc v1.0.56
[INFO] [stderr]    Compiling gdk v0.12.1
[INFO] [stderr]    Compiling anyhow v1.0.31
[INFO] [stderr]     Checking unicode-segmentation v1.6.0
[INFO] [stderr]     Checking xi-unicode v0.2.1
[INFO] [stderr]    Compiling gtk v0.8.1
[INFO] [stderr]     Checking rand_core v0.5.1
[INFO] [stderr]     Checking stable_deref_trait v1.1.1
[INFO] [stderr]     Checking fluent-syntax v0.9.3
[INFO] [stderr]     Checking instant v0.1.5
[INFO] [stderr]    Compiling glib-sys v0.9.1
[INFO] [stderr]    Compiling gobject-sys v0.9.1
[INFO] [stderr]    Compiling gio-sys v0.9.1
[INFO] [stderr]    Compiling cairo-sys-rs v0.9.2
[INFO] [stderr]    Compiling pango-sys v0.9.1
[INFO] [stderr]    Compiling gdk-pixbuf-sys v0.9.1
[INFO] [stderr]     Checking futures-task v0.3.5
[INFO] [stderr]     Checking futures-channel v0.3.5
[INFO] [stderr]    Compiling gdk-sys v0.9.1
[INFO] [stderr]    Compiling atk-sys v0.9.1
[INFO] [stderr]    Compiling standback v0.2.9
[INFO] [stderr]    Compiling gtk-sys v0.9.2
[INFO] [stderr]    Compiling im v15.0.0
[INFO] [stderr]     Checking rand_xoshiro v0.4.0
[INFO] [stderr]     Checking unic-langid-impl v0.9.0
[INFO] [stderr]     Checking itertools v0.9.0
[INFO] [stderr]     Checking kurbo v0.6.2
[INFO] [stderr]     Checking keyboard-types v0.5.0
[INFO] [stderr]     Checking unic-langid v0.9.0
[INFO] [stderr]     Checking bitmaps v2.1.0
[INFO] [stderr]     Checking simple_logger v1.6.0
[INFO] [stderr]     Checking type-map v0.3.0
[INFO] [stderr]     Checking regex v1.3.9
[INFO] [stderr]     Checking fluent-langneg v0.13.0
[INFO] [stderr]     Checking intl_pluralrules v7.0.0
[INFO] [stderr]    Compiling pango v0.8.0
[INFO] [stderr]    Compiling atk v0.8.0
[INFO] [stderr]     Checking intl-memoizer v0.5.0
[INFO] [stderr]    Compiling gdk-pixbuf v0.8.0
[INFO] [stderr]     Checking piet v0.1.0
[INFO] [stderr]    Compiling tree-sitter v0.16.1
[INFO] [stderr]    Compiling nolex v0.1.0 (/opt/rustwide/workdir)
[INFO] [stderr]    Compiling quote v1.0.7
[INFO] [stderr]    Compiling syn v1.0.33
[INFO] [stderr] The following warnings were emitted during compilation:
[INFO] [stderr] 
[INFO] [stderr] warning: cc: error: tree-sitter-json/src/parser.c: No such file or directory
[INFO] [stderr] warning: cc: fatal error: no input files
[INFO] [stderr] warning: compilation terminated.
[INFO] [stderr] 
[INFO] [stderr] error: failed to run custom build command for `nolex v0.1.0 (/opt/rustwide/workdir)`
[INFO] [stderr] 
[INFO] [stderr] Caused by:
[INFO] [stderr]   process didn't exit successfully: `/opt/rustwide/target/debug/build/nolex-45c200b67a46c966/build-script-build` (exit code: 1)
[INFO] [stderr]   --- stdout
[INFO] [stderr]   TARGET = Some("x86_64-unknown-linux-gnu")
[INFO] [stderr]   OPT_LEVEL = Some("0")
[INFO] [stderr]   HOST = Some("x86_64-unknown-linux-gnu")
[INFO] [stderr]   CC_x86_64-unknown-linux-gnu = None
[INFO] [stderr]   CC_x86_64_unknown_linux_gnu = None
[INFO] [stderr]   HOST_CC = None
[INFO] [stderr]   CC = None
[INFO] [stderr]   CFLAGS_x86_64-unknown-linux-gnu = None
[INFO] [stderr]   CFLAGS_x86_64_unknown_linux_gnu = None
[INFO] [stderr]   HOST_CFLAGS = None
[INFO] [stderr]   CFLAGS = None
[INFO] [stderr]   CRATE_CC_NO_DEFAULTS = None
[INFO] [stderr]   DEBUG = Some("true")
[INFO] [stderr]   CARGO_CFG_TARGET_FEATURE = Some("fxsr,sse,sse2")
[INFO] [stderr]   running: "cc" "-O0" "-ffunction-sections" "-fdata-sections" "-fPIC" "-g" "-fno-omit-frame-pointer" "-m64" "-I" "tree-sitter-json/src" "-Wall" "-Wextra" "-o" "/opt/rustwide/target/debug/build/nolex-859f9d51b3d43004/out/tree-sitter-json/src/parser.o" "-c" "tree-sitter-json/src/parser.c"
[INFO] [stderr]   cargo:warning=cc: error: tree-sitter-json/src/parser.c: No such file or directory
[INFO] [stderr]   cargo:warning=cc: fatal error: no input files
[INFO] [stderr]   cargo:warning=compilation terminated.
[INFO] [stderr]   exit code: 1
[INFO] [stderr] 
[INFO] [stderr]   --- stderr
[INFO] [stderr] 
[INFO] [stderr] 
[INFO] [stderr]   error occurred: Command "cc" "-O0" "-ffunction-sections" "-fdata-sections" "-fPIC" "-g" "-fno-omit-frame-pointer" "-m64" "-I" "tree-sitter-json/src" "-Wall" "-Wextra" "-o" "/opt/rustwide/target/debug/build/nolex-859f9d51b3d43004/out/tree-sitter-json/src/parser.o" "-c" "tree-sitter-json/src/parser.c" with args "cc" did not execute successfully (status code exit code: 1).
[INFO] [stderr] 
[INFO] [stderr] 
[INFO] [stderr] warning: build failed, waiting for other jobs to finish...
[INFO] [stderr] error: build failed
[INFO] running `Command { std: "docker" "inspect" "797937a4d6c0b2bb9db57de8c50773f2386db9271ac56a54296502592a1a6e3a", kill_on_drop: false }`
[INFO] running `Command { std: "docker" "rm" "-f" "797937a4d6c0b2bb9db57de8c50773f2386db9271ac56a54296502592a1a6e3a", kill_on_drop: false }`
[INFO] [stdout] 797937a4d6c0b2bb9db57de8c50773f2386db9271ac56a54296502592a1a6e3a
