[INFO] cloning repository https://github.com/mmichie/lightfoot
[INFO] running `Command { std: "git" "-c" "credential.helper=" "-c" "credential.helper=/workspace/cargo-home/bin/git-credential-null" "clone" "--bare" "https://github.com/mmichie/lightfoot" "/workspace/cache/git-repos/https%3A%2F%2Fgithub.com%2Fmmichie%2Flightfoot", kill_on_drop: false }`
[INFO] [stderr] Cloning into bare repository '/workspace/cache/git-repos/https%3A%2F%2Fgithub.com%2Fmmichie%2Flightfoot'...
[INFO] running `Command { std: "git" "rev-parse" "HEAD", kill_on_drop: false }`
[INFO] [stdout] 31da0ebfea86a59c9b117137826778d74ff4a342
[INFO] checking mmichie/lightfoot against beta-2020-07-24 for pr-75494-beta
[INFO] running `Command { std: "git" "clone" "/workspace/cache/git-repos/https%3A%2F%2Fgithub.com%2Fmmichie%2Flightfoot" "/workspace/builds/worker-2/source", kill_on_drop: false }`
[INFO] [stderr] Cloning into '/workspace/builds/worker-2/source'...
[INFO] [stderr] done.
[INFO] validating manifest of git repo https://github.com/mmichie/lightfoot on toolchain beta-2020-07-24
[INFO] running `Command { std: "/workspace/cargo-home/bin/cargo" "+beta-2020-07-24" "read-manifest" "--manifest-path" "Cargo.toml", kill_on_drop: false }`
[INFO] started tweaking git repo https://github.com/mmichie/lightfoot
[INFO] finished tweaking git repo https://github.com/mmichie/lightfoot
[INFO] tweaked toml for git repo https://github.com/mmichie/lightfoot written to /workspace/builds/worker-2/source/Cargo.toml
[INFO] crate git repo https://github.com/mmichie/lightfoot already has a lockfile, it will not be regenerated
[INFO] running `Command { std: "/workspace/cargo-home/bin/cargo" "+beta-2020-07-24" "fetch" "--locked" "--manifest-path" "Cargo.toml", kill_on_drop: false }`
[INFO] running `Command { std: "docker" "create" "-v" "/var/lib/crater-agent-workspace/builds/worker-2/target:/opt/rustwide/target:rw,Z" "-v" "/var/lib/crater-agent-workspace/builds/worker-2/source:/opt/rustwide/workdir:ro,Z" "-v" "/var/lib/crater-agent-workspace/cargo-home:/opt/rustwide/cargo-home:ro,Z" "-v" "/var/lib/crater-agent-workspace/rustup-home:/opt/rustwide/rustup-home:ro,Z" "-e" "SOURCE_DIR=/opt/rustwide/workdir" "-e" "CARGO_TARGET_DIR=/opt/rustwide/target" "-e" "CARGO_HOME=/opt/rustwide/cargo-home" "-e" "RUSTUP_HOME=/opt/rustwide/rustup-home" "-w" "/opt/rustwide/workdir" "-m" "1610612736" "--user" "0:0" "--network" "none" "rustops/crates-build-env@sha256:a636fd89d022f18117e1dc8fb37a0a009933cdbbe082814857f0e2024962d47c" "/opt/rustwide/cargo-home/bin/cargo" "+beta-2020-07-24" "metadata" "--no-deps" "--format-version=1", kill_on_drop: false }`
[INFO] [stdout] 557c5b888ecabd0beaa2d0a2e0963cd2b4493f86d7df20bf82bc7bff62e322ae
[INFO] [stderr] WARNING: Your kernel does not support swap limit capabilities or the cgroup is not mounted. Memory limited without swap.
[INFO] running `Command { std: "docker" "start" "-a" "557c5b888ecabd0beaa2d0a2e0963cd2b4493f86d7df20bf82bc7bff62e322ae", kill_on_drop: false }`
[INFO] running `Command { std: "docker" "inspect" "557c5b888ecabd0beaa2d0a2e0963cd2b4493f86d7df20bf82bc7bff62e322ae", kill_on_drop: false }`
[INFO] running `Command { std: "docker" "rm" "-f" "557c5b888ecabd0beaa2d0a2e0963cd2b4493f86d7df20bf82bc7bff62e322ae", kill_on_drop: false }`
[INFO] [stdout] 557c5b888ecabd0beaa2d0a2e0963cd2b4493f86d7df20bf82bc7bff62e322ae
[INFO] running `Command { std: "docker" "create" "-v" "/var/lib/crater-agent-workspace/builds/worker-2/target:/opt/rustwide/target:rw,Z" "-v" "/var/lib/crater-agent-workspace/builds/worker-2/source:/opt/rustwide/workdir:ro,Z" "-v" "/var/lib/crater-agent-workspace/cargo-home:/opt/rustwide/cargo-home:ro,Z" "-v" "/var/lib/crater-agent-workspace/rustup-home:/opt/rustwide/rustup-home:ro,Z" "-e" "SOURCE_DIR=/opt/rustwide/workdir" "-e" "CARGO_TARGET_DIR=/opt/rustwide/target" "-e" "CARGO_INCREMENTAL=0" "-e" "RUST_BACKTRACE=full" "-e" "RUSTFLAGS=--cap-lints=forbid" "-e" "CARGO_HOME=/opt/rustwide/cargo-home" "-e" "RUSTUP_HOME=/opt/rustwide/rustup-home" "-w" "/opt/rustwide/workdir" "-m" "1610612736" "--user" "0:0" "--network" "none" "rustops/crates-build-env@sha256:a636fd89d022f18117e1dc8fb37a0a009933cdbbe082814857f0e2024962d47c" "/opt/rustwide/cargo-home/bin/cargo" "+beta-2020-07-24" "check" "--frozen" "--all" "--all-targets" "--message-format=json", kill_on_drop: false }`
[INFO] [stdout] 89b13aa84df4278fba4530ff372d59235525bc81ff263b9452da6a68afdfc1bf
[INFO] [stderr] WARNING: Your kernel does not support swap limit capabilities or the cgroup is not mounted. Memory limited without swap.
[INFO] running `Command { std: "docker" "start" "-a" "89b13aa84df4278fba4530ff372d59235525bc81ff263b9452da6a68afdfc1bf", kill_on_drop: false }`
[INFO] [stderr]     Checking lightfoot v0.0.1 (/opt/rustwide/workdir)
[INFO] [stdout] error[E0432]: unresolved import `std::io::Timer`
[INFO] [stdout]  --> src/main.rs:4:5
[INFO] [stdout]   |
[INFO] [stdout] 4 | use std::io::Timer;
[INFO] [stdout]   |     ^^^^^^^^^^^^^^ no `Timer` in `io`
[INFO] [stdout] 
[INFO] [stdout] 
[INFO] [stdout] error[E0432]: unresolved import `std::rand`
[INFO] [stdout]  --> src/main.rs:5:5
[INFO] [stdout]   |
[INFO] [stdout] 5 | use std::rand;
[INFO] [stdout]   |     ^^^^^^^^^ no `rand` in the root
[INFO] [stdout] 
[INFO] [stdout] 
[INFO] [stdout] error[E0412]: cannot find type `int` in this scope
[INFO] [stdout]  --> src/main.rs:8:19
[INFO] [stdout]   |
[INFO] [stdout] 8 | static N_THREADS: int = 1000;
[INFO] [stdout]   |                   ^^^ not found in this scope
[INFO] [stdout] 
[INFO] [stdout] 
[INFO] [stdout] error[E0554]: `#![feature]` may not be used on the beta release channel
[INFO] [stdout]  --> src/main.rs:1:1
[INFO] [stdout]   |
[INFO] [stdout] 1 | #![feature(macro_rules, phase, slicing_syntax)]
[INFO] [stdout]   | ^^^^^^^^^^^^^^^^^^^^^^^^^^^^^^^^^^^^^^^^^^^^^^^
[INFO] [stdout] 
[INFO] [stdout] 
[INFO] [stdout] error[E0432]: unresolved import `std::io::Timer`
[INFO] [stdout]  --> src/main.rs:4:5
[INFO] [stdout]   |
[INFO] [stdout] 4 | use std::io::Timer;
[INFO] [stdout]   |     ^^^^^^^^^^^^^^ no `Timer` in `io`
[INFO] [stdout] 
[INFO] [stdout] 
[INFO] [stdout] error[E0432]: unresolved import `std::rand`
[INFO] [stdout]  --> src/main.rs:5:5
[INFO] [stdout]   |
[INFO] [stdout] 5 | use std::rand;
[INFO] [stdout]   |     ^^^^^^^^^ no `rand` in the root
[INFO] [stdout] 
[INFO] [stdout] 
[INFO] [stdout] error[E0412]: cannot find type `int` in this scope
[INFO] [stdout]  --> src/main.rs:8:19
[INFO] [stdout]   |
[INFO] [stdout] 8 | static N_THREADS: int = 1000;
[INFO] [stdout]   |                   ^^^ not found in this scope
[INFO] [stdout] 
[INFO] [stdout] 
[INFO] [stdout] error[E0554]: `#![feature]` may not be used on the beta release channel
[INFO] [stdout]  --> src/main.rs:1:1
[INFO] [stdout]   |
[INFO] [stdout] 1 | #![feature(macro_rules, phase, slicing_syntax)]
[INFO] [stdout]   | ^^^^^^^^^^^^^^^^^^^^^^^^^^^^^^^^^^^^^^^^^^^^^^^
[INFO] [stdout] 
[INFO] [stdout] 
[INFO] [stdout] error[E0599]: no function or associated item named `spawn` found for struct `std::thread::Thread` in the current scope
[INFO] [stdout]   --> src/main.rs:11:45
[INFO] [stdout]    |
[INFO] [stdout] 11 |     let _ = (0..N_THREADS).map( |i| Thread::spawn(move || {
[INFO] [stdout]    |                                             ^^^^^ function or associated item not found in `std::thread::Thread`
[INFO] [stdout] 
[INFO] [stdout] 
[INFO] [stdout] error[E0599]: no function or associated item named `milliseconds` found for struct `std::time::Duration` in the current scope
[INFO] [stdout]   --> src/main.rs:15:31
[INFO] [stdout]    |
[INFO] [stdout] 15 |         timer.sleep(Duration::milliseconds(t as i64));
[INFO] [stdout]    |                               ^^^^^^^^^^^^ function or associated item not found in `std::time::Duration`
[INFO] [stdout] 
[INFO] [stdout] 
[INFO] [stdout] error[E0599]: no function or associated item named `spawn` found for struct `std::thread::Thread` in the current scope
[INFO] [stdout]   --> src/main.rs:11:45
[INFO] [stdout]    |
[INFO] [stdout] 11 |     let _ = (0..N_THREADS).map( |i| Thread::spawn(move || {
[INFO] [stdout]    |                                             ^^^^^ function or associated item not found in `std::thread::Thread`
[INFO] [stdout] 
[INFO] [stdout] 
[INFO] [stdout] error: aborting due to 6 previous errors
[INFO] [stdout] 
[INFO] [stdout] 
[INFO] [stdout] Some errors have detailed explanations: E0412, E0432, E0554, E0599.
[INFO] [stdout] 
[INFO] [stdout] For more information about an error, try `rustc --explain E0412`.
[INFO] [stdout] 
[INFO] [stdout] error[E0599]: no function or associated item named `milliseconds` found for struct `std::time::Duration` in the current scope
[INFO] [stdout]   --> src/main.rs:15:31
[INFO] [stdout]    |
[INFO] [stdout] 15 |         timer.sleep(Duration::milliseconds(t as i64));
[INFO] [stdout]    |                               ^^^^^^^^^^^^ function or associated item not found in `std::time::Duration`
[INFO] [stdout] 
[INFO] [stdout] 
[INFO] [stderr] error: could not compile `lightfoot`.
[INFO] [stderr] 
[INFO] [stderr] To learn more, run the command again with --verbose.
[INFO] [stderr] warning: build failed, waiting for other jobs to finish...
[INFO] [stdout] error: aborting due to 6 previous errors
[INFO] [stdout] 
[INFO] [stdout] 
[INFO] [stdout] Some errors have detailed explanations: E0412, E0432, E0554, E0599.
[INFO] [stdout] 
[INFO] [stdout] For more information about an error, try `rustc --explain E0412`.
[INFO] [stdout] 
[INFO] [stderr] error: build failed
[INFO] running `Command { std: "docker" "inspect" "89b13aa84df4278fba4530ff372d59235525bc81ff263b9452da6a68afdfc1bf", kill_on_drop: false }`
[INFO] running `Command { std: "docker" "rm" "-f" "89b13aa84df4278fba4530ff372d59235525bc81ff263b9452da6a68afdfc1bf", kill_on_drop: false }`
[INFO] [stdout] 89b13aa84df4278fba4530ff372d59235525bc81ff263b9452da6a68afdfc1bf
