[INFO] cloning repository https://github.com/micromaomao/docker-update-all
[INFO] running `Command { std: "git" "-c" "credential.helper=" "-c" "credential.helper=/workspace/cargo-home/bin/git-credential-null" "clone" "--bare" "https://github.com/micromaomao/docker-update-all" "/workspace/cache/git-repos/https%3A%2F%2Fgithub.com%2Fmicromaomao%2Fdocker-update-all", kill_on_drop: false }`
[INFO] [stderr] Cloning into bare repository '/workspace/cache/git-repos/https%3A%2F%2Fgithub.com%2Fmicromaomao%2Fdocker-update-all'...
[INFO] running `Command { std: "git" "rev-parse" "HEAD", kill_on_drop: false }`
[INFO] [stdout] 792bb0ed5929c565af97a9d449b8715b56fc2719
[INFO] checking micromaomao/docker-update-all against beta-2020-07-24 for pr-75494-beta
[INFO] running `Command { std: "git" "clone" "/workspace/cache/git-repos/https%3A%2F%2Fgithub.com%2Fmicromaomao%2Fdocker-update-all" "/workspace/builds/worker-5/source", kill_on_drop: false }`
[INFO] [stderr] Cloning into '/workspace/builds/worker-5/source'...
[INFO] [stderr] done.
[INFO] validating manifest of git repo https://github.com/micromaomao/docker-update-all on toolchain beta-2020-07-24
[INFO] running `Command { std: "/workspace/cargo-home/bin/cargo" "+beta-2020-07-24" "read-manifest" "--manifest-path" "Cargo.toml", kill_on_drop: false }`
[INFO] started tweaking git repo https://github.com/micromaomao/docker-update-all
[INFO] finished tweaking git repo https://github.com/micromaomao/docker-update-all
[INFO] tweaked toml for git repo https://github.com/micromaomao/docker-update-all written to /workspace/builds/worker-5/source/Cargo.toml
[INFO] crate git repo https://github.com/micromaomao/docker-update-all already has a lockfile, it will not be regenerated
[INFO] running `Command { std: "/workspace/cargo-home/bin/cargo" "+beta-2020-07-24" "fetch" "--locked" "--manifest-path" "Cargo.toml", kill_on_drop: false }`
[INFO] running `Command { std: "docker" "create" "-v" "/var/lib/crater-agent-workspace/builds/worker-5/target:/opt/rustwide/target:rw,Z" "-v" "/var/lib/crater-agent-workspace/builds/worker-5/source:/opt/rustwide/workdir:ro,Z" "-v" "/var/lib/crater-agent-workspace/cargo-home:/opt/rustwide/cargo-home:ro,Z" "-v" "/var/lib/crater-agent-workspace/rustup-home:/opt/rustwide/rustup-home:ro,Z" "-e" "SOURCE_DIR=/opt/rustwide/workdir" "-e" "CARGO_TARGET_DIR=/opt/rustwide/target" "-e" "CARGO_HOME=/opt/rustwide/cargo-home" "-e" "RUSTUP_HOME=/opt/rustwide/rustup-home" "-w" "/opt/rustwide/workdir" "-m" "1610612736" "--user" "0:0" "--network" "none" "rustops/crates-build-env@sha256:a636fd89d022f18117e1dc8fb37a0a009933cdbbe082814857f0e2024962d47c" "/opt/rustwide/cargo-home/bin/cargo" "+beta-2020-07-24" "metadata" "--no-deps" "--format-version=1", kill_on_drop: false }`
[INFO] [stderr] WARNING: Your kernel does not support swap limit capabilities or the cgroup is not mounted. Memory limited without swap.
[INFO] [stdout] b66dbe702388c25091035fb7b2eed9566324372e6c07ca159b827222cbcc0109
[INFO] running `Command { std: "docker" "start" "-a" "b66dbe702388c25091035fb7b2eed9566324372e6c07ca159b827222cbcc0109", kill_on_drop: false }`
[INFO] running `Command { std: "docker" "inspect" "b66dbe702388c25091035fb7b2eed9566324372e6c07ca159b827222cbcc0109", kill_on_drop: false }`
[INFO] running `Command { std: "docker" "rm" "-f" "b66dbe702388c25091035fb7b2eed9566324372e6c07ca159b827222cbcc0109", kill_on_drop: false }`
[INFO] [stdout] b66dbe702388c25091035fb7b2eed9566324372e6c07ca159b827222cbcc0109
[INFO] running `Command { std: "docker" "create" "-v" "/var/lib/crater-agent-workspace/builds/worker-5/target:/opt/rustwide/target:rw,Z" "-v" "/var/lib/crater-agent-workspace/builds/worker-5/source:/opt/rustwide/workdir:ro,Z" "-v" "/var/lib/crater-agent-workspace/cargo-home:/opt/rustwide/cargo-home:ro,Z" "-v" "/var/lib/crater-agent-workspace/rustup-home:/opt/rustwide/rustup-home:ro,Z" "-e" "SOURCE_DIR=/opt/rustwide/workdir" "-e" "CARGO_TARGET_DIR=/opt/rustwide/target" "-e" "CARGO_INCREMENTAL=0" "-e" "RUST_BACKTRACE=full" "-e" "RUSTFLAGS=--cap-lints=forbid" "-e" "CARGO_HOME=/opt/rustwide/cargo-home" "-e" "RUSTUP_HOME=/opt/rustwide/rustup-home" "-w" "/opt/rustwide/workdir" "-m" "1610612736" "--user" "0:0" "--network" "none" "rustops/crates-build-env@sha256:a636fd89d022f18117e1dc8fb37a0a009933cdbbe082814857f0e2024962d47c" "/opt/rustwide/cargo-home/bin/cargo" "+beta-2020-07-24" "check" "--frozen" "--all" "--all-targets" "--message-format=json", kill_on_drop: false }`
[INFO] [stdout] 6fef3c788ac9d436533e12bf6c9a917b90998f8819cd5cf6e18b1cccf3fb1992
[INFO] [stderr] WARNING: Your kernel does not support swap limit capabilities or the cgroup is not mounted. Memory limited without swap.
[INFO] running `Command { std: "docker" "start" "-a" "6fef3c788ac9d436533e12bf6c9a917b90998f8819cd5cf6e18b1cccf3fb1992", kill_on_drop: false }`
[INFO] [stderr]     Blocking waiting for file lock on package cache
[INFO] [stderr]    Compiling libc v0.2.66
[INFO] [stderr]     Checking docker-update-all v0.1.0 (/opt/rustwide/workdir)
[INFO] [stdout] error[E0554]: `#![feature]` may not be used on the beta release channel
[INFO] [stdout]  --> src/main.rs:1:1
[INFO] [stdout]   |
[INFO] [stdout] 1 | #![feature(generators, generator_trait)]
[INFO] [stdout]   | ^^^^^^^^^^^^^^^^^^^^^^^^^^^^^^^^^^^^^^^^
[INFO] [stdout] 
[INFO] [stdout] 
[INFO] [stdout] error[E0061]: this function takes 1 argument but 0 arguments were supplied
[INFO] [stdout]   --> src/main.rs:56:36
[INFO] [stdout]    |
[INFO] [stdout] 56 |         match std::pin::Pin::new(&mut g).resume() {
[INFO] [stdout]    |                                          ^^^^^^- supplied 0 arguments
[INFO] [stdout]    |
[INFO] [stdout] help: expected the unit value `()`; create it with empty parentheses
[INFO] [stdout]    |
[INFO] [stdout] 56 |         match std::pin::Pin::new(&mut g).resume(()) {
[INFO] [stdout]    |                                                 ^^
[INFO] [stdout] 
[INFO] [stdout] 
[INFO] [stdout] error[E0554]: `#![feature]` may not be used on the beta release channel
[INFO] [stdout]  --> src/main.rs:1:1
[INFO] [stdout]   |
[INFO] [stdout] 1 | #![feature(generators, generator_trait)]
[INFO] [stdout]   | ^^^^^^^^^^^^^^^^^^^^^^^^^^^^^^^^^^^^^^^^
[INFO] [stdout] 
[INFO] [stdout] 
[INFO] [stdout] error: aborting due to 2 previous errors
[INFO] [stdout] 
[INFO] [stdout] 
[INFO] [stdout] Some errors have detailed explanations: E0061, E0554.
[INFO] [stdout] 
[INFO] [stdout] For more information about an error, try `rustc --explain E0061`.
[INFO] [stdout] 
[INFO] [stderr] error: could not compile `docker-update-all`.
[INFO] [stderr] 
[INFO] [stderr] To learn more, run the command again with --verbose.
[INFO] [stderr] warning: build failed, waiting for other jobs to finish...
[INFO] [stdout] error[E0061]: this function takes 1 argument but 0 arguments were supplied
[INFO] [stdout]   --> src/main.rs:56:36
[INFO] [stdout]    |
[INFO] [stdout] 56 |         match std::pin::Pin::new(&mut g).resume() {
[INFO] [stdout]    |                                          ^^^^^^- supplied 0 arguments
[INFO] [stdout]    |
[INFO] [stdout] help: expected the unit value `()`; create it with empty parentheses
[INFO] [stdout]    |
[INFO] [stdout] 56 |         match std::pin::Pin::new(&mut g).resume(()) {
[INFO] [stdout]    |                                                 ^^
[INFO] [stdout] 
[INFO] [stdout] 
[INFO] [stdout] error: aborting due to 2 previous errors
[INFO] [stdout] 
[INFO] [stdout] 
[INFO] [stdout] Some errors have detailed explanations: E0061, E0554.
[INFO] [stdout] 
[INFO] [stdout] For more information about an error, try `rustc --explain E0061`.
[INFO] [stdout] 
[INFO] [stderr] error: build failed
[INFO] running `Command { std: "docker" "inspect" "6fef3c788ac9d436533e12bf6c9a917b90998f8819cd5cf6e18b1cccf3fb1992", kill_on_drop: false }`
[INFO] running `Command { std: "docker" "rm" "-f" "6fef3c788ac9d436533e12bf6c9a917b90998f8819cd5cf6e18b1cccf3fb1992", kill_on_drop: false }`
[INFO] [stdout] 6fef3c788ac9d436533e12bf6c9a917b90998f8819cd5cf6e18b1cccf3fb1992
