[INFO] cloning repository https://github.com/mgraczyk/fractional_cascading
[INFO] running `Command { std: "git" "-c" "credential.helper=" "-c" "credential.helper=/workspace/cargo-home/bin/git-credential-null" "clone" "--bare" "https://github.com/mgraczyk/fractional_cascading" "/workspace/cache/git-repos/https%3A%2F%2Fgithub.com%2Fmgraczyk%2Ffractional_cascading", kill_on_drop: false }`
[INFO] [stderr] Cloning into bare repository '/workspace/cache/git-repos/https%3A%2F%2Fgithub.com%2Fmgraczyk%2Ffractional_cascading'...
[INFO] running `Command { std: "git" "rev-parse" "HEAD", kill_on_drop: false }`
[INFO] [stdout] 5d0001e28c8ac5180d82bdd85576da4dbaa7ad64
[INFO] checking mgraczyk/fractional_cascading against beta-2020-07-24 for pr-75494-beta
[INFO] running `Command { std: "git" "clone" "/workspace/cache/git-repos/https%3A%2F%2Fgithub.com%2Fmgraczyk%2Ffractional_cascading" "/workspace/builds/worker-4/source", kill_on_drop: false }`
[INFO] [stderr] Cloning into '/workspace/builds/worker-4/source'...
[INFO] [stderr] done.
[INFO] validating manifest of git repo https://github.com/mgraczyk/fractional_cascading on toolchain beta-2020-07-24
[INFO] running `Command { std: "/workspace/cargo-home/bin/cargo" "+beta-2020-07-24" "read-manifest" "--manifest-path" "Cargo.toml", kill_on_drop: false }`
[INFO] started tweaking git repo https://github.com/mgraczyk/fractional_cascading
[INFO] finished tweaking git repo https://github.com/mgraczyk/fractional_cascading
[INFO] tweaked toml for git repo https://github.com/mgraczyk/fractional_cascading written to /workspace/builds/worker-4/source/Cargo.toml
[INFO] crate git repo https://github.com/mgraczyk/fractional_cascading already has a lockfile, it will not be regenerated
[INFO] running `Command { std: "/workspace/cargo-home/bin/cargo" "+beta-2020-07-24" "fetch" "--locked" "--manifest-path" "Cargo.toml", kill_on_drop: false }`
[INFO] running `Command { std: "docker" "create" "-v" "/var/lib/crater-agent-workspace/builds/worker-4/target:/opt/rustwide/target:rw,Z" "-v" "/var/lib/crater-agent-workspace/builds/worker-4/source:/opt/rustwide/workdir:ro,Z" "-v" "/var/lib/crater-agent-workspace/cargo-home:/opt/rustwide/cargo-home:ro,Z" "-v" "/var/lib/crater-agent-workspace/rustup-home:/opt/rustwide/rustup-home:ro,Z" "-e" "SOURCE_DIR=/opt/rustwide/workdir" "-e" "CARGO_TARGET_DIR=/opt/rustwide/target" "-e" "CARGO_HOME=/opt/rustwide/cargo-home" "-e" "RUSTUP_HOME=/opt/rustwide/rustup-home" "-w" "/opt/rustwide/workdir" "-m" "1610612736" "--user" "0:0" "--network" "none" "rustops/crates-build-env@sha256:a636fd89d022f18117e1dc8fb37a0a009933cdbbe082814857f0e2024962d47c" "/opt/rustwide/cargo-home/bin/cargo" "+beta-2020-07-24" "metadata" "--no-deps" "--format-version=1", kill_on_drop: false }`
[INFO] [stdout] 3174d7f48e76695e79d71180c4abab12072542ad0abdac13605f84767fd2e80b
[INFO] [stderr] WARNING: Your kernel does not support swap limit capabilities or the cgroup is not mounted. Memory limited without swap.
[INFO] running `Command { std: "docker" "start" "-a" "3174d7f48e76695e79d71180c4abab12072542ad0abdac13605f84767fd2e80b", kill_on_drop: false }`
[INFO] running `Command { std: "docker" "inspect" "3174d7f48e76695e79d71180c4abab12072542ad0abdac13605f84767fd2e80b", kill_on_drop: false }`
[INFO] running `Command { std: "docker" "rm" "-f" "3174d7f48e76695e79d71180c4abab12072542ad0abdac13605f84767fd2e80b", kill_on_drop: false }`
[INFO] [stdout] 3174d7f48e76695e79d71180c4abab12072542ad0abdac13605f84767fd2e80b
[INFO] running `Command { std: "docker" "create" "-v" "/var/lib/crater-agent-workspace/builds/worker-4/target:/opt/rustwide/target:rw,Z" "-v" "/var/lib/crater-agent-workspace/builds/worker-4/source:/opt/rustwide/workdir:ro,Z" "-v" "/var/lib/crater-agent-workspace/cargo-home:/opt/rustwide/cargo-home:ro,Z" "-v" "/var/lib/crater-agent-workspace/rustup-home:/opt/rustwide/rustup-home:ro,Z" "-e" "SOURCE_DIR=/opt/rustwide/workdir" "-e" "CARGO_TARGET_DIR=/opt/rustwide/target" "-e" "CARGO_INCREMENTAL=0" "-e" "RUST_BACKTRACE=full" "-e" "RUSTFLAGS=--cap-lints=forbid" "-e" "CARGO_HOME=/opt/rustwide/cargo-home" "-e" "RUSTUP_HOME=/opt/rustwide/rustup-home" "-w" "/opt/rustwide/workdir" "-m" "1610612736" "--user" "0:0" "--network" "none" "rustops/crates-build-env@sha256:a636fd89d022f18117e1dc8fb37a0a009933cdbbe082814857f0e2024962d47c" "/opt/rustwide/cargo-home/bin/cargo" "+beta-2020-07-24" "check" "--frozen" "--all" "--all-targets" "--message-format=json", kill_on_drop: false }`
[INFO] [stdout] 9f3659978c230bb2eb9bbe91fe544e3e6680f8343b3aacee8e2d17d1f9462bf9
[INFO] [stderr] WARNING: Your kernel does not support swap limit capabilities or the cgroup is not mounted. Memory limited without swap.
[INFO] running `Command { std: "docker" "start" "-a" "9f3659978c230bb2eb9bbe91fe544e3e6680f8343b3aacee8e2d17d1f9462bf9", kill_on_drop: false }`
[INFO] [stderr]    Compiling proc-macro2 v0.4.30
[INFO] [stderr]    Compiling libc v0.2.62
[INFO] [stderr]    Compiling syn v0.15.44
[INFO] [stderr]    Compiling getrandom v0.1.10
[INFO] [stderr]     Checking cfg-if v0.1.9
[INFO] [stderr]    Compiling ryu v1.0.0
[INFO] [stderr]    Compiling serde v1.0.98
[INFO] [stderr]     Checking ppv-lite86 v0.2.5
[INFO] [stderr]     Checking itoa v0.4.4
[INFO] [stderr]     Checking superslice v1.0.0
[INFO] [stderr]    Compiling quote v0.6.13
[INFO] [stderr]     Checking c2-chacha v0.2.2
[INFO] [stderr]     Checking rand_core v0.5.0
[INFO] [stderr]     Checking rand_chacha v0.2.1
[INFO] [stderr]     Checking rand v0.7.0
[INFO] [stderr]    Compiling serde_derive v1.0.98
[INFO] [stderr]     Checking serde_json v1.0.40
[INFO] [stderr]     Checking fractional_cascading v0.1.0 (/opt/rustwide/workdir)
[INFO] [stdout] error[E0554]: `#![feature]` may not be used on the beta release channel
[INFO] [stdout]  --> src/main.rs:1:1
[INFO] [stdout]   |
[INFO] [stdout] 1 | #![feature(test)]
[INFO] [stdout]   | ^^^^^^^^^^^^^^^^^
[INFO] [stdout] 
[INFO] [stdout] 
[INFO] [stdout] warning: unused import: `fc_ind::*`
[INFO] [stdout]  --> src/main.rs:6:5
[INFO] [stdout]   |
[INFO] [stdout] 6 | use fc_ind::*;
[INFO] [stdout]   |     ^^^^^^^^^
[INFO] [stdout]   |
[INFO] [stdout]   = note: `#[warn(unused_imports)]` on by default
[INFO] [stdout] 
[INFO] [stdout] 
[INFO] [stdout] warning: unused import: `naive::*`
[INFO] [stdout]  --> src/main.rs:7:5
[INFO] [stdout]   |
[INFO] [stdout] 7 | use naive::*;
[INFO] [stdout]   |     ^^^^^^^^
[INFO] [stdout] 
[INFO] [stdout] 
[INFO] [stdout] warning: unused import: `rand::Rng`
[INFO] [stdout]  --> src/main.rs:9:5
[INFO] [stdout]   |
[INFO] [stdout] 9 | use rand::Rng;
[INFO] [stdout]   |     ^^^^^^^^^
[INFO] [stdout] 
[INFO] [stdout] 
[INFO] [stdout] warning: unused import: `std::time::Instant`
[INFO] [stdout]   --> src/main.rs:10:5
[INFO] [stdout]    |
[INFO] [stdout] 10 | use std::time::Instant;
[INFO] [stdout]    |     ^^^^^^^^^^^^^^^^^^
[INFO] [stdout] 
[INFO] [stdout] 
[INFO] [stdout] error[E0601]: `main` function not found in crate `fractional_cascading`
[INFO] [stdout]    --> src/main.rs:1:1
[INFO] [stdout]     |
[INFO] [stdout] 1   | / #![feature(test)]
[INFO] [stdout] 2   | |
[INFO] [stdout] 3   | | mod fc_ind;
[INFO] [stdout] 4   | | mod naive;
[INFO] [stdout] ...   |
[INFO] [stdout] 330 | |     }
[INFO] [stdout] 331 | | }
[INFO] [stdout]     | |_^ consider adding a `main` function to `src/main.rs`
[INFO] [stdout] 
[INFO] [stdout] 
[INFO] [stdout] error[E0554]: `#![feature]` may not be used on the beta release channel
[INFO] [stdout]  --> src/main.rs:1:1
[INFO] [stdout]   |
[INFO] [stdout] 1 | #![feature(test)]
[INFO] [stdout]   | ^^^^^^^^^^^^^^^^^
[INFO] [stdout] 
[INFO] [stdout] 
[INFO] [stdout] error: aborting due to 2 previous errors; 4 warnings emitted
[INFO] [stdout] 
[INFO] [stdout] 
[INFO] [stdout] Some errors have detailed explanations: E0554, E0601.
[INFO] [stdout] 
[INFO] [stdout] For more information about an error, try `rustc --explain E0554`.
[INFO] [stdout] 
[INFO] [stderr] error: could not compile `fractional_cascading`.
[INFO] [stderr] 
[INFO] [stderr] To learn more, run the command again with --verbose.
[INFO] [stderr] warning: build failed, waiting for other jobs to finish...
[INFO] [stdout] error: aborting due to previous error
[INFO] [stdout] 
[INFO] [stdout] 
[INFO] [stdout] For more information about this error, try `rustc --explain E0554`.
[INFO] [stdout] 
[INFO] [stderr] error: build failed
[INFO] running `Command { std: "docker" "inspect" "9f3659978c230bb2eb9bbe91fe544e3e6680f8343b3aacee8e2d17d1f9462bf9", kill_on_drop: false }`
[INFO] running `Command { std: "docker" "rm" "-f" "9f3659978c230bb2eb9bbe91fe544e3e6680f8343b3aacee8e2d17d1f9462bf9", kill_on_drop: false }`
[INFO] [stdout] 9f3659978c230bb2eb9bbe91fe544e3e6680f8343b3aacee8e2d17d1f9462bf9
