[INFO] cloning repository https://github.com/mgax/rust-gdal-example1
[INFO] running `Command { std: "git" "-c" "credential.helper=" "-c" "credential.helper=/workspace/cargo-home/bin/git-credential-null" "clone" "--bare" "https://github.com/mgax/rust-gdal-example1" "/workspace/cache/git-repos/https%3A%2F%2Fgithub.com%2Fmgax%2Frust-gdal-example1", kill_on_drop: false }`
[INFO] [stderr] Cloning into bare repository '/workspace/cache/git-repos/https%3A%2F%2Fgithub.com%2Fmgax%2Frust-gdal-example1'...
[INFO] running `Command { std: "git" "rev-parse" "HEAD", kill_on_drop: false }`
[INFO] [stdout] 58ae85fcc3db64b4f78207d46fe4dd39c73e1383
[INFO] checking mgax/rust-gdal-example1 against beta-2020-07-24 for pr-75494-beta
[INFO] running `Command { std: "git" "clone" "/workspace/cache/git-repos/https%3A%2F%2Fgithub.com%2Fmgax%2Frust-gdal-example1" "/workspace/builds/worker-5/source", kill_on_drop: false }`
[INFO] [stderr] Cloning into '/workspace/builds/worker-5/source'...
[INFO] [stderr] done.
[INFO] validating manifest of git repo https://github.com/mgax/rust-gdal-example1 on toolchain beta-2020-07-24
[INFO] running `Command { std: "/workspace/cargo-home/bin/cargo" "+beta-2020-07-24" "read-manifest" "--manifest-path" "Cargo.toml", kill_on_drop: false }`
[INFO] started tweaking git repo https://github.com/mgax/rust-gdal-example1
[INFO] finished tweaking git repo https://github.com/mgax/rust-gdal-example1
[INFO] tweaked toml for git repo https://github.com/mgax/rust-gdal-example1 written to /workspace/builds/worker-5/source/Cargo.toml
[INFO] crate git repo https://github.com/mgax/rust-gdal-example1 already has a lockfile, it will not be regenerated
[INFO] running `Command { std: "/workspace/cargo-home/bin/cargo" "+beta-2020-07-24" "fetch" "--locked" "--manifest-path" "Cargo.toml", kill_on_drop: false }`
[INFO] [stderr] warning: dependency (geo) specified without providing a local path, Git repository, or version to use. This will be considered an error in future versions
[INFO] [stderr] warning: unused manifest key: dependencies.geo.geo
[INFO] [stderr]     Blocking waiting for file lock on package cache
[INFO] [stderr] error: the lock file /workspace/builds/worker-5/source/Cargo.lock needs to be updated but --locked was passed to prevent this
[INFO] [stderr] If you want to try to generate the lock file without accessing the network, use the --offline flag.
[INFO] the lockfile is outdated, regenerating it
[INFO] running `Command { std: "/workspace/cargo-home/bin/cargo" "+beta-2020-07-24" "generate-lockfile" "--manifest-path" "Cargo.toml" "-Zno-index-update", kill_on_drop: false }`
[INFO] [stderr]     Blocking waiting for file lock on package cache
[INFO] [stderr]     Updating git repository `https://github.com/georust/rust-gdal.git`
[INFO] running `Command { std: "/workspace/cargo-home/bin/cargo" "+beta-2020-07-24" "fetch" "--locked" "--manifest-path" "Cargo.toml", kill_on_drop: false }`
[INFO] [stderr] warning: dependency (geo) specified without providing a local path, Git repository, or version to use. This will be considered an error in future versions
[INFO] [stderr] warning: unused manifest key: dependencies.geo.geo
[INFO] [stderr]     Blocking waiting for file lock on package cache
[INFO] [stderr]     Blocking waiting for file lock on package cache
[INFO] running `Command { std: "docker" "create" "-v" "/var/lib/crater-agent-workspace/builds/worker-5/target:/opt/rustwide/target:rw,Z" "-v" "/var/lib/crater-agent-workspace/builds/worker-5/source:/opt/rustwide/workdir:ro,Z" "-v" "/var/lib/crater-agent-workspace/cargo-home:/opt/rustwide/cargo-home:ro,Z" "-v" "/var/lib/crater-agent-workspace/rustup-home:/opt/rustwide/rustup-home:ro,Z" "-e" "SOURCE_DIR=/opt/rustwide/workdir" "-e" "CARGO_TARGET_DIR=/opt/rustwide/target" "-e" "CARGO_HOME=/opt/rustwide/cargo-home" "-e" "RUSTUP_HOME=/opt/rustwide/rustup-home" "-w" "/opt/rustwide/workdir" "-m" "1610612736" "--user" "0:0" "--network" "none" "rustops/crates-build-env@sha256:a636fd89d022f18117e1dc8fb37a0a009933cdbbe082814857f0e2024962d47c" "/opt/rustwide/cargo-home/bin/cargo" "+beta-2020-07-24" "metadata" "--no-deps" "--format-version=1", kill_on_drop: false }`
[INFO] [stderr] WARNING: Your kernel does not support swap limit capabilities or the cgroup is not mounted. Memory limited without swap.
[INFO] [stdout] b3e2812c4c9bc08a69b17083e269739bf0376e2b26dca00accf61d0802d1b97b
[INFO] running `Command { std: "docker" "start" "-a" "b3e2812c4c9bc08a69b17083e269739bf0376e2b26dca00accf61d0802d1b97b", kill_on_drop: false }`
[INFO] running `Command { std: "docker" "inspect" "b3e2812c4c9bc08a69b17083e269739bf0376e2b26dca00accf61d0802d1b97b", kill_on_drop: false }`
[INFO] running `Command { std: "docker" "rm" "-f" "b3e2812c4c9bc08a69b17083e269739bf0376e2b26dca00accf61d0802d1b97b", kill_on_drop: false }`
[INFO] [stdout] b3e2812c4c9bc08a69b17083e269739bf0376e2b26dca00accf61d0802d1b97b
[INFO] running `Command { std: "docker" "create" "-v" "/var/lib/crater-agent-workspace/builds/worker-5/target:/opt/rustwide/target:rw,Z" "-v" "/var/lib/crater-agent-workspace/builds/worker-5/source:/opt/rustwide/workdir:ro,Z" "-v" "/var/lib/crater-agent-workspace/cargo-home:/opt/rustwide/cargo-home:ro,Z" "-v" "/var/lib/crater-agent-workspace/rustup-home:/opt/rustwide/rustup-home:ro,Z" "-e" "SOURCE_DIR=/opt/rustwide/workdir" "-e" "CARGO_TARGET_DIR=/opt/rustwide/target" "-e" "CARGO_INCREMENTAL=0" "-e" "RUST_BACKTRACE=full" "-e" "RUSTFLAGS=--cap-lints=forbid" "-e" "CARGO_HOME=/opt/rustwide/cargo-home" "-e" "RUSTUP_HOME=/opt/rustwide/rustup-home" "-w" "/opt/rustwide/workdir" "-m" "1610612736" "--user" "0:0" "--network" "none" "rustops/crates-build-env@sha256:a636fd89d022f18117e1dc8fb37a0a009933cdbbe082814857f0e2024962d47c" "/opt/rustwide/cargo-home/bin/cargo" "+beta-2020-07-24" "check" "--frozen" "--all" "--all-targets" "--message-format=json", kill_on_drop: false }`
[INFO] [stdout] dc92049e6c5c8173bfb62a72e0507fa51430bfa1a88c20e10f5db6d73ed260e1
[INFO] [stderr] WARNING: Your kernel does not support swap limit capabilities or the cgroup is not mounted. Memory limited without swap.
[INFO] running `Command { std: "docker" "start" "-a" "dc92049e6c5c8173bfb62a72e0507fa51430bfa1a88c20e10f5db6d73ed260e1", kill_on_drop: false }`
[INFO] [stderr] warning: dependency (geo) specified without providing a local path, Git repository, or version to use. This will be considered an error in future versions
[INFO] [stderr] warning: unused manifest key: dependencies.geo.geo
[INFO] [stderr]     Blocking waiting for file lock on package cache
[INFO] [stderr]     Blocking waiting for file lock on package cache
[INFO] [stderr]     Blocking waiting for file lock on package cache
[INFO] [stderr]     Blocking waiting for file lock on package cache
[INFO] [stderr]    Compiling syn v1.0.39
[INFO] [stderr]     Checking stable_deref_trait v1.2.0
[INFO] [stderr]    Compiling heapless v0.5.5
[INFO] [stderr]     Checking lazy_static v1.4.0
[INFO] [stderr]    Compiling gdal-sys v0.2.4 (https://github.com/georust/rust-gdal.git#91e440cf)
[INFO] [stderr]     Checking miniz_oxide v0.4.1
[INFO] [stderr]     Checking hash32 v0.1.1
[INFO] [stderr]     Checking generic-array v0.13.2
[INFO] [stderr]     Checking approx v0.3.2
[INFO] [stderr]     Checking geo-types v0.4.3
[INFO] [stderr]     Checking geographiclib-rs v0.2.0
[INFO] [stderr]     Checking as-slice v0.1.3
[INFO] [stderr]     Checking backtrace v0.3.50
[INFO] [stderr]     Checking rstar v0.8.2
[INFO] [stderr]     Checking geo-types v0.6.0
[INFO] [stderr]     Checking geo v0.14.2
[INFO] [stderr]    Compiling synstructure v0.12.4
[INFO] [stderr]    Compiling failure_derive v0.1.8
[INFO] [stderr]     Checking failure v0.1.8
[INFO] [stderr]     Checking gdal v0.6.0 (https://github.com/georust/rust-gdal.git#91e440cf)
[INFO] [stderr]     Checking rust-example1 v0.1.0 (/opt/rustwide/workdir)
[INFO] [stdout] error[E0423]: expected function, tuple struct or tuple variant, found struct `Polygon`
[INFO] [stdout]   --> src/main.rs:34:30
[INFO] [stdout]    |
[INFO] [stdout] 34 |     return Geometry::Polygon(Polygon(extent, vec!()));
[INFO] [stdout]    |                              ^^^^^^^ did you mean `Polygon { /* fields */ }`?
[INFO] [stdout]    |
[INFO] [stdout] help: consider importing this tuple variant instead
[INFO] [stdout]    |
[INFO] [stdout] 4  | use Geometry::Polygon;
[INFO] [stdout]    |
[INFO] [stdout] 
[INFO] [stdout] 
[INFO] [stdout] warning: use of deprecated item 'geo::ToGeo': Will be removed in an upcoming version. Switch to std::convert::Into<Geo> or std::convert::TryInto<Geo>.
[INFO] [stdout]  --> src/main.rs:6:11
[INFO] [stdout]   |
[INFO] [stdout] 6 | use geo::{ToGeo, Geometry, Point, LineString, Polygon, Coordinate};
[INFO] [stdout]   |           ^^^^^
[INFO] [stdout]   |
[INFO] [stdout]   = note: `#[warn(deprecated)]` on by default
[INFO] [stdout] 
[INFO] [stdout] 
[INFO] [stdout] error[E0107]: wrong number of type arguments: expected 1, found 0
[INFO] [stdout]  --> src/main.rs:9:31
[INFO] [stdout]   |
[INFO] [stdout] 9 | fn points(g: Geometry) -> Vec<Point> {
[INFO] [stdout]   |                               ^^^^^ expected 1 type argument
[INFO] [stdout] 
[INFO] [stdout] 
[INFO] [stdout] error[E0107]: wrong number of type arguments: expected 1, found 0
[INFO] [stdout]  --> src/main.rs:9:14
[INFO] [stdout]   |
[INFO] [stdout] 9 | fn points(g: Geometry) -> Vec<Point> {
[INFO] [stdout]   |              ^^^^^^^^ expected 1 type argument
[INFO] [stdout] 
[INFO] [stdout] 
[INFO] [stdout] error[E0107]: wrong number of type arguments: expected 1, found 0
[INFO] [stdout]   --> src/main.rs:23:27
[INFO] [stdout]    |
[INFO] [stdout] 23 | fn extent(g: Geometry) -> Geometry {
[INFO] [stdout]    |                           ^^^^^^^^ expected 1 type argument
[INFO] [stdout] 
[INFO] [stdout] 
[INFO] [stdout] error[E0107]: wrong number of type arguments: expected 1, found 0
[INFO] [stdout]   --> src/main.rs:23:14
[INFO] [stdout]    |
[INFO] [stdout] 23 | fn extent(g: Geometry) -> Geometry {
[INFO] [stdout]    |              ^^^^^^^^ expected 1 type argument
[INFO] [stdout] 
[INFO] [stdout] 
[INFO] [stdout] error: aborting due to 5 previous errors; 1 warning emitted
[INFO] [stdout] 
[INFO] [stdout] 
[INFO] [stdout] Some errors have detailed explanations: E0107, E0423.
[INFO] [stdout] 
[INFO] [stdout] For more information about an error, try `rustc --explain E0107`.
[INFO] [stdout] 
[INFO] [stderr] error: could not compile `rust-example1`.
[INFO] [stderr] 
[INFO] [stderr] To learn more, run the command again with --verbose.
[INFO] [stderr] warning: build failed, waiting for other jobs to finish...
[INFO] [stdout] error[E0423]: expected function, tuple struct or tuple variant, found struct `Polygon`
[INFO] [stdout]   --> src/main.rs:34:30
[INFO] [stdout]    |
[INFO] [stdout] 34 |     return Geometry::Polygon(Polygon(extent, vec!()));
[INFO] [stdout]    |                              ^^^^^^^ did you mean `Polygon { /* fields */ }`?
[INFO] [stdout]    |
[INFO] [stdout] help: consider importing this tuple variant instead
[INFO] [stdout]    |
[INFO] [stdout] 4  | use Geometry::Polygon;
[INFO] [stdout]    |
[INFO] [stdout] 
[INFO] [stdout] 
[INFO] [stdout] warning: use of deprecated item 'geo::ToGeo': Will be removed in an upcoming version. Switch to std::convert::Into<Geo> or std::convert::TryInto<Geo>.
[INFO] [stdout]  --> src/main.rs:6:11
[INFO] [stdout]   |
[INFO] [stdout] 6 | use geo::{ToGeo, Geometry, Point, LineString, Polygon, Coordinate};
[INFO] [stdout]   |           ^^^^^
[INFO] [stdout]   |
[INFO] [stdout]   = note: `#[warn(deprecated)]` on by default
[INFO] [stdout] 
[INFO] [stdout] 
[INFO] [stdout] error[E0107]: wrong number of type arguments: expected 1, found 0
[INFO] [stdout]  --> src/main.rs:9:31
[INFO] [stdout]   |
[INFO] [stdout] 9 | fn points(g: Geometry) -> Vec<Point> {
[INFO] [stdout]   |                               ^^^^^ expected 1 type argument
[INFO] [stdout] 
[INFO] [stdout] 
[INFO] [stdout] error[E0107]: wrong number of type arguments: expected 1, found 0
[INFO] [stdout]  --> src/main.rs:9:14
[INFO] [stdout]   |
[INFO] [stdout] 9 | fn points(g: Geometry) -> Vec<Point> {
[INFO] [stdout]   |              ^^^^^^^^ expected 1 type argument
[INFO] [stdout] 
[INFO] [stdout] 
[INFO] [stdout] error[E0107]: wrong number of type arguments: expected 1, found 0
[INFO] [stdout]   --> src/main.rs:23:27
[INFO] [stdout]    |
[INFO] [stdout] 23 | fn extent(g: Geometry) -> Geometry {
[INFO] [stdout]    |                           ^^^^^^^^ expected 1 type argument
[INFO] [stdout] 
[INFO] [stdout] 
[INFO] [stdout] error[E0107]: wrong number of type arguments: expected 1, found 0
[INFO] [stdout]   --> src/main.rs:23:14
[INFO] [stdout]    |
[INFO] [stdout] 23 | fn extent(g: Geometry) -> Geometry {
[INFO] [stdout]    |              ^^^^^^^^ expected 1 type argument
[INFO] [stdout] 
[INFO] [stdout] 
[INFO] [stdout] error: aborting due to 5 previous errors; 1 warning emitted
[INFO] [stdout] 
[INFO] [stdout] 
[INFO] [stdout] Some errors have detailed explanations: E0107, E0423.
[INFO] [stdout] 
[INFO] [stdout] For more information about an error, try `rustc --explain E0107`.
[INFO] [stdout] 
[INFO] [stderr] error: build failed
[INFO] running `Command { std: "docker" "inspect" "dc92049e6c5c8173bfb62a72e0507fa51430bfa1a88c20e10f5db6d73ed260e1", kill_on_drop: false }`
[INFO] running `Command { std: "docker" "rm" "-f" "dc92049e6c5c8173bfb62a72e0507fa51430bfa1a88c20e10f5db6d73ed260e1", kill_on_drop: false }`
[INFO] [stdout] dc92049e6c5c8173bfb62a72e0507fa51430bfa1a88c20e10f5db6d73ed260e1
