[INFO] cloning repository https://github.com/mfs/sdl2-sandbox
[INFO] running `Command { std: "git" "-c" "credential.helper=" "-c" "credential.helper=/workspace/cargo-home/bin/git-credential-null" "clone" "--bare" "https://github.com/mfs/sdl2-sandbox" "/workspace/cache/git-repos/https%3A%2F%2Fgithub.com%2Fmfs%2Fsdl2-sandbox", kill_on_drop: false }`
[INFO] [stderr] Cloning into bare repository '/workspace/cache/git-repos/https%3A%2F%2Fgithub.com%2Fmfs%2Fsdl2-sandbox'...
[INFO] running `Command { std: "git" "rev-parse" "HEAD", kill_on_drop: false }`
[INFO] [stdout] 3a388665400d6028fb754602cc135cbec8360344
[INFO] checking mfs/sdl2-sandbox against beta-2020-07-24 for pr-75494-beta
[INFO] running `Command { std: "git" "clone" "/workspace/cache/git-repos/https%3A%2F%2Fgithub.com%2Fmfs%2Fsdl2-sandbox" "/workspace/builds/worker-3/source", kill_on_drop: false }`
[INFO] [stderr] Cloning into '/workspace/builds/worker-3/source'...
[INFO] [stderr] done.
[INFO] validating manifest of git repo https://github.com/mfs/sdl2-sandbox on toolchain beta-2020-07-24
[INFO] running `Command { std: "/workspace/cargo-home/bin/cargo" "+beta-2020-07-24" "read-manifest" "--manifest-path" "Cargo.toml", kill_on_drop: false }`
[INFO] started tweaking git repo https://github.com/mfs/sdl2-sandbox
[INFO] finished tweaking git repo https://github.com/mfs/sdl2-sandbox
[INFO] tweaked toml for git repo https://github.com/mfs/sdl2-sandbox written to /workspace/builds/worker-3/source/Cargo.toml
[INFO] crate git repo https://github.com/mfs/sdl2-sandbox already has a lockfile, it will not be regenerated
[INFO] running `Command { std: "/workspace/cargo-home/bin/cargo" "+beta-2020-07-24" "fetch" "--locked" "--manifest-path" "Cargo.toml", kill_on_drop: false }`
[INFO] [stderr] error: the lock file /workspace/builds/worker-3/source/Cargo.lock needs to be updated but --locked was passed to prevent this
[INFO] [stderr] If you want to try to generate the lock file without accessing the network, use the --offline flag.
[INFO] the lockfile is outdated, regenerating it
[INFO] running `Command { std: "/workspace/cargo-home/bin/cargo" "+beta-2020-07-24" "generate-lockfile" "--manifest-path" "Cargo.toml" "-Zno-index-update", kill_on_drop: false }`
[INFO] [stderr]     Blocking waiting for file lock on package cache
[INFO] running `Command { std: "/workspace/cargo-home/bin/cargo" "+beta-2020-07-24" "fetch" "--locked" "--manifest-path" "Cargo.toml", kill_on_drop: false }`
[INFO] [stderr]     Blocking waiting for file lock on package cache
[INFO] running `Command { std: "docker" "create" "-v" "/var/lib/crater-agent-workspace/builds/worker-3/target:/opt/rustwide/target:rw,Z" "-v" "/var/lib/crater-agent-workspace/builds/worker-3/source:/opt/rustwide/workdir:ro,Z" "-v" "/var/lib/crater-agent-workspace/cargo-home:/opt/rustwide/cargo-home:ro,Z" "-v" "/var/lib/crater-agent-workspace/rustup-home:/opt/rustwide/rustup-home:ro,Z" "-e" "SOURCE_DIR=/opt/rustwide/workdir" "-e" "CARGO_TARGET_DIR=/opt/rustwide/target" "-e" "CARGO_HOME=/opt/rustwide/cargo-home" "-e" "RUSTUP_HOME=/opt/rustwide/rustup-home" "-w" "/opt/rustwide/workdir" "-m" "1610612736" "--user" "0:0" "--network" "none" "rustops/crates-build-env@sha256:a636fd89d022f18117e1dc8fb37a0a009933cdbbe082814857f0e2024962d47c" "/opt/rustwide/cargo-home/bin/cargo" "+beta-2020-07-24" "metadata" "--no-deps" "--format-version=1", kill_on_drop: false }`
[INFO] [stdout] f4181df1a3ed063f3c25e9d84dd6f07e97a398c158743111c7c7462ce8f075cf
[INFO] [stderr] WARNING: Your kernel does not support swap limit capabilities or the cgroup is not mounted. Memory limited without swap.
[INFO] running `Command { std: "docker" "start" "-a" "f4181df1a3ed063f3c25e9d84dd6f07e97a398c158743111c7c7462ce8f075cf", kill_on_drop: false }`
[INFO] running `Command { std: "docker" "inspect" "f4181df1a3ed063f3c25e9d84dd6f07e97a398c158743111c7c7462ce8f075cf", kill_on_drop: false }`
[INFO] running `Command { std: "docker" "rm" "-f" "f4181df1a3ed063f3c25e9d84dd6f07e97a398c158743111c7c7462ce8f075cf", kill_on_drop: false }`
[INFO] [stdout] f4181df1a3ed063f3c25e9d84dd6f07e97a398c158743111c7c7462ce8f075cf
[INFO] running `Command { std: "docker" "create" "-v" "/var/lib/crater-agent-workspace/builds/worker-3/target:/opt/rustwide/target:rw,Z" "-v" "/var/lib/crater-agent-workspace/builds/worker-3/source:/opt/rustwide/workdir:ro,Z" "-v" "/var/lib/crater-agent-workspace/cargo-home:/opt/rustwide/cargo-home:ro,Z" "-v" "/var/lib/crater-agent-workspace/rustup-home:/opt/rustwide/rustup-home:ro,Z" "-e" "SOURCE_DIR=/opt/rustwide/workdir" "-e" "CARGO_TARGET_DIR=/opt/rustwide/target" "-e" "CARGO_INCREMENTAL=0" "-e" "RUST_BACKTRACE=full" "-e" "RUSTFLAGS=--cap-lints=forbid" "-e" "CARGO_HOME=/opt/rustwide/cargo-home" "-e" "RUSTUP_HOME=/opt/rustwide/rustup-home" "-w" "/opt/rustwide/workdir" "-m" "1610612736" "--user" "0:0" "--network" "none" "rustops/crates-build-env@sha256:a636fd89d022f18117e1dc8fb37a0a009933cdbbe082814857f0e2024962d47c" "/opt/rustwide/cargo-home/bin/cargo" "+beta-2020-07-24" "check" "--frozen" "--all" "--all-targets" "--message-format=json", kill_on_drop: false }`
[INFO] [stderr] WARNING: Your kernel does not support swap limit capabilities or the cgroup is not mounted. Memory limited without swap.
[INFO] [stdout] e7341b34129d32e45f967b1660250542c45a3cd7a9924af2ce05085d1b678bfc
[INFO] running `Command { std: "docker" "start" "-a" "e7341b34129d32e45f967b1660250542c45a3cd7a9924af2ce05085d1b678bfc", kill_on_drop: false }`
[INFO] [stderr]     Checking rustc-serialize v0.3.24
[INFO] [stderr]    Compiling sdl2-sys v0.8.1
[INFO] [stderr]     Checking bitflags v0.5.0
[INFO] [stderr]     Checking bitflags v0.3.3
[INFO] [stderr]     Checking cfor v1.1.0
[INFO] [stderr]    Compiling num-integer v0.1.43
[INFO] [stderr]     Checking rand v0.4.6
[INFO] [stderr]     Checking rand v0.3.23
[INFO] [stderr]     Checking num-iter v0.1.41
[INFO] [stderr]     Checking num-bigint v0.1.44
[INFO] [stderr]     Checking num-complex v0.1.43
[INFO] [stderr]     Checking num-rational v0.1.42
[INFO] [stderr]     Checking num v0.1.42
[INFO] [stderr]     Checking sdl2 v0.18.0
[INFO] [stderr]     Checking sdl2 v0.16.1
[INFO] [stderr]     Checking sdl2_image v0.16.0
[INFO] [stderr]     Checking sdl2_ttf v0.16.2
[INFO] [stderr]     Checking sdl2-sandbox v0.1.0 (/opt/rustwide/workdir)
[INFO] [stdout] error[E0277]: the trait bound `sdl2::pixels::Color: std::convert::From<sdl2::pixels::Color>` is not satisfied
[INFO] [stdout]   --> src/main.rs:25:18
[INFO] [stdout]    |
[INFO] [stdout] 25 |                 .blended(Color::RGBA(255, 255, 255, 255)).unwrap();
[INFO] [stdout]    |                  ^^^^^^^ the trait `std::convert::From<sdl2::pixels::Color>` is not implemented for `sdl2::pixels::Color`
[INFO] [stdout]    |
[INFO] [stdout]    = note: required because of the requirements on the impl of `std::convert::Into<sdl2::pixels::Color>` for `sdl2::pixels::Color`
[INFO] [stdout] 
[INFO] [stdout] 
[INFO] [stdout] error[E0277]: the trait bound `sdl2::surface::Surface<'_>: std::convert::AsRef<sdl2::surface::SurfaceRef>` is not satisfied
[INFO] [stdout]   --> src/main.rs:26:60
[INFO] [stdout]    |
[INFO] [stdout] 26 |     let mut texture = renderer.create_texture_from_surface(&surface).unwrap();
[INFO] [stdout]    |                                                            ^^^^^^^^ the trait `std::convert::AsRef<sdl2::surface::SurfaceRef>` is not implemented for `sdl2::surface::Surface<'_>`
[INFO] [stdout]    |
[INFO] [stdout]    = help: the following implementations were found:
[INFO] [stdout]              <sdl2::surface::Surface<'a> as std::convert::AsRef<sdl2::surface::SurfaceRef>>
[INFO] [stdout]    = note: required because of the requirements on the impl of `std::convert::AsRef<sdl2::surface::SurfaceRef>` for `&sdl2::surface::Surface<'_>`
[INFO] [stdout] 
[INFO] [stdout] 
[INFO] [stdout] error: aborting due to 2 previous errors
[INFO] [stdout] 
[INFO] [stdout] 
[INFO] [stdout] For more information about this error, try `rustc --explain E0277`.
[INFO] [stdout] 
[INFO] [stderr] error: could not compile `sdl2-sandbox`.
[INFO] [stderr] 
[INFO] [stderr] To learn more, run the command again with --verbose.
[INFO] [stderr] warning: build failed, waiting for other jobs to finish...
[INFO] [stdout] error[E0277]: the trait bound `sdl2::pixels::Color: std::convert::From<sdl2::pixels::Color>` is not satisfied
[INFO] [stdout]   --> src/main.rs:25:18
[INFO] [stdout]    |
[INFO] [stdout] 25 |                 .blended(Color::RGBA(255, 255, 255, 255)).unwrap();
[INFO] [stdout]    |                  ^^^^^^^ the trait `std::convert::From<sdl2::pixels::Color>` is not implemented for `sdl2::pixels::Color`
[INFO] [stdout]    |
[INFO] [stdout]    = note: required because of the requirements on the impl of `std::convert::Into<sdl2::pixels::Color>` for `sdl2::pixels::Color`
[INFO] [stdout] 
[INFO] [stdout] 
[INFO] [stdout] error[E0277]: the trait bound `sdl2::surface::Surface<'_>: std::convert::AsRef<sdl2::surface::SurfaceRef>` is not satisfied
[INFO] [stdout]   --> src/main.rs:26:60
[INFO] [stdout]    |
[INFO] [stdout] 26 |     let mut texture = renderer.create_texture_from_surface(&surface).unwrap();
[INFO] [stdout]    |                                                            ^^^^^^^^ the trait `std::convert::AsRef<sdl2::surface::SurfaceRef>` is not implemented for `sdl2::surface::Surface<'_>`
[INFO] [stdout]    |
[INFO] [stdout]    = help: the following implementations were found:
[INFO] [stdout]              <sdl2::surface::Surface<'a> as std::convert::AsRef<sdl2::surface::SurfaceRef>>
[INFO] [stdout]    = note: required because of the requirements on the impl of `std::convert::AsRef<sdl2::surface::SurfaceRef>` for `&sdl2::surface::Surface<'_>`
[INFO] [stdout] 
[INFO] [stdout] 
[INFO] [stdout] error: aborting due to 2 previous errors
[INFO] [stdout] 
[INFO] [stdout] 
[INFO] [stdout] For more information about this error, try `rustc --explain E0277`.
[INFO] [stdout] 
[INFO] [stderr] error: build failed
[INFO] running `Command { std: "docker" "inspect" "e7341b34129d32e45f967b1660250542c45a3cd7a9924af2ce05085d1b678bfc", kill_on_drop: false }`
[INFO] running `Command { std: "docker" "rm" "-f" "e7341b34129d32e45f967b1660250542c45a3cd7a9924af2ce05085d1b678bfc", kill_on_drop: false }`
[INFO] [stdout] e7341b34129d32e45f967b1660250542c45a3cd7a9924af2ce05085d1b678bfc
