[INFO] cloning repository https://github.com/maybeinit/airplay-rs
[INFO] running `Command { std: "git" "-c" "credential.helper=" "-c" "credential.helper=/workspace/cargo-home/bin/git-credential-null" "clone" "--bare" "https://github.com/maybeinit/airplay-rs" "/workspace/cache/git-repos/https%3A%2F%2Fgithub.com%2Fmaybeinit%2Fairplay-rs", kill_on_drop: false }`
[INFO] [stderr] Cloning into bare repository '/workspace/cache/git-repos/https%3A%2F%2Fgithub.com%2Fmaybeinit%2Fairplay-rs'...
[INFO] running `Command { std: "git" "rev-parse" "HEAD", kill_on_drop: false }`
[INFO] [stdout] 84fcee46db0382d3181ac7fdff26dce9f1c6f7e0
[INFO] checking maybeinit/airplay-rs against beta-2020-07-24 for pr-75494-beta
[INFO] running `Command { std: "git" "clone" "/workspace/cache/git-repos/https%3A%2F%2Fgithub.com%2Fmaybeinit%2Fairplay-rs" "/workspace/builds/worker-8/source", kill_on_drop: false }`
[INFO] [stderr] Cloning into '/workspace/builds/worker-8/source'...
[INFO] [stderr] done.
[INFO] validating manifest of git repo https://github.com/maybeinit/airplay-rs on toolchain beta-2020-07-24
[INFO] running `Command { std: "/workspace/cargo-home/bin/cargo" "+beta-2020-07-24" "read-manifest" "--manifest-path" "Cargo.toml", kill_on_drop: false }`
[INFO] started tweaking git repo https://github.com/maybeinit/airplay-rs
[INFO] removed path dependency srp from git repo https://github.com/maybeinit/airplay-rs
[INFO] finished tweaking git repo https://github.com/maybeinit/airplay-rs
[INFO] tweaked toml for git repo https://github.com/maybeinit/airplay-rs written to /workspace/builds/worker-8/source/Cargo.toml
[INFO] crate git repo https://github.com/maybeinit/airplay-rs already has a lockfile, it will not be regenerated
[INFO] running `Command { std: "/workspace/cargo-home/bin/cargo" "+beta-2020-07-24" "fetch" "--locked" "--manifest-path" "Cargo.toml", kill_on_drop: false }`
[INFO] [stderr]     Blocking waiting for file lock on package cache
[INFO] [stderr]     Updating crates.io index
[INFO] [stderr] error: the lock file /workspace/builds/worker-8/source/Cargo.lock needs to be updated but --locked was passed to prevent this
[INFO] [stderr] If you want to try to generate the lock file without accessing the network, use the --offline flag.
[INFO] the lockfile is outdated, regenerating it
[INFO] running `Command { std: "/workspace/cargo-home/bin/cargo" "+beta-2020-07-24" "generate-lockfile" "--manifest-path" "Cargo.toml" "-Zno-index-update", kill_on_drop: false }`
[INFO] [stderr]     Blocking waiting for file lock on package cache
[INFO] running `Command { std: "/workspace/cargo-home/bin/cargo" "+beta-2020-07-24" "fetch" "--locked" "--manifest-path" "Cargo.toml", kill_on_drop: false }`
[INFO] [stderr]     Blocking waiting for file lock on package cache
[INFO] [stderr]     Blocking waiting for file lock on package cache
[INFO] running `Command { std: "docker" "create" "-v" "/var/lib/crater-agent-workspace/builds/worker-8/target:/opt/rustwide/target:rw,Z" "-v" "/var/lib/crater-agent-workspace/builds/worker-8/source:/opt/rustwide/workdir:ro,Z" "-v" "/var/lib/crater-agent-workspace/cargo-home:/opt/rustwide/cargo-home:ro,Z" "-v" "/var/lib/crater-agent-workspace/rustup-home:/opt/rustwide/rustup-home:ro,Z" "-e" "SOURCE_DIR=/opt/rustwide/workdir" "-e" "CARGO_TARGET_DIR=/opt/rustwide/target" "-e" "CARGO_HOME=/opt/rustwide/cargo-home" "-e" "RUSTUP_HOME=/opt/rustwide/rustup-home" "-w" "/opt/rustwide/workdir" "-m" "1610612736" "--user" "0:0" "--network" "none" "rustops/crates-build-env@sha256:a636fd89d022f18117e1dc8fb37a0a009933cdbbe082814857f0e2024962d47c" "/opt/rustwide/cargo-home/bin/cargo" "+beta-2020-07-24" "metadata" "--no-deps" "--format-version=1", kill_on_drop: false }`
[INFO] [stdout] 39ba4cbab61a2f104783d605ce9c71886414dd900a4c459bfb9efa784ea58c21
[INFO] [stderr] WARNING: Your kernel does not support swap limit capabilities or the cgroup is not mounted. Memory limited without swap.
[INFO] running `Command { std: "docker" "start" "-a" "39ba4cbab61a2f104783d605ce9c71886414dd900a4c459bfb9efa784ea58c21", kill_on_drop: false }`
[INFO] running `Command { std: "docker" "inspect" "39ba4cbab61a2f104783d605ce9c71886414dd900a4c459bfb9efa784ea58c21", kill_on_drop: false }`
[INFO] running `Command { std: "docker" "rm" "-f" "39ba4cbab61a2f104783d605ce9c71886414dd900a4c459bfb9efa784ea58c21", kill_on_drop: false }`
[INFO] [stdout] 39ba4cbab61a2f104783d605ce9c71886414dd900a4c459bfb9efa784ea58c21
[INFO] running `Command { std: "docker" "create" "-v" "/var/lib/crater-agent-workspace/builds/worker-8/target:/opt/rustwide/target:rw,Z" "-v" "/var/lib/crater-agent-workspace/builds/worker-8/source:/opt/rustwide/workdir:ro,Z" "-v" "/var/lib/crater-agent-workspace/cargo-home:/opt/rustwide/cargo-home:ro,Z" "-v" "/var/lib/crater-agent-workspace/rustup-home:/opt/rustwide/rustup-home:ro,Z" "-e" "SOURCE_DIR=/opt/rustwide/workdir" "-e" "CARGO_TARGET_DIR=/opt/rustwide/target" "-e" "CARGO_INCREMENTAL=0" "-e" "RUST_BACKTRACE=full" "-e" "RUSTFLAGS=--cap-lints=forbid" "-e" "CARGO_HOME=/opt/rustwide/cargo-home" "-e" "RUSTUP_HOME=/opt/rustwide/rustup-home" "-w" "/opt/rustwide/workdir" "-m" "1610612736" "--user" "0:0" "--network" "none" "rustops/crates-build-env@sha256:a636fd89d022f18117e1dc8fb37a0a009933cdbbe082814857f0e2024962d47c" "/opt/rustwide/cargo-home/bin/cargo" "+beta-2020-07-24" "check" "--frozen" "--all" "--all-targets" "--message-format=json", kill_on_drop: false }`
[INFO] [stdout] 3ddb08bd490216bb7f041c8b12dbc3530f771224036376e8d17d3e66ae889faf
[INFO] [stderr] WARNING: Your kernel does not support swap limit capabilities or the cgroup is not mounted. Memory limited without swap.
[INFO] running `Command { std: "docker" "start" "-a" "3ddb08bd490216bb7f041c8b12dbc3530f771224036376e8d17d3e66ae889faf", kill_on_drop: false }`
[INFO] [stderr]    Compiling typenum v1.12.0
[INFO] [stderr]     Checking cfg-if v0.1.10
[INFO] [stderr]    Compiling proc-macro2 v1.0.19
[INFO] [stderr]    Compiling syn v1.0.39
[INFO] [stderr]    Compiling byteorder v1.3.4
[INFO] [stderr]     Checking subtle v2.2.3
[INFO] [stderr]     Checking lazy_static v1.4.0
[INFO] [stderr]     Checking fnv v1.0.7
[INFO] [stderr]     Checking futures-core v0.3.5
[INFO] [stderr]    Compiling pin-project-internal v0.4.23
[INFO] [stderr]     Checking bytes v0.5.6
[INFO] [stderr]     Checking arc-swap v0.4.7
[INFO] [stderr]     Checking opaque-debug v0.2.3
[INFO] [stderr]    Compiling serde v1.0.115
[INFO] [stderr]     Checking pin-project-lite v0.1.7
[INFO] [stderr]     Checking pin-utils v0.1.0
[INFO] [stderr]     Checking futures-sink v0.3.5
[INFO] [stderr]    Compiling httparse v1.3.4
[INFO] [stderr]     Checking byte-tools v0.3.1
[INFO] [stderr]     Checking futures-task v0.3.5
[INFO] [stderr]     Checking signature v1.2.2
[INFO] [stderr]     Checking opaque-debug v0.3.0
[INFO] [stderr]     Checking try-lock v0.2.3
[INFO] [stderr]     Checking cpuid-bool v0.1.2
[INFO] [stderr]     Checking safemem v0.3.3
[INFO] [stderr]     Checking fake-simd v0.1.2
[INFO] [stderr]     Checking base64 v0.12.3
[INFO] [stderr]     Checking tower-service v0.3.0
[INFO] [stderr]    Compiling num-traits v0.2.12
[INFO] [stderr]    Compiling hashbrown v0.8.2
[INFO] [stderr]    Compiling num-integer v0.1.43
[INFO] [stderr]    Compiling indexmap v1.5.1
[INFO] [stderr]    Compiling num-bigint v0.2.6
[INFO] [stderr]    Compiling generic-array v0.14.4
[INFO] [stderr]     Checking tracing-core v0.1.15
[INFO] [stderr]     Checking futures-channel v0.3.5
[INFO] [stderr]     Checking block-padding v0.1.5
[INFO] [stderr]     Checking log v0.4.11
[INFO] [stderr]     Checking ed25519 v1.0.1
[INFO] [stderr]     Checking line-wrap v0.1.1
[INFO] [stderr]     Checking http v0.2.1
[INFO] [stderr]     Checking getrandom v0.1.14
[INFO] [stderr]     Checking net2 v0.2.34
[INFO] [stderr]     Checking iovec v0.1.4
[INFO] [stderr]     Checking signal-hook-registry v1.2.1
[INFO] [stderr]     Checking socket2 v0.3.12
[INFO] [stderr]     Checking time v0.1.43
[INFO] [stderr]     Checking want v0.3.0
[INFO] [stderr]     Checking rand_core v0.5.1
[INFO] [stderr]     Checking tracing v0.1.19
[INFO] [stderr]     Checking mio v0.6.22
[INFO] [stderr]     Checking rand_chacha v0.2.2
[INFO] [stderr]     Checking rand v0.7.3
[INFO] [stderr]    Compiling quote v1.0.7
[INFO] [stderr]     Checking generic-array v0.12.3
[INFO] [stderr]     Checking mio-uds v0.6.8
[INFO] [stderr]     Checking block-cipher-trait v0.6.2
[INFO] [stderr]     Checking digest v0.8.1
[INFO] [stderr]     Checking universal-hash v0.3.0
[INFO] [stderr]     Checking stream-cipher v0.3.2
[INFO] [stderr]     Checking block-buffer v0.7.3
[INFO] [stderr]     Checking aead v0.2.0
[INFO] [stderr]     Checking chrono v0.4.15
[INFO] [stderr]     Checking polyval v0.3.3
[INFO] [stderr]     Checking aes-soft v0.3.3
[INFO] [stderr]     Checking sha-1 v0.8.2
[INFO] [stderr]     Checking ctr v0.3.2
[INFO] [stderr]     Checking digest v0.9.0
[INFO] [stderr]     Checking block-buffer v0.9.0
[INFO] [stderr]     Checking ghash v0.2.3
[INFO] [stderr]     Checking sha2 v0.9.1
[INFO] [stderr]     Checking aes v0.3.2
[INFO] [stderr]     Checking aes-ctr v0.3.0
[INFO] [stderr]     Checking http-body v0.3.1
[INFO] [stderr]     Checking srp v0.4.3
[INFO] [stderr]     Checking plist v1.0.0
[INFO] [stderr]    Compiling synstructure v0.12.4
[INFO] [stderr]    Compiling zeroize_derive v1.0.0
[INFO] [stderr]    Compiling tokio-macros v0.2.5
[INFO] [stderr]     Checking zeroize v1.1.0
[INFO] [stderr]     Checking tokio v0.2.22
[INFO] [stderr]     Checking curve25519-dalek v2.1.0
[INFO] [stderr]     Checking curve25519-dalek v3.0.0
[INFO] [stderr]     Checking aes-gcm v0.5.0
[INFO] [stderr]     Checking ed25519-dalek v1.0.0
[INFO] [stderr]     Checking x25519-dalek v0.6.0
[INFO] [stderr]     Checking pin-project v0.4.23
[INFO] [stderr]     Checking futures-util v0.3.5
[INFO] [stderr]     Checking tokio-util v0.3.1
[INFO] [stderr]     Checking h2 v0.2.6
[INFO] [stderr]     Checking hyper v0.13.7
[INFO] [stderr]     Checking kosmos v0.1.0 (/opt/rustwide/workdir)
[INFO] [stdout] error[E0061]: this function takes 2 arguments but 4 arguments were supplied
[INFO] [stdout]    --> src/main.rs:106:10
[INFO] [stdout]     |
[INFO] [stdout] 106 |         .process_reply(&unique_id, &salt_u8, &x, &pk)
[INFO] [stdout]     |          ^^^^^^^^^^^^^ ----------  --------  --  --- supplied 4 arguments
[INFO] [stdout]     |          |
[INFO] [stdout]     |          expected 2 arguments
[INFO] [stdout] 
[INFO] [stdout] 
[INFO] [stdout] error[E0061]: this function takes 2 arguments but 4 arguments were supplied
[INFO] [stdout]    --> src/main.rs:106:10
[INFO] [stdout]     |
[INFO] [stdout] 106 |         .process_reply(&unique_id, &salt_u8, &x, &pk)
[INFO] [stdout]     |          ^^^^^^^^^^^^^ ----------  --------  --  --- supplied 4 arguments
[INFO] [stdout]     |          |
[INFO] [stdout]     |          expected 2 arguments
[INFO] [stdout] 
[INFO] [stdout] 
[INFO] [stdout] error[E0308]: mismatched types
[INFO] [stdout]    --> src/main.rs:150:30
[INFO] [stdout]     |
[INFO] [stdout] 150 |     (resp, Vec::from(proof), k)
[INFO] [stdout]     |                              ^
[INFO] [stdout]     |                              |
[INFO] [stdout]     |                              expected struct `std::vec::Vec`, found struct `aead::generic_array::GenericArray`
[INFO] [stdout]     |                              help: try using a conversion method: `k.to_vec()`
[INFO] [stdout]     |
[INFO] [stdout]     = note: expected struct `std::vec::Vec<u8>`
[INFO] [stdout]                found struct `aead::generic_array::GenericArray<u8, aead::generic_array::typenum::UInt<aead::generic_array::typenum::UInt<aead::generic_array::typenum::UInt<aead::generic_array::typenum::UInt<aead::generic_array::typenum::UInt<aead::generic_array::typenum::UTerm, aead::generic_array::typenum::B1>, aead::generic_array::typenum::B0>, aead::generic_array::typenum::B1>, aead::generic_array::typenum::B0>, aead::generic_array::typenum::B0>>`
[INFO] [stdout] 
[INFO] [stdout] 
[INFO] [stdout] error[E0599]: no method named `input` found for struct `ed25519_dalek::Sha512` in the current scope
[INFO] [stdout]    --> src/main.rs:162:11
[INFO] [stdout]     |
[INFO] [stdout] 162 |         d.input("Pair-Setup-AES-Key".to_string());
[INFO] [stdout]     |           ^^^^^ method not found in `ed25519_dalek::Sha512`
[INFO] [stdout] 
[INFO] [stdout] 
[INFO] [stdout] error[E0599]: no method named `input` found for struct `ed25519_dalek::Sha512` in the current scope
[INFO] [stdout]    --> src/main.rs:163:11
[INFO] [stdout]     |
[INFO] [stdout] 163 |         d.input(&k);
[INFO] [stdout]     |           ^^^^^ method not found in `ed25519_dalek::Sha512`
[INFO] [stdout] 
[INFO] [stdout] 
[INFO] [stdout] error[E0599]: no method named `result` found for struct `ed25519_dalek::Sha512` in the current scope
[INFO] [stdout]    --> src/main.rs:164:24
[INFO] [stdout]     |
[INFO] [stdout] 164 |         let result = d.result();
[INFO] [stdout]     |                        ^^^^^^ method not found in `ed25519_dalek::Sha512`
[INFO] [stdout] 
[INFO] [stdout] 
[INFO] [stdout] error[E0599]: no method named `input` found for struct `ed25519_dalek::Sha512` in the current scope
[INFO] [stdout]    --> src/main.rs:171:11
[INFO] [stdout]     |
[INFO] [stdout] 171 |         d.input("Pair-Setup-AES-IV".to_string());
[INFO] [stdout]     |           ^^^^^ method not found in `ed25519_dalek::Sha512`
[INFO] [stdout] 
[INFO] [stdout] 
[INFO] [stdout] error[E0599]: no method named `input` found for struct `ed25519_dalek::Sha512` in the current scope
[INFO] [stdout]    --> src/main.rs:172:11
[INFO] [stdout]     |
[INFO] [stdout] 172 |         d.input(&k);
[INFO] [stdout]     |           ^^^^^ method not found in `ed25519_dalek::Sha512`
[INFO] [stdout] 
[INFO] [stdout] 
[INFO] [stdout] error[E0308]: mismatched types
[INFO] [stdout]    --> src/main.rs:150:30
[INFO] [stdout]     |
[INFO] [stdout] 150 |     (resp, Vec::from(proof), k)
[INFO] [stdout]     |                              ^
[INFO] [stdout]     |                              |
[INFO] [stdout]     |                              expected struct `std::vec::Vec`, found struct `aead::generic_array::GenericArray`
[INFO] [stdout]     |                              help: try using a conversion method: `k.to_vec()`
[INFO] [stdout]     |
[INFO] [stdout]     = note: expected struct `std::vec::Vec<u8>`
[INFO] [stdout]                found struct `aead::generic_array::GenericArray<u8, aead::generic_array::typenum::UInt<aead::generic_array::typenum::UInt<aead::generic_array::typenum::UInt<aead::generic_array::typenum::UInt<aead::generic_array::typenum::UInt<aead::generic_array::typenum::UTerm, aead::generic_array::typenum::B1>, aead::generic_array::typenum::B0>, aead::generic_array::typenum::B1>, aead::generic_array::typenum::B0>, aead::generic_array::typenum::B0>>`
[INFO] [stdout] 
[INFO] [stdout] 
[INFO] [stdout] error[E0599]: no method named `result` found for struct `ed25519_dalek::Sha512` in the current scope
[INFO] [stdout]    --> src/main.rs:173:24
[INFO] [stdout]     |
[INFO] [stdout] 173 |         let result = d.result();
[INFO] [stdout]     |                        ^^^^^^ method not found in `ed25519_dalek::Sha512`
[INFO] [stdout] 
[INFO] [stdout] 
[INFO] [stdout] error[E0599]: no method named `input` found for struct `ed25519_dalek::Sha512` in the current scope
[INFO] [stdout]    --> src/main.rs:162:11
[INFO] [stdout]     |
[INFO] [stdout] 162 |         d.input("Pair-Setup-AES-Key".to_string());
[INFO] [stdout]     |           ^^^^^ method not found in `ed25519_dalek::Sha512`
[INFO] [stdout] 
[INFO] [stdout] 
[INFO] [stdout] error[E0599]: no method named `input` found for struct `ed25519_dalek::Sha512` in the current scope
[INFO] [stdout]    --> src/main.rs:163:11
[INFO] [stdout]     |
[INFO] [stdout] 163 |         d.input(&k);
[INFO] [stdout]     |           ^^^^^ method not found in `ed25519_dalek::Sha512`
[INFO] [stdout] 
[INFO] [stdout] 
[INFO] [stdout] error[E0599]: no method named `result` found for struct `ed25519_dalek::Sha512` in the current scope
[INFO] [stdout]    --> src/main.rs:164:24
[INFO] [stdout]     |
[INFO] [stdout] 164 |         let result = d.result();
[INFO] [stdout]     |                        ^^^^^^ method not found in `ed25519_dalek::Sha512`
[INFO] [stdout] 
[INFO] [stdout] 
[INFO] [stdout] error[E0599]: no method named `input` found for struct `ed25519_dalek::Sha512` in the current scope
[INFO] [stdout]    --> src/main.rs:171:11
[INFO] [stdout]     |
[INFO] [stdout] 171 |         d.input("Pair-Setup-AES-IV".to_string());
[INFO] [stdout]     |           ^^^^^ method not found in `ed25519_dalek::Sha512`
[INFO] [stdout] 
[INFO] [stdout] 
[INFO] [stdout] error[E0599]: no method named `input` found for struct `ed25519_dalek::Sha512` in the current scope
[INFO] [stdout]    --> src/main.rs:172:11
[INFO] [stdout]     |
[INFO] [stdout] 172 |         d.input(&k);
[INFO] [stdout]     |           ^^^^^ method not found in `ed25519_dalek::Sha512`
[INFO] [stdout] 
[INFO] [stdout] 
[INFO] [stdout] error[E0599]: no method named `sign` found for struct `ed25519_dalek::Keypair` in the current scope
[INFO] [stdout]    --> src/main.rs:329:33
[INFO] [stdout]     |
[INFO] [stdout] 329 |         let signature = keypair.sign(&concat);
[INFO] [stdout]     |                                 ^^^^ method not found in `ed25519_dalek::Keypair`
[INFO] [stdout]     |
[INFO] [stdout]     = help: items from traits can only be used if the trait is in scope
[INFO] [stdout] help: the following trait is implemented but not in scope; perhaps add a `use` for it:
[INFO] [stdout]     |
[INFO] [stdout] 1   | use ed25519_dalek::Signer;
[INFO] [stdout]     |
[INFO] [stdout] 
[INFO] [stdout] 
[INFO] [stdout] error[E0599]: no method named `result` found for struct `ed25519_dalek::Sha512` in the current scope
[INFO] [stdout]    --> src/main.rs:173:24
[INFO] [stdout]     |
[INFO] [stdout] 173 |         let result = d.result();
[INFO] [stdout]     |                        ^^^^^^ method not found in `ed25519_dalek::Sha512`
[INFO] [stdout] 
[INFO] [stdout] 
[INFO] [stdout] error[E0599]: no method named `input` found for struct `ed25519_dalek::Sha512` in the current scope
[INFO] [stdout]    --> src/main.rs:334:11
[INFO] [stdout]     |
[INFO] [stdout] 334 |         d.input("Pair-Verify-AES-Key".to_string());
[INFO] [stdout]     |           ^^^^^ method not found in `ed25519_dalek::Sha512`
[INFO] [stdout] 
[INFO] [stdout] 
[INFO] [stdout] error[E0599]: no method named `input` found for struct `ed25519_dalek::Sha512` in the current scope
[INFO] [stdout]    --> src/main.rs:335:11
[INFO] [stdout]     |
[INFO] [stdout] 335 |         d.input(shared_secret.as_bytes());
[INFO] [stdout]     |           ^^^^^ method not found in `ed25519_dalek::Sha512`
[INFO] [stdout] 
[INFO] [stdout] 
[INFO] [stdout] error[E0599]: no method named `result` found for struct `ed25519_dalek::Sha512` in the current scope
[INFO] [stdout]    --> src/main.rs:336:24
[INFO] [stdout]     |
[INFO] [stdout] 336 |         let result = d.result();
[INFO] [stdout]     |                        ^^^^^^ method not found in `ed25519_dalek::Sha512`
[INFO] [stdout] 
[INFO] [stdout] 
[INFO] [stdout] error[E0599]: no method named `input` found for struct `ed25519_dalek::Sha512` in the current scope
[INFO] [stdout]    --> src/main.rs:343:11
[INFO] [stdout]     |
[INFO] [stdout] 343 |         d.input("Pair-Verify-AES-IV".to_string());
[INFO] [stdout]     |           ^^^^^ method not found in `ed25519_dalek::Sha512`
[INFO] [stdout] 
[INFO] [stdout] 
[INFO] [stdout] error[E0599]: no method named `input` found for struct `ed25519_dalek::Sha512` in the current scope
[INFO] [stdout]    --> src/main.rs:344:11
[INFO] [stdout]     |
[INFO] [stdout] 344 |         d.input(shared_secret.as_bytes());
[INFO] [stdout]     |           ^^^^^ method not found in `ed25519_dalek::Sha512`
[INFO] [stdout] 
[INFO] [stdout] 
[INFO] [stdout] error[E0599]: no method named `result` found for struct `ed25519_dalek::Sha512` in the current scope
[INFO] [stdout]    --> src/main.rs:345:24
[INFO] [stdout]     |
[INFO] [stdout] 345 |         let result = d.result();
[INFO] [stdout]     |                        ^^^^^^ method not found in `ed25519_dalek::Sha512`
[INFO] [stdout] 
[INFO] [stdout] 
[INFO] [stdout] error[E0599]: no method named `sign` found for struct `ed25519_dalek::Keypair` in the current scope
[INFO] [stdout]    --> src/main.rs:329:33
[INFO] [stdout]     |
[INFO] [stdout] 329 |         let signature = keypair.sign(&concat);
[INFO] [stdout]     |                                 ^^^^ method not found in `ed25519_dalek::Keypair`
[INFO] [stdout]     |
[INFO] [stdout]     = help: items from traits can only be used if the trait is in scope
[INFO] [stdout] help: the following trait is implemented but not in scope; perhaps add a `use` for it:
[INFO] [stdout]     |
[INFO] [stdout] 1   | use ed25519_dalek::Signer;
[INFO] [stdout]     |
[INFO] [stdout] 
[INFO] [stdout] 
[INFO] [stdout] error[E0599]: no method named `input` found for struct `ed25519_dalek::Sha512` in the current scope
[INFO] [stdout]    --> src/main.rs:334:11
[INFO] [stdout]     |
[INFO] [stdout] 334 |         d.input("Pair-Verify-AES-Key".to_string());
[INFO] [stdout]     |           ^^^^^ method not found in `ed25519_dalek::Sha512`
[INFO] [stdout] 
[INFO] [stdout] 
[INFO] [stdout] error[E0599]: no method named `input` found for struct `ed25519_dalek::Sha512` in the current scope
[INFO] [stdout]    --> src/main.rs:335:11
[INFO] [stdout]     |
[INFO] [stdout] 335 |         d.input(shared_secret.as_bytes());
[INFO] [stdout]     |           ^^^^^ method not found in `ed25519_dalek::Sha512`
[INFO] [stdout] 
[INFO] [stdout] 
[INFO] [stdout] error: aborting due to 15 previous errors
[INFO] [stdout] 
[INFO] [stdout] 
[INFO] [stdout] Some errors have detailed explanations: E0061, E0308, E0599.
[INFO] [stdout] 
[INFO] [stdout] For more information about an error, try `rustc --explain E0061`.
[INFO] [stdout] 
[INFO] [stderr] error: could not compile `kosmos`.
[INFO] [stdout] error[E0599]: no method named `result` found for struct `ed25519_dalek::Sha512` in the current scope
[INFO] [stdout]    --> src/main.rs:336:24
[INFO] [stdout]     |
[INFO] [stdout] 336 |         let result = d.result();
[INFO] [stdout]     |                        ^^^^^^ method not found in `ed25519_dalek::Sha512`
[INFO] [stdout] 
[INFO] [stdout] 
[INFO] [stderr] 
[INFO] [stdout] error[E0599]: no method named `input` found for struct `ed25519_dalek::Sha512` in the current scope
[INFO] [stdout]    --> src/main.rs:343:11
[INFO] [stdout]     |
[INFO] [stdout] 343 |         d.input("Pair-Verify-AES-IV".to_string());
[INFO] [stdout]     |           ^^^^^ method not found in `ed25519_dalek::Sha512`
[INFO] [stdout] 
[INFO] [stdout] 
[INFO] [stderr] To learn more, run the command again with --verbose.
[INFO] [stdout] error[E0599]: no method named `input` found for struct `ed25519_dalek::Sha512` in the current scope
[INFO] [stdout]    --> src/main.rs:344:11
[INFO] [stdout]     |
[INFO] [stdout] 344 |         d.input(shared_secret.as_bytes());
[INFO] [stdout]     |           ^^^^^ method not found in `ed25519_dalek::Sha512`
[INFO] [stdout] 
[INFO] [stdout] 
[INFO] [stderr] warning: build failed, waiting for other jobs to finish...
[INFO] [stdout] error[E0599]: no method named `result` found for struct `ed25519_dalek::Sha512` in the current scope
[INFO] [stdout]    --> src/main.rs:345:24
[INFO] [stdout]     |
[INFO] [stdout] 345 |         let result = d.result();
[INFO] [stdout]     |                        ^^^^^^ method not found in `ed25519_dalek::Sha512`
[INFO] [stdout] 
[INFO] [stdout] 
[INFO] [stdout] error: aborting due to 15 previous errors
[INFO] [stdout] 
[INFO] [stdout] 
[INFO] [stdout] Some errors have detailed explanations: E0061, E0308, E0599.
[INFO] [stdout] 
[INFO] [stdout] For more information about an error, try `rustc --explain E0061`.
[INFO] [stdout] 
[INFO] [stderr] error: build failed
[INFO] running `Command { std: "docker" "inspect" "3ddb08bd490216bb7f041c8b12dbc3530f771224036376e8d17d3e66ae889faf", kill_on_drop: false }`
[INFO] running `Command { std: "docker" "rm" "-f" "3ddb08bd490216bb7f041c8b12dbc3530f771224036376e8d17d3e66ae889faf", kill_on_drop: false }`
[INFO] [stdout] 3ddb08bd490216bb7f041c8b12dbc3530f771224036376e8d17d3e66ae889faf
