[INFO] cloning repository https://github.com/matthiaskrgr/cargo-rebuild-check
[INFO] running `Command { std: "git" "-c" "credential.helper=" "-c" "credential.helper=/workspace/cargo-home/bin/git-credential-null" "clone" "--bare" "https://github.com/matthiaskrgr/cargo-rebuild-check" "/workspace/cache/git-repos/https%3A%2F%2Fgithub.com%2Fmatthiaskrgr%2Fcargo-rebuild-check", kill_on_drop: false }`
[INFO] [stderr] Cloning into bare repository '/workspace/cache/git-repos/https%3A%2F%2Fgithub.com%2Fmatthiaskrgr%2Fcargo-rebuild-check'...
[INFO] running `Command { std: "git" "rev-parse" "HEAD", kill_on_drop: false }`
[INFO] [stdout] d54fa01899ab0b14fd29fa0e585e8b1bad9bfefa
[INFO] checking matthiaskrgr/cargo-rebuild-check against beta-2020-07-24 for pr-75494-beta
[INFO] running `Command { std: "git" "clone" "/workspace/cache/git-repos/https%3A%2F%2Fgithub.com%2Fmatthiaskrgr%2Fcargo-rebuild-check" "/workspace/builds/worker-12/source", kill_on_drop: false }`
[INFO] [stderr] Cloning into '/workspace/builds/worker-12/source'...
[INFO] [stderr] done.
[INFO] validating manifest of git repo https://github.com/matthiaskrgr/cargo-rebuild-check on toolchain beta-2020-07-24
[INFO] running `Command { std: "/workspace/cargo-home/bin/cargo" "+beta-2020-07-24" "read-manifest" "--manifest-path" "Cargo.toml", kill_on_drop: false }`
[INFO] started tweaking git repo https://github.com/matthiaskrgr/cargo-rebuild-check
[INFO] finished tweaking git repo https://github.com/matthiaskrgr/cargo-rebuild-check
[INFO] tweaked toml for git repo https://github.com/matthiaskrgr/cargo-rebuild-check written to /workspace/builds/worker-12/source/Cargo.toml
[INFO] crate git repo https://github.com/matthiaskrgr/cargo-rebuild-check already has a lockfile, it will not be regenerated
[INFO] running `Command { std: "/workspace/cargo-home/bin/cargo" "+beta-2020-07-24" "fetch" "--locked" "--manifest-path" "Cargo.toml", kill_on_drop: false }`
[INFO] [stderr] warning: the cargo feature `edition` is now stable and is no longer necessary to be listed in the manifest
[INFO] [stderr]     Blocking waiting for file lock on package cache
[INFO] running `Command { std: "docker" "create" "-v" "/var/lib/crater-agent-workspace/builds/worker-12/target:/opt/rustwide/target:rw,Z" "-v" "/var/lib/crater-agent-workspace/builds/worker-12/source:/opt/rustwide/workdir:ro,Z" "-v" "/var/lib/crater-agent-workspace/cargo-home:/opt/rustwide/cargo-home:ro,Z" "-v" "/var/lib/crater-agent-workspace/rustup-home:/opt/rustwide/rustup-home:ro,Z" "-e" "SOURCE_DIR=/opt/rustwide/workdir" "-e" "CARGO_TARGET_DIR=/opt/rustwide/target" "-e" "CARGO_HOME=/opt/rustwide/cargo-home" "-e" "RUSTUP_HOME=/opt/rustwide/rustup-home" "-w" "/opt/rustwide/workdir" "-m" "1610612736" "--user" "0:0" "--network" "none" "rustops/crates-build-env@sha256:a636fd89d022f18117e1dc8fb37a0a009933cdbbe082814857f0e2024962d47c" "/opt/rustwide/cargo-home/bin/cargo" "+beta-2020-07-24" "metadata" "--no-deps" "--format-version=1", kill_on_drop: false }`
[INFO] [stdout] 5bf9aee51fb3de934af29b6b91b44ae9b4299af0f729d9129147fd1e422babf0
[INFO] [stderr] WARNING: Your kernel does not support swap limit capabilities or the cgroup is not mounted. Memory limited without swap.
[INFO] running `Command { std: "docker" "start" "-a" "5bf9aee51fb3de934af29b6b91b44ae9b4299af0f729d9129147fd1e422babf0", kill_on_drop: false }`
[INFO] running `Command { std: "docker" "inspect" "5bf9aee51fb3de934af29b6b91b44ae9b4299af0f729d9129147fd1e422babf0", kill_on_drop: false }`
[INFO] running `Command { std: "docker" "rm" "-f" "5bf9aee51fb3de934af29b6b91b44ae9b4299af0f729d9129147fd1e422babf0", kill_on_drop: false }`
[INFO] [stdout] 5bf9aee51fb3de934af29b6b91b44ae9b4299af0f729d9129147fd1e422babf0
[INFO] running `Command { std: "docker" "create" "-v" "/var/lib/crater-agent-workspace/builds/worker-12/target:/opt/rustwide/target:rw,Z" "-v" "/var/lib/crater-agent-workspace/builds/worker-12/source:/opt/rustwide/workdir:ro,Z" "-v" "/var/lib/crater-agent-workspace/cargo-home:/opt/rustwide/cargo-home:ro,Z" "-v" "/var/lib/crater-agent-workspace/rustup-home:/opt/rustwide/rustup-home:ro,Z" "-e" "SOURCE_DIR=/opt/rustwide/workdir" "-e" "CARGO_TARGET_DIR=/opt/rustwide/target" "-e" "CARGO_INCREMENTAL=0" "-e" "RUST_BACKTRACE=full" "-e" "RUSTFLAGS=--cap-lints=forbid" "-e" "CARGO_HOME=/opt/rustwide/cargo-home" "-e" "RUSTUP_HOME=/opt/rustwide/rustup-home" "-w" "/opt/rustwide/workdir" "-m" "1610612736" "--user" "0:0" "--network" "none" "rustops/crates-build-env@sha256:a636fd89d022f18117e1dc8fb37a0a009933cdbbe082814857f0e2024962d47c" "/opt/rustwide/cargo-home/bin/cargo" "+beta-2020-07-24" "check" "--frozen" "--all" "--all-targets" "--message-format=json", kill_on_drop: false }`
[INFO] [stdout] e0ddce9a3f33bfc68a9dc10ac2557f6d77e35620e911534c475c8f1d06c84a7f
[INFO] [stderr] WARNING: Your kernel does not support swap limit capabilities or the cgroup is not mounted. Memory limited without swap.
[INFO] running `Command { std: "docker" "start" "-a" "e0ddce9a3f33bfc68a9dc10ac2557f6d77e35620e911534c475c8f1d06c84a7f", kill_on_drop: false }`
[INFO] [stderr] warning: the cargo feature `edition` is now stable and is no longer necessary to be listed in the manifest
[INFO] [stderr]     Checking libc v0.2.42
[INFO] [stderr]    Compiling cc v1.0.18
[INFO] [stderr]     Checking cfg-if v0.1.4
[INFO] [stderr]     Checking lazy_static v1.0.2
[INFO] [stderr]    Compiling serde v1.0.70
[INFO] [stderr]     Checking matches v0.1.7
[INFO] [stderr]    Compiling unicode-xid v0.1.0
[INFO] [stderr]     Checking nodrop v0.1.12
[INFO] [stderr]     Checking openssl-probe v0.1.2
[INFO] [stderr]    Compiling openssl v0.10.10
[INFO] [stderr]     Checking rustc-demangle v0.1.9
[INFO] [stderr]    Compiling regex v1.0.2
[INFO] [stderr]    Compiling rayon-core v1.4.1
[INFO] [stderr]     Checking memoffset v0.2.1
[INFO] [stderr]     Checking foreign-types-shared v0.1.1
[INFO] [stderr]     Checking rand_core v0.2.1
[INFO] [stderr]     Checking quick-error v1.2.2
[INFO] [stderr]     Checking itoa v0.4.2
[INFO] [stderr]     Checking dtoa v0.4.3
[INFO] [stderr]     Checking unicode-width v0.1.5
[INFO] [stderr]     Checking hex v0.3.2
[INFO] [stderr]     Checking vec_map v0.8.1
[INFO] [stderr]     Checking semver-parser v0.7.0
[INFO] [stderr]    Compiling rayon v1.0.2
[INFO] [stderr]     Checking either v1.5.0
[INFO] [stderr]     Checking home v0.3.3
[INFO] [stderr]     Checking shell-escape v0.1.4
[INFO] [stderr]     Checking bencher v0.1.5
[INFO] [stderr]     Checking regex-syntax v0.5.6
[INFO] [stderr]     Checking regex-syntax v0.6.2
[INFO] [stderr]     Checking log v0.4.3
[INFO] [stderr]     Checking crossbeam-utils v0.2.2
[INFO] [stderr]     Checking foreign-types v0.3.2
[INFO] [stderr]     Checking arrayvec v0.4.7
[INFO] [stderr]     Checking walkdir v2.1.4
[INFO] [stderr]     Checking unicode-bidi v0.3.4
[INFO] [stderr]    Compiling proc-macro2 v0.4.8
[INFO] [stderr]     Checking humantime v1.1.1
[INFO] [stderr]     Checking textwrap v0.10.0
[INFO] [stderr]     Checking thread_local v0.3.5
[INFO] [stderr]    Compiling synstructure v0.6.1
[INFO] [stderr]    Compiling cmake v0.1.31
[INFO] [stderr]     Checking memchr v2.0.1
[INFO] [stderr]     Checking socket2 v0.3.7
[INFO] [stderr]     Checking num_cpus v1.8.0
[INFO] [stderr]     Checking atty v0.2.10
[INFO] [stderr]     Checking filetime v0.2.1
[INFO] [stderr]     Checking rand v0.5.4
[INFO] [stderr]     Checking fs2 v0.4.3
[INFO] [stderr]     Checking jobserver v0.1.11
[INFO] [stderr]     Checking crossbeam-epoch v0.3.1
[INFO] [stderr]     Checking idna v0.1.5
[INFO] [stderr]     Checking clap v2.32.0
[INFO] [stderr]     Checking aho-corasick v0.6.6
[INFO] [stderr]     Checking tar v0.4.16
[INFO] [stderr]    Compiling quote v0.6.3
[INFO] [stderr]    Compiling syn v0.14.4
[INFO] [stderr]     Checking crossbeam-deque v0.2.0
[INFO] [stderr]     Checking url v1.7.1
[INFO] [stderr]    Compiling failure_derive v0.1.1
[INFO] [stderr]    Compiling openssl-sys v0.9.33
[INFO] [stderr]    Compiling libz-sys v1.0.18
[INFO] [stderr]    Compiling curl-sys v0.4.6
[INFO] [stderr]    Compiling libssh2-sys v0.2.8
[INFO] [stderr]    Compiling backtrace-sys v0.1.23
[INFO] [stderr]    Compiling libgit2-sys v0.7.5
[INFO] [stderr]    Compiling miniz-sys v0.1.10
[INFO] [stderr]     Checking tempfile v3.0.3
[INFO] [stderr]     Checking flate2 v1.0.1
[INFO] [stderr]     Checking backtrace v0.3.9
[INFO] [stderr]     Checking failure v0.1.1
[INFO] [stderr]     Checking regex v0.2.11
[INFO] [stderr]     Checking env_logger v0.5.10
[INFO] [stderr]    Compiling serde_derive v1.0.70
[INFO] [stderr]     Checking globset v0.4.0
[INFO] [stderr]     Checking crypto-hash v0.3.1
[INFO] [stderr]     Checking ignore v0.4.2
[INFO] [stderr]     Checking serde_json v1.0.24
[INFO] [stderr]     Checking serde_ignored v0.0.4
[INFO] [stderr]     Checking semver v0.9.0
[INFO] [stderr]     Checking toml v0.4.6
[INFO] [stderr]     Checking curl v0.4.12
[INFO] [stderr]     Checking crates-io v0.16.0
[INFO] [stderr]     Checking git2 v0.7.2
[INFO] [stderr]     Checking git2-curl v0.8.1
[INFO] [stderr]     Checking cargo v0.28.0
[INFO] [stderr]     Checking cargo-rebuild-check v0.1.0 (/opt/rustwide/workdir)
[INFO] [stdout] warning[E0705]: the feature `rust_2018_preview` is included in the Rust 2018 edition
[INFO] [stdout]  --> src/main.rs:1:12
[INFO] [stdout]   |
[INFO] [stdout] 1 | #![feature(rust_2018_preview, use_extern_macros)]
[INFO] [stdout]   |            ^^^^^^^^^^^^^^^^^
[INFO] [stdout] 
[INFO] [stdout] 
[INFO] [stdout] warning[E0705]: the feature `rust_2018_preview` is included in the Rust 2018 edition
[INFO] [stdout]  --> src/main.rs:1:12
[INFO] [stdout]   |
[INFO] [stdout] 1 | #![feature(rust_2018_preview, use_extern_macros)]
[INFO] [stdout]   |            ^^^^^^^^^^^^^^^^^
[INFO] [stdout] 
[INFO] [stdout] 
[INFO] [stdout] error[E0432]: unresolved import `test`
[INFO] [stdout]  --> src/core.rs:2:5
[INFO] [stdout]   |
[INFO] [stdout] 2 | use test::*;
[INFO] [stdout]   |     ^^^^ use of undeclared type or module `test`
[INFO] [stdout] 
[INFO] [stdout] 
[INFO] [stdout] error[E0432]: unresolved import `test`
[INFO] [stdout]  --> src/parse.rs:2:5
[INFO] [stdout]   |
[INFO] [stdout] 2 | use test::*;
[INFO] [stdout]   |     ^^^^ use of undeclared type or module `test`
[INFO] [stdout] 
[INFO] [stdout] 
[INFO] [stdout] error[E0432]: unresolved import `self::test`
[INFO] [stdout]    --> src/core.rs:269:15
[INFO] [stdout]     |
[INFO] [stdout] 269 |     use self::test::Bencher;
[INFO] [stdout]     |               ^^^^ could not find `test` in `self`
[INFO] [stdout] 
[INFO] [stdout] 
[INFO] [stdout] error[E0432]: unresolved import `self::test`
[INFO] [stdout]    --> src/parse.rs:193:15
[INFO] [stdout]     |
[INFO] [stdout] 193 |     use self::test::Bencher;
[INFO] [stdout]     |               ^^^^ could not find `test` in `self`
[INFO] [stdout] 
[INFO] [stdout] 
[INFO] [stdout] error[E0554]: `#![feature]` may not be used on the beta release channel
[INFO] [stdout]  --> src/main.rs:1:1
[INFO] [stdout]   |
[INFO] [stdout] 1 | #![feature(rust_2018_preview, use_extern_macros)]
[INFO] [stdout]   | ^^^^^^^^^^^^^^^^^^^^^^^^^^^^^^^^^^^^^^^^^^^^^^^^^
[INFO] [stdout] 
[INFO] [stdout] 
[INFO] [stdout] error[E0554]: `#![feature]` may not be used on the beta release channel
[INFO] [stdout]  --> src/main.rs:2:1
[INFO] [stdout]   |
[INFO] [stdout] 2 | #![feature(test)]
[INFO] [stdout]   | ^^^^^^^^^^^^^^^^^
[INFO] [stdout] 
[INFO] [stdout] 
[INFO] [stdout] error[E0554]: `#![feature]` may not be used on the beta release channel
[INFO] [stdout]  --> src/main.rs:1:1
[INFO] [stdout]   |
[INFO] [stdout] 1 | #![feature(rust_2018_preview, use_extern_macros)]
[INFO] [stdout]   | ^^^^^^^^^^^^^^^^^^^^^^^^^^^^^^^^^^^^^^^^^^^^^^^^^
[INFO] [stdout] 
[INFO] [stdout] 
[INFO] [stdout] error[E0554]: `#![feature]` may not be used on the beta release channel
[INFO] [stdout]  --> src/main.rs:2:1
[INFO] [stdout]   |
[INFO] [stdout] 2 | #![feature(test)]
[INFO] [stdout]   | ^^^^^^^^^^^^^^^^^
[INFO] [stdout] 
[INFO] [stdout] 
[INFO] [stdout] error: aborting due to 2 previous errors; 1 warning emitted
[INFO] [stdout] 
[INFO] [stdout] 
[INFO] [stdout] Some errors have detailed explanations: E0554, E0705.
[INFO] [stdout] 
[INFO] [stdout] For more information about an error, try `rustc --explain E0554`.
[INFO] [stdout] 
[INFO] [stdout] error: aborting due to 6 previous errors; 1 warning emitted
[INFO] [stdout] 
[INFO] [stdout] 
[INFO] [stdout] Some errors have detailed explanations: E0432, E0554, E0705.
[INFO] [stdout] 
[INFO] [stdout] For more information about an error, try `rustc --explain E0432`.
[INFO] [stdout] 
[INFO] [stderr] error: could not compile `cargo-rebuild-check`.
[INFO] [stderr] 
[INFO] [stderr] To learn more, run the command again with --verbose.
[INFO] [stderr] warning: build failed, waiting for other jobs to finish...
[INFO] [stderr] error: build failed
[INFO] running `Command { std: "docker" "inspect" "e0ddce9a3f33bfc68a9dc10ac2557f6d77e35620e911534c475c8f1d06c84a7f", kill_on_drop: false }`
[INFO] running `Command { std: "docker" "rm" "-f" "e0ddce9a3f33bfc68a9dc10ac2557f6d77e35620e911534c475c8f1d06c84a7f", kill_on_drop: false }`
[INFO] [stdout] e0ddce9a3f33bfc68a9dc10ac2557f6d77e35620e911534c475c8f1d06c84a7f
