[INFO] cloning repository https://github.com/marccampbell/auditable
[INFO] running `Command { std: "git" "-c" "credential.helper=" "-c" "credential.helper=/workspace/cargo-home/bin/git-credential-null" "clone" "--bare" "https://github.com/marccampbell/auditable" "/workspace/cache/git-repos/https%3A%2F%2Fgithub.com%2Fmarccampbell%2Fauditable", kill_on_drop: false }`
[INFO] [stderr] Cloning into bare repository '/workspace/cache/git-repos/https%3A%2F%2Fgithub.com%2Fmarccampbell%2Fauditable'...
[INFO] running `Command { std: "git" "rev-parse" "HEAD", kill_on_drop: false }`
[INFO] [stdout] 9ad98c541809cda3a8ee2431b0ab83e76ec2591a
[INFO] checking marccampbell/auditable against beta-2020-07-24 for pr-75494-beta
[INFO] running `Command { std: "git" "clone" "/workspace/cache/git-repos/https%3A%2F%2Fgithub.com%2Fmarccampbell%2Fauditable" "/workspace/builds/worker-8/source", kill_on_drop: false }`
[INFO] [stderr] Cloning into '/workspace/builds/worker-8/source'...
[INFO] [stderr] done.
[INFO] validating manifest of git repo https://github.com/marccampbell/auditable on toolchain beta-2020-07-24
[INFO] running `Command { std: "/workspace/cargo-home/bin/cargo" "+beta-2020-07-24" "read-manifest" "--manifest-path" "Cargo.toml", kill_on_drop: false }`
[INFO] started tweaking git repo https://github.com/marccampbell/auditable
[INFO] finished tweaking git repo https://github.com/marccampbell/auditable
[INFO] tweaked toml for git repo https://github.com/marccampbell/auditable written to /workspace/builds/worker-8/source/Cargo.toml
[INFO] crate git repo https://github.com/marccampbell/auditable already has a lockfile, it will not be regenerated
[INFO] running `Command { std: "/workspace/cargo-home/bin/cargo" "+beta-2020-07-24" "fetch" "--locked" "--manifest-path" "Cargo.toml", kill_on_drop: false }`
[INFO] [stderr] error: the lock file /workspace/builds/worker-8/source/Cargo.lock needs to be updated but --locked was passed to prevent this
[INFO] [stderr] If you want to try to generate the lock file without accessing the network, use the --offline flag.
[INFO] the lockfile is outdated, regenerating it
[INFO] running `Command { std: "/workspace/cargo-home/bin/cargo" "+beta-2020-07-24" "generate-lockfile" "--manifest-path" "Cargo.toml" "-Zno-index-update", kill_on_drop: false }`
[INFO] [stderr]     Updating git repository `https://github.com/mitsuhiko/redis-rs.git`
[INFO] running `Command { std: "/workspace/cargo-home/bin/cargo" "+beta-2020-07-24" "fetch" "--locked" "--manifest-path" "Cargo.toml", kill_on_drop: false }`
[INFO] running `Command { std: "docker" "create" "-v" "/var/lib/crater-agent-workspace/builds/worker-8/target:/opt/rustwide/target:rw,Z" "-v" "/var/lib/crater-agent-workspace/builds/worker-8/source:/opt/rustwide/workdir:ro,Z" "-v" "/var/lib/crater-agent-workspace/cargo-home:/opt/rustwide/cargo-home:ro,Z" "-v" "/var/lib/crater-agent-workspace/rustup-home:/opt/rustwide/rustup-home:ro,Z" "-e" "SOURCE_DIR=/opt/rustwide/workdir" "-e" "CARGO_TARGET_DIR=/opt/rustwide/target" "-e" "CARGO_HOME=/opt/rustwide/cargo-home" "-e" "RUSTUP_HOME=/opt/rustwide/rustup-home" "-w" "/opt/rustwide/workdir" "-m" "1610612736" "--user" "0:0" "--network" "none" "rustops/crates-build-env@sha256:a636fd89d022f18117e1dc8fb37a0a009933cdbbe082814857f0e2024962d47c" "/opt/rustwide/cargo-home/bin/cargo" "+beta-2020-07-24" "metadata" "--no-deps" "--format-version=1", kill_on_drop: false }`
[INFO] [stdout] a2e1cc33a4dcebc7ed59b3d88fa56557f8e854fe86474dd0926b2da2b9e23d5c
[INFO] [stderr] WARNING: Your kernel does not support swap limit capabilities or the cgroup is not mounted. Memory limited without swap.
[INFO] running `Command { std: "docker" "start" "-a" "a2e1cc33a4dcebc7ed59b3d88fa56557f8e854fe86474dd0926b2da2b9e23d5c", kill_on_drop: false }`
[INFO] running `Command { std: "docker" "inspect" "a2e1cc33a4dcebc7ed59b3d88fa56557f8e854fe86474dd0926b2da2b9e23d5c", kill_on_drop: false }`
[INFO] running `Command { std: "docker" "rm" "-f" "a2e1cc33a4dcebc7ed59b3d88fa56557f8e854fe86474dd0926b2da2b9e23d5c", kill_on_drop: false }`
[INFO] [stdout] a2e1cc33a4dcebc7ed59b3d88fa56557f8e854fe86474dd0926b2da2b9e23d5c
[INFO] running `Command { std: "docker" "create" "-v" "/var/lib/crater-agent-workspace/builds/worker-8/target:/opt/rustwide/target:rw,Z" "-v" "/var/lib/crater-agent-workspace/builds/worker-8/source:/opt/rustwide/workdir:ro,Z" "-v" "/var/lib/crater-agent-workspace/cargo-home:/opt/rustwide/cargo-home:ro,Z" "-v" "/var/lib/crater-agent-workspace/rustup-home:/opt/rustwide/rustup-home:ro,Z" "-e" "SOURCE_DIR=/opt/rustwide/workdir" "-e" "CARGO_TARGET_DIR=/opt/rustwide/target" "-e" "CARGO_INCREMENTAL=0" "-e" "RUST_BACKTRACE=full" "-e" "RUSTFLAGS=--cap-lints=forbid" "-e" "CARGO_HOME=/opt/rustwide/cargo-home" "-e" "RUSTUP_HOME=/opt/rustwide/rustup-home" "-w" "/opt/rustwide/workdir" "-m" "1610612736" "--user" "0:0" "--network" "none" "rustops/crates-build-env@sha256:a636fd89d022f18117e1dc8fb37a0a009933cdbbe082814857f0e2024962d47c" "/opt/rustwide/cargo-home/bin/cargo" "+beta-2020-07-24" "check" "--frozen" "--all" "--all-targets" "--message-format=json", kill_on_drop: false }`
[INFO] [stdout] 062ffcd828cc505368df9cc02b354aa6cba49740d4a4e2500a2502e69ea0f945
[INFO] [stderr] WARNING: Your kernel does not support swap limit capabilities or the cgroup is not mounted. Memory limited without swap.
[INFO] running `Command { std: "docker" "start" "-a" "062ffcd828cc505368df9cc02b354aa6cba49740d4a4e2500a2502e69ea0f945", kill_on_drop: false }`
[INFO] [stderr]    Compiling autocfg v0.1.7
[INFO] [stderr]    Compiling version_check v0.1.5
[INFO] [stderr]     Checking futures-io v0.3.5
[INFO] [stderr]    Compiling version_check v0.9.2
[INFO] [stderr]     Checking fastrand v1.3.4
[INFO] [stderr]     Checking parking v2.0.0
[INFO] [stderr]     Checking event-listener v2.4.0
[INFO] [stderr]     Checking vec-arena v0.5.2
[INFO] [stderr]    Compiling proc-macro-hack v0.5.18
[INFO] [stderr]     Checking route-recognizer v0.1.13
[INFO] [stderr]    Compiling hashbrown v0.8.2
[INFO] [stderr]    Compiling indexmap v1.5.1
[INFO] [stderr]    Compiling crossbeam-utils v0.7.2
[INFO] [stderr]     Checking tracing-core v0.1.15
[INFO] [stderr]     Checking concurrent-queue v1.2.2
[INFO] [stderr]     Checking unsafe-any v0.4.2
[INFO] [stderr]     Checking http v0.2.1
[INFO] [stderr]     Checking idna v0.1.5
[INFO] [stderr]     Checking idna v0.2.0
[INFO] [stderr]    Compiling libc v0.2.76
[INFO] [stderr]     Checking log v0.4.11
[INFO] [stderr]     Checking typemap v0.3.3
[INFO] [stderr]     Checking net2 v0.2.34
[INFO] [stderr]     Checking iovec v0.1.4
[INFO] [stderr]     Checking num_cpus v1.13.0
[INFO] [stderr]     Checking socket2 v0.3.12
[INFO] [stderr]     Checking polling v0.1.5
[INFO] [stderr]     Checking async-mutex v1.1.5
[INFO] [stderr]     Checking async-channel v1.4.0
[INFO] [stderr]    Compiling syn v1.0.39
[INFO] [stderr]     Checking serde_json v1.0.57
[INFO] [stderr]     Checking futures-lite v0.1.11
[INFO] [stderr]     Checking multitask v0.2.0
[INFO] [stderr]     Checking plugin v0.2.6
[INFO] [stderr]    Compiling unicase v1.4.2
[INFO] [stderr]    Compiling standback v0.2.10
[INFO] [stderr]    Compiling time v0.2.16
[INFO] [stderr]    Compiling rand_chacha v0.1.1
[INFO] [stderr]    Compiling rand_pcg v0.1.2
[INFO] [stderr]    Compiling rand v0.6.5
[INFO] [stderr]     Checking log v0.3.9
[INFO] [stderr]     Checking mio v0.6.22
[INFO] [stderr]     Checking tracing v0.1.19
[INFO] [stderr]     Checking kv-log-macro v1.0.7
[INFO] [stderr]     Checking want v0.3.0
[INFO] [stderr]    Compiling rand_os v0.1.3
[INFO] [stderr]     Checking url v1.7.2
[INFO] [stderr]     Checking url v2.1.1
[INFO] [stderr]     Checking mime v0.2.6
[INFO] [stderr]     Checking async-io v0.1.11
[INFO] [stderr]     Checking blocking v0.5.2
[INFO] [stderr]    Compiling phf_shared v0.7.24
[INFO] [stderr]    Compiling phf v0.7.24
[INFO] [stderr]     Checking hyper v0.10.16
[INFO] [stderr]     Checking mio-uds v0.6.8
[INFO] [stderr]     Checking async-executor v0.1.2
[INFO] [stderr]     Checking tokio v0.2.22
[INFO] [stderr]     Checking async-std v1.6.3
[INFO] [stderr]     Checking http-body v0.3.1
[INFO] [stderr]    Compiling phf_generator v0.7.24
[INFO] [stderr]    Compiling phf_codegen v0.7.24
[INFO] [stderr]    Compiling mime_guess v1.8.8
[INFO] [stderr]     Checking iron v0.6.1
[INFO] [stderr]     Checking tokio-util v0.3.1
[INFO] [stderr]     Checking persistent v0.4.0
[INFO] [stderr]     Checking router v0.6.0
[INFO] [stderr]     Checking bodyparser v0.8.0
[INFO] [stderr]    Compiling pin-project-internal v0.4.23
[INFO] [stderr]    Compiling time-macros-impl v0.1.1
[INFO] [stderr]    Compiling async-trait v0.1.38
[INFO] [stderr]     Checking time-macros v0.1.0
[INFO] [stderr]     Checking pin-project v0.4.23
[INFO] [stderr]     Checking futures-util v0.3.5
[INFO] [stderr]     Checking combine v4.2.1
[INFO] [stderr]     Checking h2 v0.2.6
[INFO] [stderr]     Checking hyper v0.13.7
[INFO] [stderr]     Checking redis v0.17.1-alpha.0 (https://github.com/mitsuhiko/redis-rs.git#7a3a4c2d)
[INFO] [stderr]     Checking auditable v0.1.0 (/opt/rustwide/workdir)
[INFO] [stdout] error[E0432]: unresolved import `hyper::header::Connection`
[INFO] [stdout]  --> tests/tests.rs:6:5
[INFO] [stdout]   |
[INFO] [stdout] 6 | use hyper::header::Connection;
[INFO] [stdout]   |     ^^^^^^^^^^^^^^^^^^^^^^^^^ no `Connection` in `header`
[INFO] [stdout] 
[INFO] [stdout] 
[INFO] [stdout] warning: unused import: `std::io::Read`
[INFO] [stdout]  --> tests/tests.rs:3:5
[INFO] [stdout]   |
[INFO] [stdout] 3 | use std::io::Read;
[INFO] [stdout]   |     ^^^^^^^^^^^^^
[INFO] [stdout]   |
[INFO] [stdout]   = note: `#[warn(unused_imports)]` on by default
[INFO] [stdout] 
[INFO] [stdout] 
[INFO] [stdout] warning: unused import: `hyper::Client`
[INFO] [stdout]  --> tests/tests.rs:5:5
[INFO] [stdout]   |
[INFO] [stdout] 5 | use hyper::Client;
[INFO] [stdout]   |     ^^^^^^^^^^^^^
[INFO] [stdout] 
[INFO] [stdout] 
[INFO] [stdout] error: aborting due to previous error; 2 warnings emitted
[INFO] [stdout] 
[INFO] [stdout] 
[INFO] [stdout] For more information about this error, try `rustc --explain E0432`.
[INFO] [stdout] 
[INFO] [stderr] error: could not compile `auditable`.
[INFO] [stderr] 
[INFO] [stderr] To learn more, run the command again with --verbose.
[INFO] [stderr] warning: build failed, waiting for other jobs to finish...
[INFO] [stdout] error[E0425]: cannot find function `now_utc` in crate `time`
[INFO] [stdout]   --> src/auditable/auditevent.rs:40:25
[INFO] [stdout]    |
[INFO] [stdout] 40 |         let now = time::now_utc().to_timespec();
[INFO] [stdout]    |                         ^^^^^^^ not found in `time`
[INFO] [stdout] 
[INFO] [stdout] 
[INFO] [stdout] warning: unnecessary trailing semicolon
[INFO] [stdout]   --> src/auditable/auditevent.rs:15:23
[INFO] [stdout]    |
[INFO] [stdout] 15 |         Ok(None) => { ; },
[INFO] [stdout]    |                       ^ help: remove this semicolon
[INFO] [stdout]    |
[INFO] [stdout]    = note: `#[warn(redundant_semicolons)]` on by default
[INFO] [stdout] 
[INFO] [stdout] 
[INFO] [stdout] error[E0425]: cannot find function `now_utc` in crate `time`
[INFO] [stdout]   --> src/auditable/auditevent.rs:40:25
[INFO] [stdout]    |
[INFO] [stdout] 40 |         let now = time::now_utc().to_timespec();
[INFO] [stdout]    |                         ^^^^^^^ not found in `time`
[INFO] [stdout] 
[INFO] [stdout] 
[INFO] [stdout] warning: unnecessary trailing semicolon
[INFO] [stdout]   --> src/auditable/auditevent.rs:15:23
[INFO] [stdout]    |
[INFO] [stdout] 15 |         Ok(None) => { ; },
[INFO] [stdout]    |                       ^ help: remove this semicolon
[INFO] [stdout]    |
[INFO] [stdout]    = note: `#[warn(redundant_semicolons)]` on by default
[INFO] [stdout] 
[INFO] [stdout] 
[INFO] [stdout] error[E0061]: this function takes 3 arguments but 2 arguments were supplied
[INFO] [stdout]   --> src/auditable/server.rs:31:16
[INFO] [stdout]    |
[INFO] [stdout] 31 |         router.get("/ping", ping);
[INFO] [stdout]    |                ^^^ -------  ---- supplied 2 arguments
[INFO] [stdout]    |                |
[INFO] [stdout]    |                expected 3 arguments
[INFO] [stdout] 
[INFO] [stdout] 
[INFO] [stdout] error[E0061]: this function takes 3 arguments but 2 arguments were supplied
[INFO] [stdout]   --> src/auditable/server.rs:33:16
[INFO] [stdout]    |
[INFO] [stdout] 33 |         router.post("/v1/event", auditevent::auditevent_create);
[INFO] [stdout]    |                ^^^^ -----------  ----------------------------- supplied 2 arguments
[INFO] [stdout]    |                |
[INFO] [stdout]    |                expected 3 arguments
[INFO] [stdout] 
[INFO] [stdout] 
[INFO] [stdout] error[E0061]: this function takes 3 arguments but 2 arguments were supplied
[INFO] [stdout]   --> src/auditable/server.rs:31:16
[INFO] [stdout]    |
[INFO] [stdout] 31 |         router.get("/ping", ping);
[INFO] [stdout]    |                ^^^ -------  ---- supplied 2 arguments
[INFO] [stdout]    |                |
[INFO] [stdout]    |                expected 3 arguments
[INFO] [stdout] 
[INFO] [stdout] 
[INFO] [stdout] error[E0061]: this function takes 3 arguments but 2 arguments were supplied
[INFO] [stdout]   --> src/auditable/server.rs:33:16
[INFO] [stdout]    |
[INFO] [stdout] 33 |         router.post("/v1/event", auditevent::auditevent_create);
[INFO] [stdout]    |                ^^^^ -----------  ----------------------------- supplied 2 arguments
[INFO] [stdout]    |                |
[INFO] [stdout]    |                expected 3 arguments
[INFO] [stdout] 
[INFO] [stdout] 
[INFO] [stdout] error[E0277]: the trait bound `for<'a> auditable::auditevent::AuditEvent: serde::de::Deserialize<'a>` is not satisfied
[INFO] [stdout]   --> src/auditable/auditevent.rs:19:27
[INFO] [stdout]    |
[INFO] [stdout] 19 |     let audit_event = req.get::<Struct<AuditEvent>>();
[INFO] [stdout]    |                           ^^^ the trait `for<'a> serde::de::Deserialize<'a>` is not implemented for `auditable::auditevent::AuditEvent`
[INFO] [stdout]    |
[INFO] [stdout]    = note: required because of the requirements on the impl of `iron::typemap::Key` for `bodyparser::Struct<auditable::auditevent::AuditEvent>`
[INFO] [stdout] 
[INFO] [stdout] 
[INFO] [stdout] error[E0277]: the trait bound `for<'a> auditable::auditevent::AuditEvent: serde::de::Deserialize<'a>` is not satisfied
[INFO] [stdout]   --> src/auditable/auditevent.rs:19:27
[INFO] [stdout]    |
[INFO] [stdout] 19 |     let audit_event = req.get::<Struct<AuditEvent>>();
[INFO] [stdout]    |                           ^^^ the trait `for<'a> serde::de::Deserialize<'a>` is not implemented for `auditable::auditevent::AuditEvent`
[INFO] [stdout]    |
[INFO] [stdout]    = note: required because of the requirements on the impl of `iron::typemap::Key` for `bodyparser::Struct<auditable::auditevent::AuditEvent>`
[INFO] [stdout] 
[INFO] [stdout] 
[INFO] [stdout] error[E0277]: the trait bound `for<'a> auditable::auditevent::AuditEvent: serde::de::Deserialize<'a>` is not satisfied
[INFO] [stdout]    --> src/auditable/auditevent.rs:19:33
[INFO] [stdout]     |
[INFO] [stdout] 19  |     let audit_event = req.get::<Struct<AuditEvent>>();
[INFO] [stdout]     |                                 ^^^^^^^^^^^^^^^^^^ the trait `for<'a> serde::de::Deserialize<'a>` is not implemented for `auditable::auditevent::AuditEvent`
[INFO] [stdout]     | 
[INFO] [stdout]    ::: /opt/rustwide/cargo-home/registry/src/github.com-1ecc6299db9ec823/bodyparser-0.8.0/src/lib.rs:118:31
[INFO] [stdout]     |
[INFO] [stdout] 118 | pub struct Struct<T> where T: for<'a> Deserialize<'a> {
[INFO] [stdout]     |                               ----------------------- required by this bound in `bodyparser::Struct`
[INFO] [stdout] 
[INFO] [stdout] 
[INFO] [stdout] error[E0277]: the trait bound `for<'a> auditable::auditevent::AuditEvent: serde::de::Deserialize<'a>` is not satisfied
[INFO] [stdout]    --> src/auditable/auditevent.rs:19:33
[INFO] [stdout]     |
[INFO] [stdout] 19  |     let audit_event = req.get::<Struct<AuditEvent>>();
[INFO] [stdout]     |                                 ^^^^^^^^^^^^^^^^^^ the trait `for<'a> serde::de::Deserialize<'a>` is not implemented for `auditable::auditevent::AuditEvent`
[INFO] [stdout]     | 
[INFO] [stdout]    ::: /opt/rustwide/cargo-home/registry/src/github.com-1ecc6299db9ec823/bodyparser-0.8.0/src/lib.rs:118:31
[INFO] [stdout]     |
[INFO] [stdout] 118 | pub struct Struct<T> where T: for<'a> Deserialize<'a> {
[INFO] [stdout]     |                               ----------------------- required by this bound in `bodyparser::Struct`
[INFO] [stdout] 
[INFO] [stdout] 
[INFO] [stdout] error[E0599]: no function or associated item named `new_v4` found for struct `uuid::Uuid` in the current scope
[INFO] [stdout]   --> src/auditable/auditevent.rs:39:30
[INFO] [stdout]    |
[INFO] [stdout] 39 |         let event_id = Uuid::new_v4().to_string();
[INFO] [stdout]    |                              ^^^^^^ function or associated item not found in `uuid::Uuid`
[INFO] [stdout] 
[INFO] [stdout] 
[INFO] [stdout] error[E0599]: no function or associated item named `new_v4` found for struct `uuid::Uuid` in the current scope
[INFO] [stdout]   --> src/auditable/auditevent.rs:39:30
[INFO] [stdout]    |
[INFO] [stdout] 39 |         let event_id = Uuid::new_v4().to_string();
[INFO] [stdout]    |                              ^^^^^^ function or associated item not found in `uuid::Uuid`
[INFO] [stdout] 
[INFO] [stdout] 
[INFO] [stdout] error[E0308]: mismatched types
[INFO] [stdout]   --> src/auditable/auditevent.rs:50:20
[INFO] [stdout]    |
[INFO] [stdout] 50 |         ]).execute(&connect_result);
[INFO] [stdout]    |                    ^^^^^^^^^^^^^^^ types differ in mutability
[INFO] [stdout]    |
[INFO] [stdout]    = note: expected mutable reference `&mut dyn redis::ConnectionLike`
[INFO] [stdout]                       found reference `&redis::Connection`
[INFO] [stdout] 
[INFO] [stdout] 
[INFO] [stdout] error[E0308]: mismatched types
[INFO] [stdout]   --> src/auditable/auditevent.rs:50:20
[INFO] [stdout]    |
[INFO] [stdout] 50 |         ]).execute(&connect_result);
[INFO] [stdout]    |                    ^^^^^^^^^^^^^^^ types differ in mutability
[INFO] [stdout]    |
[INFO] [stdout]    = note: expected mutable reference `&mut dyn redis::ConnectionLike`
[INFO] [stdout]                       found reference `&redis::Connection`
[INFO] [stdout] 
[INFO] [stdout] 
[INFO] [stdout] error[E0308]: mismatched types
[INFO] [stdout]   --> src/auditable/auditevent.rs:52:91
[INFO] [stdout]    |
[INFO] [stdout] 52 |         redis::cmd("ZADD").arg("audit.events").arg(now.sec).arg(event_id.clone()).execute(&connect_result);
[INFO] [stdout]    |                                                                                           ^^^^^^^^^^^^^^^ types differ in mutability
[INFO] [stdout]    |
[INFO] [stdout]    = note: expected mutable reference `&mut dyn redis::ConnectionLike`
[INFO] [stdout]                       found reference `&redis::Connection`
[INFO] [stdout] 
[INFO] [stdout] 
[INFO] [stdout] warning: unused import: `redis::Commands`
[INFO] [stdout]  --> src/auditable/auditevent.rs:7:5
[INFO] [stdout]   |
[INFO] [stdout] 7 | use redis::Commands;
[INFO] [stdout]   |     ^^^^^^^^^^^^^^^
[INFO] [stdout]   |
[INFO] [stdout]   = note: `#[warn(unused_imports)]` on by default
[INFO] [stdout] 
[INFO] [stdout] 
[INFO] [stdout] error[E0308]: mismatched types
[INFO] [stdout]   --> src/auditable/auditevent.rs:52:91
[INFO] [stdout]    |
[INFO] [stdout] 52 |         redis::cmd("ZADD").arg("audit.events").arg(now.sec).arg(event_id.clone()).execute(&connect_result);
[INFO] [stdout]    |                                                                                           ^^^^^^^^^^^^^^^ types differ in mutability
[INFO] [stdout]    |
[INFO] [stdout]    = note: expected mutable reference `&mut dyn redis::ConnectionLike`
[INFO] [stdout]                       found reference `&redis::Connection`
[INFO] [stdout] 
[INFO] [stdout] 
[INFO] [stdout] warning: unused import: `redis::Commands`
[INFO] [stdout]  --> src/auditable/auditevent.rs:7:5
[INFO] [stdout]   |
[INFO] [stdout] 7 | use redis::Commands;
[INFO] [stdout]   |     ^^^^^^^^^^^^^^^
[INFO] [stdout]   |
[INFO] [stdout]   = note: `#[warn(unused_imports)]` on by default
[INFO] [stdout] 
[INFO] [stdout] 
[INFO] [stdout] error: aborting due to 8 previous errors; 2 warnings emitted
[INFO] [stdout] 
[INFO] [stdout] 
[INFO] [stdout] Some errors have detailed explanations: E0061, E0277, E0308, E0425, E0599.
[INFO] [stdout] 
[INFO] [stdout] For more information about an error, try `rustc --explain E0061`.
[INFO] [stdout] 
[INFO] [stdout] error: aborting due to 8 previous errors; 2 warnings emitted
[INFO] [stdout] 
[INFO] [stdout] 
[INFO] [stdout] Some errors have detailed explanations: E0061, E0277, E0308, E0425, E0599.
[INFO] [stdout] 
[INFO] [stdout] For more information about an error, try `rustc --explain E0061`.
[INFO] [stdout] 
[INFO] [stderr] error: build failed
[INFO] running `Command { std: "docker" "inspect" "062ffcd828cc505368df9cc02b354aa6cba49740d4a4e2500a2502e69ea0f945", kill_on_drop: false }`
[INFO] running `Command { std: "docker" "rm" "-f" "062ffcd828cc505368df9cc02b354aa6cba49740d4a4e2500a2502e69ea0f945", kill_on_drop: false }`
[INFO] [stdout] 062ffcd828cc505368df9cc02b354aa6cba49740d4a4e2500a2502e69ea0f945
