[INFO] cloning repository https://github.com/makutamoto/atcoder-archives-crawler
[INFO] running `Command { std: "git" "-c" "credential.helper=" "-c" "credential.helper=/workspace/cargo-home/bin/git-credential-null" "clone" "--bare" "https://github.com/makutamoto/atcoder-archives-crawler" "/workspace/cache/git-repos/https%3A%2F%2Fgithub.com%2Fmakutamoto%2Fatcoder-archives-crawler", kill_on_drop: false }`
[INFO] [stderr] Cloning into bare repository '/workspace/cache/git-repos/https%3A%2F%2Fgithub.com%2Fmakutamoto%2Fatcoder-archives-crawler'...
[INFO] running `Command { std: "git" "rev-parse" "HEAD", kill_on_drop: false }`
[INFO] [stdout] 68f0321150bea69e7723f3a8f69aa73ac189673f
[INFO] checking makutamoto/atcoder-archives-crawler against beta-2020-07-24 for pr-75494-beta
[INFO] running `Command { std: "git" "clone" "/workspace/cache/git-repos/https%3A%2F%2Fgithub.com%2Fmakutamoto%2Fatcoder-archives-crawler" "/workspace/builds/worker-8/source", kill_on_drop: false }`
[INFO] [stderr] Cloning into '/workspace/builds/worker-8/source'...
[INFO] [stderr] done.
[INFO] validating manifest of git repo https://github.com/makutamoto/atcoder-archives-crawler on toolchain beta-2020-07-24
[INFO] running `Command { std: "/workspace/cargo-home/bin/cargo" "+beta-2020-07-24" "read-manifest" "--manifest-path" "Cargo.toml", kill_on_drop: false }`
[INFO] started tweaking git repo https://github.com/makutamoto/atcoder-archives-crawler
[INFO] finished tweaking git repo https://github.com/makutamoto/atcoder-archives-crawler
[INFO] tweaked toml for git repo https://github.com/makutamoto/atcoder-archives-crawler written to /workspace/builds/worker-8/source/Cargo.toml
[INFO] crate git repo https://github.com/makutamoto/atcoder-archives-crawler already has a lockfile, it will not be regenerated
[INFO] running `Command { std: "/workspace/cargo-home/bin/cargo" "+beta-2020-07-24" "fetch" "--locked" "--manifest-path" "Cargo.toml", kill_on_drop: false }`
[INFO] running `Command { std: "docker" "create" "-v" "/var/lib/crater-agent-workspace/builds/worker-8/target:/opt/rustwide/target:rw,Z" "-v" "/var/lib/crater-agent-workspace/builds/worker-8/source:/opt/rustwide/workdir:ro,Z" "-v" "/var/lib/crater-agent-workspace/cargo-home:/opt/rustwide/cargo-home:ro,Z" "-v" "/var/lib/crater-agent-workspace/rustup-home:/opt/rustwide/rustup-home:ro,Z" "-e" "SOURCE_DIR=/opt/rustwide/workdir" "-e" "CARGO_TARGET_DIR=/opt/rustwide/target" "-e" "CARGO_HOME=/opt/rustwide/cargo-home" "-e" "RUSTUP_HOME=/opt/rustwide/rustup-home" "-w" "/opt/rustwide/workdir" "-m" "1610612736" "--user" "0:0" "--network" "none" "rustops/crates-build-env@sha256:a636fd89d022f18117e1dc8fb37a0a009933cdbbe082814857f0e2024962d47c" "/opt/rustwide/cargo-home/bin/cargo" "+beta-2020-07-24" "metadata" "--no-deps" "--format-version=1", kill_on_drop: false }`
[INFO] [stdout] 206b259fc7a1eb50f3a2d8de0ac56f102897f4c468879fed77fd0681361dafbf
[INFO] [stderr] WARNING: Your kernel does not support swap limit capabilities or the cgroup is not mounted. Memory limited without swap.
[INFO] running `Command { std: "docker" "start" "-a" "206b259fc7a1eb50f3a2d8de0ac56f102897f4c468879fed77fd0681361dafbf", kill_on_drop: false }`
[INFO] running `Command { std: "docker" "inspect" "206b259fc7a1eb50f3a2d8de0ac56f102897f4c468879fed77fd0681361dafbf", kill_on_drop: false }`
[INFO] running `Command { std: "docker" "rm" "-f" "206b259fc7a1eb50f3a2d8de0ac56f102897f4c468879fed77fd0681361dafbf", kill_on_drop: false }`
[INFO] [stdout] 206b259fc7a1eb50f3a2d8de0ac56f102897f4c468879fed77fd0681361dafbf
[INFO] running `Command { std: "docker" "create" "-v" "/var/lib/crater-agent-workspace/builds/worker-8/target:/opt/rustwide/target:rw,Z" "-v" "/var/lib/crater-agent-workspace/builds/worker-8/source:/opt/rustwide/workdir:ro,Z" "-v" "/var/lib/crater-agent-workspace/cargo-home:/opt/rustwide/cargo-home:ro,Z" "-v" "/var/lib/crater-agent-workspace/rustup-home:/opt/rustwide/rustup-home:ro,Z" "-e" "SOURCE_DIR=/opt/rustwide/workdir" "-e" "CARGO_TARGET_DIR=/opt/rustwide/target" "-e" "CARGO_INCREMENTAL=0" "-e" "RUST_BACKTRACE=full" "-e" "RUSTFLAGS=--cap-lints=forbid" "-e" "CARGO_HOME=/opt/rustwide/cargo-home" "-e" "RUSTUP_HOME=/opt/rustwide/rustup-home" "-w" "/opt/rustwide/workdir" "-m" "1610612736" "--user" "0:0" "--network" "none" "rustops/crates-build-env@sha256:a636fd89d022f18117e1dc8fb37a0a009933cdbbe082814857f0e2024962d47c" "/opt/rustwide/cargo-home/bin/cargo" "+beta-2020-07-24" "check" "--frozen" "--all" "--all-targets" "--message-format=json", kill_on_drop: false }`
[INFO] [stdout] 028ac7210614c55b97407328d69794db900cbd36bf6263b5abf64c18ca11cb04
[INFO] [stderr] WARNING: Your kernel does not support swap limit capabilities or the cgroup is not mounted. Memory limited without swap.
[INFO] running `Command { std: "docker" "start" "-a" "028ac7210614c55b97407328d69794db900cbd36bf6263b5abf64c18ca11cb04", kill_on_drop: false }`
[INFO] [stderr]    Compiling libc v0.2.71
[INFO] [stderr]    Compiling unicode-xid v0.2.0
[INFO] [stderr]    Compiling autocfg v1.0.0
[INFO] [stderr]     Checking cfg-if v0.1.10
[INFO] [stderr]     Checking lazy_static v1.4.0
[INFO] [stderr]    Compiling pkg-config v0.3.17
[INFO] [stderr]    Compiling itoa v0.4.6
[INFO] [stderr]    Compiling bitflags v1.2.1
[INFO] [stderr]     Checking matches v0.1.8
[INFO] [stderr]    Compiling gimli v0.21.0
[INFO] [stderr]    Compiling rustc-demangle v0.1.16
[INFO] [stderr]     Checking foreign-types-shared v0.1.1
[INFO] [stderr]    Compiling ascii v0.9.3
[INFO] [stderr]    Compiling either v1.5.3
[INFO] [stderr]     Checking try-lock v0.2.2
[INFO] [stderr]     Checking openssl-probe v0.1.2
[INFO] [stderr]     Checking stable_deref_trait v1.1.1
[INFO] [stderr]     Checking nodrop v0.1.14
[INFO] [stderr]     Checking smallvec v1.4.0
[INFO] [stderr]     Checking unicode-width v0.1.7
[INFO] [stderr]     Checking ego-tree v0.6.2
[INFO] [stderr]    Compiling unicase v2.6.0
[INFO] [stderr]     Checking http v0.2.1
[INFO] [stderr]     Checking dtoa-short v0.3.2
[INFO] [stderr]     Checking foreign-types v0.3.2
[INFO] [stderr]     Checking unicode-bidi v0.3.4
[INFO] [stderr]    Compiling proc-macro2 v1.0.18
[INFO] [stderr]     Checking log v0.4.8
[INFO] [stderr]    Compiling byteorder v1.3.4
[INFO] [stderr]     Checking servo_arc v0.1.1
[INFO] [stderr]     Checking encoding_rs v0.8.23
[INFO] [stderr]     Checking getopts v0.2.21
[INFO] [stderr]     Checking want v0.3.0
[INFO] [stderr]     Checking idna v0.2.0
[INFO] [stderr]    Compiling indexmap v1.4.0
[INFO] [stderr]    Compiling num-traits v0.2.12
[INFO] [stderr]    Compiling num-integer v0.1.43
[INFO] [stderr]    Compiling combine v3.8.1
[INFO] [stderr]    Compiling mime_guess v2.0.3
[INFO] [stderr]    Compiling openssl-sys v0.9.58
[INFO] [stderr]    Compiling quote v1.0.7
[INFO] [stderr]    Compiling syn v1.0.31
[INFO] [stderr]    Compiling getrandom v0.1.14
[INFO] [stderr]     Checking url v2.1.1
[INFO] [stderr]     Checking net2 v0.2.34
[INFO] [stderr]     Checking iovec v0.1.4
[INFO] [stderr]     Checking num_cpus v1.13.0
[INFO] [stderr]     Checking time v0.1.43
[INFO] [stderr]     Checking socket2 v0.3.12
[INFO] [stderr]    Compiling rand_core v0.5.1
[INFO] [stderr]    Compiling openssl v0.10.29
[INFO] [stderr]    Compiling native-tls v0.2.4
[INFO] [stderr]     Checking mio v0.6.22
[INFO] [stderr]    Compiling rand_pcg v0.2.1
[INFO] [stderr]    Compiling rand_chacha v0.2.2
[INFO] [stderr]    Compiling rand v0.7.3
[INFO] [stderr]     Checking http-body v0.3.1
[INFO] [stderr]     Checking tokio v0.2.21
[INFO] [stderr]     Checking chrono v0.4.11
[INFO] [stderr]    Compiling addr2line v0.12.1
[INFO] [stderr]    Compiling backtrace v0.3.49
[INFO] [stderr]    Compiling phf_generator v0.8.0
[INFO] [stderr]    Compiling phf_codegen v0.8.0
[INFO] [stderr]    Compiling string_cache_codegen v0.5.1
[INFO] [stderr]    Compiling selectors v0.22.0
[INFO] [stderr]     Checking tokio-util v0.3.1
[INFO] [stderr]     Checking tokio-tls v0.3.1
[INFO] [stderr]    Compiling synstructure v0.12.4
[INFO] [stderr]    Compiling serde_derive v1.0.112
[INFO] [stderr]    Compiling phf_macros v0.8.0
[INFO] [stderr]    Compiling pin-project-internal v0.4.22
[INFO] [stderr]    Compiling failure_derive v0.1.8
[INFO] [stderr]    Compiling cssparser v0.27.2
[INFO] [stderr]    Compiling html5ever v0.25.1
[INFO] [stderr]    Compiling cssparser-macros v0.6.0
[INFO] [stderr]    Compiling derive_more v0.99.8
[INFO] [stderr]    Compiling failure v0.1.8
[INFO] [stderr]     Checking phf v0.8.0
[INFO] [stderr]    Compiling graphql-parser v0.2.3
[INFO] [stderr]     Checking pin-project v0.4.22
[INFO] [stderr]     Checking futures-util v0.3.5
[INFO] [stderr]    Compiling serde v1.0.112
[INFO] [stderr]     Checking h2 v0.2.5
[INFO] [stderr]     Checking hyper v0.13.6
[INFO] [stderr]     Checking string_cache v0.8.0
[INFO] [stderr]     Checking serde_json v1.0.55
[INFO] [stderr]     Checking serde_urlencoded v0.6.1
[INFO] [stderr]    Compiling graphql-introspection-query v0.1.0
[INFO] [stderr]     Checking hyper-tls v0.4.1
[INFO] [stderr]     Checking reqwest v0.10.6
[INFO] [stderr]    Compiling graphql_client_codegen v0.9.0
[INFO] [stderr]    Compiling markup5ever v0.10.0
[INFO] [stderr]    Compiling graphql_query_derive v0.9.0
[INFO] [stderr]     Checking scraper v0.12.0
[INFO] [stderr]     Checking graphql_client v0.9.0
[INFO] [stderr]     Checking crawler v0.1.0 (/opt/rustwide/workdir)
[INFO] [stdout] error: expected one of `,` or `}`, found `>`
[INFO] [stdout]   --> src/crawl.rs:78:43
[INFO] [stdout]    |
[INFO] [stdout] 75 |         contests.insert("abc001", Contest {
[INFO] [stdout]    |                                   ------- while parsing this struct
[INFO] [stdout] ...
[INFO] [stdout] 78 |             ranking: BTreeMap<String, User>,
[INFO] [stdout]    |                                           ^ expected one of `,` or `}`
[INFO] [stdout] 
[INFO] [stdout] 
[INFO] [stdout] error: expected one of `,` or `}`, found `>`
[INFO] [stdout]   --> src/crawl.rs:78:43
[INFO] [stdout]    |
[INFO] [stdout] 75 |         contests.insert("abc001", Contest {
[INFO] [stdout]    |                                   ------- while parsing this struct
[INFO] [stdout] ...
[INFO] [stdout] 78 |             ranking: BTreeMap<String, User>,
[INFO] [stdout]    |                                           ^ expected one of `,` or `}`
[INFO] [stdout] 
[INFO] [stdout] 
[INFO] [stdout] error[E0423]: expected value, found struct `String`
[INFO] [stdout]   --> src/crawl.rs:76:19
[INFO] [stdout]    |
[INFO] [stdout] 76 |             name: String,
[INFO] [stdout]    |                   ^^^^^^ did you mean `String { /* fields */ }`?
[INFO] [stdout]    |
[INFO] [stdout] help: consider importing one of these items instead
[INFO] [stdout]    |
[INFO] [stdout] 63 |     use serde::private::de::Content::String;
[INFO] [stdout]    |
[INFO] [stdout] 63 |     use serde_json::Value::String;
[INFO] [stdout]    |
[INFO] [stdout] 
[INFO] [stdout] 
[INFO] [stdout] error[E0423]: expected value, found struct `String`
[INFO] [stdout]   --> src/crawl.rs:77:19
[INFO] [stdout]    |
[INFO] [stdout] 77 |             date: String,
[INFO] [stdout]    |                   ^^^^^^ did you mean `String { /* fields */ }`?
[INFO] [stdout]    |
[INFO] [stdout] help: consider importing one of these items instead
[INFO] [stdout]    |
[INFO] [stdout] 63 |     use serde::private::de::Content::String;
[INFO] [stdout]    |
[INFO] [stdout] 63 |     use serde_json::Value::String;
[INFO] [stdout]    |
[INFO] [stdout] 
[INFO] [stdout] 
[INFO] [stdout] error[E0423]: expected value, found struct `BTreeMap`
[INFO] [stdout]   --> src/crawl.rs:78:22
[INFO] [stdout]    |
[INFO] [stdout] 78 |             ranking: BTreeMap<String, User>,
[INFO] [stdout]    |                      ^^^^^^^^ did you mean `BTreeMap { /* fields */ }`?
[INFO] [stdout] 
[INFO] [stdout] 
[INFO] [stdout] error[E0423]: expected value, found struct `String`
[INFO] [stdout]   --> src/crawl.rs:78:31
[INFO] [stdout]    |
[INFO] [stdout] 78 |             ranking: BTreeMap<String, User>,
[INFO] [stdout]    |                               ^^^^^^ did you mean `String { /* fields */ }`?
[INFO] [stdout]    |
[INFO] [stdout] help: consider importing one of these items instead
[INFO] [stdout]    |
[INFO] [stdout] 63 |     use serde::private::de::Content::String;
[INFO] [stdout]    |
[INFO] [stdout] 63 |     use serde_json::Value::String;
[INFO] [stdout]    |
[INFO] [stdout] 
[INFO] [stdout] 
[INFO] [stdout] error[E0609]: no field `name` on type `&std::option::Option<(&std::string::String, &util::atcoder::Contest)>`
[INFO] [stdout]   --> src/crawl.rs:57:33
[INFO] [stdout]    |
[INFO] [stdout] 57 |         println!("{}, {}", prev.name, contest.name);
[INFO] [stdout]    |                                 ^^^^
[INFO] [stdout] 
[INFO] [stdout] 
[INFO] [stdout] error[E0609]: no field `name` on type `(&std::string::String, &util::atcoder::Contest)`
[INFO] [stdout]   --> src/crawl.rs:57:47
[INFO] [stdout]    |
[INFO] [stdout] 57 |         println!("{}, {}", prev.name, contest.name);
[INFO] [stdout]    |                                               ^^^^
[INFO] [stdout] 
[INFO] [stdout] 
[INFO] [stdout] error: aborting due to 3 previous errors
[INFO] [stdout] 
[INFO] [stdout] 
[INFO] [stdout] For more information about this error, try `rustc --explain E0609`.
[INFO] [stdout] 
[INFO] [stderr] error: could not compile `crawler`.
[INFO] [stderr] 
[INFO] [stderr] To learn more, run the command again with --verbose.
[INFO] [stderr] warning: build failed, waiting for other jobs to finish...
[INFO] [stdout] error[E0609]: no field `name` on type `&std::option::Option<(&std::string::String, &util::atcoder::Contest)>`
[INFO] [stdout]   --> src/crawl.rs:57:33
[INFO] [stdout]    |
[INFO] [stdout] 57 |         println!("{}, {}", prev.name, contest.name);
[INFO] [stdout]    |                                 ^^^^
[INFO] [stdout] 
[INFO] [stdout] 
[INFO] [stdout] error[E0609]: no field `name` on type `(&std::string::String, &util::atcoder::Contest)`
[INFO] [stdout]   --> src/crawl.rs:57:47
[INFO] [stdout]    |
[INFO] [stdout] 57 |         println!("{}, {}", prev.name, contest.name);
[INFO] [stdout]    |                                               ^^^^
[INFO] [stdout] 
[INFO] [stdout] 
[INFO] [stdout] error[E0308]: mismatched types
[INFO] [stdout]   --> src/crawl.rs:78:22
[INFO] [stdout]    |
[INFO] [stdout] 78 |             ranking: BTreeMap<String, User>,
[INFO] [stdout]    |                      ^^^^^^^^^^^^^^^ expected struct `std::collections::BTreeMap`, found `bool`
[INFO] [stdout]    |
[INFO] [stdout]    = note: expected struct `std::collections::BTreeMap<std::string::String, util::atcoder::User>`
[INFO] [stdout]                 found type `bool`
[INFO] [stdout] 
[INFO] [stdout] 
[INFO] [stdout] error: aborting due to 8 previous errors
[INFO] [stdout] 
[INFO] [stdout] 
[INFO] [stdout] Some errors have detailed explanations: E0308, E0423, E0609.
[INFO] [stdout] 
[INFO] [stdout] For more information about an error, try `rustc --explain E0308`.
[INFO] [stdout] 
[INFO] [stderr] error: build failed
[INFO] running `Command { std: "docker" "inspect" "028ac7210614c55b97407328d69794db900cbd36bf6263b5abf64c18ca11cb04", kill_on_drop: false }`
[INFO] running `Command { std: "docker" "rm" "-f" "028ac7210614c55b97407328d69794db900cbd36bf6263b5abf64c18ca11cb04", kill_on_drop: false }`
[INFO] [stdout] 028ac7210614c55b97407328d69794db900cbd36bf6263b5abf64c18ca11cb04
