[INFO] cloning repository https://github.com/macleos/freshcast
[INFO] running `Command { std: "git" "-c" "credential.helper=" "-c" "credential.helper=/workspace/cargo-home/bin/git-credential-null" "clone" "--bare" "https://github.com/macleos/freshcast" "/workspace/cache/git-repos/https%3A%2F%2Fgithub.com%2Fmacleos%2Ffreshcast", kill_on_drop: false }`
[INFO] [stderr] Cloning into bare repository '/workspace/cache/git-repos/https%3A%2F%2Fgithub.com%2Fmacleos%2Ffreshcast'...
[INFO] running `Command { std: "git" "rev-parse" "HEAD", kill_on_drop: false }`
[INFO] [stdout] 3d55c923d074a32e980d006ca5b1b4c2317f57c3
[INFO] checking macleos/freshcast against beta-2020-07-24 for pr-75494-beta
[INFO] running `Command { std: "git" "clone" "/workspace/cache/git-repos/https%3A%2F%2Fgithub.com%2Fmacleos%2Ffreshcast" "/workspace/builds/worker-14/source", kill_on_drop: false }`
[INFO] [stderr] Cloning into '/workspace/builds/worker-14/source'...
[INFO] [stderr] done.
[INFO] [stderr] Checking out files:  15% (17/112)   
Checking out files:  16% (18/112)   
Checking out files:  17% (20/112)   
Checking out files:  18% (21/112)   
Checking out files:  19% (22/112)   
Checking out files:  20% (23/112)   
Checking out files:  21% (24/112)   
Checking out files:  22% (25/112)   
Checking out files:  23% (26/112)   
Checking out files:  24% (27/112)   
Checking out files:  25% (28/112)   
Checking out files:  26% (30/112)   
Checking out files:  27% (31/112)   
Checking out files:  28% (32/112)   
Checking out files:  29% (33/112)   
Checking out files:  30% (34/112)   
Checking out files:  31% (35/112)   
Checking out files:  32% (36/112)   
Checking out files:  33% (37/112)   
Checking out files:  34% (39/112)   
Checking out files:  35% (40/112)   
Checking out files:  36% (41/112)   
Checking out files:  37% (42/112)   
Checking out files:  38% (43/112)   
Checking out files:  39% (44/112)   
Checking out files:  40% (45/112)   
Checking out files:  41% (46/112)   
Checking out files:  41% (47/112)   
Checking out files:  42% (48/112)   
Checking out files:  43% (49/112)   
Checking out files:  44% (50/112)   
Checking out files:  45% (51/112)   
Checking out files:  46% (52/112)   
Checking out files:  47% (53/112)   
Checking out files:  48% (54/112)   
Checking out files:  49% (55/112)   
Checking out files:  50% (56/112)   
Checking out files:  51% (58/112)   
Checking out files:  52% (59/112)   
Checking out files:  53% (60/112)   
Checking out files:  54% (61/112)   
Checking out files:  55% (62/112)   
Checking out files:  56% (63/112)   
Checking out files:  57% (64/112)   
Checking out files:  58% (65/112)   
Checking out files:  59% (67/112)   
Checking out files:  60% (68/112)   
Checking out files:  61% (69/112)   
Checking out files:  62% (70/112)   
Checking out files:  63% (71/112)   
Checking out files:  64% (72/112)   
Checking out files:  65% (73/112)   
Checking out files:  66% (74/112)   
Checking out files:  67% (76/112)   
Checking out files:  68% (77/112)   
Checking out files:  69% (78/112)   
Checking out files:  70% (79/112)   
Checking out files:  71% (80/112)   
Checking out files:  72% (81/112)   
Checking out files:  73% (82/112)   
Checking out files:  74% (83/112)   
Checking out files:  75% (84/112)   
Checking out files:  76% (86/112)   
Checking out files:  77% (87/112)   
Checking out files:  78% (88/112)   
Checking out files:  79% (89/112)   
Checking out files:  80% (90/112)   
Checking out files:  81% (91/112)   
Checking out files:  82% (92/112)   
Checking out files:  83% (93/112)   
Checking out files:  84% (95/112)   
Checking out files:  85% (96/112)   
Checking out files:  86% (97/112)   
Checking out files:  87% (98/112)   
Checking out files:  88% (99/112)   
Checking out files:  89% (100/112)   
Checking out files:  90% (101/112)   
Checking out files:  91% (102/112)   
Checking out files:  92% (104/112)   
Checking out files:  93% (105/112)   
Checking out files:  94% (106/112)   
Checking out files:  95% (107/112)   
Checking out files:  96% (108/112)   
Checking out files:  97% (109/112)   
Checking out files:  98% (110/112)   
Checking out files:  99% (111/112)   
Checking out files: 100% (112/112)   
Checking out files: 100% (112/112), done.
[INFO] validating manifest of git repo https://github.com/macleos/freshcast on toolchain beta-2020-07-24
[INFO] running `Command { std: "/workspace/cargo-home/bin/cargo" "+beta-2020-07-24" "read-manifest" "--manifest-path" "Cargo.toml", kill_on_drop: false }`
[INFO] started tweaking git repo https://github.com/macleos/freshcast
[INFO] finished tweaking git repo https://github.com/macleos/freshcast
[INFO] tweaked toml for git repo https://github.com/macleos/freshcast written to /workspace/builds/worker-14/source/Cargo.toml
[INFO] crate git repo https://github.com/macleos/freshcast already has a lockfile, it will not be regenerated
[INFO] running `Command { std: "/workspace/cargo-home/bin/cargo" "+beta-2020-07-24" "fetch" "--locked" "--manifest-path" "Cargo.toml", kill_on_drop: false }`
[INFO] [stderr]     Blocking waiting for file lock on package cache
[INFO] [stderr]     Blocking waiting for file lock on package cache
[INFO] running `Command { std: "docker" "create" "-v" "/var/lib/crater-agent-workspace/builds/worker-14/target:/opt/rustwide/target:rw,Z" "-v" "/var/lib/crater-agent-workspace/builds/worker-14/source:/opt/rustwide/workdir:ro,Z" "-v" "/var/lib/crater-agent-workspace/cargo-home:/opt/rustwide/cargo-home:ro,Z" "-v" "/var/lib/crater-agent-workspace/rustup-home:/opt/rustwide/rustup-home:ro,Z" "-e" "SOURCE_DIR=/opt/rustwide/workdir" "-e" "CARGO_TARGET_DIR=/opt/rustwide/target" "-e" "CARGO_HOME=/opt/rustwide/cargo-home" "-e" "RUSTUP_HOME=/opt/rustwide/rustup-home" "-w" "/opt/rustwide/workdir" "-m" "1610612736" "--user" "0:0" "--network" "none" "rustops/crates-build-env@sha256:a636fd89d022f18117e1dc8fb37a0a009933cdbbe082814857f0e2024962d47c" "/opt/rustwide/cargo-home/bin/cargo" "+beta-2020-07-24" "metadata" "--no-deps" "--format-version=1", kill_on_drop: false }`
[INFO] [stderr] WARNING: Your kernel does not support swap limit capabilities or the cgroup is not mounted. Memory limited without swap.
[INFO] [stdout] b50c6607034b4d3986b397ea347d916f96c29558c7c02f4d3f00660ba4308963
[INFO] running `Command { std: "docker" "start" "-a" "b50c6607034b4d3986b397ea347d916f96c29558c7c02f4d3f00660ba4308963", kill_on_drop: false }`
[INFO] running `Command { std: "docker" "inspect" "b50c6607034b4d3986b397ea347d916f96c29558c7c02f4d3f00660ba4308963", kill_on_drop: false }`
[INFO] running `Command { std: "docker" "rm" "-f" "b50c6607034b4d3986b397ea347d916f96c29558c7c02f4d3f00660ba4308963", kill_on_drop: false }`
[INFO] [stdout] b50c6607034b4d3986b397ea347d916f96c29558c7c02f4d3f00660ba4308963
[INFO] running `Command { std: "docker" "create" "-v" "/var/lib/crater-agent-workspace/builds/worker-14/target:/opt/rustwide/target:rw,Z" "-v" "/var/lib/crater-agent-workspace/builds/worker-14/source:/opt/rustwide/workdir:ro,Z" "-v" "/var/lib/crater-agent-workspace/cargo-home:/opt/rustwide/cargo-home:ro,Z" "-v" "/var/lib/crater-agent-workspace/rustup-home:/opt/rustwide/rustup-home:ro,Z" "-e" "SOURCE_DIR=/opt/rustwide/workdir" "-e" "CARGO_TARGET_DIR=/opt/rustwide/target" "-e" "CARGO_INCREMENTAL=0" "-e" "RUST_BACKTRACE=full" "-e" "RUSTFLAGS=--cap-lints=forbid" "-e" "CARGO_HOME=/opt/rustwide/cargo-home" "-e" "RUSTUP_HOME=/opt/rustwide/rustup-home" "-w" "/opt/rustwide/workdir" "-m" "1610612736" "--user" "0:0" "--network" "none" "rustops/crates-build-env@sha256:a636fd89d022f18117e1dc8fb37a0a009933cdbbe082814857f0e2024962d47c" "/opt/rustwide/cargo-home/bin/cargo" "+beta-2020-07-24" "check" "--frozen" "--all" "--all-targets" "--message-format=json", kill_on_drop: false }`
[INFO] [stdout] c1b064934e8890b771957d819d7128c2670b403bad7b1539ab3705b11438bb0a
[INFO] [stderr] WARNING: Your kernel does not support swap limit capabilities or the cgroup is not mounted. Memory limited without swap.
[INFO] running `Command { std: "docker" "start" "-a" "c1b064934e8890b771957d819d7128c2670b403bad7b1539ab3705b11438bb0a", kill_on_drop: false }`
[INFO] [stderr]     Blocking waiting for file lock on package cache
[INFO] [stderr]    Compiling libc v0.2.62
[INFO] [stderr]    Compiling autocfg v0.1.2
[INFO] [stderr]    Compiling semver-parser v0.7.0
[INFO] [stderr]     Checking cfg-if v0.1.9
[INFO] [stderr]     Checking rand_core v0.3.0
[INFO] [stderr]    Compiling log v0.4.8
[INFO] [stderr]    Compiling byteorder v1.3.1
[INFO] [stderr]     Checking slab v0.4.2
[INFO] [stderr]     Checking stable_deref_trait v1.1.1
[INFO] [stderr]     Checking smallvec v0.6.10
[INFO] [stderr]     Checking scopeguard v0.3.3
[INFO] [stderr]    Compiling arrayvec v0.4.11
[INFO] [stderr]    Compiling cc v1.0.45
[INFO] [stderr]     Checking nodrop v0.1.13
[INFO] [stderr]     Checking scopeguard v1.0.0
[INFO] [stderr]     Checking arc-swap v0.4.2
[INFO] [stderr]     Checking tokio-sync v0.1.6
[INFO] [stderr]     Checking crossbeam-utils v0.6.6
[INFO] [stderr]     Checking owning_ref v0.4.0
[INFO] [stderr]     Checking rand_isaac v0.1.1
[INFO] [stderr]     Checking rand_hc v0.1.0
[INFO] [stderr]     Checking rand_xorshift v0.1.1
[INFO] [stderr]    Compiling semver v0.9.0
[INFO] [stderr]    Compiling rand_chacha v0.1.1
[INFO] [stderr]    Compiling rand v0.6.4
[INFO] [stderr]    Compiling num-traits v0.2.7
[INFO] [stderr]    Compiling num-integer v0.1.40
[INFO] [stderr]     Checking lock_api v0.1.5
[INFO] [stderr]     Checking tokio-executor v0.1.8
[INFO] [stderr]     Checking crossbeam-queue v0.1.2
[INFO] [stderr]    Compiling rustc_version v0.2.3
[INFO] [stderr]     Checking tokio-current-thread v0.1.6
[INFO] [stderr]     Checking tokio-timer v0.2.11
[INFO] [stderr]     Checking base64 v0.10.1
[INFO] [stderr]     Checking iovec v0.1.2
[INFO] [stderr]     Checking rand_os v0.1.1
[INFO] [stderr]     Checking net2 v0.2.33
[INFO] [stderr]     Checking num_cpus v1.10.1
[INFO] [stderr]     Checking signal-hook-registry v1.1.1
[INFO] [stderr]     Checking time v0.1.42
[INFO] [stderr]    Compiling ring v0.16.9
[INFO] [stderr]    Compiling rand_pcg v0.1.1
[INFO] [stderr]    Compiling parking_lot_core v0.4.0
[INFO] [stderr]    Compiling memoffset v0.5.1
[INFO] [stderr]     Checking signal-hook v0.1.10
[INFO] [stderr]     Checking bytes v0.4.12
[INFO] [stderr]     Checking mio v0.6.19
[INFO] [stderr]     Checking crossbeam-epoch v0.7.2
[INFO] [stderr]     Checking tokio-io v0.1.12
[INFO] [stderr]     Checking crossbeam-deque v0.7.1
[INFO] [stderr]     Checking chrono v0.4.9
[INFO] [stderr]     Checking mio-uds v0.6.7
[INFO] [stderr]     Checking tokio-codec v0.1.1
[INFO] [stderr]     Checking tokio-threadpool v0.1.15
[INFO] [stderr]     Checking webpki v0.21.0
[INFO] [stderr]     Checking sct v0.6.0
[INFO] [stderr]     Checking parking_lot v0.7.1
[INFO] [stderr]     Checking tokio-fs v0.1.6
[INFO] [stderr]     Checking webpki-roots v0.17.0
[INFO] [stderr]     Checking rustls v0.16.0
[INFO] [stderr]     Checking tokio-reactor v0.1.9
[INFO] [stderr]     Checking tokio-signal v0.2.7
[INFO] [stderr]     Checking tokio-udp v0.1.3
[INFO] [stderr]     Checking tokio-tcp v0.1.3
[INFO] [stderr]     Checking tokio-uds v0.2.5
[INFO] [stderr]     Checking tokio-process v0.2.4
[INFO] [stderr]     Checking tokio v0.1.22
[INFO] [stderr]     Checking freshcast v0.1.0 (/opt/rustwide/workdir)
[INFO] [stdout] error[E0554]: `#![feature]` may not be used on the beta release channel
[INFO] [stdout]  --> src/main.rs:1:1
[INFO] [stdout]   |
[INFO] [stdout] 1 | #![feature(slice_patterns)]
[INFO] [stdout]   | ^^^^^^^^^^^^^^^^^^^^^^^^^^^
[INFO] [stdout] 
[INFO] [stdout] 
[INFO] [stdout] error[E0554]: `#![feature]` may not be used on the beta release channel
[INFO] [stdout]  --> src/main.rs:2:1
[INFO] [stdout]   |
[INFO] [stdout] 2 | #![feature(type_ascription)]
[INFO] [stdout]   | ^^^^^^^^^^^^^^^^^^^^^^^^^^^^
[INFO] [stdout] 
[INFO] [stdout] 
[INFO] [stdout] warning: unused import: `std::time::SystemTime`
[INFO] [stdout]   --> src/main.rs:12:5
[INFO] [stdout]    |
[INFO] [stdout] 12 | use std::time::SystemTime;
[INFO] [stdout]    |     ^^^^^^^^^^^^^^^^^^^^^
[INFO] [stdout]    |
[INFO] [stdout]    = note: `#[warn(unused_imports)]` on by default
[INFO] [stdout] 
[INFO] [stdout] 
[INFO] [stdout] warning: unnecessary parentheses around `if` condition
[INFO] [stdout]    --> src/server.rs:148:16
[INFO] [stdout]     |
[INFO] [stdout] 148 |             if (line.len() > 0) {
[INFO] [stdout]     |                ^^^^^^^^^^^^^^^^ help: remove these parentheses
[INFO] [stdout]     |
[INFO] [stdout]     = note: `#[warn(unused_parens)]` on by default
[INFO] [stdout] 
[INFO] [stdout] 
[INFO] [stdout] warning: unused import: `std::collections::HashMap`
[INFO] [stdout]  --> src/streamable.rs:7:5
[INFO] [stdout]   |
[INFO] [stdout] 7 | use std::collections::HashMap;
[INFO] [stdout]   |     ^^^^^^^^^^^^^^^^^^^^^^^^^
[INFO] [stdout] 
[INFO] [stdout] 
[INFO] [stdout] warning: unused import: `std::fs::File`
[INFO] [stdout]  --> src/streamable.rs:8:5
[INFO] [stdout]   |
[INFO] [stdout] 8 | use std::fs::File;
[INFO] [stdout]   |     ^^^^^^^^^^^^^
[INFO] [stdout] 
[INFO] [stdout] 
[INFO] [stdout] warning: unused import: `crate::server`
[INFO] [stdout]   --> src/streamable.rs:11:5
[INFO] [stdout]    |
[INFO] [stdout] 11 | use crate::server;
[INFO] [stdout]    |     ^^^^^^^^^^^^^
[INFO] [stdout] 
[INFO] [stdout] 
[INFO] [stdout] warning: unused import: `std::io::BufReader`
[INFO] [stdout]   --> src/streamable.rs:14:5
[INFO] [stdout]    |
[INFO] [stdout] 14 | use std::io::BufReader;
[INFO] [stdout]    |     ^^^^^^^^^^^^^^^^^^
[INFO] [stdout] 
[INFO] [stdout] 
[INFO] [stdout] warning: unused import: `std::io::SeekFrom`
[INFO] [stdout]   --> src/streamable.rs:17:5
[INFO] [stdout]    |
[INFO] [stdout] 17 | use std::io::SeekFrom;
[INFO] [stdout]    |     ^^^^^^^^^^^^^^^^^
[INFO] [stdout] 
[INFO] [stdout] 
[INFO] [stdout] warning: unused import: `std::mem::drop`
[INFO] [stdout]   --> src/streamable.rs:19:5
[INFO] [stdout]    |
[INFO] [stdout] 19 | use std::mem::drop;
[INFO] [stdout]    |     ^^^^^^^^^^^^^^
[INFO] [stdout] 
[INFO] [stdout] 
[INFO] [stdout] warning: unused import: `std::net::*`
[INFO] [stdout]   --> src/streamable.rs:20:5
[INFO] [stdout]    |
[INFO] [stdout] 20 | use std::net::*;
[INFO] [stdout]    |     ^^^^^^^^^^^
[INFO] [stdout] 
[INFO] [stdout] 
[INFO] [stdout] warning: unused import: `std::sync::*`
[INFO] [stdout]   --> src/streamable.rs:22:5
[INFO] [stdout]    |
[INFO] [stdout] 22 | use std::sync::*;
[INFO] [stdout]    |     ^^^^^^^^^^^^
[INFO] [stdout] 
[INFO] [stdout] 
[INFO] [stdout] warning: unused import: `std::thread`
[INFO] [stdout]   --> src/streamable.rs:23:5
[INFO] [stdout]    |
[INFO] [stdout] 23 | use std::thread;
[INFO] [stdout]    |     ^^^^^^^^^^^
[INFO] [stdout] 
[INFO] [stdout] 
[INFO] [stdout] warning: unused import: `std::time::Instant`
[INFO] [stdout]   --> src/streamable.rs:24:5
[INFO] [stdout]    |
[INFO] [stdout] 24 | use std::time::Instant;
[INFO] [stdout]    |     ^^^^^^^^^^^^^^^^^^
[INFO] [stdout] 
[INFO] [stdout] 
[INFO] [stdout] warning: unused imports: `SystemTime`, `UNIX_EPOCH`
[INFO] [stdout]   --> src/streamable.rs:25:17
[INFO] [stdout]    |
[INFO] [stdout] 25 | use std::time::{SystemTime, UNIX_EPOCH};
[INFO] [stdout]    |                 ^^^^^^^^^^  ^^^^^^^^^^
[INFO] [stdout] 
[INFO] [stdout] 
[INFO] [stdout] warning: unused import: `tokio::fs::File as AsyncFile`
[INFO] [stdout]   --> src/streamable.rs:26:5
[INFO] [stdout]    |
[INFO] [stdout] 26 | use tokio::fs::File as AsyncFile;
[INFO] [stdout]    |     ^^^^^^^^^^^^^^^^^^^^^^^^^^^^
[INFO] [stdout] 
[INFO] [stdout] 
[INFO] [stdout] warning: unused import: `tokio::io::AsyncRead`
[INFO] [stdout]   --> src/streamable.rs:27:5
[INFO] [stdout]    |
[INFO] [stdout] 27 | use tokio::io::AsyncRead;
[INFO] [stdout]    |     ^^^^^^^^^^^^^^^^^^^^
[INFO] [stdout] 
[INFO] [stdout] 
[INFO] [stdout] warning: unused import: `tokio::prelude::*`
[INFO] [stdout]   --> src/streamable.rs:28:5
[INFO] [stdout]    |
[INFO] [stdout] 28 | use tokio::prelude::*;
[INFO] [stdout]    |     ^^^^^^^^^^^^^^^^^
[INFO] [stdout] 
[INFO] [stdout] 
[INFO] [stdout] warning: unused import: `std::time::Duration`
[INFO] [stdout]   --> src/streamable.rs:33:5
[INFO] [stdout]    |
[INFO] [stdout] 33 | use std::time::Duration;
[INFO] [stdout]    |     ^^^^^^^^^^^^^^^^^^^
[INFO] [stdout] 
[INFO] [stdout] 
[INFO] [stdout] warning: unnecessary parentheses around `if` condition
[INFO] [stdout]    --> src/main.rs:384:28
[INFO] [stdout]     |
[INFO] [stdout] 384 |                         if (path == "/radio") {
[INFO] [stdout]     |                            ^^^^^^^^^^^^^^^^^^ help: remove these parentheses
[INFO] [stdout] 
[INFO] [stdout] 
[INFO] [stdout] error[E0554]: `#![feature]` may not be used on the beta release channel
[INFO] [stdout]  --> src/main.rs:1:1
[INFO] [stdout]   |
[INFO] [stdout] 1 | #![feature(slice_patterns)]
[INFO] [stdout]   | ^^^^^^^^^^^^^^^^^^^^^^^^^^^
[INFO] [stdout] 
[INFO] [stdout] 
[INFO] [stdout] error[E0554]: `#![feature]` may not be used on the beta release channel
[INFO] [stdout]  --> src/main.rs:2:1
[INFO] [stdout]   |
[INFO] [stdout] 2 | #![feature(type_ascription)]
[INFO] [stdout]   | ^^^^^^^^^^^^^^^^^^^^^^^^^^^^
[INFO] [stdout] 
[INFO] [stdout] 
[INFO] [stdout] warning: use of deprecated item 'std::thread::sleep_ms': replaced by `std::thread::sleep`
[INFO] [stdout]    --> src/main.rs:372:33
[INFO] [stdout]     |
[INFO] [stdout] 372 | ...                   thread::sleep_ms(1);
[INFO] [stdout]     |                       ^^^^^^^^^^^^^^^^
[INFO] [stdout]     |
[INFO] [stdout]     = note: `#[warn(deprecated)]` on by default
[INFO] [stdout] 
[INFO] [stdout] 
[INFO] [stdout] warning: unused import: `std::time::SystemTime`
[INFO] [stdout]   --> src/main.rs:12:5
[INFO] [stdout]    |
[INFO] [stdout] 12 | use std::time::SystemTime;
[INFO] [stdout]    |     ^^^^^^^^^^^^^^^^^^^^^
[INFO] [stdout]    |
[INFO] [stdout]    = note: `#[warn(unused_imports)]` on by default
[INFO] [stdout] 
[INFO] [stdout] 
[INFO] [stdout] warning: unnecessary parentheses around `if` condition
[INFO] [stdout]    --> src/server.rs:148:16
[INFO] [stdout]     |
[INFO] [stdout] 148 |             if (line.len() > 0) {
[INFO] [stdout]     |                ^^^^^^^^^^^^^^^^ help: remove these parentheses
[INFO] [stdout]     |
[INFO] [stdout]     = note: `#[warn(unused_parens)]` on by default
[INFO] [stdout] 
[INFO] [stdout] 
[INFO] [stdout] warning: unused import: `std::collections::HashMap`
[INFO] [stdout]  --> src/streamable.rs:7:5
[INFO] [stdout]   |
[INFO] [stdout] 7 | use std::collections::HashMap;
[INFO] [stdout]   |     ^^^^^^^^^^^^^^^^^^^^^^^^^
[INFO] [stdout] 
[INFO] [stdout] 
[INFO] [stdout] warning: unused import: `std::fs::File`
[INFO] [stdout]  --> src/streamable.rs:8:5
[INFO] [stdout]   |
[INFO] [stdout] 8 | use std::fs::File;
[INFO] [stdout]   |     ^^^^^^^^^^^^^
[INFO] [stdout] 
[INFO] [stdout] 
[INFO] [stdout] warning: use of deprecated item 'std::thread::sleep_ms': replaced by `std::thread::sleep`
[INFO] [stdout]    --> src/main.rs:403:29
[INFO] [stdout]     |
[INFO] [stdout] 403 | ...                   thread::sleep_ms(1);
[INFO] [stdout]     |                       ^^^^^^^^^^^^^^^^
[INFO] [stdout] 
[INFO] [stdout] 
[INFO] [stdout] warning: unused import: `crate::server`
[INFO] [stdout]   --> src/streamable.rs:11:5
[INFO] [stdout]    |
[INFO] [stdout] 11 | use crate::server;
[INFO] [stdout]    |     ^^^^^^^^^^^^^
[INFO] [stdout] 
[INFO] [stdout] 
[INFO] [stdout] warning: unused import: `std::io::BufReader`
[INFO] [stdout]   --> src/streamable.rs:14:5
[INFO] [stdout]    |
[INFO] [stdout] 14 | use std::io::BufReader;
[INFO] [stdout]    |     ^^^^^^^^^^^^^^^^^^
[INFO] [stdout] 
[INFO] [stdout] 
[INFO] [stdout] warning: unused import: `std::io::SeekFrom`
[INFO] [stdout]   --> src/streamable.rs:17:5
[INFO] [stdout]    |
[INFO] [stdout] 17 | use std::io::SeekFrom;
[INFO] [stdout]    |     ^^^^^^^^^^^^^^^^^
[INFO] [stdout] 
[INFO] [stdout] 
[INFO] [stdout] warning: unused import: `std::mem::drop`
[INFO] [stdout]   --> src/streamable.rs:19:5
[INFO] [stdout]    |
[INFO] [stdout] 19 | use std::mem::drop;
[INFO] [stdout]    |     ^^^^^^^^^^^^^^
[INFO] [stdout] 
[INFO] [stdout] 
[INFO] [stdout] warning: unused import: `std::net::*`
[INFO] [stdout]   --> src/streamable.rs:20:5
[INFO] [stdout]    |
[INFO] [stdout] 20 | use std::net::*;
[INFO] [stdout]    |     ^^^^^^^^^^^
[INFO] [stdout] 
[INFO] [stdout] 
[INFO] [stdout] warning: unused import: `std::sync::*`
[INFO] [stdout]   --> src/streamable.rs:22:5
[INFO] [stdout]    |
[INFO] [stdout] 22 | use std::sync::*;
[INFO] [stdout]    |     ^^^^^^^^^^^^
[INFO] [stdout] 
[INFO] [stdout] 
[INFO] [stdout] warning: unused import: `std::thread`
[INFO] [stdout]   --> src/streamable.rs:23:5
[INFO] [stdout]    |
[INFO] [stdout] 23 | use std::thread;
[INFO] [stdout]    |     ^^^^^^^^^^^
[INFO] [stdout] 
[INFO] [stdout] 
[INFO] [stdout] warning: unused import: `std::time::Instant`
[INFO] [stdout]   --> src/streamable.rs:24:5
[INFO] [stdout]    |
[INFO] [stdout] 24 | use std::time::Instant;
[INFO] [stdout]    |     ^^^^^^^^^^^^^^^^^^
[INFO] [stdout] 
[INFO] [stdout] 
[INFO] [stdout] warning: unused imports: `SystemTime`, `UNIX_EPOCH`
[INFO] [stdout]   --> src/streamable.rs:25:17
[INFO] [stdout]    |
[INFO] [stdout] 25 | use std::time::{SystemTime, UNIX_EPOCH};
[INFO] [stdout]    |                 ^^^^^^^^^^  ^^^^^^^^^^
[INFO] [stdout] 
[INFO] [stdout] 
[INFO] [stdout] warning: unused import: `tokio::fs::File as AsyncFile`
[INFO] [stdout]   --> src/streamable.rs:26:5
[INFO] [stdout]    |
[INFO] [stdout] 26 | use tokio::fs::File as AsyncFile;
[INFO] [stdout]    |     ^^^^^^^^^^^^^^^^^^^^^^^^^^^^
[INFO] [stdout] 
[INFO] [stdout] 
[INFO] [stdout] warning: unused import: `tokio::io::AsyncRead`
[INFO] [stdout]   --> src/streamable.rs:27:5
[INFO] [stdout]    |
[INFO] [stdout] 27 | use tokio::io::AsyncRead;
[INFO] [stdout]    |     ^^^^^^^^^^^^^^^^^^^^
[INFO] [stdout] 
[INFO] [stdout] 
[INFO] [stdout] warning: unused import: `tokio::prelude::*`
[INFO] [stdout]   --> src/streamable.rs:28:5
[INFO] [stdout]    |
[INFO] [stdout] 28 | use tokio::prelude::*;
[INFO] [stdout]    |     ^^^^^^^^^^^^^^^^^
[INFO] [stdout] 
[INFO] [stdout] 
[INFO] [stdout] warning: unused import: `std::time::Duration`
[INFO] [stdout]   --> src/streamable.rs:33:5
[INFO] [stdout]    |
[INFO] [stdout] 33 | use std::time::Duration;
[INFO] [stdout]    |     ^^^^^^^^^^^^^^^^^^^
[INFO] [stdout] 
[INFO] [stdout] 
[INFO] [stdout] warning: unnecessary parentheses around `if` condition
[INFO] [stdout]    --> src/main.rs:384:28
[INFO] [stdout]     |
[INFO] [stdout] 384 |                         if (path == "/radio") {
[INFO] [stdout]     |                            ^^^^^^^^^^^^^^^^^^ help: remove these parentheses
[INFO] [stdout] 
[INFO] [stdout] 
[INFO] [stdout] warning: use of deprecated item 'std::thread::sleep_ms': replaced by `std::thread::sleep`
[INFO] [stdout]    --> src/main.rs:372:33
[INFO] [stdout]     |
[INFO] [stdout] 372 | ...                   thread::sleep_ms(1);
[INFO] [stdout]     |                       ^^^^^^^^^^^^^^^^
[INFO] [stdout]     |
[INFO] [stdout]     = note: `#[warn(deprecated)]` on by default
[INFO] [stdout] 
[INFO] [stdout] 
[INFO] [stdout] warning: use of deprecated item 'std::thread::sleep_ms': replaced by `std::thread::sleep`
[INFO] [stdout]    --> src/main.rs:403:29
[INFO] [stdout]     |
[INFO] [stdout] 403 | ...                   thread::sleep_ms(1);
[INFO] [stdout]     |                       ^^^^^^^^^^^^^^^^
[INFO] [stdout] 
[INFO] [stdout] 
[INFO] [stdout] warning: unused import: `std::iter`
[INFO] [stdout]   --> src/streamable.rs:18:5
[INFO] [stdout]    |
[INFO] [stdout] 18 | use std::iter::*;
[INFO] [stdout]    |     ^^^^^^^^^
[INFO] [stdout] 
[INFO] [stdout] 
[INFO] [stdout] error: aborting due to 2 previous errors; 21 warnings emitted
[INFO] [stdout] 
[INFO] [stdout] 
[INFO] [stdout] For more information about this error, try `rustc --explain E0554`.
[INFO] [stdout] 
[INFO] [stderr] error: could not compile `freshcast`.
[INFO] [stderr] 
[INFO] [stderr] To learn more, run the command again with --verbose.
[INFO] [stderr] warning: build failed, waiting for other jobs to finish...
[INFO] [stdout] warning: unused import: `std::iter`
[INFO] [stdout]   --> src/streamable.rs:18:5
[INFO] [stdout]    |
[INFO] [stdout] 18 | use std::iter::*;
[INFO] [stdout]    |     ^^^^^^^^^
[INFO] [stdout] 
[INFO] [stdout] 
[INFO] [stdout] error: aborting due to 2 previous errors; 21 warnings emitted
[INFO] [stdout] 
[INFO] [stdout] 
[INFO] [stdout] For more information about this error, try `rustc --explain E0554`.
[INFO] [stdout] 
[INFO] [stderr] error: build failed
[INFO] running `Command { std: "docker" "inspect" "c1b064934e8890b771957d819d7128c2670b403bad7b1539ab3705b11438bb0a", kill_on_drop: false }`
[INFO] running `Command { std: "docker" "rm" "-f" "c1b064934e8890b771957d819d7128c2670b403bad7b1539ab3705b11438bb0a", kill_on_drop: false }`
[INFO] [stdout] c1b064934e8890b771957d819d7128c2670b403bad7b1539ab3705b11438bb0a
