[INFO] cloning repository https://github.com/lynncyrin/galaxy-gen
[INFO] running `Command { std: "git" "-c" "credential.helper=" "-c" "credential.helper=/workspace/cargo-home/bin/git-credential-null" "clone" "--bare" "https://github.com/lynncyrin/galaxy-gen" "/workspace/cache/git-repos/https%3A%2F%2Fgithub.com%2Flynncyrin%2Fgalaxy-gen", kill_on_drop: false }`
[INFO] [stderr] Cloning into bare repository '/workspace/cache/git-repos/https%3A%2F%2Fgithub.com%2Flynncyrin%2Fgalaxy-gen'...
[INFO] running `Command { std: "git" "rev-parse" "HEAD", kill_on_drop: false }`
[INFO] [stdout] 090ac8929653767d1f79021d6503bbe85f0bcfd2
[INFO] checking lynncyrin/galaxy-gen against beta-2020-07-24 for pr-75494-beta
[INFO] running `Command { std: "git" "clone" "/workspace/cache/git-repos/https%3A%2F%2Fgithub.com%2Flynncyrin%2Fgalaxy-gen" "/workspace/builds/worker-9/source", kill_on_drop: false }`
[INFO] [stderr] Cloning into '/workspace/builds/worker-9/source'...
[INFO] [stderr] done.
[INFO] validating manifest of git repo https://github.com/lynncyrin/galaxy-gen on toolchain beta-2020-07-24
[INFO] running `Command { std: "/workspace/cargo-home/bin/cargo" "+beta-2020-07-24" "read-manifest" "--manifest-path" "Cargo.toml", kill_on_drop: false }`
[INFO] started tweaking git repo https://github.com/lynncyrin/galaxy-gen
[INFO] finished tweaking git repo https://github.com/lynncyrin/galaxy-gen
[INFO] tweaked toml for git repo https://github.com/lynncyrin/galaxy-gen written to /workspace/builds/worker-9/source/Cargo.toml
[INFO] crate git repo https://github.com/lynncyrin/galaxy-gen already has a lockfile, it will not be regenerated
[INFO] running `Command { std: "/workspace/cargo-home/bin/cargo" "+beta-2020-07-24" "fetch" "--locked" "--manifest-path" "Cargo.toml", kill_on_drop: false }`
[INFO] [stderr] warning: `default-features = [".."]` was found in [features]. Did you mean to use `default = [".."]`?
[INFO] [stderr]     Blocking waiting for file lock on package cache
[INFO] running `Command { std: "docker" "create" "-v" "/var/lib/crater-agent-workspace/builds/worker-9/target:/opt/rustwide/target:rw,Z" "-v" "/var/lib/crater-agent-workspace/builds/worker-9/source:/opt/rustwide/workdir:ro,Z" "-v" "/var/lib/crater-agent-workspace/cargo-home:/opt/rustwide/cargo-home:ro,Z" "-v" "/var/lib/crater-agent-workspace/rustup-home:/opt/rustwide/rustup-home:ro,Z" "-e" "SOURCE_DIR=/opt/rustwide/workdir" "-e" "CARGO_TARGET_DIR=/opt/rustwide/target" "-e" "CARGO_HOME=/opt/rustwide/cargo-home" "-e" "RUSTUP_HOME=/opt/rustwide/rustup-home" "-w" "/opt/rustwide/workdir" "-m" "1610612736" "--user" "0:0" "--network" "none" "rustops/crates-build-env@sha256:a636fd89d022f18117e1dc8fb37a0a009933cdbbe082814857f0e2024962d47c" "/opt/rustwide/cargo-home/bin/cargo" "+beta-2020-07-24" "metadata" "--no-deps" "--format-version=1", kill_on_drop: false }`
[INFO] [stdout] bf826f353d9feecea874a877d17fd5e030db1677349248500a096bd2f167c5d2
[INFO] [stderr] WARNING: Your kernel does not support swap limit capabilities or the cgroup is not mounted. Memory limited without swap.
[INFO] running `Command { std: "docker" "start" "-a" "bf826f353d9feecea874a877d17fd5e030db1677349248500a096bd2f167c5d2", kill_on_drop: false }`
[INFO] running `Command { std: "docker" "inspect" "bf826f353d9feecea874a877d17fd5e030db1677349248500a096bd2f167c5d2", kill_on_drop: false }`
[INFO] running `Command { std: "docker" "rm" "-f" "bf826f353d9feecea874a877d17fd5e030db1677349248500a096bd2f167c5d2", kill_on_drop: false }`
[INFO] [stdout] bf826f353d9feecea874a877d17fd5e030db1677349248500a096bd2f167c5d2
[INFO] running `Command { std: "docker" "create" "-v" "/var/lib/crater-agent-workspace/builds/worker-9/target:/opt/rustwide/target:rw,Z" "-v" "/var/lib/crater-agent-workspace/builds/worker-9/source:/opt/rustwide/workdir:ro,Z" "-v" "/var/lib/crater-agent-workspace/cargo-home:/opt/rustwide/cargo-home:ro,Z" "-v" "/var/lib/crater-agent-workspace/rustup-home:/opt/rustwide/rustup-home:ro,Z" "-e" "SOURCE_DIR=/opt/rustwide/workdir" "-e" "CARGO_TARGET_DIR=/opt/rustwide/target" "-e" "CARGO_INCREMENTAL=0" "-e" "RUST_BACKTRACE=full" "-e" "RUSTFLAGS=--cap-lints=forbid" "-e" "CARGO_HOME=/opt/rustwide/cargo-home" "-e" "RUSTUP_HOME=/opt/rustwide/rustup-home" "-w" "/opt/rustwide/workdir" "-m" "1610612736" "--user" "0:0" "--network" "none" "rustops/crates-build-env@sha256:a636fd89d022f18117e1dc8fb37a0a009933cdbbe082814857f0e2024962d47c" "/opt/rustwide/cargo-home/bin/cargo" "+beta-2020-07-24" "check" "--frozen" "--all" "--all-targets" "--message-format=json", kill_on_drop: false }`
[INFO] [stdout] d78da7480ce23bff72265fdb1a0252ffbb40318b0f1005b6d3e287e508fbbcbc
[INFO] [stderr] WARNING: Your kernel does not support swap limit capabilities or the cgroup is not mounted. Memory limited without swap.
[INFO] running `Command { std: "docker" "start" "-a" "d78da7480ce23bff72265fdb1a0252ffbb40318b0f1005b6d3e287e508fbbcbc", kill_on_drop: false }`
[INFO] [stderr] warning: `default-features = [".."]` was found in [features]. Did you mean to use `default = [".."]`?
[INFO] [stderr]     Blocking waiting for file lock on package cache
[INFO] [stderr]     Checking libc v0.2.43
[INFO] [stderr]    Compiling version_check v0.1.4
[INFO] [stderr]    Compiling proc-macro2 v0.4.19
[INFO] [stderr]     Checking cfg-if v0.1.5
[INFO] [stderr]    Compiling serde v1.0.78
[INFO] [stderr]     Checking void v1.0.2
[INFO] [stderr]    Compiling ryu v0.2.6
[INFO] [stderr]     Checking nodrop v0.1.12
[INFO] [stderr]     Checking ucd-util v0.1.1
[INFO] [stderr]     Checking memoffset v0.2.1
[INFO] [stderr]    Compiling rayon-core v1.4.1
[INFO] [stderr]    Compiling unicode-xid v0.0.4
[INFO] [stderr]     Checking byteorder v1.2.6
[INFO] [stderr]    Compiling quote v0.3.15
[INFO] [stderr]    Compiling wasm-bindgen-shared v0.2.21
[INFO] [stderr]    Compiling cc v1.0.25
[INFO] [stderr]     Checking utf8-ranges v1.0.1
[INFO] [stderr]     Checking rand_core v0.2.1
[INFO] [stderr]    Compiling num-traits v0.2.5
[INFO] [stderr]    Compiling rayon v1.0.2
[INFO] [stderr]    Compiling regex v0.2.11
[INFO] [stderr]    Compiling itoa v0.4.3
[INFO] [stderr]    Compiling regex v1.0.5
[INFO] [stderr]    Compiling failure_derive v0.1.2
[INFO] [stderr]    Compiling either v1.5.0
[INFO] [stderr]     Checking rustc-demangle v0.1.9
[INFO] [stderr]    Compiling wasm-bindgen v0.2.21
[INFO] [stderr]     Checking slog v2.3.3
[INFO] [stderr]     Checking termcolor v0.3.6
[INFO] [stderr]     Checking take_mut v0.2.2
[INFO] [stderr]     Checking crossbeam v0.3.2
[INFO] [stderr]     Checking owning_ref v0.3.3
[INFO] [stderr]    Compiling proc-macro2 v0.2.3
[INFO] [stderr]     Checking unreachable v1.0.0
[INFO] [stderr]     Checking arrayvec v0.4.7
[INFO] [stderr]     Checking crossbeam-utils v0.2.2
[INFO] [stderr]     Checking log v0.4.5
[INFO] [stderr]     Checking regex-syntax v0.5.6
[INFO] [stderr]     Checking regex-syntax v0.6.2
[INFO] [stderr]    Compiling synom v0.11.3
[INFO] [stderr]    Compiling syn v0.10.8
[INFO] [stderr]     Checking fxhash v0.2.1
[INFO] [stderr]     Checking term v0.5.1
[INFO] [stderr]     Checking rand v0.4.3
[INFO] [stderr]     Checking memchr v2.0.2
[INFO] [stderr]     Checking num_cpus v1.8.0
[INFO] [stderr]     Checking rand v0.5.5
[INFO] [stderr]     Checking atty v0.2.11
[INFO] [stderr]     Checking term_size v0.3.1
[INFO] [stderr]     Checking clicolors-control v0.2.0
[INFO] [stderr]     Checking time v0.1.40
[INFO] [stderr]     Checking termios v0.3.0
[INFO] [stderr]     Checking isatty v0.1.9
[INFO] [stderr]    Compiling itertools v0.5.10
[INFO] [stderr]    Compiling lazy_static v1.1.0
[INFO] [stderr]     Checking lock_api v0.1.3
[INFO] [stderr]     Checking smallvec v0.6.5
[INFO] [stderr]    Compiling syn v0.11.11
[INFO] [stderr]     Checking aho-corasick v0.6.8
[INFO] [stderr]     Checking textwrap v0.10.0
[INFO] [stderr]    Compiling quote v0.4.2
[INFO] [stderr]    Compiling parking_lot_core v0.3.1
[INFO] [stderr]     Checking clap v2.32.0
[INFO] [stderr]    Compiling syn v0.12.15
[INFO] [stderr]     Checking parking_lot_core v0.2.14
[INFO] [stderr]     Checking tempdir v0.3.7
[INFO] [stderr]     Checking uuid v0.6.5
[INFO] [stderr]     Checking parking_lot v0.5.5
[INFO] [stderr]     Checking thread_local v0.3.6
[INFO] [stderr]     Checking crossbeam-epoch v0.3.1
[INFO] [stderr]    Compiling quote v0.6.8
[INFO] [stderr]     Checking num-integer v0.1.39
[INFO] [stderr]    Compiling backtrace-sys v0.1.24
[INFO] [stderr]     Checking slog-async v2.3.0
[INFO] [stderr]     Checking crossbeam-deque v0.2.0
[INFO] [stderr]    Compiling syn v0.15.4
[INFO] [stderr]    Compiling syn v0.14.9
[INFO] [stderr]     Checking parking_lot v0.6.4
[INFO] [stderr]     Checking chrono v0.4.6
[INFO] [stderr]     Checking backtrace v0.3.9
[INFO] [stderr]     Checking slog-term v2.4.0
[INFO] [stderr]    Compiling shred-derive v0.5.0
[INFO] [stderr]     Checking console v0.6.2
[INFO] [stderr]    Compiling derivative v1.0.0
[INFO] [stderr]     Checking os_type v2.0.0
[INFO] [stderr]     Checking indicatif v0.9.0
[INFO] [stderr]    Compiling specs-derive v0.2.0
[INFO] [stderr]     Checking hibitset v0.5.2
[INFO] [stderr]     Checking shred v0.7.0
[INFO] [stderr]    Compiling synstructure v0.9.0
[INFO] [stderr]     Checking toml v0.4.6
[INFO] [stderr]     Checking serde_json v1.0.27
[INFO] [stderr]     Checking shrev v1.0.1
[INFO] [stderr]     Checking specs v0.12.2
[INFO] [stderr]    Compiling structopt-derive v0.2.10
[INFO] [stderr]     Checking failure v0.1.2
[INFO] [stderr]     Checking structopt v0.2.10
[INFO] [stderr]    Compiling serde_derive v1.0.78
[INFO] [stderr]     Checking human-panic v1.0.1
[INFO] [stderr]     Checking wasm-pack v0.4.2
[INFO] [stderr]    Compiling wasm-bindgen-backend v0.2.21
[INFO] [stderr]    Compiling wasm-bindgen-macro-support v0.2.21
[INFO] [stderr]    Compiling wasm-bindgen-macro v0.2.21
[INFO] [stderr]     Checking galaxy_gen_backend v0.1.0 (/opt/rustwide/workdir)
[INFO] [stdout] error[E0557]: feature has been removed
[INFO] [stdout]  --> src/rust/lib.rs:1:28
[INFO] [stdout]   |
[INFO] [stdout] 1 | #![feature(extern_prelude, custom_attribute)]
[INFO] [stdout]   |                            ^^^^^^^^^^^^^^^^ feature has been removed
[INFO] [stdout]   |
[INFO] [stdout]   = note: removed in favor of `#![register_tool]` and `#![register_attr]`
[INFO] [stdout] 
[INFO] [stdout] 
[INFO] [stdout] error[E0557]: feature has been removed
[INFO] [stdout]  --> src/rust/lib.rs:1:28
[INFO] [stdout]   |
[INFO] [stdout] 1 | #![feature(extern_prelude, custom_attribute)]
[INFO] [stdout]   |                            ^^^^^^^^^^^^^^^^ feature has been removed
[INFO] [stdout]   |
[INFO] [stdout]   = note: removed in favor of `#![register_tool]` and `#![register_attr]`
[INFO] [stdout] 
[INFO] [stdout] 
[INFO] [stdout] error[E0554]: `#![feature]` may not be used on the beta release channel
[INFO] [stdout]  --> src/rust/lib.rs:1:1
[INFO] [stdout]   |
[INFO] [stdout] 1 | #![feature(extern_prelude, custom_attribute)]
[INFO] [stdout]   | ^^^^^^^^^^^^^^^^^^^^^^^^^^^^^^^^^^^^^^^^^^^^^
[INFO] [stdout] 
[INFO] [stdout] 
[INFO] [stdout] warning: unused imports: `Builder`, `DispatcherBuilder`, `RunNow`, `World`
[INFO] [stdout]   --> src/rust/galaxyecs.rs:44:13
[INFO] [stdout]    |
[INFO] [stdout] 44 | use specs::{Builder, DispatcherBuilder, RunNow, World};
[INFO] [stdout]    |             ^^^^^^^  ^^^^^^^^^^^^^^^^^  ^^^^^^  ^^^^^
[INFO] [stdout]    |
[INFO] [stdout]    = note: `#[warn(unused_imports)]` on by default
[INFO] [stdout] 
[INFO] [stdout] 
[INFO] [stdout] error[E0554]: `#![feature]` may not be used on the beta release channel
[INFO] [stdout]  --> src/rust/lib.rs:1:1
[INFO] [stdout]   |
[INFO] [stdout] 1 | #![feature(extern_prelude, custom_attribute)]
[INFO] [stdout]   | ^^^^^^^^^^^^^^^^^^^^^^^^^^^^^^^^^^^^^^^^^^^^^
[INFO] [stdout] 
[INFO] [stdout] 
[INFO] [stdout] error: aborting due to 2 previous errors; 1 warning emitted
[INFO] [stdout] 
[INFO] [stdout] 
[INFO] [stdout] Some errors have detailed explanations: E0554, E0557.
[INFO] [stdout] 
[INFO] [stdout] For more information about an error, try `rustc --explain E0554`.
[INFO] [stdout] 
[INFO] [stderr] error: could not compile `galaxy_gen_backend`.
[INFO] [stderr] 
[INFO] [stderr] To learn more, run the command again with --verbose.
[INFO] [stderr] warning: build failed, waiting for other jobs to finish...
[INFO] [stdout] error: aborting due to 2 previous errors
[INFO] [stdout] 
[INFO] [stdout] 
[INFO] [stdout] Some errors have detailed explanations: E0554, E0557.
[INFO] [stdout] 
[INFO] [stdout] For more information about an error, try `rustc --explain E0554`.
[INFO] [stdout] 
[INFO] [stderr] error: build failed
[INFO] running `Command { std: "docker" "inspect" "d78da7480ce23bff72265fdb1a0252ffbb40318b0f1005b6d3e287e508fbbcbc", kill_on_drop: false }`
[INFO] running `Command { std: "docker" "rm" "-f" "d78da7480ce23bff72265fdb1a0252ffbb40318b0f1005b6d3e287e508fbbcbc", kill_on_drop: false }`
[INFO] [stdout] d78da7480ce23bff72265fdb1a0252ffbb40318b0f1005b6d3e287e508fbbcbc
