[INFO] cloning repository https://github.com/ludios/item-maker
[INFO] running `Command { std: "git" "-c" "credential.helper=" "-c" "credential.helper=/workspace/cargo-home/bin/git-credential-null" "clone" "--bare" "https://github.com/ludios/item-maker" "/workspace/cache/git-repos/https%3A%2F%2Fgithub.com%2Fludios%2Fitem-maker", kill_on_drop: false }`
[INFO] [stderr] Cloning into bare repository '/workspace/cache/git-repos/https%3A%2F%2Fgithub.com%2Fludios%2Fitem-maker'...
[INFO] running `Command { std: "git" "rev-parse" "HEAD", kill_on_drop: false }`
[INFO] [stdout] bf60bd3651123910601852e9720107ac5d1c3d0e
[INFO] checking ludios/item-maker against beta-2020-07-24 for pr-75494-beta
[INFO] running `Command { std: "git" "clone" "/workspace/cache/git-repos/https%3A%2F%2Fgithub.com%2Fludios%2Fitem-maker" "/workspace/builds/worker-9/source", kill_on_drop: false }`
[INFO] [stderr] Cloning into '/workspace/builds/worker-9/source'...
[INFO] [stderr] done.
[INFO] validating manifest of git repo https://github.com/ludios/item-maker on toolchain beta-2020-07-24
[INFO] running `Command { std: "/workspace/cargo-home/bin/cargo" "+beta-2020-07-24" "read-manifest" "--manifest-path" "Cargo.toml", kill_on_drop: false }`
[INFO] started tweaking git repo https://github.com/ludios/item-maker
[INFO] finished tweaking git repo https://github.com/ludios/item-maker
[INFO] tweaked toml for git repo https://github.com/ludios/item-maker written to /workspace/builds/worker-9/source/Cargo.toml
[INFO] crate git repo https://github.com/ludios/item-maker already has a lockfile, it will not be regenerated
[INFO] running `Command { std: "/workspace/cargo-home/bin/cargo" "+beta-2020-07-24" "fetch" "--locked" "--manifest-path" "Cargo.toml", kill_on_drop: false }`
[INFO] [stderr] warning: the cargo feature `edition` is now stable and is no longer necessary to be listed in the manifest
[INFO] [stderr]     Blocking waiting for file lock on package cache
[INFO] [stderr] error: the lock file /workspace/builds/worker-9/source/Cargo.lock needs to be updated but --locked was passed to prevent this
[INFO] [stderr] If you want to try to generate the lock file without accessing the network, use the --offline flag.
[INFO] the lockfile is outdated, regenerating it
[INFO] running `Command { std: "/workspace/cargo-home/bin/cargo" "+beta-2020-07-24" "generate-lockfile" "--manifest-path" "Cargo.toml" "-Zno-index-update", kill_on_drop: false }`
[INFO] [stderr]     Blocking waiting for file lock on package cache
[INFO] [stderr]     Updating git repository `https://github.com/pingcap/rust-rocksdb.git`
[INFO] [stderr]     Updating git repository `https://github.com/busyjay/rust-snappy.git`
[INFO] running `Command { std: "/workspace/cargo-home/bin/cargo" "+beta-2020-07-24" "fetch" "--locked" "--manifest-path" "Cargo.toml", kill_on_drop: false }`
[INFO] [stderr] warning: the cargo feature `edition` is now stable and is no longer necessary to be listed in the manifest
[INFO] [stderr]     Blocking waiting for file lock on package cache
[INFO] [stderr]     Blocking waiting for file lock on package cache
[INFO] [stderr]  Downloading crates ...
[INFO] [stderr]   Downloaded lz4-sys v1.9.2
[INFO] [stderr]   Downloaded clang-sys v0.28.1
[INFO] [stderr]   Downloaded cexpr v0.3.6
[INFO] [stderr]   Downloaded zstd-sys v1.4.17+zstd.1.4.5
[INFO] [stderr]   Downloaded bindgen v0.51.1
[INFO] [stderr]   Downloaded bzip2-sys v0.1.9+1.0.8
[INFO] [stderr]   Downloaded libz-sys v1.1.0
[INFO] running `Command { std: "docker" "create" "-v" "/var/lib/crater-agent-workspace/builds/worker-9/target:/opt/rustwide/target:rw,Z" "-v" "/var/lib/crater-agent-workspace/builds/worker-9/source:/opt/rustwide/workdir:ro,Z" "-v" "/var/lib/crater-agent-workspace/cargo-home:/opt/rustwide/cargo-home:ro,Z" "-v" "/var/lib/crater-agent-workspace/rustup-home:/opt/rustwide/rustup-home:ro,Z" "-e" "SOURCE_DIR=/opt/rustwide/workdir" "-e" "CARGO_TARGET_DIR=/opt/rustwide/target" "-e" "CARGO_HOME=/opt/rustwide/cargo-home" "-e" "RUSTUP_HOME=/opt/rustwide/rustup-home" "-w" "/opt/rustwide/workdir" "-m" "1610612736" "--user" "0:0" "--network" "none" "rustops/crates-build-env@sha256:a636fd89d022f18117e1dc8fb37a0a009933cdbbe082814857f0e2024962d47c" "/opt/rustwide/cargo-home/bin/cargo" "+beta-2020-07-24" "metadata" "--no-deps" "--format-version=1", kill_on_drop: false }`
[INFO] [stderr] WARNING: Your kernel does not support swap limit capabilities or the cgroup is not mounted. Memory limited without swap.
[INFO] [stdout] 71b9565e8dc09e58a5e292b8e8529120431f360be25247d3a56f97cf7744ed7f
[INFO] running `Command { std: "docker" "start" "-a" "71b9565e8dc09e58a5e292b8e8529120431f360be25247d3a56f97cf7744ed7f", kill_on_drop: false }`
[INFO] running `Command { std: "docker" "inspect" "71b9565e8dc09e58a5e292b8e8529120431f360be25247d3a56f97cf7744ed7f", kill_on_drop: false }`
[INFO] running `Command { std: "docker" "rm" "-f" "71b9565e8dc09e58a5e292b8e8529120431f360be25247d3a56f97cf7744ed7f", kill_on_drop: false }`
[INFO] [stdout] 71b9565e8dc09e58a5e292b8e8529120431f360be25247d3a56f97cf7744ed7f
[INFO] running `Command { std: "docker" "create" "-v" "/var/lib/crater-agent-workspace/builds/worker-9/target:/opt/rustwide/target:rw,Z" "-v" "/var/lib/crater-agent-workspace/builds/worker-9/source:/opt/rustwide/workdir:ro,Z" "-v" "/var/lib/crater-agent-workspace/cargo-home:/opt/rustwide/cargo-home:ro,Z" "-v" "/var/lib/crater-agent-workspace/rustup-home:/opt/rustwide/rustup-home:ro,Z" "-e" "SOURCE_DIR=/opt/rustwide/workdir" "-e" "CARGO_TARGET_DIR=/opt/rustwide/target" "-e" "CARGO_INCREMENTAL=0" "-e" "RUST_BACKTRACE=full" "-e" "RUSTFLAGS=--cap-lints=forbid" "-e" "CARGO_HOME=/opt/rustwide/cargo-home" "-e" "RUSTUP_HOME=/opt/rustwide/rustup-home" "-w" "/opt/rustwide/workdir" "-m" "1610612736" "--user" "0:0" "--network" "none" "rustops/crates-build-env@sha256:a636fd89d022f18117e1dc8fb37a0a009933cdbbe082814857f0e2024962d47c" "/opt/rustwide/cargo-home/bin/cargo" "+beta-2020-07-24" "check" "--frozen" "--all" "--all-targets" "--message-format=json", kill_on_drop: false }`
[INFO] [stderr] WARNING: Your kernel does not support swap limit capabilities or the cgroup is not mounted. Memory limited without swap.
[INFO] [stdout] 6ce1b8732ac65098acc4a42346dc7dacd17108ae1a96a63e38609e6ef488443e
[INFO] running `Command { std: "docker" "start" "-a" "6ce1b8732ac65098acc4a42346dc7dacd17108ae1a96a63e38609e6ef488443e", kill_on_drop: false }`
[INFO] [stderr] warning: the cargo feature `edition` is now stable and is no longer necessary to be listed in the manifest
[INFO] [stderr]    Compiling libc v0.2.76
[INFO] [stderr]    Compiling glob v0.3.0
[INFO] [stderr]    Compiling pkg-config v0.3.18
[INFO] [stderr]    Compiling memchr v2.3.3
[INFO] [stderr]    Compiling either v1.6.0
[INFO] [stderr]    Compiling version_check v0.1.5
[INFO] [stderr]    Compiling lazy_static v1.4.0
[INFO] [stderr]    Compiling proc-macro2 v1.0.19
[INFO] [stderr]    Compiling quick-error v1.2.3
[INFO] [stderr]    Compiling regex-syntax v0.6.18
[INFO] [stderr]    Compiling cfg-if v0.1.10
[INFO] [stderr]    Compiling termcolor v1.1.0
[INFO] [stderr]    Compiling strsim v0.8.0
[INFO] [stderr]    Compiling vec_map v0.8.2
[INFO] [stderr]    Compiling bindgen v0.51.1
[INFO] [stderr]    Compiling rustc-hash v1.1.0
[INFO] [stderr]    Compiling shlex v0.1.1
[INFO] [stderr]     Checking ansi_term v0.11.0
[INFO] [stderr]    Compiling textwrap v0.11.0
[INFO] [stderr]    Compiling humantime v1.3.0
[INFO] [stderr]    Compiling thread_local v1.0.1
[INFO] [stderr]    Compiling itertools v0.9.0
[INFO] [stderr]    Compiling bitflags v1.2.1
[INFO] [stderr]    Compiling log v0.4.11
[INFO] [stderr]    Compiling nom v4.2.3
[INFO] [stderr]    Compiling aho-corasick v0.7.13
[INFO] [stderr]    Compiling clang-sys v0.28.1
[INFO] [stderr]    Compiling quote v1.0.7
[INFO] [stderr]    Compiling jobserver v0.1.21
[INFO] [stderr]    Compiling atty v0.2.14
[INFO] [stderr]    Compiling which v3.1.1
[INFO] [stderr]    Compiling clap v2.33.3
[INFO] [stderr]    Compiling cc v1.0.59
[INFO] [stderr]    Compiling cexpr v0.3.6
[INFO] [stderr]    Compiling cmake v0.1.44
[INFO] [stderr]    Compiling libloading v0.5.2
[INFO] [stderr]    Compiling lz4-sys v1.9.2
[INFO] [stderr]    Compiling libz-sys v1.1.0
[INFO] [stderr]    Compiling bzip2-sys v0.1.9+1.0.8
[INFO] [stderr]    Compiling zstd-sys v1.4.17+zstd.1.4.5
[INFO] [stderr]    Compiling snappy-sys v0.1.0 (https://github.com/busyjay/rust-snappy.git?branch=static-link#8c12738b)
[INFO] [stderr]    Compiling librocksdb_cloud_sys v0.1.0 (https://github.com/pingcap/rust-rocksdb.git#359aaca7)
[INFO] [stderr]    Compiling libtitan_sys v0.0.1 (https://github.com/pingcap/rust-rocksdb.git#359aaca7)
[INFO] [stderr]    Compiling regex v1.3.9
[INFO] [stderr]    Compiling env_logger v0.6.2
[INFO] [stderr]    Compiling librocksdb_sys v0.1.0 (https://github.com/pingcap/rust-rocksdb.git#359aaca7)
[INFO] [stderr] error: failed to run custom build command for `libtitan_sys v0.0.1 (https://github.com/pingcap/rust-rocksdb.git#359aaca7)`
[INFO] [stderr] 
[INFO] [stderr] Caused by:
[INFO] [stderr]   process didn't exit successfully: `/opt/rustwide/target/debug/build/libtitan_sys-2c962d8459ad837e/build-script-build` (exit code: 101)
[INFO] [stderr]   --- stdout
[INFO] [stderr]   running: "cmake" "-Wdev" "--debug-output" "/opt/rustwide/cargo-home/git/checkouts/rust-rocksdb-82ef6e5337b3fbe6/359aaca/librocksdb_sys/libtitan_sys/titan" "-DROCKSDB_DIR=/opt/rustwide/cargo-home/git/checkouts/rust-rocksdb-82ef6e5337b3fbe6/359aaca/librocksdb_sys/libtitan_sys/../rocksdb" "-DWITH_TITAN_TESTS=OFF" "-DWITH_TITAN_TOOLS=OFF" "-DWITH_ZLIB=ON" "-DWITH_BZ2=ON" "-DWITH_LZ4=ON" "-DWITH_ZSTD=ON" "-DWITH_SNAPPY=ON" "-DWITH_TITAN_TESTS=OFF" "-DWITH_TITAN_TOOLS=OFF" "-DCMAKE_INSTALL_PREFIX=/opt/rustwide/target/debug/build/libtitan_sys-4e380eebf8538abb/out" "-DCMAKE_C_FLAGS= -ffunction-sections -fdata-sections -fPIC -m64" "-DCMAKE_C_COMPILER=/usr/bin/cc" "-DCMAKE_CXX_FLAGS= -ffunction-sections -fdata-sections -fPIC -m64" "-DCMAKE_CXX_COMPILER=/usr/bin/c++" "-DCMAKE_ASM_FLAGS= -ffunction-sections -fdata-sections -fPIC -m64" "-DCMAKE_ASM_COMPILER=/usr/bin/cc" "-DCMAKE_BUILD_TYPE=Debug" "-DCMAKE_VERBOSE_MAKEFILE:BOOL=ON"
[INFO] [stderr]   Running with debug output on.
[INFO] [stderr]   -- The C compiler identification is GNU 9.3.0
[INFO] [stderr]      Called from: [3]	/usr/share/cmake-3.16/Modules/CMakeDetermineCompilerId.cmake
[INFO] [stderr]                   [2]	/usr/share/cmake-3.16/Modules/CMakeDetermineCCompiler.cmake
[INFO] [stderr]                   [1]	/opt/rustwide/cargo-home/git/checkouts/rust-rocksdb-82ef6e5337b3fbe6/359aaca/librocksdb_sys/libtitan_sys/titan/CMakeLists.txt
[INFO] [stderr]   -- The CXX compiler identification is GNU 9.3.0
[INFO] [stderr]      Called from: [3]	/usr/share/cmake-3.16/Modules/CMakeDetermineCompilerId.cmake
[INFO] [stderr]                   [2]	/usr/share/cmake-3.16/Modules/CMakeDetermineCXXCompiler.cmake
[INFO] [stderr]                   [1]	/opt/rustwide/cargo-home/git/checkouts/rust-rocksdb-82ef6e5337b3fbe6/359aaca/librocksdb_sys/libtitan_sys/titan/CMakeLists.txt
[INFO] [stderr]   -- Check for working C compiler: /usr/bin/cc
[INFO] [stderr]      Called from: [3]	/usr/share/cmake-3.16/Modules/CMakeTestCompilerCommon.cmake
[INFO] [stderr]                   [2]	/usr/share/cmake-3.16/Modules/CMakeTestCCompiler.cmake
[INFO] [stderr]                   [1]	/opt/rustwide/cargo-home/git/checkouts/rust-rocksdb-82ef6e5337b3fbe6/359aaca/librocksdb_sys/libtitan_sys/titan/CMakeLists.txt
[INFO] [stderr]   -- Check for working C compiler: /usr/bin/cc -- works
[INFO] [stderr]      Called from: [3]	/usr/share/cmake-3.16/Modules/CMakeTestCompilerCommon.cmake
[INFO] [stderr]                   [2]	/usr/share/cmake-3.16/Modules/CMakeTestCCompiler.cmake
[INFO] [stderr]                   [1]	/opt/rustwide/cargo-home/git/checkouts/rust-rocksdb-82ef6e5337b3fbe6/359aaca/librocksdb_sys/libtitan_sys/titan/CMakeLists.txt
[INFO] [stderr]   -- Detecting C compiler ABI info
[INFO] [stderr]      Called from: [3]	/usr/share/cmake-3.16/Modules/CMakeDetermineCompilerABI.cmake
[INFO] [stderr]                   [2]	/usr/share/cmake-3.16/Modules/CMakeTestCCompiler.cmake
[INFO] [stderr]                   [1]	/opt/rustwide/cargo-home/git/checkouts/rust-rocksdb-82ef6e5337b3fbe6/359aaca/librocksdb_sys/libtitan_sys/titan/CMakeLists.txt
[INFO] [stderr]   -- Detecting C compiler ABI info - done
[INFO] [stderr]      Called from: [3]	/usr/share/cmake-3.16/Modules/CMakeDetermineCompilerABI.cmake
[INFO] [stderr]                   [2]	/usr/share/cmake-3.16/Modules/CMakeTestCCompiler.cmake
[INFO] [stderr]                   [1]	/opt/rustwide/cargo-home/git/checkouts/rust-rocksdb-82ef6e5337b3fbe6/359aaca/librocksdb_sys/libtitan_sys/titan/CMakeLists.txt
[INFO] [stderr]   -- Detecting C compile features
[INFO] [stderr]      Called from: [3]	/usr/share/cmake-3.16/Modules/CMakeDetermineCompileFeatures.cmake
[INFO] [stderr]                   [2]	/usr/share/cmake-3.16/Modules/CMakeTestCCompiler.cmake
[INFO] [stderr]                   [1]	/opt/rustwide/cargo-home/git/checkouts/rust-rocksdb-82ef6e5337b3fbe6/359aaca/librocksdb_sys/libtitan_sys/titan/CMakeLists.txt
[INFO] [stderr]   -- Detecting C compile features - done
[INFO] [stderr]      Called from: [3]	/usr/share/cmake-3.16/Modules/CMakeDetermineCompileFeatures.cmake
[INFO] [stderr]                   [2]	/usr/share/cmake-3.16/Modules/CMakeTestCCompiler.cmake
[INFO] [stderr]                   [1]	/opt/rustwide/cargo-home/git/checkouts/rust-rocksdb-82ef6e5337b3fbe6/359aaca/librocksdb_sys/libtitan_sys/titan/CMakeLists.txt
[INFO] [stderr]   -- Check for working CXX compiler: /usr/bin/c++
[INFO] [stderr]      Called from: [3]	/usr/share/cmake-3.16/Modules/CMakeTestCompilerCommon.cmake
[INFO] [stderr]                   [2]	/usr/share/cmake-3.16/Modules/CMakeTestCXXCompiler.cmake
[INFO] [stderr]                   [1]	/opt/rustwide/cargo-home/git/checkouts/rust-rocksdb-82ef6e5337b3fbe6/359aaca/librocksdb_sys/libtitan_sys/titan/CMakeLists.txt
[INFO] [stderr]   -- Check for working CXX compiler: /usr/bin/c++ -- works
[INFO] [stderr]      Called from: [3]	/usr/share/cmake-3.16/Modules/CMakeTestCompilerCommon.cmake
[INFO] [stderr]                   [2]	/usr/share/cmake-3.16/Modules/CMakeTestCXXCompiler.cmake
[INFO] [stderr]                   [1]	/opt/rustwide/cargo-home/git/checkouts/rust-rocksdb-82ef6e5337b3fbe6/359aaca/librocksdb_sys/libtitan_sys/titan/CMakeLists.txt
[INFO] [stderr]   -- Detecting CXX compiler ABI info
[INFO] [stderr]      Called from: [3]	/usr/share/cmake-3.16/Modules/CMakeDetermineCompilerABI.cmake
[INFO] [stderr]                   [2]	/usr/share/cmake-3.16/Modules/CMakeTestCXXCompiler.cmake
[INFO] [stderr]                   [1]	/opt/rustwide/cargo-home/git/checkouts/rust-rocksdb-82ef6e5337b3fbe6/359aaca/librocksdb_sys/libtitan_sys/titan/CMakeLists.txt
[INFO] [stderr]   -- Detecting CXX compiler ABI info - done
[INFO] [stderr]      Called from: [3]	/usr/share/cmake-3.16/Modules/CMakeDetermineCompilerABI.cmake
[INFO] [stderr]                   [2]	/usr/share/cmake-3.16/Modules/CMakeTestCXXCompiler.cmake
[INFO] [stderr]                   [1]	/opt/rustwide/cargo-home/git/checkouts/rust-rocksdb-82ef6e5337b3fbe6/359aaca/librocksdb_sys/libtitan_sys/titan/CMakeLists.txt
[INFO] [stderr]   -- Detecting CXX compile features
[INFO] [stderr]      Called from: [3]	/usr/share/cmake-3.16/Modules/CMakeDetermineCompileFeatures.cmake
[INFO] [stderr]                   [2]	/usr/share/cmake-3.16/Modules/CMakeTestCXXCompiler.cmake
[INFO] [stderr]                   [1]	/opt/rustwide/cargo-home/git/checkouts/rust-rocksdb-82ef6e5337b3fbe6/359aaca/librocksdb_sys/libtitan_sys/titan/CMakeLists.txt
[INFO] [stderr]   -- Detecting CXX compile features - done
[INFO] [stderr]      Called from: [3]	/usr/share/cmake-3.16/Modules/CMakeDetermineCompileFeatures.cmake
[INFO] [stderr]                   [2]	/usr/share/cmake-3.16/Modules/CMakeTestCXXCompiler.cmake
[INFO] [stderr]                   [1]	/opt/rustwide/cargo-home/git/checkouts/rust-rocksdb-82ef6e5337b3fbe6/359aaca/librocksdb_sys/libtitan_sys/titan/CMakeLists.txt
[INFO] [stderr]   -- Found Git: /usr/bin/git (found version "2.25.1") 
[INFO] [stderr]      Called from: [4]	/usr/share/cmake-3.16/Modules/FindPackageMessage.cmake
[INFO] [stderr]                   [3]	/usr/share/cmake-3.16/Modules/FindPackageHandleStandardArgs.cmake
[INFO] [stderr]                   [2]	/usr/share/cmake-3.16/Modules/FindGit.cmake
[INFO] [stderr]                   [1]	/opt/rustwide/cargo-home/git/checkouts/rust-rocksdb-82ef6e5337b3fbe6/359aaca/librocksdb_sys/libtitan_sys/titan/CMakeLists.txt
[INFO] [stderr]   -- Found snappy: /opt/rustwide/target/debug/build/snappy-sys-8e0f3cb421c9c9ee/out/build/libsnappy.a  
[INFO] [stderr]      Called from: [5]	/usr/share/cmake-3.16/Modules/FindPackageMessage.cmake
[INFO] [stderr]                   [4]	/usr/share/cmake-3.16/Modules/FindPackageHandleStandardArgs.cmake
[INFO] [stderr]                   [3]	/opt/rustwide/cargo-home/git/checkouts/rust-rocksdb-82ef6e5337b3fbe6/359aaca/librocksdb_sys/rocksdb/cmake/modules/Findsnappy.cmake
[INFO] [stderr]                   [2]	/opt/rustwide/cargo-home/git/checkouts/rust-rocksdb-82ef6e5337b3fbe6/359aaca/librocksdb_sys/libtitan_sys/titan/cmake/rocksdb_flags.cmake
[INFO] [stderr]                   [1]	/opt/rustwide/cargo-home/git/checkouts/rust-rocksdb-82ef6e5337b3fbe6/359aaca/librocksdb_sys/libtitan_sys/titan/CMakeLists.txt
[INFO] [stderr]   -- Found bzip2: /opt/rustwide/target/debug/build/bzip2-sys-c1bd34eeaffea7f0/out/lib/libbz2.a  
[INFO] [stderr]      Called from: [5]	/usr/share/cmake-3.16/Modules/FindPackageMessage.cmake
[INFO] [stderr]                   [4]	/usr/share/cmake-3.16/Modules/FindPackageHandleStandardArgs.cmake
[INFO] [stderr]                   [3]	/opt/rustwide/cargo-home/git/checkouts/rust-rocksdb-82ef6e5337b3fbe6/359aaca/librocksdb_sys/rocksdb/cmake/modules/Findbzip2.cmake
[INFO] [stderr]                   [2]	/opt/rustwide/cargo-home/git/checkouts/rust-rocksdb-82ef6e5337b3fbe6/359aaca/librocksdb_sys/libtitan_sys/titan/cmake/rocksdb_flags.cmake
[INFO] [stderr]                   [1]	/opt/rustwide/cargo-home/git/checkouts/rust-rocksdb-82ef6e5337b3fbe6/359aaca/librocksdb_sys/libtitan_sys/titan/CMakeLists.txt
[INFO] [stderr]   -- Found lz4: /opt/rustwide/target/debug/build/lz4-sys-9bccc34891bf6a19/out/liblz4.a  
[INFO] [stderr]      Called from: [5]	/usr/share/cmake-3.16/Modules/FindPackageMessage.cmake
[INFO] [stderr]                   [4]	/usr/share/cmake-3.16/Modules/FindPackageHandleStandardArgs.cmake
[INFO] [stderr]                   [3]	/opt/rustwide/cargo-home/git/checkouts/rust-rocksdb-82ef6e5337b3fbe6/359aaca/librocksdb_sys/rocksdb/cmake/modules/Findlz4.cmake
[INFO] [stderr]                   [2]	/opt/rustwide/cargo-home/git/checkouts/rust-rocksdb-82ef6e5337b3fbe6/359aaca/librocksdb_sys/libtitan_sys/titan/cmake/rocksdb_flags.cmake
[INFO] [stderr]                   [1]	/opt/rustwide/cargo-home/git/checkouts/rust-rocksdb-82ef6e5337b3fbe6/359aaca/librocksdb_sys/libtitan_sys/titan/CMakeLists.txt
[INFO] [stderr]   -- Found ZLIB: /opt/rustwide/target/debug/build/libz-sys-a47304e174464d3b/out/build/libz.a (found version "1.2.11") 
[INFO] [stderr]      Called from: [5]	/usr/share/cmake-3.16/Modules/FindPackageMessage.cmake
[INFO] [stderr]                   [4]	/usr/share/cmake-3.16/Modules/FindPackageHandleStandardArgs.cmake
[INFO] [stderr]                   [3]	/usr/share/cmake-3.16/Modules/FindZLIB.cmake
[INFO] [stderr]                   [2]	/opt/rustwide/cargo-home/git/checkouts/rust-rocksdb-82ef6e5337b3fbe6/359aaca/librocksdb_sys/libtitan_sys/titan/cmake/rocksdb_flags.cmake
[INFO] [stderr]                   [1]	/opt/rustwide/cargo-home/git/checkouts/rust-rocksdb-82ef6e5337b3fbe6/359aaca/librocksdb_sys/libtitan_sys/titan/CMakeLists.txt
[INFO] [stderr]   -- Found zstd: /opt/rustwide/target/debug/build/zstd-sys-1233c236f66c4c78/out/libzstd.a  
[INFO] [stderr]      Called from: [5]	/usr/share/cmake-3.16/Modules/FindPackageMessage.cmake
[INFO] [stderr]                   [4]	/usr/share/cmake-3.16/Modules/FindPackageHandleStandardArgs.cmake
[INFO] [stderr]                   [3]	/opt/rustwide/cargo-home/git/checkouts/rust-rocksdb-82ef6e5337b3fbe6/359aaca/librocksdb_sys/rocksdb/cmake/modules/Findzstd.cmake
[INFO] [stderr]                   [2]	/opt/rustwide/cargo-home/git/checkouts/rust-rocksdb-82ef6e5337b3fbe6/359aaca/librocksdb_sys/libtitan_sys/titan/cmake/rocksdb_flags.cmake
[INFO] [stderr]                   [1]	/opt/rustwide/cargo-home/git/checkouts/rust-rocksdb-82ef6e5337b3fbe6/359aaca/librocksdb_sys/libtitan_sys/titan/CMakeLists.txt
[INFO] [stderr]   -- Performing Test HAVE_SSE42
[INFO] [stderr]      Called from: [3]	/usr/share/cmake-3.16/Modules/CheckCXXSourceCompiles.cmake
[INFO] [stderr]                   [2]	/opt/rustwide/cargo-home/git/checkouts/rust-rocksdb-82ef6e5337b3fbe6/359aaca/librocksdb_sys/libtitan_sys/titan/cmake/rocksdb_flags.cmake
[INFO] [stderr]                   [1]	/opt/rustwide/cargo-home/git/checkouts/rust-rocksdb-82ef6e5337b3fbe6/359aaca/librocksdb_sys/libtitan_sys/titan/CMakeLists.txt
[INFO] [stderr]   -- Performing Test HAVE_SSE42 - Success
[INFO] [stderr]      Called from: [3]	/usr/share/cmake-3.16/Modules/CheckCXXSourceCompiles.cmake
[INFO] [stderr]                   [2]	/opt/rustwide/cargo-home/git/checkouts/rust-rocksdb-82ef6e5337b3fbe6/359aaca/librocksdb_sys/libtitan_sys/titan/cmake/rocksdb_flags.cmake
[INFO] [stderr]                   [1]	/opt/rustwide/cargo-home/git/checkouts/rust-rocksdb-82ef6e5337b3fbe6/359aaca/librocksdb_sys/libtitan_sys/titan/CMakeLists.txt
[INFO] [stderr]   -- Performing Test HAVE_THREAD_LOCAL
[INFO] [stderr]      Called from: [3]	/usr/share/cmake-3.16/Modules/CheckCXXSourceCompiles.cmake
[INFO] [stderr]                   [2]	/opt/rustwide/cargo-home/git/checkouts/rust-rocksdb-82ef6e5337b3fbe6/359aaca/librocksdb_sys/libtitan_sys/titan/cmake/rocksdb_flags.cmake
[INFO] [stderr]                   [1]	/opt/rustwide/cargo-home/git/checkouts/rust-rocksdb-82ef6e5337b3fbe6/359aaca/librocksdb_sys/libtitan_sys/titan/CMakeLists.txt
[INFO] [stderr]   -- Performing Test HAVE_THREAD_LOCAL - Success
[INFO] [stderr]      Called from: [3]	/usr/share/cmake-3.16/Modules/CheckCXXSourceCompiles.cmake
[INFO] [stderr]                   [2]	/opt/rustwide/cargo-home/git/checkouts/rust-rocksdb-82ef6e5337b3fbe6/359aaca/librocksdb_sys/libtitan_sys/titan/cmake/rocksdb_flags.cmake
[INFO] [stderr]                   [1]	/opt/rustwide/cargo-home/git/checkouts/rust-rocksdb-82ef6e5337b3fbe6/359aaca/librocksdb_sys/libtitan_sys/titan/CMakeLists.txt
[INFO] [stderr]   -- Enabling RTTI in Debug builds only (default)
[INFO] [stderr]      Called from: [2]	/opt/rustwide/cargo-home/git/checkouts/rust-rocksdb-82ef6e5337b3fbe6/359aaca/librocksdb_sys/libtitan_sys/titan/cmake/rocksdb_flags.cmake
[INFO] [stderr]                   [1]	/opt/rustwide/cargo-home/git/checkouts/rust-rocksdb-82ef6e5337b3fbe6/359aaca/librocksdb_sys/libtitan_sys/titan/CMakeLists.txt
[INFO] [stderr]   -- Performing Test HAVE_FALLOCATE
[INFO] [stderr]      Called from: [3]	/usr/share/cmake-3.16/Modules/CheckCXXSourceCompiles.cmake
[INFO] [stderr]                   [2]	/opt/rustwide/cargo-home/git/checkouts/rust-rocksdb-82ef6e5337b3fbe6/359aaca/librocksdb_sys/libtitan_sys/titan/cmake/rocksdb_flags.cmake
[INFO] [stderr]                   [1]	/opt/rustwide/cargo-home/git/checkouts/rust-rocksdb-82ef6e5337b3fbe6/359aaca/librocksdb_sys/libtitan_sys/titan/CMakeLists.txt
[INFO] [stderr]   -- Performing Test HAVE_FALLOCATE - Success
[INFO] [stderr]      Called from: [3]	/usr/share/cmake-3.16/Modules/CheckCXXSourceCompiles.cmake
[INFO] [stderr]                   [2]	/opt/rustwide/cargo-home/git/checkouts/rust-rocksdb-82ef6e5337b3fbe6/359aaca/librocksdb_sys/libtitan_sys/titan/cmake/rocksdb_flags.cmake
[INFO] [stderr]                   [1]	/opt/rustwide/cargo-home/git/checkouts/rust-rocksdb-82ef6e5337b3fbe6/359aaca/librocksdb_sys/libtitan_sys/titan/CMakeLists.txt
[INFO] [stderr]   -- Performing Test HAVE_SYNC_FILE_RANGE_WRITE
[INFO] [stderr]      Called from: [3]	/usr/share/cmake-3.16/Modules/CheckCXXSourceCompiles.cmake
[INFO] [stderr]                   [2]	/opt/rustwide/cargo-home/git/checkouts/rust-rocksdb-82ef6e5337b3fbe6/359aaca/librocksdb_sys/libtitan_sys/titan/cmake/rocksdb_flags.cmake
[INFO] [stderr]                   [1]	/opt/rustwide/cargo-home/git/checkouts/rust-rocksdb-82ef6e5337b3fbe6/359aaca/librocksdb_sys/libtitan_sys/titan/CMakeLists.txt
[INFO] [stderr]   -- Performing Test HAVE_SYNC_FILE_RANGE_WRITE - Success
[INFO] [stderr]      Called from: [3]	/usr/share/cmake-3.16/Modules/CheckCXXSourceCompiles.cmake
[INFO] [stderr]                   [2]	/opt/rustwide/cargo-home/git/checkouts/rust-rocksdb-82ef6e5337b3fbe6/359aaca/librocksdb_sys/libtitan_sys/titan/cmake/rocksdb_flags.cmake
[INFO] [stderr]                   [1]	/opt/rustwide/cargo-home/git/checkouts/rust-rocksdb-82ef6e5337b3fbe6/359aaca/librocksdb_sys/libtitan_sys/titan/CMakeLists.txt
[INFO] [stderr]   -- Performing Test HAVE_PTHREAD_MUTEX_ADAPTIVE_NP
[INFO] [stderr]      Called from: [3]	/usr/share/cmake-3.16/Modules/CheckCXXSourceCompiles.cmake
[INFO] [stderr]                   [2]	/opt/rustwide/cargo-home/git/checkouts/rust-rocksdb-82ef6e5337b3fbe6/359aaca/librocksdb_sys/libtitan_sys/titan/cmake/rocksdb_flags.cmake
[INFO] [stderr]                   [1]	/opt/rustwide/cargo-home/git/checkouts/rust-rocksdb-82ef6e5337b3fbe6/359aaca/librocksdb_sys/libtitan_sys/titan/CMakeLists.txt
[INFO] [stderr]   -- Performing Test HAVE_PTHREAD_MUTEX_ADAPTIVE_NP - Success
[INFO] [stderr]      Called from: [3]	/usr/share/cmake-3.16/Modules/CheckCXXSourceCompiles.cmake
[INFO] [stderr]                   [2]	/opt/rustwide/cargo-home/git/checkouts/rust-rocksdb-82ef6e5337b3fbe6/359aaca/librocksdb_sys/libtitan_sys/titan/cmake/rocksdb_flags.cmake
[INFO] [stderr]                   [1]	/opt/rustwide/cargo-home/git/checkouts/rust-rocksdb-82ef6e5337b3fbe6/359aaca/librocksdb_sys/libtitan_sys/titan/CMakeLists.txt
[INFO] [stderr]   -- Looking for malloc_usable_size
[INFO] [stderr]      Called from: [4]	/usr/share/cmake-3.16/Modules/CheckSymbolExists.cmake
[INFO] [stderr]                   [3]	/usr/share/cmake-3.16/Modules/CheckCXXSymbolExists.cmake
[INFO] [stderr]                   [2]	/opt/rustwide/cargo-home/git/checkouts/rust-rocksdb-82ef6e5337b3fbe6/359aaca/librocksdb_sys/libtitan_sys/titan/cmake/rocksdb_flags.cmake
[INFO] [stderr]                   [1]	/opt/rustwide/cargo-home/git/checkouts/rust-rocksdb-82ef6e5337b3fbe6/359aaca/librocksdb_sys/libtitan_sys/titan/CMakeLists.txt
[INFO] [stderr]   -- Looking for malloc_usable_size - found
[INFO] [stderr]      Called from: [4]	/usr/share/cmake-3.16/Modules/CheckSymbolExists.cmake
[INFO] [stderr]                   [3]	/usr/share/cmake-3.16/Modules/CheckCXXSymbolExists.cmake
[INFO] [stderr]                   [2]	/opt/rustwide/cargo-home/git/checkouts/rust-rocksdb-82ef6e5337b3fbe6/359aaca/librocksdb_sys/libtitan_sys/titan/cmake/rocksdb_flags.cmake
[INFO] [stderr]                   [1]	/opt/rustwide/cargo-home/git/checkouts/rust-rocksdb-82ef6e5337b3fbe6/359aaca/librocksdb_sys/libtitan_sys/titan/CMakeLists.txt
[INFO] [stderr]   -- Looking for sched_getcpu
[INFO] [stderr]      Called from: [4]	/usr/share/cmake-3.16/Modules/CheckSymbolExists.cmake
[INFO] [stderr]                   [3]	/usr/share/cmake-3.16/Modules/CheckCXXSymbolExists.cmake
[INFO] [stderr]                   [2]	/opt/rustwide/cargo-home/git/checkouts/rust-rocksdb-82ef6e5337b3fbe6/359aaca/librocksdb_sys/libtitan_sys/titan/cmake/rocksdb_flags.cmake
[INFO] [stderr]                   [1]	/opt/rustwide/cargo-home/git/checkouts/rust-rocksdb-82ef6e5337b3fbe6/359aaca/librocksdb_sys/libtitan_sys/titan/CMakeLists.txt
[INFO] [stderr]   -- Looking for sched_getcpu - found
[INFO] [stderr]      Called from: [4]	/usr/share/cmake-3.16/Modules/CheckSymbolExists.cmake
[INFO] [stderr]                   [3]	/usr/share/cmake-3.16/Modules/CheckCXXSymbolExists.cmake
[INFO] [stderr]                   [2]	/opt/rustwide/cargo-home/git/checkouts/rust-rocksdb-82ef6e5337b3fbe6/359aaca/librocksdb_sys/libtitan_sys/titan/cmake/rocksdb_flags.cmake
[INFO] [stderr]                   [1]	/opt/rustwide/cargo-home/git/checkouts/rust-rocksdb-82ef6e5337b3fbe6/359aaca/librocksdb_sys/libtitan_sys/titan/CMakeLists.txt
[INFO] [stderr]   -- Configuring done
[INFO] [stderr]   -- Generating /opt/rustwide/target/debug/build/libtitan_sys-4e380eebf8538abb/out/build
[INFO] [stderr]      Called from: [1]	/opt/rustwide/cargo-home/git/checkouts/rust-rocksdb-82ef6e5337b3fbe6/359aaca/librocksdb_sys/libtitan_sys/titan/CMakeLists.txt
[INFO] [stderr]   -- Generating done
[INFO] [stderr]   -- Build files have been written to: /opt/rustwide/target/debug/build/libtitan_sys-4e380eebf8538abb/out/build
[INFO] [stderr]   running: "cmake" "--build" "." "--target" "titan" "--config" "Debug" "--"
[INFO] [stderr]   /usr/bin/cmake -S/opt/rustwide/cargo-home/git/checkouts/rust-rocksdb-82ef6e5337b3fbe6/359aaca/librocksdb_sys/libtitan_sys/titan -B/opt/rustwide/target/debug/build/libtitan_sys-4e380eebf8538abb/out/build --check-build-system CMakeFiles/Makefile.cmake 0
[INFO] [stderr]   /usr/bin/make -f CMakeFiles/Makefile2 titan
[INFO] [stderr]   make[1]: Entering directory '/opt/rustwide/target/debug/build/libtitan_sys-4e380eebf8538abb/out/build'
[INFO] [stderr]   /usr/bin/cmake -S/opt/rustwide/cargo-home/git/checkouts/rust-rocksdb-82ef6e5337b3fbe6/359aaca/librocksdb_sys/libtitan_sys/titan -B/opt/rustwide/target/debug/build/libtitan_sys-4e380eebf8538abb/out/build --check-build-system CMakeFiles/Makefile.cmake 0
[INFO] [stderr]   /usr/bin/cmake -E cmake_progress_start /opt/rustwide/target/debug/build/libtitan_sys-4e380eebf8538abb/out/build/CMakeFiles 24
[INFO] [stderr]   /usr/bin/make -f CMakeFiles/Makefile2 CMakeFiles/titan.dir/all
[INFO] [stderr]   make[2]: Entering directory '/opt/rustwide/target/debug/build/libtitan_sys-4e380eebf8538abb/out/build'
[INFO] [stderr]   /usr/bin/make -f CMakeFiles/titan_build_version.dir/build.make CMakeFiles/titan_build_version.dir/depend
[INFO] [stderr]   make[3]: Entering directory '/opt/rustwide/target/debug/build/libtitan_sys-4e380eebf8538abb/out/build'
[INFO] [stderr]   cd /opt/rustwide/target/debug/build/libtitan_sys-4e380eebf8538abb/out/build && /usr/bin/cmake -E cmake_depends "Unix Makefiles" /opt/rustwide/cargo-home/git/checkouts/rust-rocksdb-82ef6e5337b3fbe6/359aaca/librocksdb_sys/libtitan_sys/titan /opt/rustwide/cargo-home/git/checkouts/rust-rocksdb-82ef6e5337b3fbe6/359aaca/librocksdb_sys/libtitan_sys/titan /opt/rustwide/target/debug/build/libtitan_sys-4e380eebf8538abb/out/build /opt/rustwide/target/debug/build/libtitan_sys-4e380eebf8538abb/out/build /opt/rustwide/target/debug/build/libtitan_sys-4e380eebf8538abb/out/build/CMakeFiles/titan_build_version.dir/DependInfo.cmake --color=
[INFO] [stderr]   Dependee "/opt/rustwide/target/debug/build/libtitan_sys-4e380eebf8538abb/out/build/CMakeFiles/titan_build_version.dir/DependInfo.cmake" is newer than depender "/opt/rustwide/target/debug/build/libtitan_sys-4e380eebf8538abb/out/build/CMakeFiles/titan_build_version.dir/depend.internal".
[INFO] [stderr]   Dependee "/opt/rustwide/target/debug/build/libtitan_sys-4e380eebf8538abb/out/build/CMakeFiles/CMakeDirectoryInformation.cmake" is newer than depender "/opt/rustwide/target/debug/build/libtitan_sys-4e380eebf8538abb/out/build/CMakeFiles/titan_build_version.dir/depend.internal".
[INFO] [stderr]   Scanning dependencies of target titan_build_version
[INFO] [stderr]   make[3]: Leaving directory '/opt/rustwide/target/debug/build/libtitan_sys-4e380eebf8538abb/out/build'
[INFO] [stderr]   /usr/bin/make -f CMakeFiles/titan_build_version.dir/build.make CMakeFiles/titan_build_version.dir/build
[INFO] [stderr]   make[3]: Entering directory '/opt/rustwide/target/debug/build/libtitan_sys-4e380eebf8538abb/out/build'
[INFO] [stderr]   [  4%] Building CXX object CMakeFiles/titan_build_version.dir/titan_build_version.cc.o
[INFO] [stderr]   /usr/bin/c++  -DBZIP2 -DHAVE_PCLMUL -DHAVE_SSE42 -DLZ4 -DOS_LINUX -DROCKSDB_FALLOCATE_PRESENT -DROCKSDB_LIB_IO_POSIX -DROCKSDB_MALLOC_USABLE_SIZE -DROCKSDB_PLATFORM_POSIX -DROCKSDB_PTHREAD_ADAPTIVE_MUTEX -DROCKSDB_RANGESYNC_PRESENT -DROCKSDB_SCHED_GETCPU_PRESENT -DROCKSDB_SUPPORT_THREAD_LOCAL -DSNAPPY -DZLIB -DZSTD -I/opt/rustwide/target/debug/build/snappy-sys-8e0f3cb421c9c9ee/out/build -I/opt/rustwide/target/debug/build/bzip2-sys-c1bd34eeaffea7f0/out/include -I/opt/rustwide/target/debug/build/lz4-sys-9bccc34891bf6a19/out/include -I/opt/rustwide/target/debug/build/libz-sys-a47304e174464d3b/out/include -I/opt/rustwide/target/debug/build/zstd-sys-1233c236f66c4c78/out/include -I/opt/rustwide/cargo-home/git/checkouts/rust-rocksdb-82ef6e5337b3fbe6/359aaca/librocksdb_sys/libtitan_sys/../rocksdb -I/opt/rustwide/cargo-home/git/checkouts/rust-rocksdb-82ef6e5337b3fbe6/359aaca/librocksdb_sys/libtitan_sys/../rocksdb/include -I/opt/rustwide/cargo-home/git/checkouts/rust-rocksdb-82ef6e5337b3fbe6/359aaca/librocksdb_sys/libtitan_sys/titan/include -I/opt/rustwide/cargo-home/git/checkouts/rust-rocksdb-82ef6e5337b3fbe6/359aaca/librocksdb_sys/libtitan_sys/titan/src -I/opt/rustwide/cargo-home/git/checkouts/rust-rocksdb-82ef6e5337b3fbe6/359aaca/librocksdb_sys/libtitan_sys/titan/util  -ffunction-sections -fdata-sections -fPIC -m64 -W -Wextra -Wall -Wsign-compare -Wshadow -Wno-unused-parameter -Wno-unused-variable -Woverloaded-virtual -Wnon-virtual-dtor -Wno-missing-field-initializers -Wno-strict-aliasing -std=c++11 -march=native -Werror -fno-builtin-memcmp -g -DROCKSDB_USE_RTTI   -o CMakeFiles/titan_build_version.dir/titan_build_version.cc.o -c /opt/rustwide/target/debug/build/libtitan_sys-4e380eebf8538abb/out/build/titan_build_version.cc
[INFO] [stderr]   make[3]: Leaving directory '/opt/rustwide/target/debug/build/libtitan_sys-4e380eebf8538abb/out/build'
[INFO] [stderr]   [  4%] Built target titan_build_version
[INFO] [stderr]   /usr/bin/make -f CMakeFiles/titan.dir/build.make CMakeFiles/titan.dir/depend
[INFO] [stderr]   make[3]: Entering directory '/opt/rustwide/target/debug/build/libtitan_sys-4e380eebf8538abb/out/build'
[INFO] [stderr]   cd /opt/rustwide/target/debug/build/libtitan_sys-4e380eebf8538abb/out/build && /usr/bin/cmake -E cmake_depends "Unix Makefiles" /opt/rustwide/cargo-home/git/checkouts/rust-rocksdb-82ef6e5337b3fbe6/359aaca/librocksdb_sys/libtitan_sys/titan /opt/rustwide/cargo-home/git/checkouts/rust-rocksdb-82ef6e5337b3fbe6/359aaca/librocksdb_sys/libtitan_sys/titan /opt/rustwide/target/debug/build/libtitan_sys-4e380eebf8538abb/out/build /opt/rustwide/target/debug/build/libtitan_sys-4e380eebf8538abb/out/build /opt/rustwide/target/debug/build/libtitan_sys-4e380eebf8538abb/out/build/CMakeFiles/titan.dir/DependInfo.cmake --color=
[INFO] [stderr]   Dependee "/opt/rustwide/target/debug/build/libtitan_sys-4e380eebf8538abb/out/build/CMakeFiles/titan.dir/DependInfo.cmake" is newer than depender "/opt/rustwide/target/debug/build/libtitan_sys-4e380eebf8538abb/out/build/CMakeFiles/titan.dir/depend.internal".
[INFO] [stderr]   Dependee "/opt/rustwide/target/debug/build/libtitan_sys-4e380eebf8538abb/out/build/CMakeFiles/CMakeDirectoryInformation.cmake" is newer than depender "/opt/rustwide/target/debug/build/libtitan_sys-4e380eebf8538abb/out/build/CMakeFiles/titan.dir/depend.internal".
[INFO] [stderr]   Scanning dependencies of target titan
[INFO] [stderr]   make[3]: Leaving directory '/opt/rustwide/target/debug/build/libtitan_sys-4e380eebf8538abb/out/build'
[INFO] [stderr]   /usr/bin/make -f CMakeFiles/titan.dir/build.make CMakeFiles/titan.dir/build
[INFO] [stderr]   make[3]: Entering directory '/opt/rustwide/target/debug/build/libtitan_sys-4e380eebf8538abb/out/build'
[INFO] [stderr]   [  8%] Building CXX object CMakeFiles/titan.dir/src/blob_file_builder.cc.o
[INFO] [stderr]   [ 12%] Building CXX object CMakeFiles/titan.dir/src/base_db_listener.cc.o
[INFO] [stderr]   /usr/bin/c++  -DBZIP2 -DHAVE_PCLMUL -DHAVE_SSE42 -DLZ4 -DOS_LINUX -DROCKSDB_FALLOCATE_PRESENT -DROCKSDB_LIB_IO_POSIX -DROCKSDB_MALLOC_USABLE_SIZE -DROCKSDB_PLATFORM_POSIX -DROCKSDB_PTHREAD_ADAPTIVE_MUTEX -DROCKSDB_RANGESYNC_PRESENT -DROCKSDB_SCHED_GETCPU_PRESENT -DROCKSDB_SUPPORT_THREAD_LOCAL -DSNAPPY -DZLIB -DZSTD -I/opt/rustwide/target/debug/build/snappy-sys-8e0f3cb421c9c9ee/out/build -I/opt/rustwide/target/debug/build/bzip2-sys-c1bd34eeaffea7f0/out/include -I/opt/rustwide/target/debug/build/lz4-sys-9bccc34891bf6a19/out/include -I/opt/rustwide/target/debug/build/libz-sys-a47304e174464d3b/out/include -I/opt/rustwide/target/debug/build/zstd-sys-1233c236f66c4c78/out/include -I/opt/rustwide/cargo-home/git/checkouts/rust-rocksdb-82ef6e5337b3fbe6/359aaca/librocksdb_sys/libtitan_sys/../rocksdb -I/opt/rustwide/cargo-home/git/checkouts/rust-rocksdb-82ef6e5337b3fbe6/359aaca/librocksdb_sys/libtitan_sys/../rocksdb/include -I/opt/rustwide/cargo-home/git/checkouts/rust-rocksdb-82ef6e5337b3fbe6/359aaca/librocksdb_sys/libtitan_sys/titan/include -I/opt/rustwide/cargo-home/git/checkouts/rust-rocksdb-82ef6e5337b3fbe6/359aaca/librocksdb_sys/libtitan_sys/titan/src -I/opt/rustwide/cargo-home/git/checkouts/rust-rocksdb-82ef6e5337b3fbe6/359aaca/librocksdb_sys/libtitan_sys/titan/util  -ffunction-sections -fdata-sections -fPIC -m64 -W -Wextra -Wall -Wsign-compare -Wshadow -Wno-unused-parameter -Wno-unused-variable -Woverloaded-virtual -Wnon-virtual-dtor -Wno-missing-field-initializers -Wno-strict-aliasing -std=c++11 -march=native -Werror -fno-builtin-memcmp -g -DROCKSDB_USE_RTTI   -o CMakeFiles/titan.dir/src/blob_file_builder.cc.o -c /opt/rustwide/cargo-home/git/checkouts/rust-rocksdb-82ef6e5337b3fbe6/359aaca/librocksdb_sys/libtitan_sys/titan/src/blob_file_builder.cc
[INFO] [stderr]   /usr/bin/c++  -DBZIP2 -DHAVE_PCLMUL -DHAVE_SSE42 -DLZ4 -DOS_LINUX -DROCKSDB_FALLOCATE_PRESENT -DROCKSDB_LIB_IO_POSIX -DROCKSDB_MALLOC_USABLE_SIZE -DROCKSDB_PLATFORM_POSIX -DROCKSDB_PTHREAD_ADAPTIVE_MUTEX -DROCKSDB_RANGESYNC_PRESENT -DROCKSDB_SCHED_GETCPU_PRESENT -DROCKSDB_SUPPORT_THREAD_LOCAL -DSNAPPY -DZLIB -DZSTD -I/opt/rustwide/target/debug/build/snappy-sys-8e0f3cb421c9c9ee/out/build -I/opt/rustwide/target/debug/build/bzip2-sys-c1bd34eeaffea7f0/out/include -I/opt/rustwide/target/debug/build/lz4-sys-9bccc34891bf6a19/out/include -I/opt/rustwide/target/debug/build/libz-sys-a47304e174464d3b/out/include -I/opt/rustwide/target/debug/build/zstd-sys-1233c236f66c4c78/out/include -I/opt/rustwide/cargo-home/git/checkouts/rust-rocksdb-82ef6e5337b3fbe6/359aaca/librocksdb_sys/libtitan_sys/../rocksdb -I/opt/rustwide/cargo-home/git/checkouts/rust-rocksdb-82ef6e5337b3fbe6/359aaca/librocksdb_sys/libtitan_sys/../rocksdb/include -I/opt/rustwide/cargo-home/git/checkouts/rust-rocksdb-82ef6e5337b3fbe6/359aaca/librocksdb_sys/libtitan_sys/titan/include -I/opt/rustwide/cargo-home/git/checkouts/rust-rocksdb-82ef6e5337b3fbe6/359aaca/librocksdb_sys/libtitan_sys/titan/src -I/opt/rustwide/cargo-home/git/checkouts/rust-rocksdb-82ef6e5337b3fbe6/359aaca/librocksdb_sys/libtitan_sys/titan/util  -ffunction-sections -fdata-sections -fPIC -m64 -W -Wextra -Wall -Wsign-compare -Wshadow -Wno-unused-parameter -Wno-unused-variable -Woverloaded-virtual -Wnon-virtual-dtor -Wno-missing-field-initializers -Wno-strict-aliasing -std=c++11 -march=native -Werror -fno-builtin-memcmp -g -DROCKSDB_USE_RTTI   -o CMakeFiles/titan.dir/src/base_db_listener.cc.o -c /opt/rustwide/cargo-home/git/checkouts/rust-rocksdb-82ef6e5337b3fbe6/359aaca/librocksdb_sys/libtitan_sys/titan/src/base_db_listener.cc
[INFO] [stderr]   [ 16%] Building CXX object CMakeFiles/titan.dir/src/blob_file_cache.cc.o
[INFO] [stderr]   /usr/bin/c++  -DBZIP2 -DHAVE_PCLMUL -DHAVE_SSE42 -DLZ4 -DOS_LINUX -DROCKSDB_FALLOCATE_PRESENT -DROCKSDB_LIB_IO_POSIX -DROCKSDB_MALLOC_USABLE_SIZE -DROCKSDB_PLATFORM_POSIX -DROCKSDB_PTHREAD_ADAPTIVE_MUTEX -DROCKSDB_RANGESYNC_PRESENT -DROCKSDB_SCHED_GETCPU_PRESENT -DROCKSDB_SUPPORT_THREAD_LOCAL -DSNAPPY -DZLIB -DZSTD -I/opt/rustwide/target/debug/build/snappy-sys-8e0f3cb421c9c9ee/out/build -I/opt/rustwide/target/debug/build/bzip2-sys-c1bd34eeaffea7f0/out/include -I/opt/rustwide/target/debug/build/lz4-sys-9bccc34891bf6a19/out/include -I/opt/rustwide/target/debug/build/libz-sys-a47304e174464d3b/out/include -I/opt/rustwide/target/debug/build/zstd-sys-1233c236f66c4c78/out/include -I/opt/rustwide/cargo-home/git/checkouts/rust-rocksdb-82ef6e5337b3fbe6/359aaca/librocksdb_sys/libtitan_sys/../rocksdb -I/opt/rustwide/cargo-home/git/checkouts/rust-rocksdb-82ef6e5337b3fbe6/359aaca/librocksdb_sys/libtitan_sys/../rocksdb/include -I/opt/rustwide/cargo-home/git/checkouts/rust-rocksdb-82ef6e5337b3fbe6/359aaca/librocksdb_sys/libtitan_sys/titan/include -I/opt/rustwide/cargo-home/git/checkouts/rust-rocksdb-82ef6e5337b3fbe6/359aaca/librocksdb_sys/libtitan_sys/titan/src -I/opt/rustwide/cargo-home/git/checkouts/rust-rocksdb-82ef6e5337b3fbe6/359aaca/librocksdb_sys/libtitan_sys/titan/util  -ffunction-sections -fdata-sections -fPIC -m64 -W -Wextra -Wall -Wsign-compare -Wshadow -Wno-unused-parameter -Wno-unused-variable -Woverloaded-virtual -Wnon-virtual-dtor -Wno-missing-field-initializers -Wno-strict-aliasing -std=c++11 -march=native -Werror -fno-builtin-memcmp -g -DROCKSDB_USE_RTTI   -o CMakeFiles/titan.dir/src/blob_file_cache.cc.o -c /opt/rustwide/cargo-home/git/checkouts/rust-rocksdb-82ef6e5337b3fbe6/359aaca/librocksdb_sys/libtitan_sys/titan/src/blob_file_cache.cc
[INFO] [stderr]   [ 20%] Building CXX object CMakeFiles/titan.dir/src/blob_file_iterator.cc.o
[INFO] [stderr]   [ 25%] Building CXX object CMakeFiles/titan.dir/src/blob_file_reader.cc.o
[INFO] [stderr]   /usr/bin/c++  -DBZIP2 -DHAVE_PCLMUL -DHAVE_SSE42 -DLZ4 -DOS_LINUX -DROCKSDB_FALLOCATE_PRESENT -DROCKSDB_LIB_IO_POSIX -DROCKSDB_MALLOC_USABLE_SIZE -DROCKSDB_PLATFORM_POSIX -DROCKSDB_PTHREAD_ADAPTIVE_MUTEX -DROCKSDB_RANGESYNC_PRESENT -DROCKSDB_SCHED_GETCPU_PRESENT -DROCKSDB_SUPPORT_THREAD_LOCAL -DSNAPPY -DZLIB -DZSTD -I/opt/rustwide/target/debug/build/snappy-sys-8e0f3cb421c9c9ee/out/build -I/opt/rustwide/target/debug/build/bzip2-sys-c1bd34eeaffea7f0/out/include -I/opt/rustwide/target/debug/build/lz4-sys-9bccc34891bf6a19/out/include -I/opt/rustwide/target/debug/build/libz-sys-a47304e174464d3b/out/include -I/opt/rustwide/target/debug/build/zstd-sys-1233c236f66c4c78/out/include -I/opt/rustwide/cargo-home/git/checkouts/rust-rocksdb-82ef6e5337b3fbe6/359aaca/librocksdb_sys/libtitan_sys/../rocksdb -I/opt/rustwide/cargo-home/git/checkouts/rust-rocksdb-82ef6e5337b3fbe6/359aaca/librocksdb_sys/libtitan_sys/../rocksdb/include -I/opt/rustwide/cargo-home/git/checkouts/rust-rocksdb-82ef6e5337b3fbe6/359aaca/librocksdb_sys/libtitan_sys/titan/include -I/opt/rustwide/cargo-home/git/checkouts/rust-rocksdb-82ef6e5337b3fbe6/359aaca/librocksdb_sys/libtitan_sys/titan/src -I/opt/rustwide/cargo-home/git/checkouts/rust-rocksdb-82ef6e5337b3fbe6/359aaca/librocksdb_sys/libtitan_sys/titan/util  -ffunction-sections -fdata-sections -fPIC -m64 -W -Wextra -Wall -Wsign-compare -Wshadow -Wno-unused-parameter -Wno-unused-variable -Woverloaded-virtual -Wnon-virtual-dtor -Wno-missing-field-initializers -Wno-strict-aliasing -std=c++11 -march=native -Werror -fno-builtin-memcmp -g -DROCKSDB_USE_RTTI   -o CMakeFiles/titan.dir/src/blob_file_iterator.cc.o -c /opt/rustwide/cargo-home/git/checkouts/rust-rocksdb-82ef6e5337b3fbe6/359aaca/librocksdb_sys/libtitan_sys/titan/src/blob_file_iterator.cc
[INFO] [stderr]   /usr/bin/c++  -DBZIP2 -DHAVE_PCLMUL -DHAVE_SSE42 -DLZ4 -DOS_LINUX -DROCKSDB_FALLOCATE_PRESENT -DROCKSDB_LIB_IO_POSIX -DROCKSDB_MALLOC_USABLE_SIZE -DROCKSDB_PLATFORM_POSIX -DROCKSDB_PTHREAD_ADAPTIVE_MUTEX -DROCKSDB_RANGESYNC_PRESENT -DROCKSDB_SCHED_GETCPU_PRESENT -DROCKSDB_SUPPORT_THREAD_LOCAL -DSNAPPY -DZLIB -DZSTD -I/opt/rustwide/target/debug/build/snappy-sys-8e0f3cb421c9c9ee/out/build -I/opt/rustwide/target/debug/build/bzip2-sys-c1bd34eeaffea7f0/out/include -I/opt/rustwide/target/debug/build/lz4-sys-9bccc34891bf6a19/out/include -I/opt/rustwide/target/debug/build/libz-sys-a47304e174464d3b/out/include -I/opt/rustwide/target/debug/build/zstd-sys-1233c236f66c4c78/out/include -I/opt/rustwide/cargo-home/git/checkouts/rust-rocksdb-82ef6e5337b3fbe6/359aaca/librocksdb_sys/libtitan_sys/../rocksdb -I/opt/rustwide/cargo-home/git/checkouts/rust-rocksdb-82ef6e5337b3fbe6/359aaca/librocksdb_sys/libtitan_sys/../rocksdb/include -I/opt/rustwide/cargo-home/git/checkouts/rust-rocksdb-82ef6e5337b3fbe6/359aaca/librocksdb_sys/libtitan_sys/titan/include -I/opt/rustwide/cargo-home/git/checkouts/rust-rocksdb-82ef6e5337b3fbe6/359aaca/librocksdb_sys/libtitan_sys/titan/src -I/opt/rustwide/cargo-home/git/checkouts/rust-rocksdb-82ef6e5337b3fbe6/359aaca/librocksdb_sys/libtitan_sys/titan/util  -ffunction-sections -fdata-sections -fPIC -m64 -W -Wextra -Wall -Wsign-compare -Wshadow -Wno-unused-parameter -Wno-unused-variable -Woverloaded-virtual -Wnon-virtual-dtor -Wno-missing-field-initializers -Wno-strict-aliasing -std=c++11 -march=native -Werror -fno-builtin-memcmp -g -DROCKSDB_USE_RTTI   -o CMakeFiles/titan.dir/src/blob_file_reader.cc.o -c /opt/rustwide/cargo-home/git/checkouts/rust-rocksdb-82ef6e5337b3fbe6/359aaca/librocksdb_sys/libtitan_sys/titan/src/blob_file_reader.cc
[INFO] [stderr]   [ 29%] Building CXX object CMakeFiles/titan.dir/src/blob_file_size_collector.cc.o
[INFO] [stderr]   /usr/bin/c++  -DBZIP2 -DHAVE_PCLMUL -DHAVE_SSE42 -DLZ4 -DOS_LINUX -DROCKSDB_FALLOCATE_PRESENT -DROCKSDB_LIB_IO_POSIX -DROCKSDB_MALLOC_USABLE_SIZE -DROCKSDB_PLATFORM_POSIX -DROCKSDB_PTHREAD_ADAPTIVE_MUTEX -DROCKSDB_RANGESYNC_PRESENT -DROCKSDB_SCHED_GETCPU_PRESENT -DROCKSDB_SUPPORT_THREAD_LOCAL -DSNAPPY -DZLIB -DZSTD -I/opt/rustwide/target/debug/build/snappy-sys-8e0f3cb421c9c9ee/out/build -I/opt/rustwide/target/debug/build/bzip2-sys-c1bd34eeaffea7f0/out/include -I/opt/rustwide/target/debug/build/lz4-sys-9bccc34891bf6a19/out/include -I/opt/rustwide/target/debug/build/libz-sys-a47304e174464d3b/out/include -I/opt/rustwide/target/debug/build/zstd-sys-1233c236f66c4c78/out/include -I/opt/rustwide/cargo-home/git/checkouts/rust-rocksdb-82ef6e5337b3fbe6/359aaca/librocksdb_sys/libtitan_sys/../rocksdb -I/opt/rustwide/cargo-home/git/checkouts/rust-rocksdb-82ef6e5337b3fbe6/359aaca/librocksdb_sys/libtitan_sys/../rocksdb/include -I/opt/rustwide/cargo-home/git/checkouts/rust-rocksdb-82ef6e5337b3fbe6/359aaca/librocksdb_sys/libtitan_sys/titan/include -I/opt/rustwide/cargo-home/git/checkouts/rust-rocksdb-82ef6e5337b3fbe6/359aaca/librocksdb_sys/libtitan_sys/titan/src -I/opt/rustwide/cargo-home/git/checkouts/rust-rocksdb-82ef6e5337b3fbe6/359aaca/librocksdb_sys/libtitan_sys/titan/util  -ffunction-sections -fdata-sections -fPIC -m64 -W -Wextra -Wall -Wsign-compare -Wshadow -Wno-unused-parameter -Wno-unused-variable -Woverloaded-virtual -Wnon-virtual-dtor -Wno-missing-field-initializers -Wno-strict-aliasing -std=c++11 -march=native -Werror -fno-builtin-memcmp -g -DROCKSDB_USE_RTTI   -o CMakeFiles/titan.dir/src/blob_file_size_collector.cc.o -c /opt/rustwide/cargo-home/git/checkouts/rust-rocksdb-82ef6e5337b3fbe6/359aaca/librocksdb_sys/libtitan_sys/titan/src/blob_file_size_collector.cc
[INFO] [stderr]   [ 37%] Building CXX object CMakeFiles/titan.dir/src/blob_format.cc.o
[INFO] [stderr]   [ 37%] Building CXX object CMakeFiles/titan.dir/src/blob_file_set.cc.o
[INFO] [stderr]   [ 41%] Building CXX object CMakeFiles/titan.dir/src/blob_gc_job.cc.o
[INFO] [stderr]   /usr/bin/c++  -DBZIP2 -DHAVE_PCLMUL -DHAVE_SSE42 -DLZ4 -DOS_LINUX -DROCKSDB_FALLOCATE_PRESENT -DROCKSDB_LIB_IO_POSIX -DROCKSDB_MALLOC_USABLE_SIZE -DROCKSDB_PLATFORM_POSIX -DROCKSDB_PTHREAD_ADAPTIVE_MUTEX -DROCKSDB_RANGESYNC_PRESENT -DROCKSDB_SCHED_GETCPU_PRESENT -DROCKSDB_SUPPORT_THREAD_LOCAL -DSNAPPY -DZLIB -DZSTD -I/opt/rustwide/target/debug/build/snappy-sys-8e0f3cb421c9c9ee/out/build -I/opt/rustwide/target/debug/build/bzip2-sys-c1bd34eeaffea7f0/out/include -I/opt/rustwide/target/debug/build/lz4-sys-9bccc34891bf6a19/out/include -I/opt/rustwide/target/debug/build/libz-sys-a47304e174464d3b/out/include -I/opt/rustwide/target/debug/build/zstd-sys-1233c236f66c4c78/out/include -I/opt/rustwide/cargo-home/git/checkouts/rust-rocksdb-82ef6e5337b3fbe6/359aaca/librocksdb_sys/libtitan_sys/../rocksdb -I/opt/rustwide/cargo-home/git/checkouts/rust-rocksdb-82ef6e5337b3fbe6/359aaca/librocksdb_sys/libtitan_sys/../rocksdb/include -I/opt/rustwide/cargo-home/git/checkouts/rust-rocksdb-82ef6e5337b3fbe6/359aaca/librocksdb_sys/libtitan_sys/titan/include -I/opt/rustwide/cargo-home/git/checkouts/rust-rocksdb-82ef6e5337b3fbe6/359aaca/librocksdb_sys/libtitan_sys/titan/src -I/opt/rustwide/cargo-home/git/checkouts/rust-rocksdb-82ef6e5337b3fbe6/359aaca/librocksdb_sys/libtitan_sys/titan/util  -ffunction-sections -fdata-sections -fPIC -m64 -W -Wextra -Wall -Wsign-compare -Wshadow -Wno-unused-parameter -Wno-unused-variable -Woverloaded-virtual -Wnon-virtual-dtor -Wno-missing-field-initializers -Wno-strict-aliasing -std=c++11 -march=native -Werror -fno-builtin-memcmp -g -DROCKSDB_USE_RTTI   -o CMakeFiles/titan.dir/src/blob_format.cc.o -c /opt/rustwide/cargo-home/git/checkouts/rust-rocksdb-82ef6e5337b3fbe6/359aaca/librocksdb_sys/libtitan_sys/titan/src/blob_format.cc
[INFO] [stderr]   /usr/bin/c++  -DBZIP2 -DHAVE_PCLMUL -DHAVE_SSE42 -DLZ4 -DOS_LINUX -DROCKSDB_FALLOCATE_PRESENT -DROCKSDB_LIB_IO_POSIX -DROCKSDB_MALLOC_USABLE_SIZE -DROCKSDB_PLATFORM_POSIX -DROCKSDB_PTHREAD_ADAPTIVE_MUTEX -DROCKSDB_RANGESYNC_PRESENT -DROCKSDB_SCHED_GETCPU_PRESENT -DROCKSDB_SUPPORT_THREAD_LOCAL -DSNAPPY -DZLIB -DZSTD -I/opt/rustwide/target/debug/build/snappy-sys-8e0f3cb421c9c9ee/out/build -I/opt/rustwide/target/debug/build/bzip2-sys-c1bd34eeaffea7f0/out/include -I/opt/rustwide/target/debug/build/lz4-sys-9bccc34891bf6a19/out/include -I/opt/rustwide/target/debug/build/libz-sys-a47304e174464d3b/out/include -I/opt/rustwide/target/debug/build/zstd-sys-1233c236f66c4c78/out/include -I/opt/rustwide/cargo-home/git/checkouts/rust-rocksdb-82ef6e5337b3fbe6/359aaca/librocksdb_sys/libtitan_sys/../rocksdb -I/opt/rustwide/cargo-home/git/checkouts/rust-rocksdb-82ef6e5337b3fbe6/359aaca/librocksdb_sys/libtitan_sys/../rocksdb/include -I/opt/rustwide/cargo-home/git/checkouts/rust-rocksdb-82ef6e5337b3fbe6/359aaca/librocksdb_sys/libtitan_sys/titan/include -I/opt/rustwide/cargo-home/git/checkouts/rust-rocksdb-82ef6e5337b3fbe6/359aaca/librocksdb_sys/libtitan_sys/titan/src -I/opt/rustwide/cargo-home/git/checkouts/rust-rocksdb-82ef6e5337b3fbe6/359aaca/librocksdb_sys/libtitan_sys/titan/util  -ffunction-sections -fdata-sections -fPIC -m64 -W -Wextra -Wall -Wsign-compare -Wshadow -Wno-unused-parameter -Wno-unused-variable -Woverloaded-virtual -Wnon-virtual-dtor -Wno-missing-field-initializers -Wno-strict-aliasing -std=c++11 -march=native -Werror -fno-builtin-memcmp -g -DROCKSDB_USE_RTTI   -o CMakeFiles/titan.dir/src/blob_gc_job.cc.o -c /opt/rustwide/cargo-home/git/checkouts/rust-rocksdb-82ef6e5337b3fbe6/359aaca/librocksdb_sys/libtitan_sys/titan/src/blob_gc_job.cc
[INFO] [stderr]   [ 45%] Building CXX object CMakeFiles/titan.dir/src/blob_gc.cc.o
[INFO] [stderr]   /usr/bin/c++  -DBZIP2 -DHAVE_PCLMUL -DHAVE_SSE42 -DLZ4 -DOS_LINUX -DROCKSDB_FALLOCATE_PRESENT -DROCKSDB_LIB_IO_POSIX -DROCKSDB_MALLOC_USABLE_SIZE -DROCKSDB_PLATFORM_POSIX -DROCKSDB_PTHREAD_ADAPTIVE_MUTEX -DROCKSDB_RANGESYNC_PRESENT -DROCKSDB_SCHED_GETCPU_PRESENT -DROCKSDB_SUPPORT_THREAD_LOCAL -DSNAPPY -DZLIB -DZSTD -I/opt/rustwide/target/debug/build/snappy-sys-8e0f3cb421c9c9ee/out/build -I/opt/rustwide/target/debug/build/bzip2-sys-c1bd34eeaffea7f0/out/include -I/opt/rustwide/target/debug/build/lz4-sys-9bccc34891bf6a19/out/include -I/opt/rustwide/target/debug/build/libz-sys-a47304e174464d3b/out/include -I/opt/rustwide/target/debug/build/zstd-sys-1233c236f66c4c78/out/include -I/opt/rustwide/cargo-home/git/checkouts/rust-rocksdb-82ef6e5337b3fbe6/359aaca/librocksdb_sys/libtitan_sys/../rocksdb -I/opt/rustwide/cargo-home/git/checkouts/rust-rocksdb-82ef6e5337b3fbe6/359aaca/librocksdb_sys/libtitan_sys/../rocksdb/include -I/opt/rustwide/cargo-home/git/checkouts/rust-rocksdb-82ef6e5337b3fbe6/359aaca/librocksdb_sys/libtitan_sys/titan/include -I/opt/rustwide/cargo-home/git/checkouts/rust-rocksdb-82ef6e5337b3fbe6/359aaca/librocksdb_sys/libtitan_sys/titan/src -I/opt/rustwide/cargo-home/git/checkouts/rust-rocksdb-82ef6e5337b3fbe6/359aaca/librocksdb_sys/libtitan_sys/titan/util  -ffunction-sections -fdata-sections -fPIC -m64 -W -Wextra -Wall -Wsign-compare -Wshadow -Wno-unused-parameter -Wno-unused-variable -Woverloaded-virtual -Wnon-virtual-dtor -Wno-missing-field-initializers -Wno-strict-aliasing -std=c++11 -march=native -Werror -fno-builtin-memcmp -g -DROCKSDB_USE_RTTI   -o CMakeFiles/titan.dir/src/blob_file_set.cc.o -c /opt/rustwide/cargo-home/git/checkouts/rust-rocksdb-82ef6e5337b3fbe6/359aaca/librocksdb_sys/libtitan_sys/titan/src/blob_file_set.cc
[INFO] [stderr]   /usr/bin/c++  -DBZIP2 -DHAVE_PCLMUL -DHAVE_SSE42 -DLZ4 -DOS_LINUX -DROCKSDB_FALLOCATE_PRESENT -DROCKSDB_LIB_IO_POSIX -DROCKSDB_MALLOC_USABLE_SIZE -DROCKSDB_PLATFORM_POSIX -DROCKSDB_PTHREAD_ADAPTIVE_MUTEX -DROCKSDB_RANGESYNC_PRESENT -DROCKSDB_SCHED_GETCPU_PRESENT -DROCKSDB_SUPPORT_THREAD_LOCAL -DSNAPPY -DZLIB -DZSTD -I/opt/rustwide/target/debug/build/snappy-sys-8e0f3cb421c9c9ee/out/build -I/opt/rustwide/target/debug/build/bzip2-sys-c1bd34eeaffea7f0/out/include -I/opt/rustwide/target/debug/build/lz4-sys-9bccc34891bf6a19/out/include -I/opt/rustwide/target/debug/build/libz-sys-a47304e174464d3b/out/include -I/opt/rustwide/target/debug/build/zstd-sys-1233c236f66c4c78/out/include -I/opt/rustwide/cargo-home/git/checkouts/rust-rocksdb-82ef6e5337b3fbe6/359aaca/librocksdb_sys/libtitan_sys/../rocksdb -I/opt/rustwide/cargo-home/git/checkouts/rust-rocksdb-82ef6e5337b3fbe6/359aaca/librocksdb_sys/libtitan_sys/../rocksdb/include -I/opt/rustwide/cargo-home/git/checkouts/rust-rocksdb-82ef6e5337b3fbe6/359aaca/librocksdb_sys/libtitan_sys/titan/include -I/opt/rustwide/cargo-home/git/checkouts/rust-rocksdb-82ef6e5337b3fbe6/359aaca/librocksdb_sys/libtitan_sys/titan/src -I/opt/rustwide/cargo-home/git/checkouts/rust-rocksdb-82ef6e5337b3fbe6/359aaca/librocksdb_sys/libtitan_sys/titan/util  -ffunction-sections -fdata-sections -fPIC -m64 -W -Wextra -Wall -Wsign-compare -Wshadow -Wno-unused-parameter -Wno-unused-variable -Woverloaded-virtual -Wnon-virtual-dtor -Wno-missing-field-initializers -Wno-strict-aliasing -std=c++11 -march=native -Werror -fno-builtin-memcmp -g -DROCKSDB_USE_RTTI   -o CMakeFiles/titan.dir/src/blob_gc.cc.o -c /opt/rustwide/cargo-home/git/checkouts/rust-rocksdb-82ef6e5337b3fbe6/359aaca/librocksdb_sys/libtitan_sys/titan/src/blob_gc.cc
[INFO] [stderr]   [ 50%] Building CXX object CMakeFiles/titan.dir/src/blob_gc_picker.cc.o
[INFO] [stderr]   [ 54%] Building CXX object CMakeFiles/titan.dir/src/blob_storage.cc.o
[INFO] [stderr]   /usr/bin/c++  -DBZIP2 -DHAVE_PCLMUL -DHAVE_SSE42 -DLZ4 -DOS_LINUX -DROCKSDB_FALLOCATE_PRESENT -DROCKSDB_LIB_IO_POSIX -DROCKSDB_MALLOC_USABLE_SIZE -DROCKSDB_PLATFORM_POSIX -DROCKSDB_PTHREAD_ADAPTIVE_MUTEX -DROCKSDB_RANGESYNC_PRESENT -DROCKSDB_SCHED_GETCPU_PRESENT -DROCKSDB_SUPPORT_THREAD_LOCAL -DSNAPPY -DZLIB -DZSTD -I/opt/rustwide/target/debug/build/snappy-sys-8e0f3cb421c9c9ee/out/build -I/opt/rustwide/target/debug/build/bzip2-sys-c1bd34eeaffea7f0/out/include -I/opt/rustwide/target/debug/build/lz4-sys-9bccc34891bf6a19/out/include -I/opt/rustwide/target/debug/build/libz-sys-a47304e174464d3b/out/include -I/opt/rustwide/target/debug/build/zstd-sys-1233c236f66c4c78/out/include -I/opt/rustwide/cargo-home/git/checkouts/rust-rocksdb-82ef6e5337b3fbe6/359aaca/librocksdb_sys/libtitan_sys/../rocksdb -I/opt/rustwide/cargo-home/git/checkouts/rust-rocksdb-82ef6e5337b3fbe6/359aaca/librocksdb_sys/libtitan_sys/../rocksdb/include -I/opt/rustwide/cargo-home/git/checkouts/rust-rocksdb-82ef6e5337b3fbe6/359aaca/librocksdb_sys/libtitan_sys/titan/include -I/opt/rustwide/cargo-home/git/checkouts/rust-rocksdb-82ef6e5337b3fbe6/359aaca/librocksdb_sys/libtitan_sys/titan/src -I/opt/rustwide/cargo-home/git/checkouts/rust-rocksdb-82ef6e5337b3fbe6/359aaca/librocksdb_sys/libtitan_sys/titan/util  -ffunction-sections -fdata-sections -fPIC -m64 -W -Wextra -Wall -Wsign-compare -Wshadow -Wno-unused-parameter -Wno-unused-variable -Woverloaded-virtual -Wnon-virtual-dtor -Wno-missing-field-initializers -Wno-strict-aliasing -std=c++11 -march=native -Werror -fno-builtin-memcmp -g -DROCKSDB_USE_RTTI   -o CMakeFiles/titan.dir/src/blob_gc_picker.cc.o -c /opt/rustwide/cargo-home/git/checkouts/rust-rocksdb-82ef6e5337b3fbe6/359aaca/librocksdb_sys/libtitan_sys/titan/src/blob_gc_picker.cc
[INFO] [stderr]   /usr/bin/c++  -DBZIP2 -DHAVE_PCLMUL -DHAVE_SSE42 -DLZ4 -DOS_LINUX -DROCKSDB_FALLOCATE_PRESENT -DROCKSDB_LIB_IO_POSIX -DROCKSDB_MALLOC_USABLE_SIZE -DROCKSDB_PLATFORM_POSIX -DROCKSDB_PTHREAD_ADAPTIVE_MUTEX -DROCKSDB_RANGESYNC_PRESENT -DROCKSDB_SCHED_GETCPU_PRESENT -DROCKSDB_SUPPORT_THREAD_LOCAL -DSNAPPY -DZLIB -DZSTD -I/opt/rustwide/target/debug/build/snappy-sys-8e0f3cb421c9c9ee/out/build -I/opt/rustwide/target/debug/build/bzip2-sys-c1bd34eeaffea7f0/out/include -I/opt/rustwide/target/debug/build/lz4-sys-9bccc34891bf6a19/out/include -I/opt/rustwide/target/debug/build/libz-sys-a47304e174464d3b/out/include -I/opt/rustwide/target/debug/build/zstd-sys-1233c236f66c4c78/out/include -I/opt/rustwide/cargo-home/git/checkouts/rust-rocksdb-82ef6e5337b3fbe6/359aaca/librocksdb_sys/libtitan_sys/../rocksdb -I/opt/rustwide/cargo-home/git/checkouts/rust-rocksdb-82ef6e5337b3fbe6/359aaca/librocksdb_sys/libtitan_sys/../rocksdb/include -I/opt/rustwide/cargo-home/git/checkouts/rust-rocksdb-82ef6e5337b3fbe6/359aaca/librocksdb_sys/libtitan_sys/titan/include -I/opt/rustwide/cargo-home/git/checkouts/rust-rocksdb-82ef6e5337b3fbe6/359aaca/librocksdb_sys/libtitan_sys/titan/src -I/opt/rustwide/cargo-home/git/checkouts/rust-rocksdb-82ef6e5337b3fbe6/359aaca/librocksdb_sys/libtitan_sys/titan/util  -ffunction-sections -fdata-sections -fPIC -m64 -W -Wextra -Wall -Wsign-compare -Wshadow -Wno-unused-parameter -Wno-unused-variable -Woverloaded-virtual -Wnon-virtual-dtor -Wno-missing-field-initializers -Wno-strict-aliasing -std=c++11 -march=native -Werror -fno-builtin-memcmp -g -DROCKSDB_USE_RTTI   -o CMakeFiles/titan.dir/src/blob_storage.cc.o -c /opt/rustwide/cargo-home/git/checkouts/rust-rocksdb-82ef6e5337b3fbe6/359aaca/librocksdb_sys/libtitan_sys/titan/src/blob_storage.cc
[INFO] [stderr]   [ 58%] Building CXX object CMakeFiles/titan.dir/src/db.cc.o
[INFO] [stderr]   /usr/bin/c++  -DBZIP2 -DHAVE_PCLMUL -DHAVE_SSE42 -DLZ4 -DOS_LINUX -DROCKSDB_FALLOCATE_PRESENT -DROCKSDB_LIB_IO_POSIX -DROCKSDB_MALLOC_USABLE_SIZE -DROCKSDB_PLATFORM_POSIX -DROCKSDB_PTHREAD_ADAPTIVE_MUTEX -DROCKSDB_RANGESYNC_PRESENT -DROCKSDB_SCHED_GETCPU_PRESENT -DROCKSDB_SUPPORT_THREAD_LOCAL -DSNAPPY -DZLIB -DZSTD -I/opt/rustwide/target/debug/build/snappy-sys-8e0f3cb421c9c9ee/out/build -I/opt/rustwide/target/debug/build/bzip2-sys-c1bd34eeaffea7f0/out/include -I/opt/rustwide/target/debug/build/lz4-sys-9bccc34891bf6a19/out/include -I/opt/rustwide/target/debug/build/libz-sys-a47304e174464d3b/out/include -I/opt/rustwide/target/debug/build/zstd-sys-1233c236f66c4c78/out/include -I/opt/rustwide/cargo-home/git/checkouts/rust-rocksdb-82ef6e5337b3fbe6/359aaca/librocksdb_sys/libtitan_sys/../rocksdb -I/opt/rustwide/cargo-home/git/checkouts/rust-rocksdb-82ef6e5337b3fbe6/359aaca/librocksdb_sys/libtitan_sys/../rocksdb/include -I/opt/rustwide/cargo-home/git/checkouts/rust-rocksdb-82ef6e5337b3fbe6/359aaca/librocksdb_sys/libtitan_sys/titan/include -I/opt/rustwide/cargo-home/git/checkouts/rust-rocksdb-82ef6e5337b3fbe6/359aaca/librocksdb_sys/libtitan_sys/titan/src -I/opt/rustwide/cargo-home/git/checkouts/rust-rocksdb-82ef6e5337b3fbe6/359aaca/librocksdb_sys/libtitan_sys/titan/util  -ffunction-sections -fdata-sections -fPIC -m64 -W -Wextra -Wall -Wsign-compare -Wshadow -Wno-unused-parameter -Wno-unused-variable -Woverloaded-virtual -Wnon-virtual-dtor -Wno-missing-field-initializers -Wno-strict-aliasing -std=c++11 -march=native -Werror -fno-builtin-memcmp -g -DROCKSDB_USE_RTTI   -o CMakeFiles/titan.dir/src/db.cc.o -c /opt/rustwide/cargo-home/git/checkouts/rust-rocksdb-82ef6e5337b3fbe6/359aaca/librocksdb_sys/libtitan_sys/titan/src/db.cc
[INFO] [stderr]   [ 62%] Building CXX object CMakeFiles/titan.dir/src/db_impl.cc.o
[INFO] [stderr]   /usr/bin/c++  -DBZIP2 -DHAVE_PCLMUL -DHAVE_SSE42 -DLZ4 -DOS_LINUX -DROCKSDB_FALLOCATE_PRESENT -DROCKSDB_LIB_IO_POSIX -DROCKSDB_MALLOC_USABLE_SIZE -DROCKSDB_PLATFORM_POSIX -DROCKSDB_PTHREAD_ADAPTIVE_MUTEX -DROCKSDB_RANGESYNC_PRESENT -DROCKSDB_SCHED_GETCPU_PRESENT -DROCKSDB_SUPPORT_THREAD_LOCAL -DSNAPPY -DZLIB -DZSTD -I/opt/rustwide/target/debug/build/snappy-sys-8e0f3cb421c9c9ee/out/build -I/opt/rustwide/target/debug/build/bzip2-sys-c1bd34eeaffea7f0/out/include -I/opt/rustwide/target/debug/build/lz4-sys-9bccc34891bf6a19/out/include -I/opt/rustwide/target/debug/build/libz-sys-a47304e174464d3b/out/include -I/opt/rustwide/target/debug/build/zstd-sys-1233c236f66c4c78/out/include -I/opt/rustwide/cargo-home/git/checkouts/rust-rocksdb-82ef6e5337b3fbe6/359aaca/librocksdb_sys/libtitan_sys/../rocksdb -I/opt/rustwide/cargo-home/git/checkouts/rust-rocksdb-82ef6e5337b3fbe6/359aaca/librocksdb_sys/libtitan_sys/../rocksdb/include -I/opt/rustwide/cargo-home/git/checkouts/rust-rocksdb-82ef6e5337b3fbe6/359aaca/librocksdb_sys/libtitan_sys/titan/include -I/opt/rustwide/cargo-home/git/checkouts/rust-rocksdb-82ef6e5337b3fbe6/359aaca/librocksdb_sys/libtitan_sys/titan/src -I/opt/rustwide/cargo-home/git/checkouts/rust-rocksdb-82ef6e5337b3fbe6/359aaca/librocksdb_sys/libtitan_sys/titan/util  -ffunction-sections -fdata-sections -fPIC -m64 -W -Wextra -Wall -Wsign-compare -Wshadow -Wno-unused-parameter -Wno-unused-variable -Woverloaded-virtual -Wnon-virtual-dtor -Wno-missing-field-initializers -Wno-strict-aliasing -std=c++11 -march=native -Werror -fno-builtin-memcmp -g -DROCKSDB_USE_RTTI   -o CMakeFiles/titan.dir/src/db_impl.cc.o -c /opt/rustwide/cargo-home/git/checkouts/rust-rocksdb-82ef6e5337b3fbe6/359aaca/librocksdb_sys/libtitan_sys/titan/src/db_impl.cc
[INFO] [stderr]   make[3]: Leaving directory '/opt/rustwide/target/debug/build/libtitan_sys-4e380eebf8538abb/out/build'
[INFO] [stderr]   make[2]: Leaving directory '/opt/rustwide/target/debug/build/libtitan_sys-4e380eebf8538abb/out/build'
[INFO] [stderr]   make[1]: Leaving directory '/opt/rustwide/target/debug/build/libtitan_sys-4e380eebf8538abb/out/build'
[INFO] [stderr] 
[INFO] [stderr]   --- stderr
[INFO] [stderr]   CMake Warning (dev) at /usr/share/cmake-3.16/Modules/CMakeTestCCompiler.cmake:44 (try_compile):
[INFO] [stderr]     Policy CMP0066 is not set: Honor per-config flags in try_compile()
[INFO] [stderr]     source-file signature.  Run "cmake --help-policy CMP0066" for policy
[INFO] [stderr]     details.  Use the cmake_policy command to set the policy and suppress this
[INFO] [stderr]     warning.
[INFO] [stderr] 
[INFO] [stderr]     For compatibility with older versions of CMake, try_compile is not honoring
[INFO] [stderr]     caller config-specific compiler flags (e.g.  CMAKE_C_FLAGS_DEBUG) in the
[INFO] [stderr]     test project.
[INFO] [stderr]   Call Stack (most recent call first):
[INFO] [stderr]     CMakeLists.txt:2 (project)
[INFO] [stderr]   This warning is for project developers.  Use -Wno-dev to suppress it.
[INFO] [stderr] 
[INFO] [stderr]      Called from: [2]	/usr/share/cmake-3.16/Modules/CMakeTestCCompiler.cmake
[INFO] [stderr]                   [1]	/opt/rustwide/cargo-home/git/checkouts/rust-rocksdb-82ef6e5337b3fbe6/359aaca/librocksdb_sys/libtitan_sys/titan/CMakeLists.txt
[INFO] [stderr]   CMake Warning (dev) at /usr/share/cmake-3.16/Modules/CMakeTestCCompiler.cmake:44 (try_compile):
[INFO] [stderr]     Policy CMP0056 is not set: Honor link flags in try_compile() source-file
[INFO] [stderr]     signature.  Run "cmake --help-policy CMP0056" for policy details.  Use the
[INFO] [stderr]     cmake_policy command to set the policy and suppress this warning.
[INFO] [stderr] 
[INFO] [stderr]     For compatibility with older versions of CMake, try_compile is not honoring
[INFO] [stderr]     caller link flags (e.g.  CMAKE_EXE_LINKER_FLAGS) in the test project.
[INFO] [stderr]   Call Stack (most recent call first):
[INFO] [stderr]     CMakeLists.txt:2 (project)
[INFO] [stderr]   This warning is for project developers.  Use -Wno-dev to suppress it.
[INFO] [stderr] 
[INFO] [stderr]      Called from: [2]	/usr/share/cmake-3.16/Modules/CMakeTestCCompiler.cmake
[INFO] [stderr]                   [1]	/opt/rustwide/cargo-home/git/checkouts/rust-rocksdb-82ef6e5337b3fbe6/359aaca/librocksdb_sys/libtitan_sys/titan/CMakeLists.txt
[INFO] [stderr]   CMake Warning (dev) at /usr/share/cmake-3.16/Modules/CMakeDetermineCompilerABI.cmake:45 (try_compile):
[INFO] [stderr]     Policy CMP0066 is not set: Honor per-config flags in try_compile()
[INFO] [stderr]     source-file signature.  Run "cmake --help-policy CMP0066" for policy
[INFO] [stderr]     details.  Use the cmake_policy command to set the policy and suppress this
[INFO] [stderr]     warning.
[INFO] [stderr] 
[INFO] [stderr]     For compatibility with older versions of CMake, try_compile is not honoring
[INFO] [stderr]     caller config-specific compiler flags (e.g.  CMAKE_C_FLAGS_DEBUG) in the
[INFO] [stderr]     test project.
[INFO] [stderr]   Call Stack (most recent call first):
[INFO] [stderr]     /usr/share/cmake-3.16/Modules/CMakeTestCCompiler.cmake:74 (CMAKE_DETERMINE_COMPILER_ABI)
[INFO] [stderr]     CMakeLists.txt:2 (project)
[INFO] [stderr]   This warning is for project developers.  Use -Wno-dev to suppress it.
[INFO] [stderr] 
[INFO] [stderr]      Called from: [3]	/usr/share/cmake-3.16/Modules/CMakeDetermineCompilerABI.cmake
[INFO] [stderr]                   [2]	/usr/share/cmake-3.16/Modules/CMakeTestCCompiler.cmake
[INFO] [stderr]                   [1]	/opt/rustwide/cargo-home/git/checkouts/rust-rocksdb-82ef6e5337b3fbe6/359aaca/librocksdb_sys/libtitan_sys/titan/CMakeLists.txt
[INFO] [stderr]   CMake Warning (dev) at /usr/share/cmake-3.16/Modules/CMakeDetermineCompilerABI.cmake:45 (try_compile):
[INFO] [stderr]     Policy CMP0056 is not set: Honor link flags in try_compile() source-file
[INFO] [stderr]     signature.  Run "cmake --help-policy CMP0056" for policy details.  Use the
[INFO] [stderr]     cmake_policy command to set the policy and suppress this warning.
[INFO] [stderr] 
[INFO] [stderr]     For compatibility with older versions of CMake, try_compile is not honoring
[INFO] [stderr]     caller link flags (e.g.  CMAKE_EXE_LINKER_FLAGS) in the test project.
[INFO] [stderr]   Call Stack (most recent call first):
[INFO] [stderr]     /usr/share/cmake-3.16/Modules/CMakeTestCCompiler.cmake:74 (CMAKE_DETERMINE_COMPILER_ABI)
[INFO] [stderr]     CMakeLists.txt:2 (project)
[INFO] [stderr]   This warning is for project developers.  Use -Wno-dev to suppress it.
[INFO] [stderr] 
[INFO] [stderr]      Called from: [3]	/usr/share/cmake-3.16/Modules/CMakeDetermineCompilerABI.cmake
[INFO] [stderr]                   [2]	/usr/share/cmake-3.16/Modules/CMakeTestCCompiler.cmake
[INFO] [stderr]                   [1]	/opt/rustwide/cargo-home/git/checkouts/rust-rocksdb-82ef6e5337b3fbe6/359aaca/librocksdb_sys/libtitan_sys/titan/CMakeLists.txt
[INFO] [stderr]   CMake Warning (dev) at /usr/share/cmake-3.16/Modules/CMakeTestCXXCompiler.cmake:37 (try_compile):
[INFO] [stderr]     Policy CMP0066 is not set: Honor per-config flags in try_compile()
[INFO] [stderr]     source-file signature.  Run "cmake --help-policy CMP0066" for policy
[INFO] [stderr]     details.  Use the cmake_policy command to set the policy and suppress this
[INFO] [stderr]     warning.
[INFO] [stderr] 
[INFO] [stderr]     For compatibility with older versions of CMake, try_compile is not honoring
[INFO] [stderr]     caller config-specific compiler flags (e.g.  CMAKE_C_FLAGS_DEBUG) in the
[INFO] [stderr]     test project.
[INFO] [stderr]   Call Stack (most recent call first):
[INFO] [stderr]     CMakeLists.txt:2 (project)
[INFO] [stderr]   This warning is for project developers.  Use -Wno-dev to suppress it.
[INFO] [stderr] 
[INFO] [stderr]      Called from: [2]	/usr/share/cmake-3.16/Modules/CMakeTestCXXCompiler.cmake
[INFO] [stderr]                   [1]	/opt/rustwide/cargo-home/git/checkouts/rust-rocksdb-82ef6e5337b3fbe6/359aaca/librocksdb_sys/libtitan_sys/titan/CMakeLists.txt
[INFO] [stderr]   CMake Warning (dev) at /usr/share/cmake-3.16/Modules/CMakeTestCXXCompiler.cmake:37 (try_compile):
[INFO] [stderr]     Policy CMP0056 is not set: Honor link flags in try_compile() source-file
[INFO] [stderr]     signature.  Run "cmake --help-policy CMP0056" for policy details.  Use the
[INFO] [stderr]     cmake_policy command to set the policy and suppress this warning.
[INFO] [stderr] 
[INFO] [stderr]     For compatibility with older versions of CMake, try_compile is not honoring
[INFO] [stderr]     caller link flags (e.g.  CMAKE_EXE_LINKER_FLAGS) in the test project.
[INFO] [stderr]   Call Stack (most recent call first):
[INFO] [stderr]     CMakeLists.txt:2 (project)
[INFO] [stderr]   This warning is for project developers.  Use -Wno-dev to suppress it.
[INFO] [stderr] 
[INFO] [stderr]      Called from: [2]	/usr/share/cmake-3.16/Modules/CMakeTestCXXCompiler.cmake
[INFO] [stderr]                   [1]	/opt/rustwide/cargo-home/git/checkouts/rust-rocksdb-82ef6e5337b3fbe6/359aaca/librocksdb_sys/libtitan_sys/titan/CMakeLists.txt
[INFO] [stderr]   CMake Warning (dev) at /usr/share/cmake-3.16/Modules/CMakeDetermineCompilerABI.cmake:45 (try_compile):
[INFO] [stderr]     Policy CMP0066 is not set: Honor per-config flags in try_compile()
[INFO] [stderr]     source-file signature.  Run "cmake --help-policy CMP0066" for policy
[INFO] [stderr]     details.  Use the cmake_policy command to set the policy and suppress this
[INFO] [stderr]     warning.
[INFO] [stderr] 
[INFO] [stderr]     For compatibility with older versions of CMake, try_compile is not honoring
[INFO] [stderr]     caller config-specific compiler flags (e.g.  CMAKE_C_FLAGS_DEBUG) in the
[INFO] [stderr]     test project.
[INFO] [stderr]   Call Stack (most recent call first):
[INFO] [stderr]     /usr/share/cmake-3.16/Modules/CMakeTestCXXCompiler.cmake:67 (CMAKE_DETERMINE_COMPILER_ABI)
[INFO] [stderr]     CMakeLists.txt:2 (project)
[INFO] [stderr]   This warning is for project developers.  Use -Wno-dev to suppress it.
[INFO] [stderr] 
[INFO] [stderr]      Called from: [3]	/usr/share/cmake-3.16/Modules/CMakeDetermineCompilerABI.cmake
[INFO] [stderr]                   [2]	/usr/share/cmake-3.16/Modules/CMakeTestCXXCompiler.cmake
[INFO] [stderr]                   [1]	/opt/rustwide/cargo-home/git/checkouts/rust-rocksdb-82ef6e5337b3fbe6/359aaca/librocksdb_sys/libtitan_sys/titan/CMakeLists.txt
[INFO] [stderr]   CMake Warning (dev) at /usr/share/cmake-3.16/Modules/CMakeDetermineCompilerABI.cmake:45 (try_compile):
[INFO] [stderr]     Policy CMP0056 is not set: Honor link flags in try_compile() source-file
[INFO] [stderr]     signature.  Run "cmake --help-policy CMP0056" for policy details.  Use the
[INFO] [stderr]     cmake_policy command to set the policy and suppress this warning.
[INFO] [stderr] 
[INFO] [stderr]     For compatibility with older versions of CMake, try_compile is not honoring
[INFO] [stderr]     caller link flags (e.g.  CMAKE_EXE_LINKER_FLAGS) in the test project.
[INFO] [stderr]   Call Stack (most recent call first):
[INFO] [stderr]     /usr/share/cmake-3.16/Modules/CMakeTestCXXCompiler.cmake:67 (CMAKE_DETERMINE_COMPILER_ABI)
[INFO] [stderr]     CMakeLists.txt:2 (project)
[INFO] [stderr]   This warning is for project developers.  Use -Wno-dev to suppress it.
[INFO] [stderr] 
[INFO] [stderr]      Called from: [3]	/usr/share/cmake-3.16/Modules/CMakeDetermineCompilerABI.cmake
[INFO] [stderr]                   [2]	/usr/share/cmake-3.16/Modules/CMakeTestCXXCompiler.cmake
[INFO] [stderr]                   [1]	/opt/rustwide/cargo-home/git/checkouts/rust-rocksdb-82ef6e5337b3fbe6/359aaca/librocksdb_sys/libtitan_sys/titan/CMakeLists.txt
[INFO] [stderr]   CMake Warning (dev) at /usr/share/cmake-3.16/Modules/CheckCXXSourceCompiles.cmake:110 (try_compile):
[INFO] [stderr]     Policy CMP0066 is not set: Honor per-config flags in try_compile()
[INFO] [stderr]     source-file signature.  Run "cmake --help-policy CMP0066" for policy
[INFO] [stderr]     details.  Use the cmake_policy command to set the policy and suppress this
[INFO] [stderr]     warning.
[INFO] [stderr] 
[INFO] [stderr]     For compatibility with older versions of CMake, try_compile is not honoring
[INFO] [stderr]     caller config-specific compiler flags (e.g.  CMAKE_C_FLAGS_DEBUG) in the
[INFO] [stderr]     test project.
[INFO] [stderr]   Call Stack (most recent call first):
[INFO] [stderr]     cmake/rocksdb_flags.cmake:110 (CHECK_CXX_SOURCE_COMPILES)
[INFO] [stderr]     CMakeLists.txt:31 (include)
[INFO] [stderr]   This warning is for project developers.  Use -Wno-dev to suppress it.
[INFO] [stderr] 
[INFO] [stderr]      Called from: [3]	/usr/share/cmake-3.16/Modules/CheckCXXSourceCompiles.cmake
[INFO] [stderr]                   [2]	/opt/rustwide/cargo-home/git/checkouts/rust-rocksdb-82ef6e5337b3fbe6/359aaca/librocksdb_sys/libtitan_sys/titan/cmake/rocksdb_flags.cmake
[INFO] [stderr]                   [1]	/opt/rustwide/cargo-home/git/checkouts/rust-rocksdb-82ef6e5337b3fbe6/359aaca/librocksdb_sys/libtitan_sys/titan/CMakeLists.txt
[INFO] [stderr]   CMake Warning (dev) at /usr/share/cmake-3.16/Modules/CheckCXXSourceCompiles.cmake:110 (try_compile):
[INFO] [stderr]     Policy CMP0056 is not set: Honor link flags in try_compile() source-file
[INFO] [stderr]     signature.  Run "cmake --help-policy CMP0056" for policy details.  Use the
[INFO] [stderr]     cmake_policy command to set the policy and suppress this warning.
[INFO] [stderr] 
[INFO] [stderr]     For compatibility with older versions of CMake, try_compile is not honoring
[INFO] [stderr]     caller link flags (e.g.  CMAKE_EXE_LINKER_FLAGS) in the test project.
[INFO] [stderr]   Call Stack (most recent call first):
[INFO] [stderr]     cmake/rocksdb_flags.cmake:110 (CHECK_CXX_SOURCE_COMPILES)
[INFO] [stderr]     CMakeLists.txt:31 (include)
[INFO] [stderr]   This warning is for project developers.  Use -Wno-dev to suppress it.
[INFO] [stderr] 
[INFO] [stderr]      Called from: [3]	/usr/share/cmake-3.16/Modules/CheckCXXSourceCompiles.cmake
[INFO] [stderr]                   [2]	/opt/rustwide/cargo-home/git/checkouts/rust-rocksdb-82ef6e5337b3fbe6/359aaca/librocksdb_sys/libtitan_sys/titan/cmake/rocksdb_flags.cmake
[INFO] [stderr]                   [1]	/opt/rustwide/cargo-home/git/checkouts/rust-rocksdb-82ef6e5337b3fbe6/359aaca/librocksdb_sys/libtitan_sys/titan/CMakeLists.txt
[INFO] [stderr]   CMake Warning (dev) at /usr/share/cmake-3.16/Modules/CheckCXXSourceCompiles.cmake:110 (try_compile):
[INFO] [stderr]     Policy CMP0066 is not set: Honor per-config flags in try_compile()
[INFO] [stderr]     source-file signature.  Run "cmake --help-policy CMP0066" for policy
[INFO] [stderr]     details.  Use the cmake_policy command to set the policy and suppress this
[INFO] [stderr]     warning.
[INFO] [stderr] 
[INFO] [stderr]     For compatibility with older versions of CMake, try_compile is not honoring
[INFO] [stderr]     caller config-specific compiler flags (e.g.  CMAKE_C_FLAGS_DEBUG) in the
[INFO] [stderr]     test project.
[INFO] [stderr]   Call Stack (most recent call first):
[INFO] [stderr]     cmake/rocksdb_flags.cmake:130 (CHECK_CXX_SOURCE_COMPILES)
[INFO] [stderr]     CMakeLists.txt:31 (include)
[INFO] [stderr]   This warning is for project developers.  Use -Wno-dev to suppress it.
[INFO] [stderr] 
[INFO] [stderr]      Called from: [3]	/usr/share/cmake-3.16/Modules/CheckCXXSourceCompiles.cmake
[INFO] [stderr]                   [2]	/opt/rustwide/cargo-home/git/checkouts/rust-rocksdb-82ef6e5337b3fbe6/359aaca/librocksdb_sys/libtitan_sys/titan/cmake/rocksdb_flags.cmake
[INFO] [stderr]                   [1]	/opt/rustwide/cargo-home/git/checkouts/rust-rocksdb-82ef6e5337b3fbe6/359aaca/librocksdb_sys/libtitan_sys/titan/CMakeLists.txt
[INFO] [stderr]   CMake Warning (dev) at /usr/share/cmake-3.16/Modules/CheckCXXSourceCompiles.cmake:110 (try_compile):
[INFO] [stderr]     Policy CMP0056 is not set: Honor link flags in try_compile() source-file
[INFO] [stderr]     signature.  Run "cmake --help-policy CMP0056" for policy details.  Use the
[INFO] [stderr]     cmake_policy command to set the policy and suppress this warning.
[INFO] [stderr] 
[INFO] [stderr]     For compatibility with older versions of CMake, try_compile is not honoring
[INFO] [stderr]     caller link flags (e.g.  CMAKE_EXE_LINKER_FLAGS) in the test project.
[INFO] [stderr]   Call Stack (most recent call first):
[INFO] [stderr]     cmake/rocksdb_flags.cmake:130 (CHECK_CXX_SOURCE_COMPILES)
[INFO] [stderr]     CMakeLists.txt:31 (include)
[INFO] [stderr]   This warning is for project developers.  Use -Wno-dev to suppress it.
[INFO] [stderr] 
[INFO] [stderr]      Called from: [3]	/usr/share/cmake-3.16/Modules/CheckCXXSourceCompiles.cmake
[INFO] [stderr]                   [2]	/opt/rustwide/cargo-home/git/checkouts/rust-rocksdb-82ef6e5337b3fbe6/359aaca/librocksdb_sys/libtitan_sys/titan/cmake/rocksdb_flags.cmake
[INFO] [stderr]                   [1]	/opt/rustwide/cargo-home/git/checkouts/rust-rocksdb-82ef6e5337b3fbe6/359aaca/librocksdb_sys/libtitan_sys/titan/CMakeLists.txt
[INFO] [stderr]   CMake Warning (dev) at /usr/share/cmake-3.16/Modules/CheckCXXSourceCompiles.cmake:110 (try_compile):
[INFO] [stderr]     Policy CMP0066 is not set: Honor per-config flags in try_compile()
[INFO] [stderr]     source-file signature.  Run "cmake --help-policy CMP0066" for policy
[INFO] [stderr]     details.  Use the cmake_policy command to set the policy and suppress this
[INFO] [stderr]     warning.
[INFO] [stderr] 
[INFO] [stderr]     For compatibility with older versions of CMake, try_compile is not honoring
[INFO] [stderr]     caller config-specific compiler flags (e.g.  CMAKE_C_FLAGS_DEBUG) in the
[INFO] [stderr]     test project.
[INFO] [stderr]   Call Stack (most recent call first):
[INFO] [stderr]     cmake/rocksdb_flags.cmake:282 (CHECK_CXX_SOURCE_COMPILES)
[INFO] [stderr]     CMakeLists.txt:31 (include)
[INFO] [stderr]   This warning is for project developers.  Use -Wno-dev to suppress it.
[INFO] [stderr] 
[INFO] [stderr]      Called from: [3]	/usr/share/cmake-3.16/Modules/CheckCXXSourceCompiles.cmake
[INFO] [stderr]                   [2]	/opt/rustwide/cargo-home/git/checkouts/rust-rocksdb-82ef6e5337b3fbe6/359aaca/librocksdb_sys/libtitan_sys/titan/cmake/rocksdb_flags.cmake
[INFO] [stderr]                   [1]	/opt/rustwide/cargo-home/git/checkouts/rust-rocksdb-82ef6e5337b3fbe6/359aaca/librocksdb_sys/libtitan_sys/titan/CMakeLists.txt
[INFO] [stderr]   CMake Warning (dev) at /usr/share/cmake-3.16/Modules/CheckCXXSourceCompiles.cmake:110 (try_compile):
[INFO] [stderr]     Policy CMP0056 is not set: Honor link flags in try_compile() source-file
[INFO] [stderr]     signature.  Run "cmake --help-policy CMP0056" for policy details.  Use the
[INFO] [stderr]     cmake_policy command to set the policy and suppress this warning.
[INFO] [stderr] 
[INFO] [stderr]     For compatibility with older versions of CMake, try_compile is not honoring
[INFO] [stderr]     caller link flags (e.g.  CMAKE_EXE_LINKER_FLAGS) in the test project.
[INFO] [stderr]   Call Stack (most recent call first):
[INFO] [stderr]     cmake/rocksdb_flags.cmake:282 (CHECK_CXX_SOURCE_COMPILES)
[INFO] [stderr]     CMakeLists.txt:31 (include)
[INFO] [stderr]   This warning is for project developers.  Use -Wno-dev to suppress it.
[INFO] [stderr] 
[INFO] [stderr]      Called from: [3]	/usr/share/cmake-3.16/Modules/CheckCXXSourceCompiles.cmake
[INFO] [stderr]                   [2]	/opt/rustwide/cargo-home/git/checkouts/rust-rocksdb-82ef6e5337b3fbe6/359aaca/librocksdb_sys/libtitan_sys/titan/cmake/rocksdb_flags.cmake
[INFO] [stderr]                   [1]	/opt/rustwide/cargo-home/git/checkouts/rust-rocksdb-82ef6e5337b3fbe6/359aaca/librocksdb_sys/libtitan_sys/titan/CMakeLists.txt
[INFO] [stderr]   CMake Warning (dev) at /usr/share/cmake-3.16/Modules/CheckCXXSourceCompiles.cmake:110 (try_compile):
[INFO] [stderr]     Policy CMP0066 is not set: Honor per-config flags in try_compile()
[INFO] [stderr]     source-file signature.  Run "cmake --help-policy CMP0066" for policy
[INFO] [stderr]     details.  Use the cmake_policy command to set the policy and suppress this
[INFO] [stderr]     warning.
[INFO] [stderr] 
[INFO] [stderr]     For compatibility with older versions of CMake, try_compile is not honoring
[INFO] [stderr]     caller config-specific compiler flags (e.g.  CMAKE_C_FLAGS_DEBUG) in the
[INFO] [stderr]     test project.
[INFO] [stderr]   Call Stack (most recent call first):
[INFO] [stderr]     cmake/rocksdb_flags.cmake:295 (CHECK_CXX_SOURCE_COMPILES)
[INFO] [stderr]     CMakeLists.txt:31 (include)
[INFO] [stderr]   This warning is for project developers.  Use -Wno-dev to suppress it.
[INFO] [stderr] 
[INFO] [stderr]      Called from: [3]	/usr/share/cmake-3.16/Modules/CheckCXXSourceCompiles.cmake
[INFO] [stderr]                   [2]	/opt/rustwide/cargo-home/git/checkouts/rust-rocksdb-82ef6e5337b3fbe6/359aaca/librocksdb_sys/libtitan_sys/titan/cmake/rocksdb_flags.cmake
[INFO] [stderr]                   [1]	/opt/rustwide/cargo-home/git/checkouts/rust-rocksdb-82ef6e5337b3fbe6/359aaca/librocksdb_sys/libtitan_sys/titan/CMakeLists.txt
[INFO] [stderr]   CMake Warning (dev) at /usr/share/cmake-3.16/Modules/CheckCXXSourceCompiles.cmake:110 (try_compile):
[INFO] [stderr]     Policy CMP0056 is not set: Honor link flags in try_compile() source-file
[INFO] [stderr]     signature.  Run "cmake --help-policy CMP0056" for policy details.  Use the
[INFO] [stderr]     cmake_policy command to set the policy and suppress this warning.
[INFO] [stderr] 
[INFO] [stderr]     For compatibility with older versions of CMake, try_compile is not honoring
[INFO] [stderr]     caller link flags (e.g.  CMAKE_EXE_LINKER_FLAGS) in the test project.
[INFO] [stderr]   Call Stack (most recent call first):
[INFO] [stderr]     cmake/rocksdb_flags.cmake:295 (CHECK_CXX_SOURCE_COMPILES)
[INFO] [stderr]     CMakeLists.txt:31 (include)
[INFO] [stderr]   This warning is for project developers.  Use -Wno-dev to suppress it.
[INFO] [stderr] 
[INFO] [stderr]      Called from: [3]	/usr/share/cmake-3.16/Modules/CheckCXXSourceCompiles.cmake
[INFO] [stderr]                   [2]	/opt/rustwide/cargo-home/git/checkouts/rust-rocksdb-82ef6e5337b3fbe6/359aaca/librocksdb_sys/libtitan_sys/titan/cmake/rocksdb_flags.cmake
[INFO] [stderr]                   [1]	/opt/rustwide/cargo-home/git/checkouts/rust-rocksdb-82ef6e5337b3fbe6/359aaca/librocksdb_sys/libtitan_sys/titan/CMakeLists.txt
[INFO] [stderr]   CMake Warning (dev) at /usr/share/cmake-3.16/Modules/CheckCXXSourceCompiles.cmake:110 (try_compile):
[INFO] [stderr]     Policy CMP0066 is not set: Honor per-config flags in try_compile()
[INFO] [stderr]     source-file signature.  Run "cmake --help-policy CMP0066" for policy
[INFO] [stderr]     details.  Use the cmake_policy command to set the policy and suppress this
[INFO] [stderr]     warning.
[INFO] [stderr] 
[INFO] [stderr]     For compatibility with older versions of CMake, try_compile is not honoring
[INFO] [stderr]     caller config-specific compiler flags (e.g.  CMAKE_C_FLAGS_DEBUG) in the
[INFO] [stderr]     test project.
[INFO] [stderr]   Call Stack (most recent call first):
[INFO] [stderr]     cmake/rocksdb_flags.cmake:306 (CHECK_CXX_SOURCE_COMPILES)
[INFO] [stderr]     CMakeLists.txt:31 (include)
[INFO] [stderr]   This warning is for project developers.  Use -Wno-dev to suppress it.
[INFO] [stderr] 
[INFO] [stderr]      Called from: [3]	/usr/share/cmake-3.16/Modules/CheckCXXSourceCompiles.cmake
[INFO] [stderr]                   [2]	/opt/rustwide/cargo-home/git/checkouts/rust-rocksdb-82ef6e5337b3fbe6/359aaca/librocksdb_sys/libtitan_sys/titan/cmake/rocksdb_flags.cmake
[INFO] [stderr]                   [1]	/opt/rustwide/cargo-home/git/checkouts/rust-rocksdb-82ef6e5337b3fbe6/359aaca/librocksdb_sys/libtitan_sys/titan/CMakeLists.txt
[INFO] [stderr]   CMake Warning (dev) at /usr/share/cmake-3.16/Modules/CheckCXXSourceCompiles.cmake:110 (try_compile):
[INFO] [stderr]     Policy CMP0056 is not set: Honor link flags in try_compile() source-file
[INFO] [stderr]     signature.  Run "cmake --help-policy CMP0056" for policy details.  Use the
[INFO] [stderr]     cmake_policy command to set the policy and suppress this warning.
[INFO] [stderr] 
[INFO] [stderr]     For compatibility with older versions of CMake, try_compile is not honoring
[INFO] [stderr]     caller link flags (e.g.  CMAKE_EXE_LINKER_FLAGS) in the test project.
[INFO] [stderr]   Call Stack (most recent call first):
[INFO] [stderr]     cmake/rocksdb_flags.cmake:306 (CHECK_CXX_SOURCE_COMPILES)
[INFO] [stderr]     CMakeLists.txt:31 (include)
[INFO] [stderr]   This warning is for project developers.  Use -Wno-dev to suppress it.
[INFO] [stderr] 
[INFO] [stderr]      Called from: [3]	/usr/share/cmake-3.16/Modules/CheckCXXSourceCompiles.cmake
[INFO] [stderr]                   [2]	/opt/rustwide/cargo-home/git/checkouts/rust-rocksdb-82ef6e5337b3fbe6/359aaca/librocksdb_sys/libtitan_sys/titan/cmake/rocksdb_flags.cmake
[INFO] [stderr]                   [1]	/opt/rustwide/cargo-home/git/checkouts/rust-rocksdb-82ef6e5337b3fbe6/359aaca/librocksdb_sys/libtitan_sys/titan/CMakeLists.txt
[INFO] [stderr]   CMake Warning (dev) at /usr/share/cmake-3.16/Modules/CheckSymbolExists.cmake:131 (try_compile):
[INFO] [stderr]     Policy CMP0066 is not set: Honor per-config flags in try_compile()
[INFO] [stderr]     source-file signature.  Run "cmake --help-policy CMP0066" for policy
[INFO] [stderr]     details.  Use the cmake_policy command to set the policy and suppress this
[INFO] [stderr]     warning.
[INFO] [stderr] 
[INFO] [stderr]     For compatibility with older versions of CMake, try_compile is not honoring
[INFO] [stderr]     caller config-specific compiler flags (e.g.  CMAKE_C_FLAGS_DEBUG) in the
[INFO] [stderr]     test project.
[INFO] [stderr]   Call Stack (most recent call first):
[INFO] [stderr]     /usr/share/cmake-3.16/Modules/CheckCXXSymbolExists.cmake:75 (__CHECK_SYMBOL_EXISTS_IMPL)
[INFO] [stderr]     cmake/rocksdb_flags.cmake:317 (check_cxx_symbol_exists)
[INFO] [stderr]     CMakeLists.txt:31 (include)
[INFO] [stderr]   This warning is for project developers.  Use -Wno-dev to suppress it.
[INFO] [stderr] 
[INFO] [stderr]      Called from: [4]	/usr/share/cmake-3.16/Modules/CheckSymbolExists.cmake
[INFO] [stderr]                   [3]	/usr/share/cmake-3.16/Modules/CheckCXXSymbolExists.cmake
[INFO] [stderr]                   [2]	/opt/rustwide/cargo-home/git/checkouts/rust-rocksdb-82ef6e5337b3fbe6/359aaca/librocksdb_sys/libtitan_sys/titan/cmake/rocksdb_flags.cmake
[INFO] [stderr]                   [1]	/opt/rustwide/cargo-home/git/checkouts/rust-rocksdb-82ef6e5337b3fbe6/359aaca/librocksdb_sys/libtitan_sys/titan/CMakeLists.txt
[INFO] [stderr]   CMake Warning (dev) at /usr/share/cmake-3.16/Modules/CheckSymbolExists.cmake:131 (try_compile):
[INFO] [stderr]     Policy CMP0056 is not set: Honor link flags in try_compile() source-file
[INFO] [stderr]     signature.  Run "cmake --help-policy CMP0056" for policy details.  Use the
[INFO] [stderr]     cmake_policy command to set the policy and suppress this warning.
[INFO] [stderr] 
[INFO] [stderr]     For compatibility with older versions of CMake, try_compile is not honoring
[INFO] [stderr]     caller link flags (e.g.  CMAKE_EXE_LINKER_FLAGS) in the test project.
[INFO] [stderr]   Call Stack (most recent call first):
[INFO] [stderr]     /usr/share/cmake-3.16/Modules/CheckCXXSymbolExists.cmake:75 (__CHECK_SYMBOL_EXISTS_IMPL)
[INFO] [stderr]     cmake/rocksdb_flags.cmake:317 (check_cxx_symbol_exists)
[INFO] [stderr]     CMakeLists.txt:31 (include)
[INFO] [stderr]   This warning is for project developers.  Use -Wno-dev to suppress it.
[INFO] [stderr] 
[INFO] [stderr]      Called from: [4]	/usr/share/cmake-3.16/Modules/CheckSymbolExists.cmake
[INFO] [stderr]                   [3]	/usr/share/cmake-3.16/Modules/CheckCXXSymbolExists.cmake
[INFO] [stderr]                   [2]	/opt/rustwide/cargo-home/git/checkouts/rust-rocksdb-82ef6e5337b3fbe6/359aaca/librocksdb_sys/libtitan_sys/titan/cmake/rocksdb_flags.cmake
[INFO] [stderr]                   [1]	/opt/rustwide/cargo-home/git/checkouts/rust-rocksdb-82ef6e5337b3fbe6/359aaca/librocksdb_sys/libtitan_sys/titan/CMakeLists.txt
[INFO] [stderr]   CMake Warning (dev) at /usr/share/cmake-3.16/Modules/CheckSymbolExists.cmake:131 (try_compile):
[INFO] [stderr]     Policy CMP0066 is not set: Honor per-config flags in try_compile()
[INFO] [stderr]     source-file signature.  Run "cmake --help-policy CMP0066" for policy
[INFO] [stderr]     details.  Use the cmake_policy command to set the policy and suppress this
[INFO] [stderr]     warning.
[INFO] [stderr] 
[INFO] [stderr]     For compatibility with older versions of CMake, try_compile is not honoring
[INFO] [stderr]     caller config-specific compiler flags (e.g.  CMAKE_C_FLAGS_DEBUG) in the
[INFO] [stderr]     test project.
[INFO] [stderr]   Call Stack (most recent call first):
[INFO] [stderr]     /usr/share/cmake-3.16/Modules/CheckCXXSymbolExists.cmake:75 (__CHECK_SYMBOL_EXISTS_IMPL)
[INFO] [stderr]     cmake/rocksdb_flags.cmake:322 (check_cxx_symbol_exists)
[INFO] [stderr]     CMakeLists.txt:31 (include)
[INFO] [stderr]   This warning is for project developers.  Use -Wno-dev to suppress it.
[INFO] [stderr] 
[INFO] [stderr]      Called from: [4]	/usr/share/cmake-3.16/Modules/CheckSymbolExists.cmake
[INFO] [stderr]                   [3]	/usr/share/cmake-3.16/Modules/CheckCXXSymbolExists.cmake
[INFO] [stderr]                   [2]	/opt/rustwide/cargo-home/git/checkouts/rust-rocksdb-82ef6e5337b3fbe6/359aaca/librocksdb_sys/libtitan_sys/titan/cmake/rocksdb_flags.cmake
[INFO] [stderr]                   [1]	/opt/rustwide/cargo-home/git/checkouts/rust-rocksdb-82ef6e5337b3fbe6/359aaca/librocksdb_sys/libtitan_sys/titan/CMakeLists.txt
[INFO] [stderr]   CMake Warning (dev) at /usr/share/cmake-3.16/Modules/CheckSymbolExists.cmake:131 (try_compile):
[INFO] [stderr]     Policy CMP0056 is not set: Honor link flags in try_compile() source-file
[INFO] [stderr]     signature.  Run "cmake --help-policy CMP0056" for policy details.  Use the
[INFO] [stderr]     cmake_policy command to set the policy and suppress this warning.
[INFO] [stderr] 
[INFO] [stderr]     For compatibility with older versions of CMake, try_compile is not honoring
[INFO] [stderr]     caller link flags (e.g.  CMAKE_EXE_LINKER_FLAGS) in the test project.
[INFO] [stderr]   Call Stack (most recent call first):
[INFO] [stderr]     /usr/share/cmake-3.16/Modules/CheckCXXSymbolExists.cmake:75 (__CHECK_SYMBOL_EXISTS_IMPL)
[INFO] [stderr]     cmake/rocksdb_flags.cmake:322 (check_cxx_symbol_exists)
[INFO] [stderr]     CMakeLists.txt:31 (include)
[INFO] [stderr]   This warning is for project developers.  Use -Wno-dev to suppress it.
[INFO] [stderr] 
[INFO] [stderr]      Called from: [4]	/usr/share/cmake-3.16/Modules/CheckSymbolExists.cmake
[INFO] [stderr]                   [3]	/usr/share/cmake-3.16/Modules/CheckCXXSymbolExists.cmake
[INFO] [stderr]                   [2]	/opt/rustwide/cargo-home/git/checkouts/rust-rocksdb-82ef6e5337b3fbe6/359aaca/librocksdb_sys/libtitan_sys/titan/cmake/rocksdb_flags.cmake
[INFO] [stderr]                   [1]	/opt/rustwide/cargo-home/git/checkouts/rust-rocksdb-82ef6e5337b3fbe6/359aaca/librocksdb_sys/libtitan_sys/titan/CMakeLists.txt
[INFO] [stderr]   fatal: not a git repository (or any parent up to mount point /opt/rustwide)
[INFO] [stderr]   Stopping at filesystem boundary (GIT_DISCOVERY_ACROSS_FILESYSTEM not set).
[INFO] [stderr]   CMake Warning:
[INFO] [stderr]     Manually-specified variables were not used by the project:
[INFO] [stderr] 
[INFO] [stderr]       CMAKE_ASM_COMPILER
[INFO] [stderr]       CMAKE_ASM_FLAGS
[INFO] [stderr] 
[INFO] [stderr] 
[INFO] [stderr]   c++: fatal error: Killed signal terminated program cc1plus
[INFO] [stderr]   compilation terminated.
[INFO] [stderr]   make[3]: *** [CMakeFiles/titan.dir/build.make:196: CMakeFiles/titan.dir/src/blob_gc_picker.cc.o] Error 1
[INFO] [stderr]   make[3]: *** Waiting for unfinished jobs....
[INFO] [stderr]   c++: fatal error: Killed signal terminated program cc1plus
[INFO] [stderr]   compilation terminated.
[INFO] [stderr]   make[3]: *** [CMakeFiles/titan.dir/build.make:79: CMakeFiles/titan.dir/src/blob_file_builder.cc.o] Error 1
[INFO] [stderr]   c++: fatal error: Killed signal terminated program cc1plus
[INFO] [stderr]   compilation terminated.
[INFO] [stderr]   make[3]: *** [CMakeFiles/titan.dir/build.make:170: CMakeFiles/titan.dir/src/blob_gc.cc.o] Error 1
[INFO] [stderr]   c++: fatal error: Killed signal terminated program cc1plus
[INFO] [stderr]   compilation terminated.
[INFO] [stderr]   make[3]: *** [CMakeFiles/titan.dir/build.make:183: CMakeFiles/titan.dir/src/blob_gc_job.cc.o] Error 1
[INFO] [stderr]   c++: fatal error: Killed signal terminated program cc1plus
[INFO] [stderr]   compilation terminated.
[INFO] [stderr]   make[3]: *** [CMakeFiles/titan.dir/build.make:105: CMakeFiles/titan.dir/src/blob_file_iterator.cc.o] Error 1
[INFO] [stderr]   c++: fatal error: Killed signal terminated program cc1plus
[INFO] [stderr]   compilation terminated.
[INFO] [stderr]   make[3]: *** [CMakeFiles/titan.dir/build.make:131: CMakeFiles/titan.dir/src/blob_file_set.cc.o] Error 1
[INFO] [stderr]   c++: fatal error: Killed signal terminated program cc1plus
[INFO] [stderr]   compilation terminated.
[INFO] [stderr]   make[3]: *** [CMakeFiles/titan.dir/build.make:209: CMakeFiles/titan.dir/src/blob_storage.cc.o] Error 1
[INFO] [stderr]   c++: fatal error: Killed signal terminated program cc1plus
[INFO] [stderr]   compilation terminated.
[INFO] [stderr]   make[3]: *** [CMakeFiles/titan.dir/build.make:235: CMakeFiles/titan.dir/src/db_impl.cc.o] Error 1
[INFO] [stderr]   make[2]: *** [CMakeFiles/Makefile2:108: CMakeFiles/titan.dir/all] Error 2
[INFO] [stderr]   make[1]: *** [CMakeFiles/Makefile2:115: CMakeFiles/titan.dir/rule] Error 2
[INFO] [stderr]   make: *** [Makefile:180: titan] Error 2
[INFO] [stderr]   thread 'main' panicked at '
[INFO] [stderr]   command did not execute successfully, got: exit code: 2
[INFO] [stderr] 
[INFO] [stderr]   build script failed, must exit now', /opt/rustwide/cargo-home/registry/src/github.com-1ecc6299db9ec823/cmake-0.1.44/src/lib.rs:885:5
[INFO] [stderr]   stack backtrace:
[INFO] [stderr]      0:     0x56526d58dad5 - backtrace::backtrace::libunwind::trace::h5e2646fa3eddf2ea
[INFO] [stderr]                                  at /cargo/registry/src/github.com-1ecc6299db9ec823/backtrace-0.3.46/src/backtrace/libunwind.rs:86
[INFO] [stderr]      1:     0x56526d58dad5 - backtrace::backtrace::trace_unsynchronized::hb95dd7f77ce47877
[INFO] [stderr]                                  at /cargo/registry/src/github.com-1ecc6299db9ec823/backtrace-0.3.46/src/backtrace/mod.rs:66
[INFO] [stderr]      2:     0x56526d58dad5 - std::sys_common::backtrace::_print_fmt::h5e71b67af43fd70d
[INFO] [stderr]                                  at src/libstd/sys_common/backtrace.rs:78
[INFO] [stderr]      3:     0x56526d58dad5 - <std::sys_common::backtrace::_print::DisplayBacktrace as core::fmt::Display>::fmt::hdb4a83d2b61107e5
[INFO] [stderr]                                  at src/libstd/sys_common/backtrace.rs:59
[INFO] [stderr]      4:     0x56526d5b1cdc - core::fmt::write::ha20e7262fa3e8a7a
[INFO] [stderr]                                  at src/libcore/fmt/mod.rs:1076
[INFO] [stderr]      5:     0x56526d58a172 - std::io::Write::write_fmt::h1aebfe8a5a79e36d
[INFO] [stderr]                                  at src/libstd/io/mod.rs:1537
[INFO] [stderr]      6:     0x56526d590600 - std::sys_common::backtrace::_print::h9c07314cc66ba539
[INFO] [stderr]                                  at src/libstd/sys_common/backtrace.rs:62
[INFO] [stderr]      7:     0x56526d590600 - std::sys_common::backtrace::print::hd1fd65f49a2d8544
[INFO] [stderr]                                  at src/libstd/sys_common/backtrace.rs:49
[INFO] [stderr]      8:     0x56526d590600 - std::panicking::default_hook::{{closure}}::h222da46485ab36fc
[INFO] [stderr]                                  at src/libstd/panicking.rs:198
[INFO] [stderr]      9:     0x56526d59034c - std::panicking::default_hook::hc5868949d129ed00
[INFO] [stderr]                                  at src/libstd/panicking.rs:217
[INFO] [stderr]     10:     0x56526d590c43 - std::panicking::rust_panic_with_hook::h26a6ab8b0993c0c8
[INFO] [stderr]                                  at src/libstd/panicking.rs:526
[INFO] [stderr]     11:     0x56526d59083b - rust_begin_unwind
[INFO] [stderr]                                  at src/libstd/panicking.rs:437
[INFO] [stderr]     12:     0x56526d5907ab - std::panicking::begin_panic_fmt::h2ff295231415d4a6
[INFO] [stderr]                                  at src/libstd/panicking.rs:391
[INFO] [stderr]     13:     0x56526d523ba7 - cmake::fail::h2d526e313c1f1160
[INFO] [stderr]                                  at /opt/rustwide/cargo-home/registry/src/github.com-1ecc6299db9ec823/cmake-0.1.44/src/lib.rs:885
[INFO] [stderr]     14:     0x56526d5234ee - cmake::run::h1045a77ca38c851a
[INFO] [stderr]                                  at /opt/rustwide/cargo-home/registry/src/github.com-1ecc6299db9ec823/cmake-0.1.44/src/lib.rs:863
[INFO] [stderr]     15:     0x56526d51fc10 - cmake::Config::build::h0df5e75355966c26
[INFO] [stderr]                                  at /opt/rustwide/cargo-home/registry/src/github.com-1ecc6299db9ec823/cmake-0.1.44/src/lib.rs:769
[INFO] [stderr]     16:     0x56526d51b64a - build_script_build::main::h09896572751b5186
[INFO] [stderr]                                  at /opt/rustwide/cargo-home/git/checkouts/rust-rocksdb-82ef6e5337b3fbe6/359aaca/librocksdb_sys/libtitan_sys/build.rs:25
[INFO] [stderr]     17:     0x56526d51ba2b - std::rt::lang_start::{{closure}}::h3ccf84d98d952e17
[INFO] [stderr]                                  at /rustc/6f959902b3103c49ca981fbc01871589c3498489/src/libstd/rt.rs:67
[INFO] [stderr]     18:     0x56526d591013 - std::rt::lang_start_internal::{{closure}}::h84a998219831fa70
[INFO] [stderr]                                  at src/libstd/rt.rs:52
[INFO] [stderr]     19:     0x56526d591013 - std::panicking::try::do_call::he8e1d689a3e26def
[INFO] [stderr]                                  at src/libstd/panicking.rs:348
[INFO] [stderr]     20:     0x56526d591013 - std::panicking::try::h264b6eebc2fa7bbf
[INFO] [stderr]                                  at src/libstd/panicking.rs:325
[INFO] [stderr]     21:     0x56526d591013 - std::panic::catch_unwind::hbf28fafa723b2128
[INFO] [stderr]                                  at src/libstd/panic.rs:394
[INFO] [stderr]     22:     0x56526d591013 - std::rt::lang_start_internal::he959aa59bc3ec202
[INFO] [stderr]                                  at src/libstd/rt.rs:51
[INFO] [stderr]     23:     0x56526d51ba07 - std::rt::lang_start::h87e8e2aecf1fba2d
[INFO] [stderr]                                  at /rustc/6f959902b3103c49ca981fbc01871589c3498489/src/libstd/rt.rs:67
[INFO] [stderr]     24:     0x56526d51b99a - main
[INFO] [stderr]     25:     0x7f19a1e4a0b3 - __libc_start_main
[INFO] [stderr]     26:     0x56526d51a19e - _start
[INFO] [stderr]     27:                0x0 - <unknown>
[INFO] running `Command { std: "docker" "inspect" "6ce1b8732ac65098acc4a42346dc7dacd17108ae1a96a63e38609e6ef488443e", kill_on_drop: false }`
[INFO] running `Command { std: "docker" "rm" "-f" "6ce1b8732ac65098acc4a42346dc7dacd17108ae1a96a63e38609e6ef488443e", kill_on_drop: false }`
[INFO] [stdout] 6ce1b8732ac65098acc4a42346dc7dacd17108ae1a96a63e38609e6ef488443e
