[INFO] cloning repository https://github.com/ltfschoen/RustTest
[INFO] running `Command { std: "git" "-c" "credential.helper=" "-c" "credential.helper=/workspace/cargo-home/bin/git-credential-null" "clone" "--bare" "https://github.com/ltfschoen/RustTest" "/workspace/cache/git-repos/https%3A%2F%2Fgithub.com%2Fltfschoen%2FRustTest", kill_on_drop: false }`
[INFO] [stderr] Cloning into bare repository '/workspace/cache/git-repos/https%3A%2F%2Fgithub.com%2Fltfschoen%2FRustTest'...
[INFO] running `Command { std: "git" "rev-parse" "HEAD", kill_on_drop: false }`
[INFO] [stdout] d9c873d58adb9ea08704c3289029c00d613653f1
[INFO] checking ltfschoen/RustTest against beta-2020-07-24 for pr-75494-beta
[INFO] running `Command { std: "git" "clone" "/workspace/cache/git-repos/https%3A%2F%2Fgithub.com%2Fltfschoen%2FRustTest" "/workspace/builds/worker-3/source", kill_on_drop: false }`
[INFO] [stderr] Cloning into '/workspace/builds/worker-3/source'...
[INFO] [stderr] done.
[INFO] validating manifest of git repo https://github.com/ltfschoen/RustTest on toolchain beta-2020-07-24
[INFO] running `Command { std: "/workspace/cargo-home/bin/cargo" "+beta-2020-07-24" "read-manifest" "--manifest-path" "Cargo.toml", kill_on_drop: false }`
[INFO] started tweaking git repo https://github.com/ltfschoen/RustTest
[INFO] finished tweaking git repo https://github.com/ltfschoen/RustTest
[INFO] tweaked toml for git repo https://github.com/ltfschoen/RustTest written to /workspace/builds/worker-3/source/Cargo.toml
[INFO] crate git repo https://github.com/ltfschoen/RustTest already has a lockfile, it will not be regenerated
[INFO] running `Command { std: "/workspace/cargo-home/bin/cargo" "+beta-2020-07-24" "fetch" "--locked" "--manifest-path" "Cargo.toml", kill_on_drop: false }`
[INFO] [stderr] warning: An explicit [[bin]] section is specified in Cargo.toml which currently
[INFO] [stderr] disables Cargo from automatically inferring other binary targets.
[INFO] [stderr] This inference behavior will change in the Rust 2018 edition and the following
[INFO] [stderr] files will be included as a binary target:
[INFO] [stderr] 
[INFO] [stderr] * /workspace/builds/worker-3/source/src/main.rs
[INFO] [stderr] 
[INFO] [stderr] This is likely to break cargo build or cargo test as these files may not be
[INFO] [stderr] ready to be compiled as a binary target today. You can future-proof yourself
[INFO] [stderr] and disable this warning by adding `autobins = false` to your [package]
[INFO] [stderr] section. You may also move the files to a location where Cargo would not
[INFO] [stderr] automatically infer them to be a target, such as in subfolders.
[INFO] [stderr] 
[INFO] [stderr] For more information on this warning you can consult
[INFO] [stderr] https://github.com/rust-lang/cargo/issues/5330
[INFO] [stderr] warning: path `/workspace/builds/worker-3/source/src/main.rs` was erroneously implicitly accepted for binary `hello`,
[INFO] [stderr] please set bin.path in Cargo.toml
[INFO] [stderr]     Blocking waiting for file lock on package cache
[INFO] running `Command { std: "docker" "create" "-v" "/var/lib/crater-agent-workspace/builds/worker-3/target:/opt/rustwide/target:rw,Z" "-v" "/var/lib/crater-agent-workspace/builds/worker-3/source:/opt/rustwide/workdir:ro,Z" "-v" "/var/lib/crater-agent-workspace/cargo-home:/opt/rustwide/cargo-home:ro,Z" "-v" "/var/lib/crater-agent-workspace/rustup-home:/opt/rustwide/rustup-home:ro,Z" "-e" "SOURCE_DIR=/opt/rustwide/workdir" "-e" "CARGO_TARGET_DIR=/opt/rustwide/target" "-e" "CARGO_HOME=/opt/rustwide/cargo-home" "-e" "RUSTUP_HOME=/opt/rustwide/rustup-home" "-w" "/opt/rustwide/workdir" "-m" "1610612736" "--user" "0:0" "--network" "none" "rustops/crates-build-env@sha256:a636fd89d022f18117e1dc8fb37a0a009933cdbbe082814857f0e2024962d47c" "/opt/rustwide/cargo-home/bin/cargo" "+beta-2020-07-24" "metadata" "--no-deps" "--format-version=1", kill_on_drop: false }`
[INFO] [stderr] WARNING: Your kernel does not support swap limit capabilities or the cgroup is not mounted. Memory limited without swap.
[INFO] [stdout] 630297253a4b0913f52c21cb71479aa7c56335f7bfe61d79330b503646c7c351
[INFO] running `Command { std: "docker" "start" "-a" "630297253a4b0913f52c21cb71479aa7c56335f7bfe61d79330b503646c7c351", kill_on_drop: false }`
[INFO] running `Command { std: "docker" "inspect" "630297253a4b0913f52c21cb71479aa7c56335f7bfe61d79330b503646c7c351", kill_on_drop: false }`
[INFO] running `Command { std: "docker" "rm" "-f" "630297253a4b0913f52c21cb71479aa7c56335f7bfe61d79330b503646c7c351", kill_on_drop: false }`
[INFO] [stdout] 630297253a4b0913f52c21cb71479aa7c56335f7bfe61d79330b503646c7c351
[INFO] running `Command { std: "docker" "create" "-v" "/var/lib/crater-agent-workspace/builds/worker-3/target:/opt/rustwide/target:rw,Z" "-v" "/var/lib/crater-agent-workspace/builds/worker-3/source:/opt/rustwide/workdir:ro,Z" "-v" "/var/lib/crater-agent-workspace/cargo-home:/opt/rustwide/cargo-home:ro,Z" "-v" "/var/lib/crater-agent-workspace/rustup-home:/opt/rustwide/rustup-home:ro,Z" "-e" "SOURCE_DIR=/opt/rustwide/workdir" "-e" "CARGO_TARGET_DIR=/opt/rustwide/target" "-e" "CARGO_INCREMENTAL=0" "-e" "RUST_BACKTRACE=full" "-e" "RUSTFLAGS=--cap-lints=forbid" "-e" "CARGO_HOME=/opt/rustwide/cargo-home" "-e" "RUSTUP_HOME=/opt/rustwide/rustup-home" "-w" "/opt/rustwide/workdir" "-m" "1610612736" "--user" "0:0" "--network" "none" "rustops/crates-build-env@sha256:a636fd89d022f18117e1dc8fb37a0a009933cdbbe082814857f0e2024962d47c" "/opt/rustwide/cargo-home/bin/cargo" "+beta-2020-07-24" "check" "--frozen" "--all" "--all-targets" "--message-format=json", kill_on_drop: false }`
[INFO] [stdout] a0d4ea6fd569d29e3f563bfbdc1271f091ea67399c3cc92190a403b03c004755
[INFO] [stderr] WARNING: Your kernel does not support swap limit capabilities or the cgroup is not mounted. Memory limited without swap.
[INFO] running `Command { std: "docker" "start" "-a" "a0d4ea6fd569d29e3f563bfbdc1271f091ea67399c3cc92190a403b03c004755", kill_on_drop: false }`
[INFO] [stderr] warning: An explicit [[bin]] section is specified in Cargo.toml which currently
[INFO] [stderr] disables Cargo from automatically inferring other binary targets.
[INFO] [stderr] This inference behavior will change in the Rust 2018 edition and the following
[INFO] [stderr] files will be included as a binary target:
[INFO] [stderr] 
[INFO] [stderr] * /opt/rustwide/workdir/src/main.rs
[INFO] [stderr] 
[INFO] [stderr] This is likely to break cargo build or cargo test as these files may not be
[INFO] [stderr] ready to be compiled as a binary target today. You can future-proof yourself
[INFO] [stderr] and disable this warning by adding `autobins = false` to your [package]
[INFO] [stderr] section. You may also move the files to a location where Cargo would not
[INFO] [stderr] automatically infer them to be a target, such as in subfolders.
[INFO] [stderr] 
[INFO] [stderr] For more information on this warning you can consult
[INFO] [stderr] https://github.com/rust-lang/cargo/issues/5330
[INFO] [stderr] warning: path `/opt/rustwide/workdir/src/main.rs` was erroneously implicitly accepted for binary `hello`,
[INFO] [stderr] please set bin.path in Cargo.toml
[INFO] [stderr]     Checking libc v0.1.2
[INFO] [stderr]    Compiling gcc v0.3.1
[INFO] [stderr]     Checking log v0.2.5
[INFO] [stderr]     Checking rustc-serialize v0.2.15
[INFO] [stdout] error: invalid suffix `us` for integer literal
[INFO] [stdout]     --> /opt/rustwide/cargo-home/registry/src/github.com-1ecc6299db9ec823/rustc-serialize-0.2.15/src/json.rs:3819:42
[INFO] [stdout]      |
[INFO] [stdout] 3819 |         tree_map.insert("a".to_string(), 1us);
[INFO] [stdout]      |                                          ^^^ invalid suffix `us`
[INFO] [stdout]      |
[INFO] [stdout]      = help: the suffix must be one of the integral types (`u32`, `isize`, etc)
[INFO] [stdout] 
[INFO] [stdout] 
[INFO] [stdout] error: invalid suffix `us` for integer literal
[INFO] [stdout]     --> /opt/rustwide/cargo-home/registry/src/github.com-1ecc6299db9ec823/rustc-serialize-0.2.15/src/json.rs:3823:42
[INFO] [stdout]      |
[INFO] [stdout] 3823 |         hash_map.insert("a".to_string(), 1us);
[INFO] [stdout]      |                                          ^^^ invalid suffix `us`
[INFO] [stdout]      |
[INFO] [stdout]      = help: the suffix must be one of the integral types (`u32`, `isize`, etc)
[INFO] [stdout] 
[INFO] [stdout] 
[INFO] [stdout] error[E0425]: cannot find function `at_exit` in module `rt`
[INFO] [stdout]    --> /opt/rustwide/cargo-home/registry/src/github.com-1ecc6299db9ec823/log-0.2.5/src/lib.rs:535:9
[INFO] [stdout]     |
[INFO] [stdout] 535 |     rt::at_exit(|| {
[INFO] [stdout]     |         ^^^^^^^ not found in `rt`
[INFO] [stdout] 
[INFO] [stdout] 
[INFO] [stdout] error[E0432]: unresolved import `std::path::AsPath`
[INFO] [stdout]   --> /opt/rustwide/cargo-home/registry/src/github.com-1ecc6299db9ec823/gcc-0.3.1/src/lib.rs:50:26
[INFO] [stdout]    |
[INFO] [stdout] 50 | use std::path::{PathBuf, AsPath};
[INFO] [stdout]    |                          ^^^^^^
[INFO] [stdout]    |                          |
[INFO] [stdout]    |                          no `AsPath` in `path`
[INFO] [stdout]    |                          help: a similar name exists in the module: `Path`
[INFO] [stdout] 
[INFO] [stdout] 
[INFO] [stdout] error[E0554]: `#![feature]` may not be used on the beta release channel
[INFO] [stdout]    --> /opt/rustwide/cargo-home/registry/src/github.com-1ecc6299db9ec823/log-0.2.5/src/lib.rs:145:1
[INFO] [stdout]     |
[INFO] [stdout] 145 | #![feature(core, std_misc)]
[INFO] [stdout]     | ^^^^^^^^^^^^^^^^^^^^^^^^^^^
[INFO] [stdout] 
[INFO] [stdout] 
[INFO] [stdout] error[E0463]: can't find crate for `unicode`
[INFO] [stdout]   --> /opt/rustwide/cargo-home/registry/src/github.com-1ecc6299db9ec823/rustc-serialize-0.2.15/src/lib.rs:23:1
[INFO] [stdout]    |
[INFO] [stdout] 23 | extern crate unicode;
[INFO] [stdout]    | ^^^^^^^^^^^^^^^^^^^^^ can't find crate
[INFO] [stdout] 
[INFO] [stdout] 
[INFO] [stdout] error: expected identifier, found `"std"`
[INFO] [stdout]   --> /opt/rustwide/cargo-home/registry/src/github.com-1ecc6299db9ec823/libc-0.1.2/rust/src/liblibc/lib.rs:80:46
[INFO] [stdout]    |
[INFO] [stdout] 80 | #[cfg(feature = "cargo-build")] extern crate "std" as core;
[INFO] [stdout]    |                                              ^^^^^ expected identifier
[INFO] [stdout] 
[INFO] [stdout] 
[INFO] [stdout] error: aborting due to previous error
[INFO] [stdout] 
[INFO] [stdout] 
[INFO] [stdout] error: aborting due to 3 previous errors
[INFO] [stdout] 
[INFO] [stdout] 
[INFO] [stdout] For more information about this error, try `rustc --explain E0463`.
[INFO] [stdout] 
[INFO] [stdout] error[E0658]: use of unstable library feature 'rt': this public module should not exist and is highly likely to disappear
[INFO] [stdout]    --> /opt/rustwide/cargo-home/registry/src/github.com-1ecc6299db9ec823/log-0.2.5/src/lib.rs:153:5
[INFO] [stdout]     |
[INFO] [stdout] 153 | use std::rt;
[INFO] [stdout]     |     ^^^^^^^
[INFO] [stdout] 
[INFO] [stdout] 
[INFO] [stderr] error: could not compile `rustc-serialize`.
[INFO] [stderr] 
[INFO] [stderr] To learn more, run the command again with --verbose.
[INFO] [stderr] warning: build failed, waiting for other jobs to finish...
[INFO] [stdout] error[E0433]: failed to resolve: could not find `old_io` in `std`
[INFO] [stdout]    --> /opt/rustwide/cargo-home/registry/src/github.com-1ecc6299db9ec823/gcc-0.3.1/src/lib.rs:329:10
[INFO] [stdout]     |
[INFO] [stdout] 329 |     std::old_io::stdio::set_stderr(Box::new(std::old_io::util::NullWriter));
[INFO] [stdout]     |          ^^^^^^ could not find `old_io` in `std`
[INFO] [stdout] 
[INFO] [stdout] 
[INFO] [stdout] error[E0433]: failed to resolve: could not find `old_io` in `std`
[INFO] [stdout]    --> /opt/rustwide/cargo-home/registry/src/github.com-1ecc6299db9ec823/gcc-0.3.1/src/lib.rs:329:50
[INFO] [stdout]     |
[INFO] [stdout] 329 |     std::old_io::stdio::set_stderr(Box::new(std::old_io::util::NullWriter));
[INFO] [stdout]     |                                                  ^^^^^^ could not find `old_io` in `std`
[INFO] [stdout] 
[INFO] [stdout] 
[INFO] [stdout] error[E0425]: cannot find function `set_exit_status` in module `env`
[INFO] [stdout]    --> /opt/rustwide/cargo-home/registry/src/github.com-1ecc6299db9ec823/gcc-0.3.1/src/lib.rs:328:10
[INFO] [stdout]     |
[INFO] [stdout] 328 |     env::set_exit_status(1);
[INFO] [stdout]     |          ^^^^^^^^^^^^^^^ not found in `env`
[INFO] [stdout] 
[INFO] [stdout] 
[INFO] [stdout] error[E0554]: `#![feature]` may not be used on the beta release channel
[INFO] [stdout]   --> /opt/rustwide/cargo-home/registry/src/github.com-1ecc6299db9ec823/gcc-0.3.1/src/lib.rs:45:1
[INFO] [stdout]    |
[INFO] [stdout] 45 | #![feature(old_io, io, path, env, collections, process, fs)]
[INFO] [stdout]    | ^^^^^^^^^^^^^^^^^^^^^^^^^^^^^^^^^^^^^^^^^^^^^^^^^^^^^^^^^^^^
[INFO] [stdout] 
[INFO] [stdout] 
[INFO] [stdout] error: aborting due to 5 previous errors
[INFO] [stdout] 
[INFO] [stdout] 
[INFO] [stdout] Some errors have detailed explanations: E0425, E0432, E0433, E0554.
[INFO] [stdout] 
[INFO] [stdout] For more information about an error, try `rustc --explain E0425`.
[INFO] [stdout] 
[INFO] [stdout] error: aborting due to 3 previous errors
[INFO] [stdout] 
[INFO] [stdout] 
[INFO] [stdout] Some errors have detailed explanations: E0425, E0554, E0658.
[INFO] [stdout] 
[INFO] [stdout] For more information about an error, try `rustc --explain E0425`.
[INFO] [stdout] 
[INFO] [stderr] error: build failed
[INFO] running `Command { std: "docker" "inspect" "a0d4ea6fd569d29e3f563bfbdc1271f091ea67399c3cc92190a403b03c004755", kill_on_drop: false }`
[INFO] running `Command { std: "docker" "rm" "-f" "a0d4ea6fd569d29e3f563bfbdc1271f091ea67399c3cc92190a403b03c004755", kill_on_drop: false }`
[INFO] [stdout] a0d4ea6fd569d29e3f563bfbdc1271f091ea67399c3cc92190a403b03c004755
