[INFO] cloning repository https://github.com/lehrbaumm/aes_brute_force
[INFO] running `Command { std: "git" "-c" "credential.helper=" "-c" "credential.helper=/workspace/cargo-home/bin/git-credential-null" "clone" "--bare" "https://github.com/lehrbaumm/aes_brute_force" "/workspace/cache/git-repos/https%3A%2F%2Fgithub.com%2Flehrbaumm%2Faes_brute_force", kill_on_drop: false }`
[INFO] [stderr] Cloning into bare repository '/workspace/cache/git-repos/https%3A%2F%2Fgithub.com%2Flehrbaumm%2Faes_brute_force'...
[INFO] running `Command { std: "git" "rev-parse" "HEAD", kill_on_drop: false }`
[INFO] [stdout] 781fb0a5f9f050680dfbe575ce0f6bf81aa0ae00
[INFO] checking lehrbaumm/aes_brute_force against beta-2020-07-24 for pr-75494-beta
[INFO] running `Command { std: "git" "clone" "/workspace/cache/git-repos/https%3A%2F%2Fgithub.com%2Flehrbaumm%2Faes_brute_force" "/workspace/builds/worker-7/source", kill_on_drop: false }`
[INFO] [stderr] Cloning into '/workspace/builds/worker-7/source'...
[INFO] [stderr] done.
[INFO] validating manifest of git repo https://github.com/lehrbaumm/aes_brute_force on toolchain beta-2020-07-24
[INFO] running `Command { std: "/workspace/cargo-home/bin/cargo" "+beta-2020-07-24" "read-manifest" "--manifest-path" "Cargo.toml", kill_on_drop: false }`
[INFO] started tweaking git repo https://github.com/lehrbaumm/aes_brute_force
[INFO] finished tweaking git repo https://github.com/lehrbaumm/aes_brute_force
[INFO] tweaked toml for git repo https://github.com/lehrbaumm/aes_brute_force written to /workspace/builds/worker-7/source/Cargo.toml
[INFO] crate git repo https://github.com/lehrbaumm/aes_brute_force already has a lockfile, it will not be regenerated
[INFO] running `Command { std: "/workspace/cargo-home/bin/cargo" "+beta-2020-07-24" "fetch" "--locked" "--manifest-path" "Cargo.toml", kill_on_drop: false }`
[INFO] [stderr]     Blocking waiting for file lock on package cache
[INFO] [stderr]     Updating crates.io index
[INFO] [stderr] error: the lock file /workspace/builds/worker-7/source/Cargo.lock needs to be updated but --locked was passed to prevent this
[INFO] [stderr] If you want to try to generate the lock file without accessing the network, use the --offline flag.
[INFO] the lockfile is outdated, regenerating it
[INFO] running `Command { std: "/workspace/cargo-home/bin/cargo" "+beta-2020-07-24" "generate-lockfile" "--manifest-path" "Cargo.toml" "-Zno-index-update", kill_on_drop: false }`
[INFO] [stderr]     Blocking waiting for file lock on package cache
[INFO] running `Command { std: "/workspace/cargo-home/bin/cargo" "+beta-2020-07-24" "fetch" "--locked" "--manifest-path" "Cargo.toml", kill_on_drop: false }`
[INFO] [stderr]     Blocking waiting for file lock on package cache
[INFO] [stderr]     Blocking waiting for file lock on package cache
[INFO] running `Command { std: "docker" "create" "-v" "/var/lib/crater-agent-workspace/builds/worker-7/target:/opt/rustwide/target:rw,Z" "-v" "/var/lib/crater-agent-workspace/builds/worker-7/source:/opt/rustwide/workdir:ro,Z" "-v" "/var/lib/crater-agent-workspace/cargo-home:/opt/rustwide/cargo-home:ro,Z" "-v" "/var/lib/crater-agent-workspace/rustup-home:/opt/rustwide/rustup-home:ro,Z" "-e" "SOURCE_DIR=/opt/rustwide/workdir" "-e" "CARGO_TARGET_DIR=/opt/rustwide/target" "-e" "CARGO_HOME=/opt/rustwide/cargo-home" "-e" "RUSTUP_HOME=/opt/rustwide/rustup-home" "-w" "/opt/rustwide/workdir" "-m" "1610612736" "--user" "0:0" "--network" "none" "rustops/crates-build-env@sha256:a636fd89d022f18117e1dc8fb37a0a009933cdbbe082814857f0e2024962d47c" "/opt/rustwide/cargo-home/bin/cargo" "+beta-2020-07-24" "metadata" "--no-deps" "--format-version=1", kill_on_drop: false }`
[INFO] [stdout] 200fa8b4529c080dafc3c88a6d9bd1ed44185a7652568dd2346e8beec037dcdf
[INFO] [stderr] WARNING: Your kernel does not support swap limit capabilities or the cgroup is not mounted. Memory limited without swap.
[INFO] running `Command { std: "docker" "start" "-a" "200fa8b4529c080dafc3c88a6d9bd1ed44185a7652568dd2346e8beec037dcdf", kill_on_drop: false }`
[INFO] running `Command { std: "docker" "inspect" "200fa8b4529c080dafc3c88a6d9bd1ed44185a7652568dd2346e8beec037dcdf", kill_on_drop: false }`
[INFO] running `Command { std: "docker" "rm" "-f" "200fa8b4529c080dafc3c88a6d9bd1ed44185a7652568dd2346e8beec037dcdf", kill_on_drop: false }`
[INFO] [stdout] 200fa8b4529c080dafc3c88a6d9bd1ed44185a7652568dd2346e8beec037dcdf
[INFO] running `Command { std: "docker" "create" "-v" "/var/lib/crater-agent-workspace/builds/worker-7/target:/opt/rustwide/target:rw,Z" "-v" "/var/lib/crater-agent-workspace/builds/worker-7/source:/opt/rustwide/workdir:ro,Z" "-v" "/var/lib/crater-agent-workspace/cargo-home:/opt/rustwide/cargo-home:ro,Z" "-v" "/var/lib/crater-agent-workspace/rustup-home:/opt/rustwide/rustup-home:ro,Z" "-e" "SOURCE_DIR=/opt/rustwide/workdir" "-e" "CARGO_TARGET_DIR=/opt/rustwide/target" "-e" "CARGO_INCREMENTAL=0" "-e" "RUST_BACKTRACE=full" "-e" "RUSTFLAGS=--cap-lints=forbid" "-e" "CARGO_HOME=/opt/rustwide/cargo-home" "-e" "RUSTUP_HOME=/opt/rustwide/rustup-home" "-w" "/opt/rustwide/workdir" "-m" "1610612736" "--user" "0:0" "--network" "none" "rustops/crates-build-env@sha256:a636fd89d022f18117e1dc8fb37a0a009933cdbbe082814857f0e2024962d47c" "/opt/rustwide/cargo-home/bin/cargo" "+beta-2020-07-24" "check" "--frozen" "--all" "--all-targets" "--message-format=json", kill_on_drop: false }`
[INFO] [stdout] 4d27f65e1e81b958ab676cab516a683c497b6b425c937e7d89df5be9146785ef
[INFO] [stderr] WARNING: Your kernel does not support swap limit capabilities or the cgroup is not mounted. Memory limited without swap.
[INFO] running `Command { std: "docker" "start" "-a" "4d27f65e1e81b958ab676cab516a683c497b6b425c937e7d89df5be9146785ef", kill_on_drop: false }`
[INFO] [stderr]    Compiling autocfg v1.0.1
[INFO] [stderr]    Compiling libc v0.2.76
[INFO] [stderr]    Compiling maybe-uninit v2.0.0
[INFO] [stderr]     Checking cfg-if v0.1.10
[INFO] [stderr]     Checking lazy_static v1.4.0
[INFO] [stderr]     Checking scopeguard v1.1.0
[INFO] [stderr]    Compiling rayon-core v1.7.1
[INFO] [stderr]    Compiling gcc v0.3.55
[INFO] [stderr]     Checking either v1.6.0
[INFO] [stderr]     Checking hex v0.3.2
[INFO] [stderr]     Checking itertools v0.8.2
[INFO] [stderr]    Compiling crossbeam-utils v0.7.2
[INFO] [stderr]    Compiling memoffset v0.5.5
[INFO] [stderr]    Compiling crossbeam-epoch v0.8.2
[INFO] [stderr]    Compiling rayon v1.3.1
[INFO] [stderr]    Compiling rust-crypto v0.2.36
[INFO] [stderr]     Checking num_cpus v1.13.0
[INFO] [stderr]     Checking rand v0.4.6
[INFO] [stderr]     Checking time v0.1.43
[INFO] [stderr]     Checking crossbeam-queue v0.2.3
[INFO] [stderr]     Checking crossbeam-deque v0.7.3
[INFO] [stderr]     Checking rand v0.3.23
[INFO] [stderr]     Checking aes_brute_force v0.1.0 (/opt/rustwide/workdir)
[INFO] [stdout] error[E0432]: unresolved import `itertools::itertools`
[INFO] [stdout]  --> src/main.rs:7:5
[INFO] [stdout]   |
[INFO] [stdout] 7 | use itertools::itertools;
[INFO] [stdout]   |     ^^^^^^^^^^^---------
[INFO] [stdout]   |     |          |
[INFO] [stdout]   |     |          help: a similar name exists in the module (notice the capitalization): `Itertools`
[INFO] [stdout]   |     no `itertools` in the root
[INFO] [stdout] 
[INFO] [stdout] 
[INFO] [stdout] error[E0432]: unresolved import `itertools::itertools`
[INFO] [stdout]  --> src/main.rs:7:5
[INFO] [stdout]   |
[INFO] [stdout] 7 | use itertools::itertools;
[INFO] [stdout]   |     ^^^^^^^^^^^---------
[INFO] [stdout]   |     |          |
[INFO] [stdout]   |     |          help: a similar name exists in the module (notice the capitalization): `Itertools`
[INFO] [stdout]   |     no `itertools` in the root
[INFO] [stdout] 
[INFO] [stdout] 
[INFO] [stdout] error[E0599]: no method named `combinations` found for struct `rayon::vec::IntoIter<[u8; 128]>` in the current scope
[INFO] [stdout]   --> src/main.rs:19:10
[INFO] [stdout]    |
[INFO] [stdout] 19 |         .combinations(4).collect::<Vec<[u8;4]>>();
[INFO] [stdout]    |          ^^^^^^^^^^^^ method not found in `rayon::vec::IntoIter<[u8; 128]>`
[INFO] [stdout] 
[INFO] [stdout] 
[INFO] [stdout] error: aborting due to 2 previous errors
[INFO] [stdout] 
[INFO] [stdout] 
[INFO] [stdout] Some errors have detailed explanations: E0432, E0599.
[INFO] [stdout] 
[INFO] [stdout] For more information about an error, try `rustc --explain E0432`.
[INFO] [stdout] 
[INFO] [stderr] error: could not compile `aes_brute_force`.
[INFO] [stderr] 
[INFO] [stderr] To learn more, run the command again with --verbose.
[INFO] [stderr] warning: build failed, waiting for other jobs to finish...
[INFO] [stdout] error[E0599]: no method named `combinations` found for struct `rayon::vec::IntoIter<[u8; 128]>` in the current scope
[INFO] [stdout]   --> src/main.rs:19:10
[INFO] [stdout]    |
[INFO] [stdout] 19 |         .combinations(4).collect::<Vec<[u8;4]>>();
[INFO] [stdout]    |          ^^^^^^^^^^^^ method not found in `rayon::vec::IntoIter<[u8; 128]>`
[INFO] [stdout] 
[INFO] [stdout] 
[INFO] [stdout] error: aborting due to 2 previous errors
[INFO] [stdout] 
[INFO] [stdout] 
[INFO] [stdout] Some errors have detailed explanations: E0432, E0599.
[INFO] [stdout] 
[INFO] [stdout] For more information about an error, try `rustc --explain E0432`.
[INFO] [stdout] 
[INFO] [stderr] error: build failed
[INFO] running `Command { std: "docker" "inspect" "4d27f65e1e81b958ab676cab516a683c497b6b425c937e7d89df5be9146785ef", kill_on_drop: false }`
[INFO] running `Command { std: "docker" "rm" "-f" "4d27f65e1e81b958ab676cab516a683c497b6b425c937e7d89df5be9146785ef", kill_on_drop: false }`
[INFO] [stdout] 4d27f65e1e81b958ab676cab516a683c497b6b425c937e7d89df5be9146785ef
