[INFO] cloning repository https://github.com/leaxoy/remq
[INFO] running `Command { std: "git" "-c" "credential.helper=" "-c" "credential.helper=/workspace/cargo-home/bin/git-credential-null" "clone" "--bare" "https://github.com/leaxoy/remq" "/workspace/cache/git-repos/https%3A%2F%2Fgithub.com%2Fleaxoy%2Fremq", kill_on_drop: false }`
[INFO] [stderr] Cloning into bare repository '/workspace/cache/git-repos/https%3A%2F%2Fgithub.com%2Fleaxoy%2Fremq'...
[INFO] running `Command { std: "git" "rev-parse" "HEAD", kill_on_drop: false }`
[INFO] [stdout] b166f4d1eb29bbb7396a45d310d411b50f436baf
[INFO] checking leaxoy/remq against beta-2020-07-24 for pr-75494-beta
[INFO] running `Command { std: "git" "clone" "/workspace/cache/git-repos/https%3A%2F%2Fgithub.com%2Fleaxoy%2Fremq" "/workspace/builds/worker-0/source", kill_on_drop: false }`
[INFO] [stderr] Cloning into '/workspace/builds/worker-0/source'...
[INFO] [stderr] done.
[INFO] validating manifest of git repo https://github.com/leaxoy/remq on toolchain beta-2020-07-24
[INFO] running `Command { std: "/workspace/cargo-home/bin/cargo" "+beta-2020-07-24" "read-manifest" "--manifest-path" "Cargo.toml", kill_on_drop: false }`
[INFO] started tweaking git repo https://github.com/leaxoy/remq
[INFO] finished tweaking git repo https://github.com/leaxoy/remq
[INFO] tweaked toml for git repo https://github.com/leaxoy/remq written to /workspace/builds/worker-0/source/Cargo.toml
[INFO] crate git repo https://github.com/leaxoy/remq already has a lockfile, it will not be regenerated
[INFO] running `Command { std: "/workspace/cargo-home/bin/cargo" "+beta-2020-07-24" "fetch" "--locked" "--manifest-path" "Cargo.toml", kill_on_drop: false }`
[INFO] [stderr]     Blocking waiting for file lock on package cache
[INFO] running `Command { std: "docker" "create" "-v" "/var/lib/crater-agent-workspace/builds/worker-0/target:/opt/rustwide/target:rw,Z" "-v" "/var/lib/crater-agent-workspace/builds/worker-0/source:/opt/rustwide/workdir:ro,Z" "-v" "/var/lib/crater-agent-workspace/cargo-home:/opt/rustwide/cargo-home:ro,Z" "-v" "/var/lib/crater-agent-workspace/rustup-home:/opt/rustwide/rustup-home:ro,Z" "-e" "SOURCE_DIR=/opt/rustwide/workdir" "-e" "CARGO_TARGET_DIR=/opt/rustwide/target" "-e" "CARGO_HOME=/opt/rustwide/cargo-home" "-e" "RUSTUP_HOME=/opt/rustwide/rustup-home" "-w" "/opt/rustwide/workdir" "-m" "1610612736" "--user" "0:0" "--network" "none" "rustops/crates-build-env@sha256:a636fd89d022f18117e1dc8fb37a0a009933cdbbe082814857f0e2024962d47c" "/opt/rustwide/cargo-home/bin/cargo" "+beta-2020-07-24" "metadata" "--no-deps" "--format-version=1", kill_on_drop: false }`
[INFO] [stdout] 2ada86105b0fe92545790a5838e2dc46a3d3cacaa4ff0ee68aee080cae61b29c
[INFO] [stderr] WARNING: Your kernel does not support swap limit capabilities or the cgroup is not mounted. Memory limited without swap.
[INFO] running `Command { std: "docker" "start" "-a" "2ada86105b0fe92545790a5838e2dc46a3d3cacaa4ff0ee68aee080cae61b29c", kill_on_drop: false }`
[INFO] running `Command { std: "docker" "inspect" "2ada86105b0fe92545790a5838e2dc46a3d3cacaa4ff0ee68aee080cae61b29c", kill_on_drop: false }`
[INFO] running `Command { std: "docker" "rm" "-f" "2ada86105b0fe92545790a5838e2dc46a3d3cacaa4ff0ee68aee080cae61b29c", kill_on_drop: false }`
[INFO] [stdout] 2ada86105b0fe92545790a5838e2dc46a3d3cacaa4ff0ee68aee080cae61b29c
[INFO] running `Command { std: "docker" "create" "-v" "/var/lib/crater-agent-workspace/builds/worker-0/target:/opt/rustwide/target:rw,Z" "-v" "/var/lib/crater-agent-workspace/builds/worker-0/source:/opt/rustwide/workdir:ro,Z" "-v" "/var/lib/crater-agent-workspace/cargo-home:/opt/rustwide/cargo-home:ro,Z" "-v" "/var/lib/crater-agent-workspace/rustup-home:/opt/rustwide/rustup-home:ro,Z" "-e" "SOURCE_DIR=/opt/rustwide/workdir" "-e" "CARGO_TARGET_DIR=/opt/rustwide/target" "-e" "CARGO_INCREMENTAL=0" "-e" "RUST_BACKTRACE=full" "-e" "RUSTFLAGS=--cap-lints=forbid" "-e" "CARGO_HOME=/opt/rustwide/cargo-home" "-e" "RUSTUP_HOME=/opt/rustwide/rustup-home" "-w" "/opt/rustwide/workdir" "-m" "1610612736" "--user" "0:0" "--network" "none" "rustops/crates-build-env@sha256:a636fd89d022f18117e1dc8fb37a0a009933cdbbe082814857f0e2024962d47c" "/opt/rustwide/cargo-home/bin/cargo" "+beta-2020-07-24" "check" "--frozen" "--all" "--all-targets" "--message-format=json", kill_on_drop: false }`
[INFO] [stdout] 326beb181b4277d21fbc8c44222f8006e07a19b88dbb08a07a7427371c6be887
[INFO] [stderr] WARNING: Your kernel does not support swap limit capabilities or the cgroup is not mounted. Memory limited without swap.
[INFO] running `Command { std: "docker" "start" "-a" "326beb181b4277d21fbc8c44222f8006e07a19b88dbb08a07a7427371c6be887", kill_on_drop: false }`
[INFO] [stderr]     Checking futures v0.1.25
[INFO] [stderr]    Compiling version_check v0.1.5
[INFO] [stderr]     Checking lazycell v1.2.0
[INFO] [stderr]     Checking itoa v0.4.3
[INFO] [stderr]     Checking log v0.4.5
[INFO] [stderr]    Compiling semver v0.9.0
[INFO] [stderr]     Checking bytes v0.4.10
[INFO] [stderr]     Checking rand v0.5.5
[INFO] [stderr]     Checking lock_api v0.1.4
[INFO] [stderr]    Compiling proc-macro2 v0.4.20
[INFO] [stderr]     Checking mio v0.6.16
[INFO] [stderr]     Checking serde_json v1.0.32
[INFO] [stderr]    Compiling lazy_static v1.1.0
[INFO] [stderr]    Compiling rustc_version v0.2.3
[INFO] [stderr]    Compiling quote v0.6.8
[INFO] [stderr]    Compiling syn v0.15.11
[INFO] [stderr]     Checking crossbeam-epoch v0.5.2
[INFO] [stderr]    Compiling parking_lot_core v0.3.1
[INFO] [stderr]     Checking mio-uds v0.6.7
[INFO] [stderr]     Checking crossbeam-deque v0.6.1
[INFO] [stderr]     Checking tokio-executor v0.1.5
[INFO] [stderr]     Checking tokio-io v0.1.9
[INFO] [stderr]     Checking tokio-threadpool v0.1.7
[INFO] [stderr]     Checking tokio-timer v0.2.7
[INFO] [stderr]     Checking tokio-current-thread v0.1.3
[INFO] [stderr]     Checking parking_lot v0.6.4
[INFO] [stderr]     Checking tokio-reactor v0.1.6
[INFO] [stderr]     Checking tokio-codec v0.1.1
[INFO] [stderr]     Checking tokio-async-await v0.1.4
[INFO] [stderr]     Checking tokio-fs v0.1.3
[INFO] [stderr]     Checking tokio-tcp v0.1.2
[INFO] [stderr]     Checking tokio-uds v0.2.2
[INFO] [stderr]     Checking tokio-udp v0.1.2
[INFO] [stderr]     Checking tokio v0.1.11
[INFO] [stderr]    Compiling serde_derive v1.0.80
[INFO] [stderr]     Checking remq v0.1.0 (/opt/rustwide/workdir)
[INFO] [stdout] error[E0557]: feature has been removed
[INFO] [stdout]  --> src/main.rs:1:12
[INFO] [stdout]   |
[INFO] [stdout] 1 | #![feature(await_macro, async_await, futures_api)]
[INFO] [stdout]   |            ^^^^^^^^^^^ feature has been removed
[INFO] [stdout]   |
[INFO] [stdout]   = note: subsumed by `.await` syntax
[INFO] [stdout] 
[INFO] [stdout] 
[INFO] [stdout] error[E0557]: feature has been removed
[INFO] [stdout]  --> src/main.rs:1:12
[INFO] [stdout]   |
[INFO] [stdout] 1 | #![feature(await_macro, async_await, futures_api)]
[INFO] [stdout]   |            ^^^^^^^^^^^ feature has been removed
[INFO] [stdout]   |
[INFO] [stdout]   = note: subsumed by `.await` syntax
[INFO] [stdout] 
[INFO] [stdout] 
[INFO] [stdout] error[E0554]: `#![feature]` may not be used on the beta release channel
[INFO] [stdout]  --> src/main.rs:1:1
[INFO] [stdout]   |
[INFO] [stdout] 1 | #![feature(await_macro, async_await, futures_api)]
[INFO] [stdout]   | ^^^^^^^^^^^^^^^^^^^^^^^^^^^^^^^^^^^^^^^^^^^^^^^^^^
[INFO] [stdout] 
[INFO] [stdout] 
[INFO] [stdout] error[E0554]: `#![feature]` may not be used on the beta release channel
[INFO] [stdout]  --> src/main.rs:1:1
[INFO] [stdout]   |
[INFO] [stdout] 1 | #![feature(await_macro, async_await, futures_api)]
[INFO] [stdout]   | ^^^^^^^^^^^^^^^^^^^^^^^^^^^^^^^^^^^^^^^^^^^^^^^^^^
[INFO] [stdout] 
[INFO] [stdout] 
[INFO] [stdout] error: aborting due to 2 previous errors
[INFO] [stdout] 
[INFO] [stdout] 
[INFO] [stdout] Some errors have detailed explanations: E0554, E0557.
[INFO] [stdout] 
[INFO] [stdout] For more information about an error, try `rustc --explain E0554`.
[INFO] [stdout] 
[INFO] [stderr] error: could not compile `remq`.
[INFO] [stderr] 
[INFO] [stderr] To learn more, run the command again with --verbose.
[INFO] [stderr] warning: build failed, waiting for other jobs to finish...
[INFO] [stdout] error: aborting due to 2 previous errors
[INFO] [stdout] 
[INFO] [stdout] 
[INFO] [stdout] Some errors have detailed explanations: E0554, E0557.
[INFO] [stdout] 
[INFO] [stdout] For more information about an error, try `rustc --explain E0554`.
[INFO] [stdout] 
[INFO] [stderr] error: build failed
[INFO] running `Command { std: "docker" "inspect" "326beb181b4277d21fbc8c44222f8006e07a19b88dbb08a07a7427371c6be887", kill_on_drop: false }`
[INFO] running `Command { std: "docker" "rm" "-f" "326beb181b4277d21fbc8c44222f8006e07a19b88dbb08a07a7427371c6be887", kill_on_drop: false }`
[INFO] [stdout] 326beb181b4277d21fbc8c44222f8006e07a19b88dbb08a07a7427371c6be887
