[INFO] cloning repository https://github.com/l-wi/chip8-interpreter
[INFO] running `Command { std: "git" "-c" "credential.helper=" "-c" "credential.helper=/workspace/cargo-home/bin/git-credential-null" "clone" "--bare" "https://github.com/l-wi/chip8-interpreter" "/workspace/cache/git-repos/https%3A%2F%2Fgithub.com%2Fl-wi%2Fchip8-interpreter", kill_on_drop: false }`
[INFO] [stderr] Cloning into bare repository '/workspace/cache/git-repos/https%3A%2F%2Fgithub.com%2Fl-wi%2Fchip8-interpreter'...
[INFO] running `Command { std: "git" "rev-parse" "HEAD", kill_on_drop: false }`
[INFO] [stdout] 6fcbcdaa8abee380b006274d902b73b3cbde67d1
[INFO] checking l-wi/chip8-interpreter against beta-2020-07-24 for pr-75494-beta
[INFO] running `Command { std: "git" "clone" "/workspace/cache/git-repos/https%3A%2F%2Fgithub.com%2Fl-wi%2Fchip8-interpreter" "/workspace/builds/worker-7/source", kill_on_drop: false }`
[INFO] [stderr] Cloning into '/workspace/builds/worker-7/source'...
[INFO] [stderr] done.
[INFO] validating manifest of git repo https://github.com/l-wi/chip8-interpreter on toolchain beta-2020-07-24
[INFO] running `Command { std: "/workspace/cargo-home/bin/cargo" "+beta-2020-07-24" "read-manifest" "--manifest-path" "Cargo.toml", kill_on_drop: false }`
[INFO] started tweaking git repo https://github.com/l-wi/chip8-interpreter
[INFO] finished tweaking git repo https://github.com/l-wi/chip8-interpreter
[INFO] tweaked toml for git repo https://github.com/l-wi/chip8-interpreter written to /workspace/builds/worker-7/source/Cargo.toml
[INFO] crate git repo https://github.com/l-wi/chip8-interpreter already has a lockfile, it will not be regenerated
[INFO] running `Command { std: "/workspace/cargo-home/bin/cargo" "+beta-2020-07-24" "fetch" "--locked" "--manifest-path" "Cargo.toml", kill_on_drop: false }`
[INFO] running `Command { std: "docker" "create" "-v" "/var/lib/crater-agent-workspace/builds/worker-7/target:/opt/rustwide/target:rw,Z" "-v" "/var/lib/crater-agent-workspace/builds/worker-7/source:/opt/rustwide/workdir:ro,Z" "-v" "/var/lib/crater-agent-workspace/cargo-home:/opt/rustwide/cargo-home:ro,Z" "-v" "/var/lib/crater-agent-workspace/rustup-home:/opt/rustwide/rustup-home:ro,Z" "-e" "SOURCE_DIR=/opt/rustwide/workdir" "-e" "CARGO_TARGET_DIR=/opt/rustwide/target" "-e" "CARGO_HOME=/opt/rustwide/cargo-home" "-e" "RUSTUP_HOME=/opt/rustwide/rustup-home" "-w" "/opt/rustwide/workdir" "-m" "1610612736" "--user" "0:0" "--network" "none" "rustops/crates-build-env@sha256:a636fd89d022f18117e1dc8fb37a0a009933cdbbe082814857f0e2024962d47c" "/opt/rustwide/cargo-home/bin/cargo" "+beta-2020-07-24" "metadata" "--no-deps" "--format-version=1", kill_on_drop: false }`
[INFO] [stderr] WARNING: Your kernel does not support swap limit capabilities or the cgroup is not mounted. Memory limited without swap.
[INFO] [stdout] 549fff9f619a0eed60502fc987bd2a62a5712d74eeb37641faba7762f526c7f8
[INFO] running `Command { std: "docker" "start" "-a" "549fff9f619a0eed60502fc987bd2a62a5712d74eeb37641faba7762f526c7f8", kill_on_drop: false }`
[INFO] running `Command { std: "docker" "inspect" "549fff9f619a0eed60502fc987bd2a62a5712d74eeb37641faba7762f526c7f8", kill_on_drop: false }`
[INFO] running `Command { std: "docker" "rm" "-f" "549fff9f619a0eed60502fc987bd2a62a5712d74eeb37641faba7762f526c7f8", kill_on_drop: false }`
[INFO] [stdout] 549fff9f619a0eed60502fc987bd2a62a5712d74eeb37641faba7762f526c7f8
[INFO] running `Command { std: "docker" "create" "-v" "/var/lib/crater-agent-workspace/builds/worker-7/target:/opt/rustwide/target:rw,Z" "-v" "/var/lib/crater-agent-workspace/builds/worker-7/source:/opt/rustwide/workdir:ro,Z" "-v" "/var/lib/crater-agent-workspace/cargo-home:/opt/rustwide/cargo-home:ro,Z" "-v" "/var/lib/crater-agent-workspace/rustup-home:/opt/rustwide/rustup-home:ro,Z" "-e" "SOURCE_DIR=/opt/rustwide/workdir" "-e" "CARGO_TARGET_DIR=/opt/rustwide/target" "-e" "CARGO_INCREMENTAL=0" "-e" "RUST_BACKTRACE=full" "-e" "RUSTFLAGS=--cap-lints=forbid" "-e" "CARGO_HOME=/opt/rustwide/cargo-home" "-e" "RUSTUP_HOME=/opt/rustwide/rustup-home" "-w" "/opt/rustwide/workdir" "-m" "1610612736" "--user" "0:0" "--network" "none" "rustops/crates-build-env@sha256:a636fd89d022f18117e1dc8fb37a0a009933cdbbe082814857f0e2024962d47c" "/opt/rustwide/cargo-home/bin/cargo" "+beta-2020-07-24" "check" "--frozen" "--all" "--all-targets" "--message-format=json", kill_on_drop: false }`
[INFO] [stdout] 33d42cf3d5cbeba3de3563d1961b1b0020281e01c7217e7c027f3da36af9caa4
[INFO] [stderr] WARNING: Your kernel does not support swap limit capabilities or the cgroup is not mounted. Memory limited without swap.
[INFO] running `Command { std: "docker" "start" "-a" "33d42cf3d5cbeba3de3563d1961b1b0020281e01c7217e7c027f3da36af9caa4", kill_on_drop: false }`
[INFO] [stderr]    Compiling winapi-build v0.1.1
[INFO] [stderr]     Checking winapi v0.2.8
[INFO] [stderr]     Checking rand v0.3.16
[INFO] [stderr]    Compiling ole32-sys v0.2.0
[INFO] [stderr]    Compiling user32-sys v0.2.0
[INFO] [stderr]    Compiling kernel32-sys v0.2.2
[INFO] [stderr]    Compiling comctl32-sys v0.2.0
[INFO] [stderr]    Compiling gdi32-sys v0.2.0
[INFO] [stderr]    Compiling native-windows-gui v0.2.0
[INFO] [stderr]     Checking chip8 v0.1.0 (/opt/rustwide/workdir)
[INFO] [stdout] error[E0432]: unresolved imports `nwg::Event`, `nwg::EventArgs`, `nwg::Ui`, `nwg::fatal_message`, `nwg::dispatch_events`, `nwg::Timer`
[INFO] [stdout]   --> src/main.rs:10:11
[INFO] [stdout]    |
[INFO] [stdout] 10 | use nwg::{Event, EventArgs, Ui,fatal_message,dispatch_events,Timer};
[INFO] [stdout]    |           ^^^^^  ^^^^^^^^^  ^^ ^^^^^^^^^^^^^ ^^^^^^^^^^^^^^^ ^^^^^ no `Timer` in the root
[INFO] [stdout]    |           |      |          |  |             |
[INFO] [stdout]    |           |      |          |  |             no `dispatch_events` in the root
[INFO] [stdout]    |           |      |          |  no `fatal_message` in the root
[INFO] [stdout]    |           |      |          no `Ui` in the root
[INFO] [stdout]    |           |      no `EventArgs` in the root
[INFO] [stdout]    |           no `Event` in the root
[INFO] [stdout] 
[INFO] [stdout] 
[INFO] [stdout] error[E0432]: unresolved import `nwg::constants`
[INFO] [stdout]   --> src/main.rs:11:5
[INFO] [stdout]    |
[INFO] [stdout] 11 | use nwg::constants as nwgc;
[INFO] [stdout]    |     ^^^^^^^^^^^^^^^^^^^^^^ no `constants` in the root
[INFO] [stdout] 
[INFO] [stdout] 
[INFO] [stdout] error: cannot find macro `nwg_template` in this scope
[INFO] [stdout]   --> src/main.rs:38:1
[INFO] [stdout]    |
[INFO] [stdout] 38 | nwg_template!(
[INFO] [stdout]    | ^^^^^^^^^^^^
[INFO] [stdout] 
[INFO] [stdout] 
[INFO] [stdout] error: cannot find macro `nwg_get_mut` in this scope
[INFO] [stdout]    --> src/main.rs:128:22
[INFO] [stdout]     |
[INFO] [stdout] 128 |     let mut canvas = nwg_get_mut!(app; (Canvas, nwg::Canvas<CanvasId>));
[INFO] [stdout]     |                      ^^^^^^^^^^^
[INFO] [stdout] 
[INFO] [stdout] 
[INFO] [stdout] error[E0432]: unresolved imports `nwg::Event`, `nwg::EventArgs`, `nwg::Ui`, `nwg::fatal_message`, `nwg::dispatch_events`, `nwg::Timer`
[INFO] [stdout]   --> src/main.rs:10:11
[INFO] [stdout]    |
[INFO] [stdout] 10 | use nwg::{Event, EventArgs, Ui,fatal_message,dispatch_events,Timer};
[INFO] [stdout]    |           ^^^^^  ^^^^^^^^^  ^^ ^^^^^^^^^^^^^ ^^^^^^^^^^^^^^^ ^^^^^ no `Timer` in the root
[INFO] [stdout]    |           |      |          |  |             |
[INFO] [stdout]    |           |      |          |  |             no `dispatch_events` in the root
[INFO] [stdout]    |           |      |          |  no `fatal_message` in the root
[INFO] [stdout]    |           |      |          no `Ui` in the root
[INFO] [stdout]    |           |      no `EventArgs` in the root
[INFO] [stdout]    |           no `Event` in the root
[INFO] [stdout] 
[INFO] [stdout] 
[INFO] [stdout] error[E0432]: unresolved import `nwg::constants`
[INFO] [stdout]   --> src/main.rs:11:5
[INFO] [stdout]    |
[INFO] [stdout] 11 | use nwg::constants as nwgc;
[INFO] [stdout]    |     ^^^^^^^^^^^^^^^^^^^^^^ no `constants` in the root
[INFO] [stdout] 
[INFO] [stdout] 
[INFO] [stdout] error: cannot find macro `nwg_template` in this scope
[INFO] [stdout]   --> src/main.rs:38:1
[INFO] [stdout]    |
[INFO] [stdout] 38 | nwg_template!(
[INFO] [stdout]    | ^^^^^^^^^^^^
[INFO] [stdout] 
[INFO] [stdout] 
[INFO] [stdout] error: cannot find macro `nwg_get_mut` in this scope
[INFO] [stdout]    --> src/main.rs:128:22
[INFO] [stdout]     |
[INFO] [stdout] 128 |     let mut canvas = nwg_get_mut!(app; (Canvas, nwg::Canvas<CanvasId>));
[INFO] [stdout]     |                      ^^^^^^^^^^^
[INFO] [stdout] 
[INFO] [stdout] 
[INFO] [stdout] error[E0425]: cannot find function `setup_ui` in this scope
[INFO] [stdout]    --> src/main.rs:205:21
[INFO] [stdout]     |
[INFO] [stdout] 205 |     if let Err(e) = setup_ui(&app) {
[INFO] [stdout]     |                     ^^^^^^^^ not found in this scope
[INFO] [stdout] 
[INFO] [stdout] 
[INFO] [stdout] error[E0425]: cannot find function `setup_ui` in this scope
[INFO] [stdout]    --> src/main.rs:205:21
[INFO] [stdout]     |
[INFO] [stdout] 205 |     if let Err(e) = setup_ui(&app) {
[INFO] [stdout]     |                     ^^^^^^^^ not found in this scope
[INFO] [stdout] 
[INFO] [stdout] 
[INFO] [stdout] warning: unused `#[macro_use]` import
[INFO] [stdout]  --> src/main.rs:5:1
[INFO] [stdout]   |
[INFO] [stdout] 5 | #[macro_use] extern crate native_windows_gui as nwg;
[INFO] [stdout]   | ^^^^^^^^^^^^
[INFO] [stdout]   |
[INFO] [stdout]   = note: `#[warn(unused_imports)]` on by default
[INFO] [stdout] 
[INFO] [stdout] 
[INFO] [stdout] warning: unused import: `std::sync::mpsc::TryRecvError::Disconnected`
[INFO] [stdout]   --> src/main.rs:13:5
[INFO] [stdout]    |
[INFO] [stdout] 13 | use std::sync::mpsc::TryRecvError::Disconnected;
[INFO] [stdout]    |     ^^^^^^^^^^^^^^^^^^^^^^^^^^^^^^^^^^^^^^^^^^^
[INFO] [stdout] 
[INFO] [stdout] 
[INFO] [stdout] warning: unused import: `std::sync::mpsc::TryRecvError::Empty`
[INFO] [stdout]   --> src/main.rs:14:5
[INFO] [stdout]    |
[INFO] [stdout] 14 | use std::sync::mpsc::TryRecvError::Empty;
[INFO] [stdout]    |     ^^^^^^^^^^^^^^^^^^^^^^^^^^^^^^^^^^^^
[INFO] [stdout] 
[INFO] [stdout] 
[INFO] [stdout] warning: unused `#[macro_use]` import
[INFO] [stdout]  --> src/main.rs:5:1
[INFO] [stdout]   |
[INFO] [stdout] 5 | #[macro_use] extern crate native_windows_gui as nwg;
[INFO] [stdout]   | ^^^^^^^^^^^^
[INFO] [stdout]   |
[INFO] [stdout]   = note: `#[warn(unused_imports)]` on by default
[INFO] [stdout] 
[INFO] [stdout] 
[INFO] [stdout] warning: unused import: `std::sync::mpsc::TryRecvError::Disconnected`
[INFO] [stdout]   --> src/main.rs:13:5
[INFO] [stdout]    |
[INFO] [stdout] 13 | use std::sync::mpsc::TryRecvError::Disconnected;
[INFO] [stdout]    |     ^^^^^^^^^^^^^^^^^^^^^^^^^^^^^^^^^^^^^^^^^^^
[INFO] [stdout] 
[INFO] [stdout] 
[INFO] [stdout] warning: unused import: `std::sync::mpsc::TryRecvError::Empty`
[INFO] [stdout]   --> src/main.rs:14:5
[INFO] [stdout]    |
[INFO] [stdout] 14 | use std::sync::mpsc::TryRecvError::Empty;
[INFO] [stdout]    |     ^^^^^^^^^^^^^^^^^^^^^^^^^^^^^^^^^^^^
[INFO] [stdout] 
[INFO] [stdout] 
[INFO] [stdout] error: aborting due to 5 previous errors; 3 warnings emitted
[INFO] [stdout] 
[INFO] [stdout] 
[INFO] [stdout] Some errors have detailed explanations: E0425, E0432.
[INFO] [stdout] 
[INFO] [stdout] For more information about an error, try `rustc --explain E0425`.
[INFO] [stdout] 
[INFO] [stderr] error: could not compile `chip8`.
[INFO] [stderr] 
[INFO] [stderr] To learn more, run the command again with --verbose.
[INFO] [stderr] warning: build failed, waiting for other jobs to finish...
[INFO] [stdout] error: aborting due to 5 previous errors; 3 warnings emitted
[INFO] [stdout] 
[INFO] [stdout] 
[INFO] [stdout] Some errors have detailed explanations: E0425, E0432.
[INFO] [stdout] 
[INFO] [stdout] For more information about an error, try `rustc --explain E0425`.
[INFO] [stdout] 
[INFO] [stderr] error: build failed
[INFO] running `Command { std: "docker" "inspect" "33d42cf3d5cbeba3de3563d1961b1b0020281e01c7217e7c027f3da36af9caa4", kill_on_drop: false }`
[INFO] running `Command { std: "docker" "rm" "-f" "33d42cf3d5cbeba3de3563d1961b1b0020281e01c7217e7c027f3da36af9caa4", kill_on_drop: false }`
[INFO] [stdout] 33d42cf3d5cbeba3de3563d1961b1b0020281e01c7217e7c027f3da36af9caa4
