[INFO] cloning repository https://github.com/kyroy/VerifiableStatementCompiler
[INFO] running `Command { std: "git" "-c" "credential.helper=" "-c" "credential.helper=/workspace/cargo-home/bin/git-credential-null" "clone" "--bare" "https://github.com/kyroy/VerifiableStatementCompiler" "/workspace/cache/git-repos/https%3A%2F%2Fgithub.com%2Fkyroy%2FVerifiableStatementCompiler", kill_on_drop: false }`
[INFO] [stderr] Cloning into bare repository '/workspace/cache/git-repos/https%3A%2F%2Fgithub.com%2Fkyroy%2FVerifiableStatementCompiler'...
[INFO] running `Command { std: "git" "rev-parse" "HEAD", kill_on_drop: false }`
[INFO] [stdout] 192c6a5f46feda1bdde21219d5ed37edc661f6e3
[INFO] checking kyroy/VerifiableStatementCompiler against beta-2020-07-24 for pr-75494-beta
[INFO] running `Command { std: "git" "clone" "/workspace/cache/git-repos/https%3A%2F%2Fgithub.com%2Fkyroy%2FVerifiableStatementCompiler" "/workspace/builds/worker-6/source", kill_on_drop: false }`
[INFO] [stderr] Cloning into '/workspace/builds/worker-6/source'...
[INFO] [stderr] done.
[INFO] validating manifest of git repo https://github.com/kyroy/VerifiableStatementCompiler on toolchain beta-2020-07-24
[INFO] running `Command { std: "/workspace/cargo-home/bin/cargo" "+beta-2020-07-24" "read-manifest" "--manifest-path" "Cargo.toml", kill_on_drop: false }`
[INFO] started tweaking git repo https://github.com/kyroy/VerifiableStatementCompiler
[INFO] finished tweaking git repo https://github.com/kyroy/VerifiableStatementCompiler
[INFO] tweaked toml for git repo https://github.com/kyroy/VerifiableStatementCompiler written to /workspace/builds/worker-6/source/Cargo.toml
[INFO] crate git repo https://github.com/kyroy/VerifiableStatementCompiler already has a lockfile, it will not be regenerated
[INFO] running `Command { std: "/workspace/cargo-home/bin/cargo" "+beta-2020-07-24" "fetch" "--locked" "--manifest-path" "Cargo.toml", kill_on_drop: false }`
[INFO] [stderr]     Blocking waiting for file lock on package cache
[INFO] running `Command { std: "docker" "create" "-v" "/var/lib/crater-agent-workspace/builds/worker-6/target:/opt/rustwide/target:rw,Z" "-v" "/var/lib/crater-agent-workspace/builds/worker-6/source:/opt/rustwide/workdir:ro,Z" "-v" "/var/lib/crater-agent-workspace/cargo-home:/opt/rustwide/cargo-home:ro,Z" "-v" "/var/lib/crater-agent-workspace/rustup-home:/opt/rustwide/rustup-home:ro,Z" "-e" "SOURCE_DIR=/opt/rustwide/workdir" "-e" "CARGO_TARGET_DIR=/opt/rustwide/target" "-e" "CARGO_HOME=/opt/rustwide/cargo-home" "-e" "RUSTUP_HOME=/opt/rustwide/rustup-home" "-w" "/opt/rustwide/workdir" "-m" "1610612736" "--user" "0:0" "--network" "none" "rustops/crates-build-env@sha256:a636fd89d022f18117e1dc8fb37a0a009933cdbbe082814857f0e2024962d47c" "/opt/rustwide/cargo-home/bin/cargo" "+beta-2020-07-24" "metadata" "--no-deps" "--format-version=1", kill_on_drop: false }`
[INFO] [stdout] 8f8f980df697c3f0096b85c01daf60bdaf7a6c0cc4ea057e8c86234acce29097
[INFO] [stderr] WARNING: Your kernel does not support swap limit capabilities or the cgroup is not mounted. Memory limited without swap.
[INFO] running `Command { std: "docker" "start" "-a" "8f8f980df697c3f0096b85c01daf60bdaf7a6c0cc4ea057e8c86234acce29097", kill_on_drop: false }`
[INFO] running `Command { std: "docker" "inspect" "8f8f980df697c3f0096b85c01daf60bdaf7a6c0cc4ea057e8c86234acce29097", kill_on_drop: false }`
[INFO] running `Command { std: "docker" "rm" "-f" "8f8f980df697c3f0096b85c01daf60bdaf7a6c0cc4ea057e8c86234acce29097", kill_on_drop: false }`
[INFO] [stdout] 8f8f980df697c3f0096b85c01daf60bdaf7a6c0cc4ea057e8c86234acce29097
[INFO] running `Command { std: "docker" "create" "-v" "/var/lib/crater-agent-workspace/builds/worker-6/target:/opt/rustwide/target:rw,Z" "-v" "/var/lib/crater-agent-workspace/builds/worker-6/source:/opt/rustwide/workdir:ro,Z" "-v" "/var/lib/crater-agent-workspace/cargo-home:/opt/rustwide/cargo-home:ro,Z" "-v" "/var/lib/crater-agent-workspace/rustup-home:/opt/rustwide/rustup-home:ro,Z" "-e" "SOURCE_DIR=/opt/rustwide/workdir" "-e" "CARGO_TARGET_DIR=/opt/rustwide/target" "-e" "CARGO_INCREMENTAL=0" "-e" "RUST_BACKTRACE=full" "-e" "RUSTFLAGS=--cap-lints=forbid" "-e" "CARGO_HOME=/opt/rustwide/cargo-home" "-e" "RUSTUP_HOME=/opt/rustwide/rustup-home" "-w" "/opt/rustwide/workdir" "-m" "1610612736" "--user" "0:0" "--network" "none" "rustops/crates-build-env@sha256:a636fd89d022f18117e1dc8fb37a0a009933cdbbe082814857f0e2024962d47c" "/opt/rustwide/cargo-home/bin/cargo" "+beta-2020-07-24" "check" "--frozen" "--all" "--all-targets" "--message-format=json", kill_on_drop: false }`
[INFO] [stdout] 5357a083076f2cf206e3c49aa66794b603ebb56a8a9d57e1f10e6da9468b61ad
[INFO] [stderr] WARNING: Your kernel does not support swap limit capabilities or the cgroup is not mounted. Memory limited without swap.
[INFO] running `Command { std: "docker" "start" "-a" "5357a083076f2cf206e3c49aa66794b603ebb56a8a9d57e1f10e6da9468b61ad", kill_on_drop: false }`
[INFO] [stderr]     Checking num-traits v0.1.36
[INFO] [stderr]     Checking libc v0.2.20
[INFO] [stderr]     Checking rustc-serialize v0.3.22
[INFO] [stderr]    Compiling gcc v0.3.42
[INFO] [stderr]     Checking lazy_static v0.1.16
[INFO] [stderr]     Checking glob v0.2.11
[INFO] [stderr]     Checking rand v0.3.15
[INFO] [stderr]     Checking num-integer v0.1.32
[INFO] [stderr]    Compiling code_to_r1cs v0.1.0 (/opt/rustwide/workdir)
[INFO] [stderr]     Checking num-iter v0.1.32
[INFO] [stderr] The following warnings were emitted during compilation:
[INFO] [stderr] 
[INFO] [stderr] warning: cpp_set_stdlib is specified, but the Gnu compiler does not support this option, ignored
[INFO] [stderr] warning: lib/wraplibsnark.cpp:14:10: fatal error: libsnark/algebra/curves/alt_bn128/alt_bn128_pp.hpp: No such file or directory
[INFO] [stderr] warning:    14 | #include "libsnark/algebra/curves/alt_bn128/alt_bn128_pp.hpp"
[INFO] [stderr] warning:       |          ^~~~~~~~~~~~~~~~~~~~~~~~~~~~~~~~~~~~~~~~~~~~~~~~~~~~
[INFO] [stderr] warning: compilation terminated.
[INFO] [stderr] 
[INFO] [stderr] error: failed to run custom build command for `code_to_r1cs v0.1.0 (/opt/rustwide/workdir)`
[INFO] [stderr] 
[INFO] [stderr] Caused by:
[INFO] [stderr]   process didn't exit successfully: `/opt/rustwide/target/debug/build/code_to_r1cs-d77b078d04d4da8c/build-script-build` (exit code: 101)
[INFO] [stderr]   --- stdout
[INFO] [stderr]   cargo:rustc-link-search=/usr/local/lib
[INFO] [stderr]   TARGET = Some("x86_64-unknown-linux-gnu")
[INFO] [stderr]   OPT_LEVEL = Some("0")
[INFO] [stderr]   TARGET = Some("x86_64-unknown-linux-gnu")
[INFO] [stderr]   HOST = Some("x86_64-unknown-linux-gnu")
[INFO] [stderr]   TARGET = Some("x86_64-unknown-linux-gnu")
[INFO] [stderr]   TARGET = Some("x86_64-unknown-linux-gnu")
[INFO] [stderr]   HOST = Some("x86_64-unknown-linux-gnu")
[INFO] [stderr]   CXX_x86_64-unknown-linux-gnu = None
[INFO] [stderr]   CXX_x86_64_unknown_linux_gnu = None
[INFO] [stderr]   HOST_CXX = None
[INFO] [stderr]   CXX = None
[INFO] [stderr]   HOST = Some("x86_64-unknown-linux-gnu")
[INFO] [stderr]   TARGET = Some("x86_64-unknown-linux-gnu")
[INFO] [stderr]   HOST = Some("x86_64-unknown-linux-gnu")
[INFO] [stderr]   CXXFLAGS_x86_64-unknown-linux-gnu = None
[INFO] [stderr]   CXXFLAGS_x86_64_unknown_linux_gnu = None
[INFO] [stderr]   HOST_CXXFLAGS = None
[INFO] [stderr]   CXXFLAGS = None
[INFO] [stderr]   PROFILE = Some("debug")
[INFO] [stderr]   cargo:warning=cpp_set_stdlib is specified, but the Gnu compiler does not support this option, ignored
[INFO] [stderr]   running: "c++" "-O0" "-ffunction-sections" "-fdata-sections" "-fPIC" "-g" "-m64" "-I" "/usr/local/include" "-I" "/usr/local/include/libsnark" "-std=c++11" "-DCURVE_ALT_BN128" "-o" "/opt/rustwide/target/debug/build/code_to_r1cs-70a73cda4e607baf/out/lib/wraplibsnark.o" "-c" "lib/wraplibsnark.cpp"
[INFO] [stderr]   cargo:warning=lib/wraplibsnark.cpp:14:10: fatal error: libsnark/algebra/curves/alt_bn128/alt_bn128_pp.hpp: No such file or directory
[INFO] [stderr]   cargo:warning=   14 | #include "libsnark/algebra/curves/alt_bn128/alt_bn128_pp.hpp"
[INFO] [stderr]   cargo:warning=      |          ^~~~~~~~~~~~~~~~~~~~~~~~~~~~~~~~~~~~~~~~~~~~~~~~~~~~
[INFO] [stderr]   cargo:warning=compilation terminated.
[INFO] [stderr]   ExitStatus(ExitStatus(256))
[INFO] [stderr] 
[INFO] [stderr] 
[INFO] [stderr]   command did not execute successfully, got: exit code: 1
[INFO] [stderr] 
[INFO] [stderr] 
[INFO] [stderr] 
[INFO] [stderr]   --- stderr
[INFO] [stderr]   thread 'main' panicked at 'explicit panic', /opt/rustwide/cargo-home/registry/src/github.com-1ecc6299db9ec823/gcc-0.3.42/src/lib.rs:1127:5
[INFO] [stderr]   stack backtrace:
[INFO] [stderr]      0:     0x5578d88ceaa5 - backtrace::backtrace::libunwind::trace::h5e2646fa3eddf2ea
[INFO] [stderr]                                  at /cargo/registry/src/github.com-1ecc6299db9ec823/backtrace-0.3.46/src/backtrace/libunwind.rs:86
[INFO] [stderr]      1:     0x5578d88ceaa5 - backtrace::backtrace::trace_unsynchronized::hb95dd7f77ce47877
[INFO] [stderr]                                  at /cargo/registry/src/github.com-1ecc6299db9ec823/backtrace-0.3.46/src/backtrace/mod.rs:66
[INFO] [stderr]      2:     0x5578d88ceaa5 - std::sys_common::backtrace::_print_fmt::h5e71b67af43fd70d
[INFO] [stderr]                                  at src/libstd/sys_common/backtrace.rs:78
[INFO] [stderr]      3:     0x5578d88ceaa5 - <std::sys_common::backtrace::_print::DisplayBacktrace as core::fmt::Display>::fmt::hdb4a83d2b61107e5
[INFO] [stderr]                                  at src/libstd/sys_common/backtrace.rs:59
[INFO] [stderr]      4:     0x5578d88f34ec - core::fmt::write::ha20e7262fa3e8a7a
[INFO] [stderr]                                  at src/libcore/fmt/mod.rs:1076
[INFO] [stderr]      5:     0x5578d88cad92 - std::io::Write::write_fmt::h1aebfe8a5a79e36d
[INFO] [stderr]                                  at src/libstd/io/mod.rs:1537
[INFO] [stderr]      6:     0x5578d88d1230 - std::sys_common::backtrace::_print::h9c07314cc66ba539
[INFO] [stderr]                                  at src/libstd/sys_common/backtrace.rs:62
[INFO] [stderr]      7:     0x5578d88d1230 - std::sys_common::backtrace::print::hd1fd65f49a2d8544
[INFO] [stderr]                                  at src/libstd/sys_common/backtrace.rs:49
[INFO] [stderr]      8:     0x5578d88d1230 - std::panicking::default_hook::{{closure}}::h222da46485ab36fc
[INFO] [stderr]                                  at src/libstd/panicking.rs:198
[INFO] [stderr]      9:     0x5578d88d0f7c - std::panicking::default_hook::hc5868949d129ed00
[INFO] [stderr]                                  at src/libstd/panicking.rs:217
[INFO] [stderr]     10:     0x5578d88d1873 - std::panicking::rust_panic_with_hook::h26a6ab8b0993c0c8
[INFO] [stderr]                                  at src/libstd/panicking.rs:526
[INFO] [stderr]     11:     0x5578d88b1009 - std::panicking::begin_panic::hfda030a7e82d702a
[INFO] [stderr]                                  at /rustc/6f959902b3103c49ca981fbc01871589c3498489/src/libstd/panicking.rs:456
[INFO] [stderr]     12:     0x5578d8897d89 - gcc::fail::h763075df64e4b93a
[INFO] [stderr]                                  at /opt/rustwide/cargo-home/registry/src/github.com-1ecc6299db9ec823/gcc-0.3.42/src/lib.rs:1127
[INFO] [stderr]     13:     0x5578d8897829 - gcc::run::h2f5dfbfcf1a2e8af
[INFO] [stderr]                                  at /opt/rustwide/cargo-home/registry/src/github.com-1ecc6299db9ec823/gcc-0.3.42/src/lib.rs:1120
[INFO] [stderr]     14:     0x5578d888de92 - gcc::Config::compile_object::h42e70ddf6e9d19d1
[INFO] [stderr]                                  at /opt/rustwide/cargo-home/registry/src/github.com-1ecc6299db9ec823/gcc-0.3.42/src/lib.rs:482
[INFO] [stderr]     15:     0x5578d888d789 - gcc::Config::compile_objects::h874d00c4478307fa
[INFO] [stderr]                                  at /opt/rustwide/cargo-home/registry/src/github.com-1ecc6299db9ec823/gcc-0.3.42/src/lib.rs:448
[INFO] [stderr]     16:     0x5578d888c740 - gcc::Config::compile::h3f8c198ee09dd25d
[INFO] [stderr]                                  at /opt/rustwide/cargo-home/registry/src/github.com-1ecc6299db9ec823/gcc-0.3.42/src/lib.rs:398
[INFO] [stderr]     17:     0x5578d888b5e8 - build_script_build::main::h07ed6f3b2ffd3323
[INFO] [stderr]                                  at /opt/rustwide/workdir/build.rs:8
[INFO] [stderr]     18:     0x5578d888b2db - std::rt::lang_start::{{closure}}::h243256521435f3c1
[INFO] [stderr]                                  at /rustc/6f959902b3103c49ca981fbc01871589c3498489/src/libstd/rt.rs:67
[INFO] [stderr]     19:     0x5578d88d1c43 - std::rt::lang_start_internal::{{closure}}::h84a998219831fa70
[INFO] [stderr]                                  at src/libstd/rt.rs:52
[INFO] [stderr]     20:     0x5578d88d1c43 - std::panicking::try::do_call::he8e1d689a3e26def
[INFO] [stderr]                                  at src/libstd/panicking.rs:348
[INFO] [stderr]     21:     0x5578d88d1c43 - std::panicking::try::h264b6eebc2fa7bbf
[INFO] [stderr]                                  at src/libstd/panicking.rs:325
[INFO] [stderr]     22:     0x5578d88d1c43 - std::panic::catch_unwind::hbf28fafa723b2128
[INFO] [stderr]                                  at src/libstd/panic.rs:394
[INFO] [stderr]     23:     0x5578d88d1c43 - std::rt::lang_start_internal::he959aa59bc3ec202
[INFO] [stderr]                                  at src/libstd/rt.rs:51
[INFO] [stderr]     24:     0x5578d888b2b7 - std::rt::lang_start::hbeadc403bc3a23f8
[INFO] [stderr]                                  at /rustc/6f959902b3103c49ca981fbc01871589c3498489/src/libstd/rt.rs:67
[INFO] [stderr]     25:     0x5578d888b64a - main
[INFO] [stderr]     26:     0x7fbe6467b0b3 - __libc_start_main
[INFO] [stderr]     27:     0x5578d888b19e - _start
[INFO] [stderr]     28:                0x0 - <unknown>
[INFO] [stderr] warning: build failed, waiting for other jobs to finish...
[INFO] [stderr] error: build failed
[INFO] running `Command { std: "docker" "inspect" "5357a083076f2cf206e3c49aa66794b603ebb56a8a9d57e1f10e6da9468b61ad", kill_on_drop: false }`
[INFO] running `Command { std: "docker" "rm" "-f" "5357a083076f2cf206e3c49aa66794b603ebb56a8a9d57e1f10e6da9468b61ad", kill_on_drop: false }`
[INFO] [stdout] 5357a083076f2cf206e3c49aa66794b603ebb56a8a9d57e1f10e6da9468b61ad
